11-25 10:19:21.751 2853-3180/system_process W/ActivityManager: Unable to start service Intent { act=com.sony.capas.dpcif.START_SERVICE pkg=com.sony.capas.dpcif } U=0: not found
11-25 10:19:26.918 2853-2887/system_process V/AlarmManager: sending alarm action=com.sony.infras.dp_system_intent.NET_CONDITION_SAVE
11-25 10:19:26.919 2853-2887/system_process D/PowerManagerService: AcquireSuspendBlocker: PowerManagerService.WakeLocks
11-25 10:19:26.919 2853-2853/system_process W/NetworkConditionSaver: Receive ACTION_NET_CONDITION_SAVE
11-25 10:19:26.919 2853-2853/system_process I/NetworkConditionSaver: --- Acquire wake lock ---
11-25 10:19:27.921 2853-2853/system_process D/PowerManagerService: ReleaseSuspendBlocker: PowerManagerService.WakeLocks
11-25 10:19:31.751 3133-3482/com.sony.capas.dcss_connection_manager I/DpcifServiceConnector: Bind Service
11-25 10:19:31.752 2853-3114/system_process W/ActivityManager: Unable to start service Intent { act=com.sony.capas.dpcif.START_SERVICE pkg=com.sony.capas.dpcif } U=0: not found
11-25 10:19:41.751 3133-3482/com.sony.capas.dcss_connection_manager I/DpcifServiceConnector: Bind Service
11-25 10:19:41.751 2853-3151/system_process W/ActivityManager: Unable to start service Intent { act=com.sony.capas.dpcif.START_SERVICE pkg=com.sony.capas.dpcif } U=0: not found
11-25 10:19:46.918 2853-2887/system_process V/AlarmManager: sending alarm action=com.sony.infras.dp_system_intent.NET_CONDITION_SAVE
11-25 10:19:46.919 2853-2887/system_process D/PowerManagerService: AcquireSuspendBlocker: PowerManagerService.WakeLocks
11-25 10:19:46.919 2853-2853/system_process W/NetworkConditionSaver: Receive ACTION_NET_CONDITION_SAVE
11-25 10:19:46.919 2853-2853/system_process I/NetworkConditionSaver: --- Acquire wake lock ---
11-25 10:19:47.921 2853-2853/system_process D/PowerManagerService: ReleaseSuspendBlocker: PowerManagerService.WakeLocks
11-25 10:19:51.751 3133-3482/com.sony.capas.dcss_connection_manager I/DpcifServiceConnector: Bind Service
11-25 10:19:51.752 2853-3113/system_process W/ActivityManager: Unable to start service Intent { act=com.sony.capas.dpcif.START_SERVICE pkg=com.sony.capas.dpcif } U=0: not found
11-25 10:20:01.584 2853-2869/system_process D/PowerManagerService: AcquireSuspendBlocker: PowerManagerService.WakeLocks
11-25 10:20:01.584 2853-2869/system_process D/BatteryService: update forceCurrentBattery=false
11-25 10:20:01.584 2853-2869/system_process V/SystemServer: [StandbyScreenManager] batteryChanged
11-25 10:20:01.584 2853-2869/system_process D/BatteryService: Processing new values: false
11-25 10:20:01.584 2853-2869/system_process D/BatteryService: chargerAcOnline=false
11-25 10:20:01.584 2853-2869/system_process D/BatteryService: chargerUsbOnline=true
11-25 10:20:01.584 2853-2869/system_process D/BatteryService: chargerWirelessOnline=false
11-25 10:20:01.584 2853-2869/system_process D/BatteryService: batteryStatus=5
11-25 10:20:01.584 2853-2869/system_process D/BatteryService: batteryHealth=2
11-25 10:20:01.584 2853-2869/system_process D/BatteryService: batteryPresent=true
11-25 10:20:01.584 2853-2869/system_process D/BatteryService: batteryLevel=100
11-25 10:20:01.584 2853-2869/system_process D/BatteryService: batteryTechnology=
11-25 10:20:01.584 2853-2869/system_process D/BatteryService: batteryVoltage=4183
11-25 10:20:01.584 2853-2869/system_process D/BatteryService: batteryTemperature=26
11-25 10:20:01.584 2853-2869/system_process D/BatteryService: penBatteryLevel=100
11-25 10:20:01.584 2853-2869/system_process D/BatteryService: mBatteryLevelCritical=false
11-25 10:20:01.584 2853-2869/system_process D/BatteryService: mPlugType=2
11-25 10:20:01.751 3133-3482/com.sony.capas.dcss_connection_manager I/DpcifServiceConnector: Bind Service
11-25 10:20:01.751 2853-2870/system_process W/ActivityManager: Unable to start service Intent { act=com.sony.capas.dpcif.START_SERVICE pkg=com.sony.capas.dpcif } U=0: not found
11-25 10:20:06.585 2853-2853/system_process D/PowerManagerService: ReleaseSuspendBlocker: PowerManagerService.WakeLocks
11-25 10:20:06.918 2853-2887/system_process V/AlarmManager: sending alarm action=android.intent.action.TIME_TICK
11-25 10:20:06.919 2853-2887/system_process D/PowerManagerService: AcquireSuspendBlocker: PowerManagerService.WakeLocks
11-25 10:20:06.919 2853-2887/system_process V/AlarmManager: sending alarm action=com.sony.infras.dp_system_intent.NET_CONDITION_SAVE
11-25 10:20:06.921 2853-2853/system_process W/NetworkConditionSaver: Receive ACTION_NET_CONDITION_SAVE
11-25 10:20:06.921 2853-2853/system_process I/NetworkConditionSaver: --- Acquire wake lock ---
11-25 10:20:07.923 2853-2853/system_process D/PowerManagerService: ReleaseSuspendBlocker: PowerManagerService.WakeLocks
11-25 10:20:11.751 3133-3482/com.sony.capas.dcss_connection_manager I/DpcifServiceConnector: Bind Service
11-25 10:20:11.751 2853-3180/system_process W/ActivityManager: Unable to start service Intent { act=com.sony.capas.dpcif.START_SERVICE pkg=com.sony.capas.dpcif } U=0: not found
11-25 10:20:21.751 3133-3482/com.sony.capas.dcss_connection_manager I/DpcifServiceConnector: Bind Service
11-25 10:20:21.751 2853-3114/system_process W/ActivityManager: Unable to start service Intent { act=com.sony.capas.dpcif.START_SERVICE pkg=com.sony.capas.dpcif } U=0: not found
11-25 10:20:26.920 2853-2887/system_process V/AlarmManager: sending alarm action=com.sony.infras.dp_system_intent.NET_CONDITION_SAVE
11-25 10:20:26.921 2853-2887/system_process D/PowerManagerService: AcquireSuspendBlocker: PowerManagerService.WakeLocks
11-25 10:20:26.921 2853-2853/system_process W/NetworkConditionSaver: Receive ACTION_NET_CONDITION_SAVE
11-25 10:20:26.921 2853-2853/system_process I/NetworkConditionSaver: --- Acquire wake lock ---
11-25 10:20:27.923 2853-2853/system_process D/PowerManagerService: ReleaseSuspendBlocker: PowerManagerService.WakeLocks
11-25 10:20:31.751 3133-3482/com.sony.capas.dcss_connection_manager I/DpcifServiceConnector: Bind Service
11-25 10:20:31.752 2853-3151/system_process W/ActivityManager: Unable to start service Intent { act=com.sony.capas.dpcif.START_SERVICE pkg=com.sony.capas.dpcif } U=0: not found