11-25 10:13:21.738 3133-3482/com.sony.capas.dcss_connection_manager I/DpcifServiceConnector: Bind Service --------- beginning of system
11-25 10:13:21.738 2853-2870/system_process W/ActivityManager: Unable to start service Intent { act=com.sony.capas.dpcif.START_SERVICE pkg=com.sony.capas.dpcif } U=0: not found
11-25 10:13:23.440 16612-16682/[redacted] V/CouchbaseLite/NETWORK: WebSocketListener received data of 80 bytes
11-25 10:13:23.442 16612-16677/[redacted] I/CouchbaseLite/REPLICATOR: C4ReplicatorListener.statusChanged, context: Replicator{@0x214f481c(<*>),Database{@0x12a0691d, name='local'} => URLEndpoint{url=wss://[redacted]}}, status: C4ReplicatorStatus{level=4,completed=861,total=861,#docs=3,domain=0,code=0,info=0}
11-25 10:13:23.442 16612-16666/[redacted] I/CouchbaseLite/REPLICATOR: Replicator{@0x214f481c(<*>),Database{@0x12a0691d, name='local'} => URLEndpoint{url=wss://[redacted]}}: status changed: (0, 0) @C4ReplicatorStatus{level=4,completed=861,total=861,#docs=3,domain=0,code=0,info=0}
11-25 10:13:23.442 16612-16666/[redacted] I/CouchbaseLite/REPLICATOR: Replicator{@0x214f481c(<*>),Database{@0x12a0691d, name='local'} => URLEndpoint{url=wss://[redacted]}} is BUSY, progress 861/861, error: null
11-25 10:13:23.442 16612-16612/[redacted] I/Repl: ReplicatorChange{replicator=Replicator{@0x214f481c(<*>),Database{@0x12a0691d, name='local'} => URLEndpoint{url=wss://[redacted]}}, status=Status{activityLevel=BUSY, progress=Progress{completed=861, total=861}, error=null}}
11-25 10:13:23.443 16612-16612/[redacted] D/ModelSynchronizer$StartListener: [SYNC, AUTOMATIC, PUSH_AND_PULL] replication: IDLE -> BUSY
11-25 10:13:23.484 16612-16682/[redacted] V/CouchbaseLite/NETWORK: WebSocketListener received data of 188 bytes
11-25 10:13:23.607 16612-16682/[redacted] V/CouchbaseLite/NETWORK: WebSocketListener received data of 18 bytes
11-25 10:13:23.642 16612-16676/[redacted] I/CouchbaseLite/REPLICATOR: C4ReplicatorListener.documentEnded, context: Replicator{@0x214f481c(<*>),Database{@0x12a0691d, name='local'} => URLEndpoint{url=wss://[redacted]}}, pushing: false
11-25 10:13:23.642 16612-16663/[redacted] I/CouchbaseLite/REPLICATOR: notifyDocumentEnded: %sDocumentReplication{repl=Replicator{@0x214f481c(<*>),Database{@0x12a0691d, name='local'} => URLEndpoint{url=wss://[redacted]}},#docs=1}
11-25 10:13:23.642 16612-16612/[redacted] I/Event: DocumentReplication{repl=Replicator{@0x214f481c(<*>),Database{@0x12a0691d, name='local'} => URLEndpoint{url=wss://[redacted]}},#docs=1} | Documents: [ReplicatedDocument{ZwBn6SFg37irU7RGCMpw4BV5/INK::edca52c5-20e3-4eae-b16e-05c693f5d690,err=null}]
11-25 10:13:23.643 16612-16676/[redacted] I/CouchbaseLite/REPLICATOR: C4ReplicatorListener.statusChanged, context: Replicator{@0x214f481c(<*>),Database{@0x12a0691d, name='local'} => URLEndpoint{url=wss://[redacted]}}, status: C4ReplicatorStatus{level=4,completed=862,total=862,#docs=4,domain=0,code=0,info=0}
11-25 10:13:23.643 16612-16664/[redacted] I/CouchbaseLite/REPLICATOR: Replicator{@0x214f481c(<*>),Database{@0x12a0691d, name='local'} => URLEndpoint{url=wss://[redacted]}}: status changed: (0, 0) @C4ReplicatorStatus{level=4,completed=862,total=862,#docs=4,domain=0,code=0,info=0}
11-25 10:13:23.644 16612-16664/[redacted] I/CouchbaseLite/REPLICATOR: Replicator{@0x214f481c(<*>),Database{@0x12a0691d, name='local'} => URLEndpoint{url=wss://[redacted]}} is BUSY, progress 862/862, error: null
11-25 10:13:23.644 16612-16612/[redacted] I/Repl: ReplicatorChange{replicator=Replicator{@0x214f481c(<*>),Database{@0x12a0691d, name='local'} => URLEndpoint{url=wss://[redacted]}}, status=Status{activityLevel=BUSY, progress=Progress{completed=862, total=862}, error=null}}
11-25 10:13:23.653 16612-16682/[redacted] V/CouchbaseLite/NETWORK: WebSocketListener received data of 18 bytes
11-25 10:13:23.654 16612-16675/[redacted] V/CouchbaseLite/QUERY: Encoded query: {"WHAT":[["._id"]],"WHERE":["AND",["._deleted"],["=",["._id"],"ZwBn6SFg37irU7RGCMpw4BV5\/INK::edca52c5-20e3-4eae-b16e-05c693f5d690"]]}
11-25 10:13:23.655 16612-16675/[redacted] I/CouchbaseLite/QUERY: End of query enumeration
11-25 10:13:23.655 16612-16675/[redacted] V/CouchbaseLite/QUERY: Encoded query: {"WHAT":[["._id"]],"WHERE":["AND",["._deleted"],["=",["._id"],"ZwBn6SFg37irU7RGCMpw4BV5\/INK::edca52c5-20e3-4eae-b16e-05c693f5d690"]]}
11-25 10:13:23.656 16612-16675/[redacted] I/CouchbaseLite/QUERY: End of query enumeration
11-25 10:13:23.658 16612-16675/[redacted] I/CacheDao: Evicting page from page cache: EXPLICIT: PAGE::c67518e0-8fa0-431c-a154-e623450ef8b0
11-25 10:13:23.660 16612-16675/[redacted] D/DrawingOverlay: onPageChange: ADDED
11-25 10:13:23.660 16612-16675/[redacted] D/PageView$PainterImpl: redraw(): RectF(350.12, 1830.4401, 1009.24, 2431.96)
11-25 10:13:23.660 16612-16675/[redacted] I/ModelSynchronizer: M+INK::edca52c5-20e3-4eae-b16e-05c693f5d690 | [REMOTE]
11-25 10:13:23.661 2853-3152/system_process D/PowerManagerService: AcquireSuspendBlocker: PowerManagerService.WakeLocks
11-25 10:13:23.663 2853-3180/system_process D/PowerManagerService: >>>>>>>>>>>>>>>>>>>>>>>>>>>>>>>>>>>>>>>>
11-25 10:13:23.663 2853-3180/system_process D/PowerManagerService: wakeUpNoUpdateLocked: eventTime=65818638, uid=1000
11-25 10:13:23.663 2853-3180/system_process W/PowerManagerService: Waking up from sleep (uid 1000)...
11-25 10:13:23.663 2853-3180/system_process D/PowerManagerService: setWakefulnessLocked: wakefulness=Asleep --> Awake
11-25 10:13:23.663 2853-3180/system_process D/PowerManagerService: [StandbyStateManager] onEvent: state=SnoozeSleep trigger=AwakeStart
11-25 10:13:23.663 2853-3180/system_process D/PowerManagerService: ----------------------------------------
11-25 10:13:23.663 2853-3180/system_process D/PowerManagerService: [StandbyStateManager] transitionTo: SnoozeSleep --> Run duration=13302
11-25 10:13:23.663 2853-3180/system_process D/PowerManagerService: AcquireSuspendBlocker: PowerManagerService.Broadcasts
11-25 10:13:23.663 2853-3180/system_process D/PowerManagerService: AcquireSuspendBlocker: PowerManagerService.Display
11-25 10:13:23.663 2853-2879/system_process D/PowerManagerService: [SimpleDisplayController] setScreenState state=ON
11-25 10:13:23.663 2853-2879/system_process D/PowerManagerService: [SimplePowerState] setScreenState state=ON
11-25 10:13:23.663 2853-2879/system_process D/PowerManagerService: [SimpleDisplayController] requestDisplayState state=ON
11-25 10:13:23.663 2853-2879/system_process D/PowerManagerService: [SimpleDisplayController] notifyDisplayStateChange state=ON
11-25 10:13:23.663 2853-2879/system_process D/PowerManagerService: onDisplayStateChange: state=ON
11-25 10:13:23.663 2853-2879/system_process I/libsuspend: autosuspend_wakeup_count_disable
11-25 10:13:23.663 2853-2879/system_process I/libsuspend: autosuspend_wakeup_count_disable done
11-25 10:13:23.663 2853-2879/system_process D/PowerManagerService: setHalAutoSuspendModeLocked: auto-suspend mode to false
11-25 10:13:23.663 2853-2879/system_process I/PowerHAL: power_set_interactive called with on 1
11-25 10:13:23.663 2853-2853/system_process W/PowerManagerService: [PhoneWindowManager] Waking up...TRANSITION_SNOOZE_TO_WAKEUP
11-25 10:13:23.663 2853-2879/system_process I/PowerHAL: write on done
11-25 10:13:23.663 2853-2853/system_process D/PowerManagerService: [PhoneWindowManager] finishScreenTurningOn: mAwake=true, mScreenOnEarly=false, mScreenOnFully=false, mKeyguardDrawComplete=true, mWindowManagerDrawComplete=false
11-25 10:13:23.663 2853-2879/system_process I/PowerHAL: write on done
11-25 10:13:23.663 2853-2879/system_process I/PowerHAL: write on done
11-25 10:13:23.663 2853-2853/system_process D/PowerManagerService: [SimplePowerState] startPendingBroadcast state=INTERACTIVE_STATE_AWAKE
11-25 10:13:23.663 2853-2879/system_process I/PowerHAL: write on done
11-25 10:13:23.663 2853-2853/system_process D/PowerManagerService: [Notifier] sendOrderedBroadcast: ACTION_SCREEN_ON_FROM_SNOOZE
11-25 10:13:23.664 2853-2879/system_process I/PowerHAL: wait_for_set_complete done, status is active
11-25 10:13:23.664 2853-2879/system_process I/PowerHAL: wait_for_set_complete done, status is active
11-25 10:13:23.664 2853-2879/system_process I/PowerHAL: wait_for_set_complete done, status is active
11-25 10:13:23.664 2853-2879/system_process I/PowerHAL: wait_for_set_complete done, status is active
11-25 10:13:23.664 2853-2879/system_process D/PowerManagerService: setHalInteractiveModeLocked: interactive mode to true
11-25 10:13:23.664 2853-2879/system_process I/libsuspend: autosuspend_asleep_mode mode=0
11-25 10:13:23.664 2853-2879/system_process I/libsuspend: autosuspend_asleep_mode done
11-25 10:13:23.664 2853-2879/system_process D/PowerManagerService: setHalSleepModeLocked: sleep mode to on
11-25 10:13:23.664 2853-2879/system_process D/PowerManagerService: [SimpleDisplayController] requestGlobalDisplayState state=ON
11-25 10:13:23.664 2853-2879/system_process W/PowerManagerService: [PhoneWindowManager] Screen turning on...TRANSITION_SNOOZE_TO_WAKEUP
11-25 10:13:23.664 2853-2879/system_process D/PowerManagerService: [PhoneWindowManager] finishScreenTurningOn: mAwake=true, mScreenOnEarly=true, mScreenOnFully=false, mKeyguardDrawComplete=true, mWindowManagerDrawComplete=true
11-25 10:13:23.664 2853-2879/system_process W/PowerManagerService: [PhoneWindowManager] Finished screen turning on...
11-25 10:13:23.664 2853-2879/system_process D/PowerManagerService: <<<<<<<<<<<<<<<<<<<<<<<<<<<<<<<<<<<<<<<<
11-25 10:13:23.664 2853-2879/system_process D/PowerManagerService: [StandbyStateManager] onEvent: state=Run trigger=DisplayOn
11-25 10:13:23.664 2853-2879/system_process D/PowerManagerService: finishWakefulnessChangeLocked: wakefulness=Awake
11-25 10:13:23.664 2853-2879/system_process D/PowerManagerService: [StandbyStateManager] onEvent: state=Run trigger=AwakeFinish
11-25 10:13:23.664 2853-2875/system_process D/PowerManagerService: [INTENT] ACTION_SCREEN_ON_FROM_SNOOZE
11-25 10:13:23.664 2853-2853/system_process D/PowerManagerService: [Notifier] sendOrderedBroadcast: com.sony.dps.intent.action.SCREEN_ON_FROM_SNOOZE done
11-25 10:13:23.664 2853-2853/system_process D/PowerManagerService: [SimplePowerState] finishPendingBroadcast state=INTERACTIVE_STATE_AWAKE
11-25 10:13:23.665 2853-2853/system_process D/PowerManagerService: [SimpleDisplayController] notifyScreenState state=ON
11-25 10:13:23.665 2853-2853/system_process D/PowerManagerService: <<<<<<<<<<<<<<<<<<<<<<<<<<<<<<<<<<<<<<<<
11-25 10:13:23.665 2853-2879/system_process D/PowerManagerService: [StandbyStateManager] onEvent: state=Run trigger=ScreenOn
11-25 10:13:23.665 2853-2853/system_process D/PowerManagerService: ReleaseSuspendBlocker: PowerManagerService.Broadcasts
11-25 10:13:23.666 2853-3113/system_process D/PowerManagerService: [Wakefulness] Awake
11-25 10:13:23.666 2853-3113/system_process D/PowerManagerService: KeepAwake by:
11-25 10:13:23.666 2853-3113/system_process D/PowerManagerService: USER_ACTIVITY_SCREEN_BRIGHT
11-25 10:13:23.666 2853-3113/system_process D/PowerManagerService: ReleaseSuspendBlocker: PowerManagerService.WakeLocks
11-25 10:13:23.667 16612-16656/[redacted] D/PageView$PainterImpl: waitForUpdates():
11-25 10:13:23.707 16612-16679/[redacted] I/CouchbaseLite/REPLICATOR: C4ReplicatorListener.statusChanged, context: Replicator{@0x214f481c(<*>),Database{@0x12a0691d, name='local'} => URLEndpoint{url=wss://[redacted]}}, status: C4ReplicatorStatus{level=3,completed=862,total=862,#docs=4,domain=0,code=0,info=0}
11-25 10:13:23.707 16612-16665/[redacted] I/CouchbaseLite/REPLICATOR: Replicator{@0x214f481c(<*>),Database{@0x12a0691d, name='local'} => URLEndpoint{url=wss://[redacted]}}: status changed: (0, 0) @C4ReplicatorStatus{level=3,completed=862,total=862,#docs=4,domain=0,code=0,info=0}
11-25 10:13:23.707 16612-16665/[redacted] I/CouchbaseLite/REPLICATOR: Replicator{@0x214f481c(<*>),Database{@0x12a0691d, name='local'} => URLEndpoint{url=wss://[redacted]}} is IDLE, progress 862/862, error: null
11-25 10:13:23.707 16612-16612/[redacted] I/Repl: ReplicatorChange{replicator=Replicator{@0x214f481c(<*>),Database{@0x12a0691d, name='local'} => URLEndpoint{url=wss://[redacted]}}, status=Status{activityLevel=IDLE, progress=Progress{completed=862, total=862}, error=null}}
11-25 10:13:23.708 16612-16612/[redacted] D/ModelSynchronizer$StartListener: [SYNC, AUTOMATIC, PUSH_AND_PULL] replication: BUSY -> IDLE
11-25 10:13:24.466 2853-2879/system_process D/PowerManagerService: handleUserActivityTimeout
11-25 10:13:24.466 2853-2879/system_process D/PowerManagerService: [Wakefulness] Awake
11-25 10:13:24.466 2853-2879/system_process D/PowerManagerService: KeepAwake by:
11-25 10:13:24.466 2853-2879/system_process D/PowerManagerService: USER_ACTIVITY_SCREEN_DIM
11-25 10:13:24.665 2853-2879/system_process D/PowerManagerService: handleUserActivityTimeout
11-25 10:13:24.665 2853-2879/system_process D/PowerManagerService: updateWakefulnessLocked: Bed time...
11-25 10:13:24.665 2853-2879/system_process D/PowerManagerService: >>>>>>>>>>>>>>>>>>>>>>>>>>>>>>>>>>>>>>>>
11-25 10:13:24.665 2853-2879/system_process D/PowerManagerService: goToSleepNoUpdateLocked: eventTime=65819641, reason=2, flags=0, uid=1000
11-25 10:13:24.665 2853-2879/system_process W/PowerManagerService: Going to sleep due to screen timeout (uid 1000)...
11-25 10:13:24.665 2853-2879/system_process D/PowerManagerService: setWakefulnessLocked: wakefulness=Awake --> Dozing
11-25 10:13:24.665 2853-2879/system_process D/PowerManagerService: [StandbyStateManager] onEvent: state=Run trigger=DozingByTimeout
11-25 10:13:24.665 2853-2879/system_process D/PowerManagerService: ----------------------------------------
11-25 10:13:24.665 2853-2879/system_process D/PowerManagerService: [StandbyStateManager] transitionTo: Run --> TimeoutDozing duration=1003
11-25 10:13:24.665 2853-2879/system_process D/PowerManagerService: finishWakefulnessChangeLocked: wakefulness=Dozing
11-25 10:13:24.666 2853-2879/system_process D/PowerManagerService: reallyGoToSleepNoUpdateLocked: eventTime=65819641, uid=1000
11-25 10:13:24.666 2853-2879/system_process W/PowerManagerService: Sleeping (uid 1000)...
11-25 10:13:24.666 2853-2879/system_process D/PowerManagerService: setWakefulnessLocked: wakefulness=Dozing --> Asleep
11-25 10:13:24.666 2853-2879/system_process D/PowerManagerService: [StandbyStateManager] onEvent: state=TimeoutDozing trigger=ASleepStart
11-25 10:13:24.666 2853-2879/system_process D/PowerManagerService: [SimpleDisplayController] setScreenState state=OFF
11-25 10:13:24.666 2853-2879/system_process D/PowerManagerService: [SimplePowerState] setScreenState state=OFF
11-25 10:13:24.666 2853-2879/system_process D/PowerManagerService: [SimpleDisplayController] requestDisplayState state=OFF
11-25 10:13:24.666 2853-2879/system_process D/PowerManagerService: [SimpleDisplayController] requestGlobalDisplayState state=OFF
11-25 10:13:24.666 2853-2879/system_process D/PowerManagerService: [SimpleDisplayController] notifyDisplayStateChange state=OFF
11-25 10:13:24.666 2853-2879/system_process D/PowerManagerService: onDisplayStateChange: state=OFF
11-25 10:13:24.666 2853-2879/system_process I/libsuspend: autosuspend_asleep_mode mode=1
11-25 10:13:24.666 2853-2879/system_process I/libsuspend: autosuspend_asleep_mode done
11-25 10:13:24.666 2853-2879/system_process D/PowerManagerService: setHalSleepModeLocked: sleep mode to snooze
11-25 10:13:24.666 2853-2879/system_process I/PowerHAL: power_set_interactive called with on 0
11-25 10:13:24.666 2853-2879/system_process I/PowerHAL: write auto done
11-25 10:13:24.666 2853-2879/system_process I/PowerHAL: write auto done
11-25 10:13:24.666 2853-2879/system_process I/PowerHAL: write auto done
11-25 10:13:24.666 2853-2879/system_process I/PowerHAL: write auto done
11-25 10:13:24.666 2853-2879/system_process I/PowerHAL: wait_for_set_complete done, status is suspended B
11-25 10:13:24.666 2853-2879/system_process I/PowerHAL: wait_for_set_complete done, status is suspended B
11-25 10:13:24.666 2853-2879/system_process I/PowerHAL: wait_for_set_complete done, status is suspended B
11-25 10:13:24.666 2853-2879/system_process I/PowerHAL: wait_for_set_complete done, status is suspended B
11-25 10:13:24.666 2853-2879/system_process D/PowerManagerService: setHalInteractiveModeLocked: interactive mode to false
11-25 10:13:24.666 2853-2879/system_process I/libsuspend: autosuspend_wakeup_count_enable
11-25 10:13:24.666 2853-2879/system_process I/libsuspend: autosuspend_wakeup_count_enable done
11-25 10:13:24.666 2853-2879/system_process D/PowerManagerService: setHalAutoSuspendModeLocked: auto-suspend mode to true
11-25 10:13:24.666 2853-2879/system_process W/PowerManagerService: [PhoneWindowManager] Screen turned off...TRANSITION_WAKEUP_TO_SNOOZE
11-25 10:13:24.666 2853-2879/system_process D/PowerManagerService: <<<<<<<<<<<<<<<<<<<<<<<<<<<<<<<<<<<<<<<<
11-25 10:13:24.666 2853-2879/system_process D/PowerManagerService: [StandbyStateManager] onEvent: state=TimeoutDozing trigger=DisplayOff
11-25 10:13:24.666 2853-2879/system_process D/PowerManagerService: finishWakefulnessChangeLocked: wakefulness=Asleep
11-25 10:13:24.666 2853-2879/system_process D/PowerManagerService: [StandbyStateManager] onEvent: state=TimeoutDozing trigger=ASleepFinish
11-25 10:13:24.666 2853-2879/system_process D/PowerManagerService: ----------------------------------------
11-25 10:13:24.666 2853-2879/system_process D/PowerManagerService: [StandbyStateManager] transitionTo: TimeoutDozing --> SnoozeSleep duration=1
11-25 10:13:24.667 2853-2879/system_process D/PowerManagerService: AcquireSuspendBlocker: PowerManagerService.Broadcasts
11-25 10:13:24.667 2853-2879/system_process D/PowerManagerService: ReleaseSuspendBlocker: PowerManagerService.Display
11-25 10:13:24.667 2853-2853/system_process W/PowerManagerService: [PhoneWindowManager] Going to sleep...TRANSITION_WAKEUP_TO_SNOOZE
11-25 10:13:24.667 2853-2853/system_process D/PowerManagerService: [SimplePowerState] startPendingBroadcast state=INTERACTIVE_STATE_ASLEEP
11-25 10:13:24.667 2853-2853/system_process D/PowerManagerService: [Notifier] sendOrderedBroadcast: ACTION_SCREEN_OFF_TO_SNOOZE
11-25 10:13:24.667 2853-2875/system_process D/PowerManagerService: [INTENT] ACTION_SCREEN_OFF_TO_SNOOZE
11-25 10:13:24.667 2853-2853/system_process D/PowerManagerService: [Notifier] sendOrderedBroadcast: com.sony.dps.intent.action.SCREEN_OFF_TO_SNOOZE done
11-25 10:13:24.667 2853-2853/system_process D/PowerManagerService: [SimplePowerState] finishPendingBroadcast state=INTERACTIVE_STATE_ASLEEP
11-25 10:13:24.667 2853-2853/system_process D/PowerManagerService: [SimpleDisplayController] notifyScreenState state=OFF
11-25 10:13:24.667 2853-2853/system_process D/PowerManagerService: <<<<<<<<<<<<<<<<<<<<<<<<<<<<<<<<<<<<<<<<
11-25 10:13:24.667 2853-2853/system_process D/PowerManagerService: ReleaseSuspendBlocker: PowerManagerService.Broadcasts
11-25 10:13:24.667 2853-2879/system_process D/PowerManagerService: [StandbyStateManager] onEvent: state=SnoozeSleep trigger=ScreenOff
11-25 10:13:26.900 2853-2887/system_process V/AlarmManager: sending alarm action=com.sony.infras.dp_system_intent.NET_CONDITION_SAVE
11-25 10:13:26.901 2853-2887/system_process D/PowerManagerService: AcquireSuspendBlocker: PowerManagerService.WakeLocks
11-25 10:13:26.901 2853-2853/system_process W/NetworkConditionSaver: Receive ACTION_NET_CONDITION_SAVE
11-25 10:13:26.901 2853-2853/system_process I/NetworkConditionSaver: --- Acquire wake lock ---
11-25 10:13:27.902 2853-2853/system_process D/PowerManagerService: ReleaseSuspendBlocker: PowerManagerService.WakeLocks
11-25 10:13:31.738 3133-3482/com.sony.capas.dcss_connection_manager I/DpcifServiceConnector: Bind Service
11-25 10:13:31.739 2853-3151/system_process W/ActivityManager: Unable to start service Intent { act=com.sony.capas.dpcif.START_SERVICE pkg=com.sony.capas.dpcif } U=0: not found
11-25 10:13:41.738 3133-3482/com.sony.capas.dcss_connection_manager I/DpcifServiceConnector: Bind Service
11-25 10:13:41.739 2853-2869/system_process W/ActivityManager: Unable to start service Intent { act=com.sony.capas.dpcif.START_SERVICE pkg=com.sony.capas.dpcif } U=0: not found
11-25 10:13:46.900 2853-2887/system_process V/AlarmManager: sending alarm action=com.sony.infras.dp_system_intent.NET_CONDITION_SAVE
11-25 10:13:46.901 2853-2887/system_process D/PowerManagerService: AcquireSuspendBlocker: PowerManagerService.WakeLocks
11-25 10:13:46.901 2853-2853/system_process W/NetworkConditionSaver: Receive ACTION_NET_CONDITION_SAVE
11-25 10:13:46.901 2853-2853/system_process I/NetworkConditionSaver: --- Acquire wake lock ---
11-25 10:13:47.902 2853-2853/system_process D/PowerManagerService: ReleaseSuspendBlocker: PowerManagerService.WakeLocks
11-25 10:13:51.739 3133-3482/com.sony.capas.dcss_connection_manager I/DpcifServiceConnector: Bind Service
11-25 10:13:51.739 2853-2982/system_process W/ActivityManager: Unable to start service Intent { act=com.sony.capas.dpcif.START_SERVICE pkg=com.sony.capas.dpcif } U=0: not found
11-25 10:14:01.584 2853-2870/system_process D/PowerManagerService: AcquireSuspendBlocker: PowerManagerService.WakeLocks
11-25 10:14:01.584 2853-2870/system_process D/BatteryService: update forceCurrentBattery=false
11-25 10:14:01.584 2853-2870/system_process V/SystemServer: [StandbyScreenManager] batteryChanged
11-25 10:14:01.584 2853-2870/system_process D/BatteryService: Processing new values: false
11-25 10:14:01.584 2853-2870/system_process D/BatteryService: chargerAcOnline=false
11-25 10:14:01.584 2853-2870/system_process D/BatteryService: chargerUsbOnline=true
11-25 10:14:01.584 2853-2870/system_process D/BatteryService: chargerWirelessOnline=false
11-25 10:14:01.584 2853-2870/system_process D/BatteryService: batteryStatus=5
11-25 10:14:01.584 2853-2870/system_process D/BatteryService: batteryHealth=2
11-25 10:14:01.584 2853-2870/system_process D/BatteryService: batteryPresent=true
11-25 10:14:01.584 2853-2870/system_process D/BatteryService: batteryLevel=100
11-25 10:14:01.584 2853-2870/system_process D/BatteryService: batteryTechnology=
11-25 10:14:01.584 2853-2870/system_process D/BatteryService: batteryVoltage=4183
11-25 10:14:01.584 2853-2870/system_process D/BatteryService: batteryTemperature=26
11-25 10:14:01.584 2853-2870/system_process D/BatteryService: penBatteryLevel=100
11-25 10:14:01.584 2853-2870/system_process D/BatteryService: mBatteryLevelCritical=false
11-25 10:14:01.584 2853-2870/system_process D/BatteryService: mPlugType=2
11-25 10:14:01.740 3133-3482/com.sony.capas.dcss_connection_manager I/DpcifServiceConnector: Bind Service
11-25 10:14:01.740 2853-3152/system_process W/ActivityManager: Unable to start service Intent { act=com.sony.capas.dpcif.START_SERVICE pkg=com.sony.capas.dpcif } U=0: not found
11-25 10:14:06.594 2853-2853/system_process D/PowerManagerService: ReleaseSuspendBlocker: PowerManagerService.WakeLocks
11-25 10:14:06.901 2853-2887/system_process V/AlarmManager: sending alarm action=android.intent.action.TIME_TICK
11-25 10:14:06.902 2853-2887/system_process D/PowerManagerService: AcquireSuspendBlocker: PowerManagerService.WakeLocks
11-25 10:14:06.902 2853-2887/system_process V/AlarmManager: sending alarm action=com.sony.infras.dp_system_intent.NET_CONDITION_SAVE
11-25 10:14:06.904 2853-2853/system_process W/NetworkConditionSaver: Receive ACTION_NET_CONDITION_SAVE
11-25 10:14:06.904 2853-2853/system_process I/NetworkConditionSaver: --- Acquire wake lock ---
11-25 10:14:07.905 2853-2853/system_process D/PowerManagerService: ReleaseSuspendBlocker: PowerManagerService.WakeLocks
11-25 10:14:11.740 3133-3482/com.sony.capas.dcss_connection_manager I/DpcifServiceConnector: Bind Service
11-25 10:14:11.741 2853-3113/system_process W/ActivityManager: Unable to start service Intent { act=com.sony.capas.dpcif.START_SERVICE pkg=com.sony.capas.dpcif } U=0: not found
11-25 10:14:21.741 3133-3482/com.sony.capas.dcss_connection_manager I/DpcifServiceConnector: Bind Service
11-25 10:14:21.741 2853-3151/system_process W/ActivityManager: Unable to start service Intent { act=com.sony.capas.dpcif.START_SERVICE pkg=com.sony.capas.dpcif } U=0: not found
11-25 10:14:26.903 2853-2887/system_process V/AlarmManager: sending alarm action=com.sony.infras.dp_system_intent.NET_CONDITION_SAVE
11-25 10:14:26.904 2853-2887/system_process D/PowerManagerService: AcquireSuspendBlocker: PowerManagerService.WakeLocks
11-25 10:14:26.904 2853-2853/system_process W/NetworkConditionSaver: Receive ACTION_NET_CONDITION_SAVE
11-25 10:14:26.904 2853-2853/system_process I/NetworkConditionSaver: --- Acquire wake lock ---
11-25 10:14:27.905 2853-2853/system_process D/PowerManagerService: ReleaseSuspendBlocker: PowerManagerService.WakeLocks
11-25 10:14:31.742 3133-3482/com.sony.capas.dcss_connection_manager I/DpcifServiceConnector: Bind Service
11-25 10:14:31.742 2853-2869/system_process W/ActivityManager: Unable to start service Intent { act=com.sony.capas.dpcif.START_SERVICE pkg=com.sony.capas.dpcif } U=0: not found
11-25 10:14:41.742 3133-3482/com.sony.capas.dcss_connection_manager I/DpcifServiceConnector: Bind Service
11-25 10:14:41.742 2853-2982/system_process W/ActivityManager: Unable to start service Intent { act=com.sony.capas.dpcif.START_SERVICE pkg=com.sony.capas.dpcif } U=0: not found
11-25 10:14:46.904 2853-2887/system_process V/AlarmManager: sending alarm action=com.android.server.task.controllers.BatteryController.ACTION_CHARGING_STABLE
11-25 10:14:46.905 2853-2887/system_process D/PowerManagerService: AcquireSuspendBlocker: PowerManagerService.WakeLocks
11-25 10:14:46.905 2853-2887/system_process V/AlarmManager: sending alarm action=com.sony.infras.dp_system_intent.NET_CONDITION_SAVE
11-25 10:14:46.905 2853-2853/system_process W/NetworkConditionSaver: Receive ACTION_NET_CONDITION_SAVE
11-25 10:14:46.906 2853-2853/system_process I/NetworkConditionSaver: --- Acquire wake lock ---
11-25 10:14:47.906 2853-2853/system_process D/PowerManagerService: ReleaseSuspendBlocker: PowerManagerService.WakeLocks
11-25 10:14:51.742 3133-3482/com.sony.capas.dcss_connection_manager I/DpcifServiceConnector: Bind Service
11-25 10:14:51.742 2853-2870/system_process W/ActivityManager: Unable to start service Intent { act=com.sony.capas.dpcif.START_SERVICE pkg=com.sony.capas.dpcif } U=0: not found
11-25 10:15:01.584 2853-3152/system_process D/PowerManagerService: AcquireSuspendBlocker: PowerManagerService.WakeLocks
11-25 10:15:01.584 2853-3152/system_process D/BatteryService: update forceCurrentBattery=false
11-25 10:15:01.584 2853-3152/system_process V/SystemServer: [StandbyScreenManager] batteryChanged
11-25 10:15:01.584 2853-3152/system_process D/BatteryService: Processing new values: false
11-25 10:15:01.584 2853-3152/system_process D/BatteryService: chargerAcOnline=false
11-25 10:15:01.584 2853-3152/system_process D/BatteryService: chargerUsbOnline=true
11-25 10:15:01.584 2853-3152/system_process D/BatteryService: chargerWirelessOnline=false
11-25 10:15:01.584 2853-3152/system_process D/BatteryService: batteryStatus=5
11-25 10:15:01.584 2853-3152/system_process D/BatteryService: batteryHealth=2
11-25 10:15:01.584 2853-3152/system_process D/BatteryService: batteryPresent=true
11-25 10:15:01.584 2853-3152/system_process D/BatteryService: batteryLevel=100
11-25 10:15:01.584 2853-3152/system_process D/BatteryService: batteryTechnology=
11-25 10:15:01.584 2853-3152/system_process D/BatteryService: batteryVoltage=4183
11-25 10:15:01.584 2853-3152/system_process D/BatteryService: batteryTemperature=26
11-25 10:15:01.584 2853-3152/system_process D/BatteryService: penBatteryLevel=100
11-25 10:15:01.584 2853-3152/system_process D/BatteryService: mBatteryLevelCritical=false
11-25 10:15:01.584 2853-3152/system_process D/BatteryService: mPlugType=2
11-25 10:15:01.742 3133-3482/com.sony.capas.dcss_connection_manager I/DpcifServiceConnector: Bind Service
11-25 10:15:01.743 2853-3180/system_process W/ActivityManager: Unable to start service Intent { act=com.sony.capas.dpcif.START_SERVICE pkg=com.sony.capas.dpcif } U=0: not found
11-25 10:15:06.594 2853-2853/system_process D/PowerManagerService: ReleaseSuspendBlocker: PowerManagerService.WakeLocks
11-25 10:15:06.905 2853-2887/system_process V/AlarmManager: sending alarm action=android.intent.action.TIME_TICK
11-25 10:15:06.906 2853-2887/system_process D/PowerManagerService: AcquireSuspendBlocker: PowerManagerService.WakeLocks
11-25 10:15:06.906 2853-2887/system_process V/AlarmManager: sending alarm action=com.sony.infras.dp_system_intent.NET_CONDITION_SAVE
11-25 10:15:06.908 2853-2853/system_process W/NetworkConditionSaver: Receive ACTION_NET_CONDITION_SAVE
11-25 10:15:06.908 2853-2853/system_process I/NetworkConditionSaver: --- Acquire wake lock ---
11-25 10:15:07.909 2853-2853/system_process D/PowerManagerService: ReleaseSuspendBlocker: PowerManagerService.WakeLocks
11-25 10:15:11.742 3133-3482/com.sony.capas.dcss_connection_manager I/DpcifServiceConnector: Bind Service
11-25 10:15:11.742 2853-3113/system_process W/ActivityManager: Unable to start service Intent { act=com.sony.capas.dpcif.START_SERVICE pkg=com.sony.capas.dpcif } U=0: not found
11-25 10:15:21.742 3133-3482/com.sony.capas.dcss_connection_manager I/DpcifServiceConnector: Bind Service
11-25 10:15:21.742 2853-3151/system_process W/ActivityManager: Unable to start service Intent { act=com.sony.capas.dpcif.START_SERVICE pkg=com.sony.capas.dpcif } U=0: not found
11-25 10:15:26.907 2853-2887/system_process V/AlarmManager: sending alarm action=com.sony.infras.dp_system_intent.NET_CONDITION_SAVE
11-25 10:15:26.908 2853-2887/system_process D/PowerManagerService: AcquireSuspendBlocker: PowerManagerService.WakeLocks
11-25 10:15:26.908 2853-2853/system_process W/NetworkConditionSaver: Receive ACTION_NET_CONDITION_SAVE
11-25 10:15:26.908 2853-2853/system_process I/NetworkConditionSaver: --- Acquire wake lock ---
11-25 10:15:27.909 2853-2853/system_process D/PowerManagerService: ReleaseSuspendBlocker: PowerManagerService.WakeLocks
11-25 10:15:31.742 3133-3482/com.sony.capas.dcss_connection_manager I/DpcifServiceConnector: Bind Service
11-25 10:15:31.743 2853-2869/system_process W/ActivityManager: Unable to start service Intent { act=com.sony.capas.dpcif.START_SERVICE pkg=com.sony.capas.dpcif } U=0: not found
11-25 10:15:41.742 3133-3482/com.sony.capas.dcss_connection_manager I/DpcifServiceConnector: Bind Service
11-25 10:15:41.742 2853-2982/system_process W/ActivityManager: Unable to start service Intent { act=com.sony.capas.dpcif.START_SERVICE pkg=com.sony.capas.dpcif } U=0: not found
11-25 10:15:46.907 2853-2887/system_process V/AlarmManager: sending alarm action=com.sony.infras.dp_system_intent.NET_CONDITION_SAVE
11-25 10:15:46.908 2853-2887/system_process D/PowerManagerService: AcquireSuspendBlocker: PowerManagerService.WakeLocks
11-25 10:15:46.908 2853-2853/system_process W/NetworkConditionSaver: Receive ACTION_NET_CONDITION_SAVE
11-25 10:15:46.908 2853-2853/system_process I/NetworkConditionSaver: --- Acquire wake lock ---
11-25 10:15:47.909 2853-2853/system_process D/PowerManagerService: ReleaseSuspendBlocker: PowerManagerService.WakeLocks
11-25 10:15:51.742 3133-3482/com.sony.capas.dcss_connection_manager I/DpcifServiceConnector: Bind Service
11-25 10:15:51.743 2853-2870/system_process W/ActivityManager: Unable to start service Intent { act=com.sony.capas.dpcif.START_SERVICE pkg=com.sony.capas.dpcif } U=0: not found
11-25 10:16:01.584 2853-3152/system_process D/PowerManagerService: AcquireSuspendBlocker: PowerManagerService.WakeLocks
11-25 10:16:01.584 2853-3152/system_process D/BatteryService: update forceCurrentBattery=false
11-25 10:16:01.584 2853-3152/system_process V/SystemServer: [StandbyScreenManager] batteryChanged
11-25 10:16:01.584 2853-3152/system_process D/BatteryService: Processing new values: false
11-25 10:16:01.584 2853-3152/system_process D/BatteryService: chargerAcOnline=false
11-25 10:16:01.584 2853-3152/system_process D/BatteryService: chargerUsbOnline=true
11-25 10:16:01.584 2853-3152/system_process D/BatteryService: chargerWirelessOnline=false
11-25 10:16:01.584 2853-3152/system_process D/BatteryService: batteryStatus=5
11-25 10:16:01.584 2853-3152/system_process D/BatteryService: batteryHealth=2
11-25 10:16:01.584 2853-3152/system_process D/BatteryService: batteryPresent=true
11-25 10:16:01.584 2853-3152/system_process D/BatteryService: batteryLevel=100
11-25 10:16:01.584 2853-3152/system_process D/BatteryService: batteryTechnology=
11-25 10:16:01.584 2853-3152/system_process D/BatteryService: batteryVoltage=4183
11-25 10:16:01.584 2853-3152/system_process D/BatteryService: batteryTemperature=26
11-25 10:16:01.584 2853-3152/system_process D/BatteryService: penBatteryLevel=100
11-25 10:16:01.584 2853-3152/system_process D/BatteryService: mBatteryLevelCritical=false
11-25 10:16:01.584 2853-3152/system_process D/BatteryService: mPlugType=2
11-25 10:16:01.742 3133-3482/com.sony.capas.dcss_connection_manager I/DpcifServiceConnector: Bind Service
11-25 10:16:01.743 2853-3180/system_process W/ActivityManager: Unable to start service Intent { act=com.sony.capas.dpcif.START_SERVICE pkg=com.sony.capas.dpcif } U=0: not found
11-25 10:16:06.586 2853-2853/system_process D/PowerManagerService: ReleaseSuspendBlocker: PowerManagerService.WakeLocks
11-25 10:16:06.907 2853-2887/system_process V/AlarmManager: sending alarm action=android.intent.action.TIME_TICK
11-25 10:16:06.908 2853-2887/system_process D/PowerManagerService: AcquireSuspendBlocker: PowerManagerService.WakeLocks
11-25 10:16:06.908 2853-2887/system_process V/AlarmManager: sending alarm action=com.sony.infras.dp_system_intent.NET_CONDITION_SAVE
11-25 10:16:06.909 2853-2853/system_process W/NetworkConditionSaver: Receive ACTION_NET_CONDITION_SAVE
11-25 10:16:06.909 2853-2853/system_process I/NetworkConditionSaver: --- Acquire wake lock ---
11-25 10:16:07.911 2853-2853/system_process D/PowerManagerService: ReleaseSuspendBlocker: PowerManagerService.WakeLocks
11-25 10:16:11.742 3133-3482/com.sony.capas.dcss_connection_manager I/DpcifServiceConnector: Bind Service
11-25 10:16:11.742 2853-3151/system_process W/ActivityManager: Unable to start service Intent { act=com.sony.capas.dpcif.START_SERVICE pkg=com.sony.capas.dpcif } U=0: not found
11-25 10:16:21.742 3133-3482/com.sony.capas.dcss_connection_manager I/DpcifServiceConnector: Bind Service
11-25 10:16:21.743 2853-2869/system_process W/ActivityManager: Unable to start service Intent { act=com.sony.capas.dpcif.START_SERVICE pkg=com.sony.capas.dpcif } U=0: not found
11-25 10:16:26.909 2853-2887/system_process V/AlarmManager: sending alarm action=com.sony.infras.dp_system_intent.NET_CONDITION_SAVE
11-25 10:16:26.910 2853-2887/system_process D/PowerManagerService: AcquireSuspendBlocker: PowerManagerService.WakeLocks
11-25 10:16:26.910 2853-2853/system_process W/NetworkConditionSaver: Receive ACTION_NET_CONDITION_SAVE
11-25 10:16:26.910 2853-2853/system_process I/NetworkConditionSaver: --- Acquire wake lock ---
11-25 10:16:27.912 2853-2853/system_process D/PowerManagerService: ReleaseSuspendBlocker: PowerManagerService.WakeLocks
11-25 10:16:31.742 3133-3482/com.sony.capas.dcss_connection_manager I/DpcifServiceConnector: Bind Service
11-25 10:16:31.743 2853-2982/system_process W/ActivityManager: Unable to start service Intent { act=com.sony.capas.dpcif.START_SERVICE pkg=com.sony.capas.dpcif } U=0: not found
11-25 10:16:41.743 3133-3482/com.sony.capas.dcss_connection_manager I/DpcifServiceConnector: Bind Service
11-25 10:16:41.743 2853-2870/system_process W/ActivityManager: Unable to start service Intent { act=com.sony.capas.dpcif.START_SERVICE pkg=com.sony.capas.dpcif } U=0: not found
11-25 10:16:46.909 2853-2887/system_process V/AlarmManager: sending alarm action=com.sony.infras.dp_system_intent.NET_CONDITION_SAVE
11-25 10:16:46.910 2853-2887/system_process D/PowerManagerService: AcquireSuspendBlocker: PowerManagerService.WakeLocks
11-25 10:16:46.910 2853-2853/system_process W/NetworkConditionSaver: Receive ACTION_NET_CONDITION_SAVE
11-25 10:16:46.911 2853-2853/system_process I/NetworkConditionSaver: --- Acquire wake lock ---
11-25 10:16:47.913 2853-2853/system_process D/PowerManagerService: ReleaseSuspendBlocker: PowerManagerService.WakeLocks
11-25 10:16:51.744 3133-3482/com.sony.capas.dcss_connection_manager I/DpcifServiceConnector: Bind Service
11-25 10:16:51.744 2853-3152/system_process W/ActivityManager: Unable to start service Intent { act=com.sony.capas.dpcif.START_SERVICE pkg=com.sony.capas.dpcif } U=0: not found
11-25 10:17:01.584 2853-3180/system_process D/PowerManagerService: AcquireSuspendBlocker: PowerManagerService.WakeLocks
11-25 10:17:01.584 2853-3180/system_process D/BatteryService: update forceCurrentBattery=false
11-25 10:17:01.584 2853-3180/system_process V/SystemServer: [StandbyScreenManager] batteryChanged
11-25 10:17:01.584 2853-3180/system_process D/BatteryService: Processing new values: false
11-25 10:17:01.584 2853-3180/system_process D/BatteryService: chargerAcOnline=false
11-25 10:17:01.584 2853-3180/system_process D/BatteryService: chargerUsbOnline=true
11-25 10:17:01.584 2853-3180/system_process D/BatteryService: chargerWirelessOnline=false
11-25 10:17:01.584 2853-3180/system_process D/BatteryService: batteryStatus=5
11-25 10:17:01.584 2853-3180/system_process D/BatteryService: batteryHealth=2
11-25 10:17:01.584 2853-3180/system_process D/BatteryService: batteryPresent=true
11-25 10:17:01.584 2853-3180/system_process D/BatteryService: batteryLevel=100
11-25 10:17:01.584 2853-3180/system_process D/BatteryService: batteryTechnology=
11-25 10:17:01.584 2853-3180/system_process D/BatteryService: batteryVoltage=4183
11-25 10:17:01.584 2853-3180/system_process D/BatteryService: batteryTemperature=26
11-25 10:17:01.584 2853-3180/system_process D/BatteryService: penBatteryLevel=100
11-25 10:17:01.584 2853-3180/system_process D/BatteryService: mBatteryLevelCritical=false
11-25 10:17:01.584 2853-3180/system_process D/BatteryService: mPlugType=2
11-25 10:17:01.744 3133-3482/com.sony.capas.dcss_connection_manager I/DpcifServiceConnector: Bind Service
11-25 10:17:01.744 2853-3114/system_process W/ActivityManager: Unable to start service Intent { act=com.sony.capas.dpcif.START_SERVICE pkg=com.sony.capas.dpcif } U=0: not found
11-25 10:17:06.594 2853-2853/system_process D/PowerManagerService: ReleaseSuspendBlocker: PowerManagerService.WakeLocks
11-25 10:17:06.910 2853-2887/system_process V/AlarmManager: sending alarm action=android.intent.action.TIME_TICK
11-25 10:17:06.911 2853-2887/system_process D/PowerManagerService: AcquireSuspendBlocker: PowerManagerService.WakeLocks
11-25 10:17:06.911 2853-2887/system_process V/AlarmManager: sending alarm action=com.sony.infras.dp_system_intent.NET_CONDITION_SAVE
11-25 10:17:06.913 2853-2853/system_process W/NetworkConditionSaver: Receive ACTION_NET_CONDITION_SAVE
11-25 10:17:06.913 2853-2853/system_process I/NetworkConditionSaver: --- Acquire wake lock ---
11-25 10:17:07.915 2853-2853/system_process D/PowerManagerService: ReleaseSuspendBlocker: PowerManagerService.WakeLocks
11-25 10:17:11.745 3133-3482/com.sony.capas.dcss_connection_manager I/DpcifServiceConnector: Bind Service
11-25 10:17:11.745 2853-3151/system_process W/ActivityManager: Unable to start service Intent { act=com.sony.capas.dpcif.START_SERVICE pkg=com.sony.capas.dpcif } U=0: not found
11-25 10:17:21.746 3133-3482/com.sony.capas.dcss_connection_manager I/DpcifServiceConnector: Bind Service
11-25 10:17:21.746 2853-2869/system_process W/ActivityManager: Unable to start service Intent { act=com.sony.capas.dpcif.START_SERVICE pkg=com.sony.capas.dpcif } U=0: not found
11-25 10:17:26.913 2853-2887/system_process V/AlarmManager: sending alarm action=com.sony.infras.dp_system_intent.NET_CONDITION_SAVE
11-25 10:17:26.914 2853-2887/system_process D/PowerManagerService: AcquireSuspendBlocker: PowerManagerService.WakeLocks
11-25 10:17:26.914 2853-2853/system_process W/NetworkConditionSaver: Receive ACTION_NET_CONDITION_SAVE
11-25 10:17:26.914 2853-2853/system_process I/NetworkConditionSaver: --- Acquire wake lock ---
11-25 10:17:27.916 2853-2853/system_process D/PowerManagerService: ReleaseSuspendBlocker: PowerManagerService.WakeLocks
11-25 10:17:31.747 3133-3482/com.sony.capas.dcss_connection_manager I/DpcifServiceConnector: Bind Service
11-25 10:17:31.747 2853-2982/system_process W/ActivityManager: Unable to start service Intent { act=com.sony.capas.dpcif.START_SERVICE pkg=com.sony.capas.dpcif } U=0: not found
11-25 10:17:41.748 3133-3482/com.sony.capas.dcss_connection_manager I/DpcifServiceConnector: Bind Service
11-25 10:17:41.748 2853-2870/system_process W/ActivityManager: Unable to start service Intent { act=com.sony.capas.dpcif.START_SERVICE pkg=com.sony.capas.dpcif } U=0: not found
11-25 10:17:46.913 2853-2887/system_process V/AlarmManager: sending alarm action=android.net.ConnectivityService.action.PKT_CNT_SAMPLE_INTERVAL_ELAPSED
11-25 10:17:46.914 2853-2887/system_process D/PowerManagerService: AcquireSuspendBlocker: PowerManagerService.WakeLocks
11-25 10:17:46.914 2853-2887/system_process V/AlarmManager: sending alarm action=com.sony.infras.dp_system_intent.NET_CONDITION_SAVE
11-25 10:17:46.915 2853-2853/system_process W/NetworkConditionSaver: Receive ACTION_NET_CONDITION_SAVE
11-25 10:17:46.915 2853-2853/system_process I/NetworkConditionSaver: --- Acquire wake lock ---
11-25 10:17:47.917 2853-2853/system_process D/PowerManagerService: ReleaseSuspendBlocker: PowerManagerService.WakeLocks
11-25 10:17:51.749 3133-3482/com.sony.capas.dcss_connection_manager I/DpcifServiceConnector: Bind Service
11-25 10:17:51.749 2853-3152/system_process W/ActivityManager: Unable to start service Intent { act=com.sony.capas.dpcif.START_SERVICE pkg=com.sony.capas.dpcif } U=0: not found
11-25 10:18:01.584 2853-3180/system_process D/PowerManagerService: AcquireSuspendBlocker: PowerManagerService.WakeLocks
11-25 10:18:01.584 2853-3180/system_process D/BatteryService: update forceCurrentBattery=false
11-25 10:18:01.584 2853-3180/system_process V/SystemServer: [StandbyScreenManager] batteryChanged
11-25 10:18:01.584 2853-3180/system_process D/BatteryService: Processing new values: false
11-25 10:18:01.584 2853-3180/system_process D/BatteryService: chargerAcOnline=false
11-25 10:18:01.584 2853-3180/system_process D/BatteryService: chargerUsbOnline=true
11-25 10:18:01.584 2853-3180/system_process D/BatteryService: chargerWirelessOnline=false
11-25 10:18:01.584 2853-3180/system_process D/BatteryService: batteryStatus=5
11-25 10:18:01.584 2853-3180/system_process D/BatteryService: batteryHealth=2
11-25 10:18:01.584 2853-3180/system_process D/BatteryService: batteryPresent=true
11-25 10:18:01.584 2853-3180/system_process D/BatteryService: batteryLevel=100
11-25 10:18:01.584 2853-3180/system_process D/BatteryService: batteryTechnology=
11-25 10:18:01.584 2853-3180/system_process D/BatteryService: batteryVoltage=4183
11-25 10:18:01.584 2853-3180/system_process D/BatteryService: batteryTemperature=26
11-25 10:18:01.584 2853-3180/system_process D/BatteryService: penBatteryLevel=100
11-25 10:18:01.584 2853-3180/system_process D/BatteryService: mBatteryLevelCritical=false
11-25 10:18:01.584 2853-3180/system_process D/BatteryService: mPlugType=2
11-25 10:18:01.750 3133-3482/com.sony.capas.dcss_connection_manager I/DpcifServiceConnector: Bind Service
11-25 10:18:01.750 2853-3114/system_process W/ActivityManager: Unable to start service Intent { act=com.sony.capas.dpcif.START_SERVICE pkg=com.sony.capas.dpcif } U=0: not found
11-25 10:18:06.585 2853-2853/system_process D/PowerManagerService: ReleaseSuspendBlocker: PowerManagerService.WakeLocks
11-25 10:18:06.914 2853-2887/system_process V/AlarmManager: sending alarm action=android.intent.action.TIME_TICK
11-25 10:18:06.915 2853-2887/system_process D/PowerManagerService: AcquireSuspendBlocker: PowerManagerService.WakeLocks
11-25 10:18:06.915 2853-2887/system_process V/AlarmManager: sending alarm action=com.sony.infras.dp_system_intent.NET_CONDITION_SAVE
11-25 10:18:06.916 2853-2853/system_process W/NetworkConditionSaver: Receive ACTION_NET_CONDITION_SAVE
11-25 10:18:06.916 2853-2853/system_process I/NetworkConditionSaver: --- Acquire wake lock ---
11-25 10:18:07.918 2853-2853/system_process D/PowerManagerService: ReleaseSuspendBlocker: PowerManagerService.WakeLocks
11-25 10:18:11.751 3133-3482/com.sony.capas.dcss_connection_manager I/DpcifServiceConnector: Bind Service
11-25 10:18:11.751 2853-2982/system_process W/ActivityManager: Unable to start service Intent { act=com.sony.capas.dpcif.START_SERVICE pkg=com.sony.capas.dpcif } U=0: not found
11-25 10:18:21.751 3133-3482/com.sony.capas.dcss_connection_manager I/DpcifServiceConnector: Bind Service
11-25 10:18:21.752 2853-2870/system_process W/ActivityManager: Unable to start service Intent { act=com.sony.capas.dpcif.START_SERVICE pkg=com.sony.capas.dpcif } U=0: not found
11-25 10:18:26.916 2853-2887/system_process V/AlarmManager: sending alarm action=com.sony.infras.dp_system_intent.NET_CONDITION_SAVE
11-25 10:18:26.917 2853-2887/system_process D/PowerManagerService: AcquireSuspendBlocker: PowerManagerService.WakeLocks
11-25 10:18:26.917 2853-2853/system_process W/NetworkConditionSaver: Receive ACTION_NET_CONDITION_SAVE
11-25 10:18:26.917 2853-2853/system_process I/NetworkConditionSaver: --- Acquire wake lock ---
11-25 10:18:27.919 2853-2853/system_process D/PowerManagerService: ReleaseSuspendBlocker: PowerManagerService.WakeLocks
11-25 10:18:31.751 3133-3482/com.sony.capas.dcss_connection_manager I/DpcifServiceConnector: Bind Service
11-25 10:18:31.752 2853-3152/system_process W/ActivityManager: Unable to start service Intent { act=com.sony.capas.dpcif.START_SERVICE pkg=com.sony.capas.dpcif } U=0: not found
11-25 10:18:41.751 3133-3482/com.sony.capas.dcss_connection_manager I/DpcifServiceConnector: Bind Service
11-25 10:18:41.751 2853-3180/system_process W/ActivityManager: Unable to start service Intent { act=com.sony.capas.dpcif.START_SERVICE pkg=com.sony.capas.dpcif } U=0: not found
11-25 10:18:46.916 2853-2887/system_process V/AlarmManager: sending alarm action=com.sony.infras.dp_system_intent.NET_CONDITION_SAVE
11-25 10:18:46.917 2853-2887/system_process D/PowerManagerService: AcquireSuspendBlocker: PowerManagerService.WakeLocks
11-25 10:18:46.917 2853-2853/system_process W/NetworkConditionSaver: Receive ACTION_NET_CONDITION_SAVE
11-25 10:18:46.917 2853-2853/system_process I/NetworkConditionSaver: --- Acquire wake lock ---
11-25 10:18:47.919 2853-2853/system_process D/PowerManagerService: ReleaseSuspendBlocker: PowerManagerService.WakeLocks
11-25 10:18:51.751 3133-3482/com.sony.capas.dcss_connection_manager I/DpcifServiceConnector: Bind Service
11-25 10:18:51.752 2853-3114/system_process W/ActivityManager: Unable to start service Intent { act=com.sony.capas.dpcif.START_SERVICE pkg=com.sony.capas.dpcif } U=0: not found
11-25 10:19:01.584 2853-3151/system_process D/PowerManagerService: AcquireSuspendBlocker: PowerManagerService.WakeLocks
11-25 10:19:01.584 2853-3151/system_process D/BatteryService: update forceCurrentBattery=false
11-25 10:19:01.584 2853-3151/system_process V/SystemServer: [StandbyScreenManager] batteryChanged
11-25 10:19:01.584 2853-3151/system_process D/BatteryService: Processing new values: false
11-25 10:19:01.584 2853-3151/system_process D/BatteryService: chargerAcOnline=false
11-25 10:19:01.584 2853-3151/system_process D/BatteryService: chargerUsbOnline=true
11-25 10:19:01.584 2853-3151/system_process D/BatteryService: chargerWirelessOnline=false
11-25 10:19:01.584 2853-3151/system_process D/BatteryService: batteryStatus=5
11-25 10:19:01.584 2853-3151/system_process D/BatteryService: batteryHealth=2
11-25 10:19:01.584 2853-3151/system_process D/BatteryService: batteryPresent=true
11-25 10:19:01.584 2853-3151/system_process D/BatteryService: batteryLevel=100
11-25 10:19:01.584 2853-3151/system_process D/BatteryService: batteryTechnology=
11-25 10:19:01.584 2853-3151/system_process D/BatteryService: batteryVoltage=4183
11-25 10:19:01.584 2853-3151/system_process D/BatteryService: batteryTemperature=26
11-25 10:19:01.584 2853-3151/system_process D/BatteryService: penBatteryLevel=100
11-25 10:19:01.584 2853-3151/system_process D/BatteryService: mBatteryLevelCritical=false
11-25 10:19:01.584 2853-3151/system_process D/BatteryService: mPlugType=2
11-25 10:19:01.751 3133-3482/com.sony.capas.dcss_connection_manager I/DpcifServiceConnector: Bind Service
11-25 10:19:01.752 2853-3113/system_process W/ActivityManager: Unable to start service Intent { act=com.sony.capas.dpcif.START_SERVICE pkg=com.sony.capas.dpcif } U=0: not found
11-25 10:19:06.594 2853-2853/system_process D/PowerManagerService: ReleaseSuspendBlocker: PowerManagerService.WakeLocks
11-25 10:19:06.916 2853-2887/system_process V/AlarmManager: sending alarm action=android.intent.action.TIME_TICK
11-25 10:19:06.917 2853-2887/system_process D/PowerManagerService: AcquireSuspendBlocker: PowerManagerService.WakeLocks
11-25 10:19:06.917 2853-2887/system_process V/AlarmManager: sending alarm action=com.sony.infras.dp_system_intent.NET_CONDITION_SAVE
11-25 10:19:06.919 2853-2853/system_process W/NetworkConditionSaver: Receive ACTION_NET_CONDITION_SAVE
11-25 10:19:06.919 2853-2853/system_process I/NetworkConditionSaver: --- Acquire wake lock ---
11-25 10:19:07.920 2853-2853/system_process D/PowerManagerService: ReleaseSuspendBlocker: PowerManagerService.WakeLocks
11-25 10:19:11.751 3133-3482/com.sony.capas.dcss_connection_manager I/DpcifServiceConnector: Bind Service
11-25 10:19:11.751 2853-3152/system_process W/ActivityManager: Unable to start service Intent { act=com.sony.capas.dpcif.START_SERVICE pkg=com.sony.capas.dpcif } U=0: not found
11-25 10:19:21.751 3133-3482/com.sony.capas.dcss_connection_manager I/DpcifServiceConnector: Bind Service
