07-30 10:35:22.041 18422 18445 I CouchbaseLite/TEST: Created base test DB: Database{@0x33f4538, name='base-db-bYSHckIdoRVA'}
07-30 10:35:22.042 18422 18445 V CouchbaseLite/DATABASE: {DB#14} begin transaction
07-30 10:35:22.042 18422 18445 I CouchbaseLite/DATABASE: BEGIN
07-30 10:35:22.042 18422 18445 I CouchbaseLite/DATABASE: ... SELECT sequence, flags, null, version, body, extra FROM kv_info WHERE key=?
07-30 10:35:22.043 18422 18445 I CouchbaseLite/DATABASE: ... SELECT sequence, flags, null, version, body, extra FROM kv_info WHERE key=?
07-30 10:35:22.043 18422 18445 I CouchbaseLite/DATABASE: Compiling SQL "INSERT OR IGNORE INTO kv_default (version, body, extra, flags, sequence, key) VALUES (?, ?, ?, ?, ?, ?)"
07-30 10:35:22.043 18422 18445 I CouchbaseLite/DATABASE: Compiling SQL "SELECT lastSeq FROM kvmeta WHERE name=?"
07-30 10:35:22.043 18422 18445 I CouchbaseLite/DATABASE: ... SELECT lastSeq FROM kvmeta WHERE name=?
07-30 10:35:22.044 18422 18445 I CouchbaseLite/DATABASE: ... INSERT OR IGNORE INTO kv_default (version, body, extra, flags, sequence, key) VALUES (?, ?, ?, ?, ?, ?)
07-30 10:35:22.044 18422 18445 V CouchbaseLite/DATABASE: Saved doc '0374efde-081b-484b-97ec-9c07bb84ee88' #1-60c33f8907d0b7676c4224e27679ac5ac35f45ab; body=34, extra=34
07-30 10:35:22.044 18422 18445 V CouchbaseLite/DATABASE: {DB#14} Saved '0374efde-081b-484b-97ec-9c07bb84ee88' rev #1-60c33f8907d0b7676c4224e27679ac5ac35f45ab as seq 1
07-30 10:35:22.044 18422 18445 V CouchbaseLite/DATABASE: {DB#14} KeyStore(info) set 'SharedKeys'
07-30 10:35:22.044 18422 18445 I CouchbaseLite/DATABASE: ... INSERT OR REPLACE INTO kv_info (key, version, body) VALUES (?, ?, ?)
07-30 10:35:22.044 18422 18445 V CouchbaseLite/DATABASE: {DB#14} commit transaction
07-30 10:35:22.044 18422 18445 I CouchbaseLite/DATABASE: Compiling SQL "INSERT INTO kvmeta (name, lastSeq) VALUES (?, ?) ON CONFLICT (name) DO UPDATE SET lastSeq = excluded.lastSeq"
07-30 10:35:22.044 18422 18445 I CouchbaseLite/DATABASE: ... INSERT INTO kvmeta (name, lastSeq) VALUES (?, ?) ON CONFLICT (name) DO UPDATE SET lastSeq = excluded.lastSeq
07-30 10:35:22.044 18422 18445 I CouchbaseLite/DATABASE: COMMIT
07-30 10:35:22.045 18422 18445 V CouchbaseLite/DATABASE: {DB#14} begin transaction
07-30 10:35:22.045 18422 18445 I CouchbaseLite/DATABASE: BEGIN
07-30 10:35:22.045 18422 18445 I CouchbaseLite/DATABASE: ... SELECT sequence, flags, null, version, body, extra FROM kv_info WHERE key=?
07-30 10:35:22.046 18422 18445 I CouchbaseLite/DATABASE: ... SELECT lastSeq FROM kvmeta WHERE name=?
07-30 10:35:22.046 18422 18445 I CouchbaseLite/DATABASE: ... INSERT OR IGNORE INTO kv_default (version, body, extra, flags, sequence, key) VALUES (?, ?, ?, ?, ?, ?)
07-30 10:35:22.046 18422 18445 V CouchbaseLite/DATABASE: Saved doc '0b1053f6-d49a-4964-be54-218713d2046d' #1-d15ba66d7220f57871f5c6f7ef82bb868f5b003a; body=32, extra=34
07-30 10:35:22.046 18422 18445 V CouchbaseLite/DATABASE: {DB#14} Saved '0b1053f6-d49a-4964-be54-218713d2046d' rev #1-d15ba66d7220f57871f5c6f7ef82bb868f5b003a as seq 2
07-30 10:35:22.046 18422 18445 V CouchbaseLite/DATABASE: {DB#14} commit transaction
07-30 10:35:22.046 18422 18445 I CouchbaseLite/DATABASE: ... INSERT INTO kvmeta (name, lastSeq) VALUES (?, ?) ON CONFLICT (name) DO UPDATE SET lastSeq = excluded.lastSeq
07-30 10:35:22.046 18422 18445 I CouchbaseLite/DATABASE: COMMIT
07-30 10:35:22.047 18422 18445 V CouchbaseLite/DATABASE: {DB#14} begin transaction
07-30 10:35:22.047 18422 18445 I CouchbaseLite/DATABASE: BEGIN
07-30 10:35:22.047 18422 18445 I CouchbaseLite/DATABASE: ... SELECT sequence, flags, null, version, body, extra FROM kv_info WHERE key=?
07-30 10:35:22.048 18422 18445 I CouchbaseLite/DATABASE: ... SELECT lastSeq FROM kvmeta WHERE name=?
07-30 10:35:22.048 18422 18445 I CouchbaseLite/DATABASE: ... INSERT OR IGNORE INTO kv_default (version, body, extra, flags, sequence, key) VALUES (?, ?, ?, ?, ?, ?)
07-30 10:35:22.048 18422 18445 V CouchbaseLite/DATABASE: Saved doc 'fe2988de-64b9-41d1-8961-49ee07139c9a' #1-6e3c6862333ae3df941e04ade56d34ba9278a3e3; body=38, extra=34
07-30 10:35:22.048 18422 18445 V CouchbaseLite/DATABASE: {DB#14} Saved 'fe2988de-64b9-41d1-8961-49ee07139c9a' rev #1-6e3c6862333ae3df941e04ade56d34ba9278a3e3 as seq 3
07-30 10:35:22.048 18422 18445 V CouchbaseLite/DATABASE: {DB#14} commit transaction
07-30 10:35:22.048 18422 18445 I CouchbaseLite/DATABASE: ... INSERT INTO kvmeta (name, lastSeq) VALUES (?, ?) ON CONFLICT (name) DO UPDATE SET lastSeq = excluded.lastSeq
07-30 10:35:22.048 18422 18445 I CouchbaseLite/DATABASE: COMMIT
07-30 10:35:22.048 18422 18445 V CouchbaseLite/DATABASE: {DB#14} begin transaction
07-30 10:35:22.049 18422 18445 I CouchbaseLite/DATABASE: BEGIN
07-30 10:35:22.049 18422 18445 I CouchbaseLite/DATABASE: ... SELECT sequence, flags, null, version, body, extra FROM kv_info WHERE key=?
07-30 10:35:22.049 18422 18445 I CouchbaseLite/DATABASE: ... SELECT lastSeq FROM kvmeta WHERE name=?
07-30 10:35:22.049 18422 18445 I CouchbaseLite/DATABASE: ... INSERT OR IGNORE INTO kv_default (version, body, extra, flags, sequence, key) VALUES (?, ?, ?, ?, ?, ?)
07-30 10:35:22.049 18422 18445 V CouchbaseLite/DATABASE: Saved doc 'fa690bf4-d93d-40da-b8f0-66711f34e8b7' #1-72de2c52e50e1e4f907df5cd686a0bc5a204ada2; body=16, extra=34
07-30 10:35:22.050 18422 18445 V CouchbaseLite/DATABASE: {DB#14} Saved 'fa690bf4-d93d-40da-b8f0-66711f34e8b7' rev #1-72de2c52e50e1e4f907df5cd686a0bc5a204ada2 as seq 4
07-30 10:35:22.050 18422 18445 V CouchbaseLite/DATABASE: {DB#14} commit transaction
07-30 10:35:22.050 18422 18445 I CouchbaseLite/DATABASE: ... INSERT INTO kvmeta (name, lastSeq) VALUES (?, ?) ON CONFLICT (name) DO UPDATE SET lastSeq = excluded.lastSeq
07-30 10:35:22.050 18422 18445 I CouchbaseLite/DATABASE: COMMIT
07-30 10:35:22.050 18422 18445 V CouchbaseLite/DATABASE: {DB#14} begin transaction
07-30 10:35:22.050 18422 18445 I CouchbaseLite/DATABASE: BEGIN
07-30 10:35:22.050 18422 18445 I CouchbaseLite/DATABASE: ... SELECT sequence, flags, null, version, body, extra FROM kv_info WHERE key=?
07-30 10:35:22.051 18422 18445 I CouchbaseLite/DATABASE: ... SELECT lastSeq FROM kvmeta WHERE name=?
07-30 10:35:22.051 18422 18445 I CouchbaseLite/DATABASE: ... INSERT OR IGNORE INTO kv_default (version, body, extra, flags, sequence, key) VALUES (?, ?, ?, ?, ?, ?)
07-30 10:35:22.051 18422 18445 V CouchbaseLite/DATABASE: Saved doc '6a1a3e80-deec-4e2c-880a-614f146ab454' #1-6c1170d41ea27604c298482bfc96c651aeaf4ce6; body=30, extra=34
07-30 10:35:22.051 18422 18445 V CouchbaseLite/DATABASE: {DB#14} Saved '6a1a3e80-deec-4e2c-880a-614f146ab454' rev #1-6c1170d41ea27604c298482bfc96c651aeaf4ce6 as seq 5
07-30 10:35:22.051 18422 18445 V CouchbaseLite/DATABASE: {DB#14} commit transaction
07-30 10:35:22.051 18422 18445 I CouchbaseLite/DATABASE: ... INSERT INTO kvmeta (name, lastSeq) VALUES (?, ?) ON CONFLICT (name) DO UPDATE SET lastSeq = excluded.lastSeq
07-30 10:35:22.051 18422 18445 I CouchbaseLite/DATABASE: COMMIT
07-30 10:35:22.052 18422 18445 V CouchbaseLite/DATABASE: {DB#14} begin transaction
07-30 10:35:22.052 18422 18445 I CouchbaseLite/DATABASE: BEGIN
07-30 10:35:22.052 18422 18445 I CouchbaseLite/DATABASE: ... SELECT sequence, flags, null, version, body, extra FROM kv_info WHERE key=?
07-30 10:35:22.053 18422 18445 I CouchbaseLite/DATABASE: ... SELECT lastSeq FROM kvmeta WHERE name=?
07-30 10:35:22.053 18422 18445 I CouchbaseLite/DATABASE: ... INSERT OR IGNORE INTO kv_default (version, body, extra, flags, sequence, key) VALUES (?, ?, ?, ?, ?, ?)
07-30 10:35:22.053 18422 18445 V CouchbaseLite/DATABASE: Saved doc '661337e9-5d29-42bf-8b59-d321f1ce060e' #1-eaa603e9eeb5649e8036c76da7883dde1cd2b705; body=26, extra=34
07-30 10:35:22.053 18422 18445 V CouchbaseLite/DATABASE: {DB#14} Saved '661337e9-5d29-42bf-8b59-d321f1ce060e' rev #1-eaa603e9eeb5649e8036c76da7883dde1cd2b705 as seq 6
07-30 10:35:22.053 18422 18445 V CouchbaseLite/DATABASE: {DB#14} commit transaction
07-30 10:35:22.053 18422 18445 I CouchbaseLite/DATABASE: ... INSERT INTO kvmeta (name, lastSeq) VALUES (?, ?) ON CONFLICT (name) DO UPDATE SET lastSeq = excluded.lastSeq
07-30 10:35:22.053 18422 18445 I CouchbaseLite/DATABASE: COMMIT
07-30 10:35:22.054 18422 18445 D CouchbaseLite/QUERY: [JAVA] JSON query: {"WHAT":[["COSINE_DISTANCE()",[".v1"],[".v2"]],[".distance"]]}
07-30 10:35:22.054 18422 18445 I CouchbaseLite/QUERY: {Query#16}==> N8litecore11SQLiteQueryE {"WHAT":[["COSINE_DISTANCE()",[".v1"],[".v2"]],[".distance"]]} @0xb400006e48b192c0
07-30 10:35:22.054 18422 18445 I CouchbaseLite/QUERY: {Query#16} Compiling JSON query: {"WHAT":[["COSINE_DISTANCE()",[".v1"],[".v2"]],[".distance"]]}
07-30 10:35:22.055 18422 18445 I CouchbaseLite/QUERY: {Query#16} Compiled as SELECT fl_result(cosine_distance(fl_value(_doc.body, 'v1'), fl_value(_doc.body, 'v2'))), fl_result(fl_value(_doc.body, 'distance')) FROM kv_default AS _doc WHERE (_doc.flags & 1 = 0)
07-30 10:35:22.055 18422 18445 I CouchbaseLite/DATABASE: Compiled {Query#16}: SELECT fl_result(cosine_distance(fl_value(_doc.body, 'v1'), fl_value(_doc.body, 'v2'))), fl_result(fl_value(_doc.body, 'distance')) FROM kv_default AS _doc WHERE (_doc.flags & 1 = 0)
07-30 10:35:22.055 18422 18445 I CouchbaseLite/DATABASE: Compiling SQL "SELECT fl_result(cosine_distance(fl_value(_doc.body, 'v1'), fl_value(_doc.body, 'v2'))), fl_result(fl_value(_doc.body, 'distance')) FROM kv_default AS _doc WHERE (_doc.flags & 1 = 0)"
07-30 10:35:22.055 18422 18445 I CouchbaseLite/DATABASE: SAVEPOINT roTransaction
07-30 10:35:22.055 18422 18445 I CouchbaseLite/DATABASE: ... SELECT lastSeq FROM kvmeta WHERE name=?
07-30 10:35:22.055 18422 18445 I CouchbaseLite/DATABASE: Compiling SQL "SELECT purgeCnt FROM kvmeta WHERE name=?"
07-30 10:35:22.055 18422 18445 I CouchbaseLite/DATABASE: ... SELECT purgeCnt FROM kvmeta WHERE name=?
07-30 10:35:22.056 18422 18445 I CouchbaseLite/DATABASE: ... SELECT fl_result(cosine_distance(fl_value(_doc.body, 'v1'), fl_value(_doc.body, 'v2'))), fl_result(fl_value(_doc.body, 'distance')) FROM kv_default AS _doc WHERE (_doc.flags & 1 = 0)
07-30 10:35:22.056 18422 18445 I CouchbaseLite/QUERY: {QueryEnum#17}==> N8litecore21SQLiteQueryEnumeratorE 0xb400006e18b8fff8 @0xb400006e18b8fff8
07-30 10:35:22.056 18422 18445 I CouchbaseLite/QUERY: {QueryEnum#17} Created on {Query#16} with 6 rows (94 bytes) in 0.303ms
07-30 10:35:22.056 18422 18445 I CouchbaseLite/DATABASE: RELEASE SAVEPOINT roTransaction
07-30 10:35:22.056 18422 18445 V CouchbaseLite/QUERY: {QueryEnum#17} --> [1.0,1.0]
07-30 10:35:22.056 18422 18445 V CouchbaseLite/QUERY: {QueryEnum#17} --> [0.0,0]
07-30 10:35:22.057 18422 18445 V CouchbaseLite/QUERY: {QueryEnum#17} --> [1.5,1.5]
07-30 10:35:22.057 18422 18445 V CouchbaseLite/QUERY: {QueryEnum#17} --> [null,null]
07-30 10:35:22.057 18422 18445 I chatty : uid=10331(com.couchbase.lite.kotlin.test) roidJUnitRunner identical 1 line
07-30 10:35:22.057 18422 18445 V CouchbaseLite/QUERY: {QueryEnum#17} --> [null,null]
07-30 10:35:22.057 18422 18445 V CouchbaseLite/QUERY: {QueryEnum#17} END
07-30 10:35:22.057 18422 18445 D CouchbaseLite/QUERY: [JAVA] End of query enumeration
07-30 10:35:22.057 18422 18445 I CouchbaseLite/QUERY: {QueryEnum#17} Deleted
07-30 10:35:22.057 18422 18445 I CouchbaseLite/DATABASE: SAVEPOINT roTransaction
07-30 10:35:22.057 18422 18445 I CouchbaseLite/DATABASE: ... SELECT lastSeq FROM kvmeta WHERE name=?
07-30 10:35:22.057 18422 18445 I CouchbaseLite/DATABASE: ... SELECT purgeCnt FROM kvmeta WHERE name=?
07-30 10:35:22.057 18422 18445 I CouchbaseLite/DATABASE: ... SELECT fl_result(cosine_distance(fl_value(_doc.body, 'v1'), fl_value(_doc.body, 'v2'))), fl_result(fl_value(_doc.body, 'distance')) FROM kv_default AS _doc WHERE (_doc.flags & 1 = 0)
07-30 10:35:22.058 18422 18445 I CouchbaseLite/QUERY: {QueryEnum#18}==> N8litecore21SQLiteQueryEnumeratorE 0xb400006e18b8fff8 @0xb400006e18b8fff8
07-30 10:35:22.058 18422 18445 I CouchbaseLite/QUERY: {QueryEnum#18} Created on {Query#16} with 6 rows (94 bytes) in 0.261ms
07-30 10:35:22.058 18422 18445 I CouchbaseLite/DATABASE: RELEASE SAVEPOINT roTransaction
07-30 10:35:22.058 18422 18445 V CouchbaseLite/QUERY: {QueryEnum#18} --> [1.0,1.0]
07-30 10:35:22.058 18422 18445 V CouchbaseLite/QUERY: {QueryEnum#18} --> [0.0,0]
07-30 10:35:22.058 18422 18445 V CouchbaseLite/QUERY: {QueryEnum#18} --> [1.5,1.5]
07-30 10:35:22.058 18422 18445 V CouchbaseLite/QUERY: {QueryEnum#18} --> [null,null]
07-30 10:35:22.058 18422 18445 I chatty : uid=10331(com.couchbase.lite.kotlin.test) roidJUnitRunner identical 1 line
07-30 10:35:22.058 18422 18445 V CouchbaseLite/QUERY: {QueryEnum#18} --> [null,null]
07-30 10:35:22.059 18422 18445 V CouchbaseLite/QUERY: {QueryEnum#18} END
07-30 10:35:22.059 18422 18445 D CouchbaseLite/QUERY: [JAVA] End of query enumeration
07-30 10:35:22.059 18422 18445 I CouchbaseLite/QUERY: {QueryEnum#18} Deleted
07-30 10:35:22.060 18422 18445 D CouchbaseLite/DATABASE: [JAVA] Deleting Database{@0x33f4538, name='base-db-bYSHckIdoRVA'} at path /data/data/com.couchbase.lite.kotlin.test/files/base-db-bYSHckIdoRVA.cblite2/
07-30 10:35:22.060 18422 18445 D CouchbaseLite/DATABASE: [JAVA] Active processes(base-db-bYSHckIdoRVA): 0
07-30 10:35:22.060 18422 18445 V CouchbaseLite/DATABASE: Preparing to delete DataFile /data/data/com.couchbase.lite.kotlin.test/files/base-db-bYSHckIdoRVA.cblite2/db.sqlite3
07-30 10:35:22.060 18422 18445 I CouchbaseLite/QUERY: {Query#16} Closing query (db is closing)
07-30 10:35:22.060 18422 18445 V CouchbaseLite/DATABASE: PRAGMA optimize ... 400
07-30 10:35:22.061 18422 18445 I CouchbaseLite/DATABASE: ... PRAGMA page_count
07-30 10:35:22.061 18422 18445 I CouchbaseLite/DATABASE: ... PRAGMA freelist_count
07-30 10:35:22.061 18422 18445 V CouchbaseLite/DATABASE: {DB#14} Housekeeping: 0 of 7 pages free (0%)
07-30 10:35:22.063 18422 18445 V CouchbaseLite/DATABASE: {DB#14} Closed SQLite database
07-30 10:35:22.063 18422 18445 D CouchbaseLite/DATABASE: {N8litecore8DataFile6SharedE#13} Remove DataFile 0xb400006e58b6f050
07-30 10:35:22.063 18422 18445 I CouchbaseLite/DATABASE: {DB#14} Closing database
07-30 10:35:22.063 18422 18445 I CouchbaseLite/DATABASE: Deleting database file /data/data/com.couchbase.lite.kotlin.test/files/base-db-bYSHckIdoRVA.cblite2/db.sqlite3 (with -wal and -shm)
07-30 10:35:22.063 18422 18445 D CouchbaseLite/DATABASE: ...finished deleting database file /data/data/com.couchbase.lite.kotlin.test/files/base-db-bYSHckIdoRVA.cblite2/db.sqlite3 (with -wal and -shm)
07-30 10:35:22.064 18422 18445 D CouchbaseLite/TEST: Delete db base-db-bYSHckIdoRVA succeeded
07-30 10:35:22.064 18422 18445 I CouchbaseLite/TEST: Deleted baseTestDb: Database{@0x33f4538, name='base-db-bYSHckIdoRVA'}
07-30 10:35:22.064 18422 18445 D CouchbaseLite/TEST: Executor stopped: true
07-30 10:35:22.065 18422 18445 I CouchbaseLite/TEST: <<<<<<<< Test completed(00:00.041): testCosineDistance
07-30 10:35:22.065 18422 18445 I TestRunner: finished: testCosineDistance(com.couchbase.lite.PredictiveQueryTest)
07-30 10:35:22.066 18422 18422 I MonitoringInstr: Activities that are still in CREATED to STOPPED: 0
07-30 10:35:22.068 18422 18445 I TestRunner: started: testIndexMultiplePredictionValuesUsingValueIndex(com.couchbase.lite.PredictiveQueryTest)
07-30 10:35:22.070 18422 18422 I MonitoringInstr: Activities that are still in CREATED to STOPPED: 0
07-30 10:35:22.071 18422 18445 I CouchbaseLite/TEST: >>>>>>>> Test started: testIndexMultiplePredictionValuesUsingValueIndex
07-30 10:35:22.072 18422 18445 D CouchbaseLite/DATABASE: [JAVA] Opening db Database{@0xa57b911, name='base-db-PafiTM7s9l0F'} at path /data/data/com.couchbase.lite.kotlin.test/files
07-30 10:35:22.072 18422 18445 I CouchbaseLite/DATABASE: {N8litecore8DataFile6SharedE#19}==> N8litecore8DataFile6SharedE 0xb400006e58b6d648 @0xb400006e58b6d648
07-30 10:35:22.073 18422 18445 D CouchbaseLite/DATABASE: {N8litecore8DataFile6SharedE#19} instantiated on /data/data/com.couchbase.lite.kotlin.test/files/base-db-PafiTM7s9l0F.cblite2/db.sqlite3
07-30 10:35:22.073 18422 18445 D CouchbaseLite/DATABASE: {N8litecore8DataFile6SharedE#19} created for DataFile 0xb400006e58b68bf0 at /data/data/com.couchbase.lite.kotlin.test/files/base-db-PafiTM7s9l0F.cblite2/db.sqlite3
07-30 10:35:22.073 18422 18445 I CouchbaseLite/DATABASE: {DB#20}==> N8litecore14SQLiteDataFileE /data/data/com.couchbase.lite.kotlin.test/files/base-db-PafiTM7s9l0F.cblite2/db.sqlite3 @0xb400006e58b68bf0
07-30 10:35:22.073 18422 18445 I CouchbaseLite/DATABASE: {DB#20} Opening database
07-30 10:35:22.073 18422 18445 I CouchbaseLite/DATABASE: PRAGMA auto_vacuum=incremental; PRAGMA journal_mode=WAL; BEGIN; CREATE TABLE IF NOT EXISTS kvmeta (name TEXT PRIMARY KEY, lastSeq INTEGER DEFAULT 0, purgeCnt INTEGER DEFAULT 0) WITHOUT ROWID; PRAGMA user_version=400; END;
07-30 10:35:22.085 18422 18445 I CouchbaseLite/DATABASE: ... PRAGMA auto_vacuum
07-30 10:35:22.085 18422 18445 D CouchbaseLite/DATABASE: {DB#20} open KVS 'default'
07-30 10:35:22.085 18422 18445 I CouchbaseLite/DATABASE: ... SELECT sql FROM sqlite_master WHERE name = ? AND type = ? AND tbl_name = ?
07-30 10:35:22.086 18422 18445 I CouchbaseLite/DATABASE: CREATE TABLE IF NOT EXISTS kv_default ( key TEXT PRIMARY KEY, sequence INTEGER, flags INTEGER DEFAULT 0, version BLOB, body BLOB, extra BLOB)
07-30 10:35:22.086 18422 18445 I CouchbaseLite/DATABASE: PRAGMA cache_size=-10240; PRAGMA mmap_size=52428800; PRAGMA synchronous=normal; PRAGMA journal_size_limit=5242880; PRAGMA case_sensitive_like=true
07-30 10:35:22.086 18422 18445 D CouchbaseLite/DATABASE: {DB#20} open KVS 'info'
07-30 10:35:22.086 18422 18445 I CouchbaseLite/DATABASE: ... SELECT sql FROM sqlite_master WHERE name = ? AND type = ? AND tbl_name = ?
07-30 10:35:22.086 18422 18445 I CouchbaseLite/DATABASE: CREATE TABLE IF NOT EXISTS kv_info ( key TEXT PRIMARY KEY, sequence INTEGER, flags INTEGER DEFAULT 0, version BLOB, body BLOB, extra BLOB)
07-30 10:35:22.087 18422 18445 I CouchbaseLite/DATABASE: Compiling SQL "SELECT sequence, flags, null, version, body, extra FROM kv_info WHERE key=?"
07-30 10:35:22.087 18422 18445 I CouchbaseLite/DATABASE: ... SELECT sequence, flags, null, version, body, extra FROM kv_info WHERE key=?
07-30 10:35:22.087 18422 18445 V CouchbaseLite/DATABASE: {DB#20} begin transaction
07-30 10:35:22.087 18422 18445 I CouchbaseLite/DATABASE: BEGIN
07-30 10:35:22.087 18422 18445 I CouchbaseLite/DATABASE: ... SELECT sequence, flags, null, version, body, extra FROM kv_info WHERE key=?
07-30 10:35:22.087 18422 18445 I chatty : uid=10331(com.couchbase.lite.kotlin.test) roidJUnitRunner identical 1 line
07-30 10:35:22.087 18422 18445 I CouchbaseLite/DATABASE: ... SELECT sequence, flags, null, version, body, extra FROM kv_info WHERE key=?
07-30 10:35:22.088 18422 18445 V CouchbaseLite/DATABASE: {DB#20} KeyStore(info) set 'publicUUID'
07-30 10:35:22.088 18422 18445 I CouchbaseLite/DATABASE: Compiling SQL "INSERT OR REPLACE INTO kv_info (key, version, body) VALUES (?, ?, ?)"
07-30 10:35:22.088 18422 18445 I CouchbaseLite/DATABASE: ... INSERT OR REPLACE INTO kv_info (key, version, body) VALUES (?, ?, ?)
07-30 10:35:22.088 18422 18445 I CouchbaseLite/DATABASE: ... SELECT sequence, flags, null, version, body, extra FROM kv_info WHERE key=?
07-30 10:35:22.088 18422 18445 V CouchbaseLite/DATABASE: {DB#20} KeyStore(info) set 'privateUUID'
07-30 10:35:22.088 18422 18445 I CouchbaseLite/DATABASE: ... INSERT OR REPLACE INTO kv_info (key, version, body) VALUES (?, ?, ?)
07-30 10:35:22.088 18422 18445 V CouchbaseLite/DATABASE: {DB#20} KeyStore(info) set 'versioning'
07-30 10:35:22.088 18422 18445 I CouchbaseLite/DATABASE: ... INSERT OR REPLACE INTO kv_info (key, version, body) VALUES (?, ?, ?)
07-30 10:35:22.088 18422 18445 V CouchbaseLite/DATABASE: {DB#20} commit transaction
07-30 10:35:22.088 18422 18445 I CouchbaseLite/DATABASE: COMMIT
07-30 10:35:22.088 18422 18445 I CouchbaseLite/DATABASE: {N8litecore14CollectionImplE#21}==> N8litecore14CollectionImplE base-db-PafiTM7s9l0F/_default @0xb400006e08b40420
07-30 10:35:22.088 18422 18445 I CouchbaseLite/DATABASE: {N8litecore14CollectionImplE#21} Instantiated
07-30 10:35:22.088 18422 18445 I CouchbaseLite/DATABASE: ... SELECT substr(name,4) FROM sqlite_master WHERE type='table' AND name GLOB 'kv_*'
07-30 10:35:22.089 18422 18445 I CouchbaseLite/DATABASE: ... SELECT sql FROM sqlite_master WHERE name = ? AND type = ? AND tbl_name = ?
07-30 10:35:22.089 18422 18445 V CouchbaseLite/DATABASE: {DB#20} Next expiration time is 0
07-30 10:35:22.089 18422 18445 I CouchbaseLite/TEST: Created base test DB: Database{@0xa57b911, name='base-db-PafiTM7s9l0F'}
07-30 10:35:22.090 18422 18445 V CouchbaseLite/DATABASE: {DB#20} begin transaction
07-30 10:35:22.090 18422 18445 I CouchbaseLite/DATABASE: BEGIN
07-30 10:35:22.090 18422 18445 I CouchbaseLite/DATABASE: ... SELECT sequence, flags, null, version, body, extra FROM kv_info WHERE key=?
07-30 10:35:22.091 18422 18445 I CouchbaseLite/DATABASE: ... SELECT sequence, flags, null, version, body, extra FROM kv_info WHERE key=?
07-30 10:35:22.091 18422 18445 I CouchbaseLite/DATABASE: Compiling SQL "INSERT OR IGNORE INTO kv_default (version, body, extra, flags, sequence, key) VALUES (?, ?, ?, ?, ?, ?)"
07-30 10:35:22.091 18422 18445 I CouchbaseLite/DATABASE: Compiling SQL "SELECT lastSeq FROM kvmeta WHERE name=?"
07-30 10:35:22.091 18422 18445 I CouchbaseLite/DATABASE: ... SELECT lastSeq FROM kvmeta WHERE name=?
07-30 10:35:22.091 18422 18445 I CouchbaseLite/DATABASE: ... INSERT OR IGNORE INTO kv_default (version, body, extra, flags, sequence, key) VALUES (?, ?, ?, ?, ?, ?)
07-30 10:35:22.091 18422 18445 V CouchbaseLite/DATABASE: Saved doc '66c7c960-33f2-4305-8663-20f7611fff98' #1-f2ffcdfe0f6e774dc6028da710572c0fda28be53; body=20, extra=34
07-30 10:35:22.091 18422 18445 V CouchbaseLite/DATABASE: {DB#20} Saved '66c7c960-33f2-4305-8663-20f7611fff98' rev #1-f2ffcdfe0f6e774dc6028da710572c0fda28be53 as seq 1
07-30 10:35:22.092 18422 18445 V CouchbaseLite/DATABASE: {DB#20} KeyStore(info) set 'SharedKeys'
07-30 10:35:22.092 18422 18445 I CouchbaseLite/DATABASE: ... INSERT OR REPLACE INTO kv_info (key, version, body) VALUES (?, ?, ?)
07-30 10:35:22.092 18422 18445 V CouchbaseLite/DATABASE: {DB#20} commit transaction
07-30 10:35:22.092 18422 18445 I CouchbaseLite/DATABASE: Compiling SQL "INSERT INTO kvmeta (name, lastSeq) VALUES (?, ?) ON CONFLICT (name) DO UPDATE SET lastSeq = excluded.lastSeq"
07-30 10:35:22.092 18422 18445 I CouchbaseLite/DATABASE: ... INSERT INTO kvmeta (name, lastSeq) VALUES (?, ?) ON CONFLICT (name) DO UPDATE SET lastSeq = excluded.lastSeq
07-30 10:35:22.092 18422 18445 I CouchbaseLite/DATABASE: COMMIT
07-30 10:35:22.093 18422 18445 V CouchbaseLite/DATABASE: {DB#20} begin transaction
07-30 10:35:22.093 18422 18445 I CouchbaseLite/DATABASE: BEGIN
07-30 10:35:22.093 18422 18445 I CouchbaseLite/DATABASE: ... SELECT sequence, flags, null, version, body, extra FROM kv_info WHERE key=?
07-30 10:35:22.093 18422 18445 I CouchbaseLite/DATABASE: ... SELECT lastSeq FROM kvmeta WHERE name=?
07-30 10:35:22.093 18422 18445 I CouchbaseLite/DATABASE: ... INSERT OR IGNORE INTO kv_default (version, body, extra, flags, sequence, key) VALUES (?, ?, ?, ?, ?, ?)
07-30 10:35:22.093 18422 18445 V CouchbaseLite/DATABASE: Saved doc '28177a62-43a9-4e17-b132-d7b6d98fe705' #1-d9ac112c721c9fefe880c66d1b67cabcd2833013; body=20, extra=34
07-30 10:35:22.093 18422 18445 V CouchbaseLite/DATABASE: {DB#20} Saved '28177a62-43a9-4e17-b132-d7b6d98fe705' rev #1-d9ac112c721c9fefe880c66d1b67cabcd2833013 as seq 2
07-30 10:35:22.094 18422 18445 V CouchbaseLite/DATABASE: {DB#20} commit transaction
07-30 10:35:22.094 18422 18445 I CouchbaseLite/DATABASE: ... INSERT INTO kvmeta (name, lastSeq) VALUES (?, ?) ON CONFLICT (name) DO UPDATE SET lastSeq = excluded.lastSeq
07-30 10:35:22.094 18422 18445 I CouchbaseLite/DATABASE: COMMIT
07-30 10:35:22.095 18422 18445 V CouchbaseLite/DATABASE: {DB#20} begin transaction
07-30 10:35:22.095 18422 18445 I CouchbaseLite/DATABASE: BEGIN
07-30 10:35:22.095 18422 18445 I CouchbaseLite/DATABASE: ... SELECT sequence, flags, null, version, body, extra FROM kv_info WHERE key=?
07-30 10:35:22.095 18422 18445 I CouchbaseLite/DATABASE: ... SELECT sql FROM sqlite_master WHERE name = ? AND type = ? AND tbl_name = ?
07-30 10:35:22.095 18422 18445 I CouchbaseLite/DATABASE: Upgrading database to use 'indexes' table...
07-30 10:35:22.095 18422 18445 I CouchbaseLite/DATABASE: CREATE TABLE indexes (name TEXT PRIMARY KEY, type INTEGER NOT NULL, keyStore TEXT NOT NULL, expression TEXT, indexTableName TEXT)
07-30 10:35:22.096 18422 18445 I CouchbaseLite/DATABASE: ... SELECT sql FROM sqlite_master WHERE name = ? AND type = ? AND tbl_name = ?
07-30 10:35:22.096 18422 18445 I CouchbaseLite/QUERY: Creating value index: CREATE INDEX SumIndex ON kv_default (prediction('AggregateModel', dict_of('numbers', fl_value(body, 'numbers')), '.sum'))
07-30 10:35:22.096 18422 18445 I CouchbaseLite/DATABASE: CREATE INDEX SumIndex ON kv_default (prediction('AggregateModel', dict_of('numbers', fl_value(body, 'numbers')), '.sum'))
07-30 10:35:22.096 18422 18445 V CouchbaseLite/QUERY: calling prediction("AggregateModel", {"numbers":[1,2,3,4,5]})
07-30 10:35:22.099 18422 18445 V CouchbaseLite/QUERY: ...prediction took 2.964ms
07-30 10:35:22.100 18422 18445 V CouchbaseLite/QUERY: calling prediction("AggregateModel", {"numbers":[6,7,8,9,10]})
07-30 10:35:22.102 18422 18445 V CouchbaseLite/QUERY: ...prediction took 2.750ms
07-30 10:35:22.103 18422 18445 I CouchbaseLite/DATABASE: ... INSERT INTO indexes (name, type, keyStore, expression, indexTableName) VALUES (?, ?, ?, ?, ?)
07-30 10:35:22.103 18422 18445 V CouchbaseLite/DATABASE: {DB#20} commit transaction
07-30 10:35:22.103 18422 18445 I CouchbaseLite/DATABASE: COMMIT
07-30 10:35:22.103 18422 18445 I CouchbaseLite/QUERY: Created index 'SumIndex' in 0.008 sec
07-30 10:35:22.103 18422 18445 V CouchbaseLite/DATABASE: {DB#20} begin transaction
07-30 10:35:22.103 18422 18445 I CouchbaseLite/DATABASE: BEGIN
07-30 10:35:22.103 18422 18445 I CouchbaseLite/DATABASE: ... SELECT sequence, flags, null, version, body, extra FROM kv_info WHERE key=?
07-30 10:35:22.104 18422 18445 I CouchbaseLite/DATABASE: ... SELECT sql FROM sqlite_master WHERE name = ? AND type = ? AND tbl_name = ?
07-30 10:35:22.104 18422 18445 I CouchbaseLite/DATABASE: ... SELECT sql FROM sqlite_master WHERE name = ? AND type = ? AND tbl_name = ?
07-30 10:35:22.104 18422 18445 I CouchbaseLite/QUERY: Creating value index: CREATE INDEX AvgIndex ON kv_default (prediction('AggregateModel', dict_of('numbers', fl_value(body, 'numbers')), '.avg'))
07-30 10:35:22.104 18422 18445 I CouchbaseLite/DATABASE: CREATE INDEX AvgIndex ON kv_default (prediction('AggregateModel', dict_of('numbers', fl_value(body, 'numbers')), '.avg'))
07-30 10:35:22.105 18422 18445 V CouchbaseLite/QUERY: calling prediction("AggregateModel", {"numbers":[1,2,3,4,5]})
07-30 10:35:22.106 18422 18445 V CouchbaseLite/QUERY: ...prediction took 1.765ms
07-30 10:35:22.107 18422 18445 V CouchbaseLite/QUERY: calling prediction("AggregateModel", {"numbers":[6,7,8,9,10]})
07-30 10:35:22.108 18422 18445 V CouchbaseLite/QUERY: ...prediction took 1.042ms
07-30 10:35:22.108 18422 18445 I CouchbaseLite/DATABASE: ... INSERT INTO indexes (name, type, keyStore, expression, indexTableName) VALUES (?, ?, ?, ?, ?)
07-30 10:35:22.108 18422 18445 V CouchbaseLite/DATABASE: {DB#20} commit transaction
07-30 10:35:22.108 18422 18445 I CouchbaseLite/DATABASE: COMMIT
07-30 10:35:22.108 18422 18445 I CouchbaseLite/QUERY: Created index 'AvgIndex' in 0.005 sec
07-30 10:35:22.109 18422 18445 D CouchbaseLite/QUERY: [JAVA] JSON query: {"WHAT":[["PREDICTION()","AggregateModel",{"numbers":[".numbers"]},".sum"],["PREDICTION()","AggregateModel",{"numbers":[".numbers"]},".avg"]],"WHERE":["OR",["<=",["PREDICTION()","AggregateModel",{"numbers":[".numbers"]},".sum"],15],["=",["PREDICTION()","AggregateModel",{"numbers":[".numbers"]},".avg"],8]]}
07-30 10:35:22.109 18422 18445 I CouchbaseLite/QUERY: {Query#22}==> N8litecore11SQLiteQueryE {"WHAT":[["PREDICTION()","AggregateModel",{"numbers":[".numbers"]},".sum"],["PREDICTION()","AggregateModel",{"numbers":[".numbers"]},".avg"]],"WHERE":["OR",["<=",["PREDICTION()","AggregateModel",{"numbers":[".numbers"]},".sum"],15],["=",["PREDICTION()","AggregateModel",{"numbers":[".numbers"]},".avg"],8]]} @0xb400006e48b1a5e0
07-30 10:35:22.109 18422 18445 I CouchbaseLite/QUERY: {Query#22} Compiling JSON query: {"WHAT":[["PREDICTION()","AggregateModel",{"numbers":[".numbers"]},".sum"],["PREDICTION()","AggregateModel",{"numbers":[".numbers"]},".avg"]],"WHERE":["OR",["<=",["PREDICTION()","AggregateModel",{"numbers":[".numbers"]},".sum"],15],["=",["PREDICTION()","AggregateModel",{"numbers":[".numbers"]},".avg"],8]]}
07-30 10:35:22.110 18422 18445 I CouchbaseLite/DATABASE: ... SELECT sql FROM sqlite_master WHERE name = ? AND type = ? AND tbl_name = ?
07-30 10:35:22.110 18422 18445 I chatty : uid=10331(com.couchbase.lite.kotlin.test) roidJUnitRunner identical 2 lines
07-30 10:35:22.110 18422 18445 I CouchbaseLite/DATABASE: ... SELECT sql FROM sqlite_master WHERE name = ? AND type = ? AND tbl_name = ?
07-30 10:35:22.111 18422 18445 I CouchbaseLite/QUERY: {Query#22} Compiled as SELECT fl_result(prediction('AggregateModel', dict_of('numbers', fl_value(_doc.body, 'numbers')), '.sum')), fl_result(prediction('AggregateModel', dict_of('numbers', fl_value(_doc.body, 'numbers')), '.avg')) FROM kv_default AS _doc WHERE (prediction('AggregateModel', dict_of('numbers', fl_value(_doc.body, 'numbers')), '.sum') <= 15 OR prediction('AggregateModel', dict_of('numbers', fl_value(_doc.body, 'numbers')), '.avg') = 8) AND (_doc.flags & 1 = 0)
07-30 10:35:22.111 18422 18445 I CouchbaseLite/DATABASE: Compiled {Query#22}: SELECT fl_result(prediction('AggregateModel', dict_of('numbers', fl_value(_doc.body, 'numbers')), '.sum')), fl_result(prediction('AggregateModel', dict_of('numbers', fl_value(_doc.body, 'numbers')), '.avg')) FROM kv_default AS _doc WHERE (prediction('AggregateModel', dict_of('numbers', fl_value(_doc.body, 'numbers')), '.sum') <= 15 OR prediction('AggregateModel', dict_of('numbers', fl_value(_doc.body, 'numbers')), '.avg') = 8) AND (_doc.flags & 1 = 0)
07-30 10:35:22.111 18422 18445 I CouchbaseLite/DATABASE: Compiling SQL "SELECT fl_result(prediction('AggregateModel', dict_of('numbers', fl_value(_doc.body, 'numbers')), '.sum')), fl_result(prediction('AggregateModel', dict_of('numbers', fl_value(_doc.body, 'numbers')), '.avg')) FROM kv_default AS _doc WHERE (prediction('AggregateModel', dict_of('numbers', fl_value(_doc.body, 'numbers')), '.sum') <= 15 OR prediction('AggregateModel', dict_of('numbers', fl_value(_doc.body, 'numbers')), '.avg') = 8) AND (_doc.flags & 1 = 0)"
07-30 10:35:22.112 18422 18445 I CouchbaseLite/DATABASE: SAVEPOINT roTransaction
07-30 10:35:22.112 18422 18445 I CouchbaseLite/DATABASE: ... SELECT lastSeq FROM kvmeta WHERE name=?
07-30 10:35:22.112 18422 18445 I CouchbaseLite/DATABASE: Compiling SQL "SELECT purgeCnt FROM kvmeta WHERE name=?"
07-30 10:35:22.113 18422 18445 I CouchbaseLite/DATABASE: ... SELECT purgeCnt FROM kvmeta WHERE name=?
07-30 10:35:22.113 18422 18445 I CouchbaseLite/DATABASE: ... SELECT fl_result(prediction('AggregateModel', dict_of('numbers', fl_value(_doc.body, 'numbers')), '.sum')), fl_result(prediction('AggregateModel', dict_of('numbers', fl_value(_doc.body, 'numbers')), '.avg')) FROM kv_default AS _doc WHERE (prediction('AggregateModel', dict_of('numbers', fl_value(_doc.body, 'numbers')), '.sum') <= 15 OR prediction('AggregateModel', dict_of('numbers', fl_value(_doc.body, 'numbers')), '.avg') = 8) AND (_doc.flags & 1 = 0)
07-30 10:35:22.113 18422 18445 V CouchbaseLite/QUERY: calling prediction("AggregateModel", {"numbers":[1,2,3,4,5]})
07-30 10:35:22.116 18422 18445 V CouchbaseLite/QUERY: ...prediction took 2.778ms
07-30 10:35:22.116 18422 18445 V CouchbaseLite/QUERY: calling prediction("AggregateModel", {"numbers":[1,2,3,4,5]})
07-30 10:35:22.119 18422 18445 V CouchbaseLite/QUERY: ...prediction took 2.773ms
07-30 10:35:22.119 18422 18445 V CouchbaseLite/QUERY: calling prediction("AggregateModel", {"numbers":[6,7,8,9,10]})
07-30 10:35:22.121 18422 18445 V CouchbaseLite/QUERY: ...prediction took 1.706ms
07-30 10:35:22.121 18422 18445 V CouchbaseLite/QUERY: calling prediction("AggregateModel", {"numbers":[6,7,8,9,10]})
07-30 10:35:22.122 18422 18445 V CouchbaseLite/QUERY: ...prediction took 1.046ms
07-30 10:35:22.122 18422 18445 I CouchbaseLite/QUERY: {QueryEnum#23}==> N8litecore21SQLiteQueryEnumeratorE 0xb400006e18b90208 @0xb400006e18b90208
07-30 10:35:22.122 18422 18445 I CouchbaseLite/QUERY: {QueryEnum#23} Created on {Query#22} with 2 rows (36 bytes) in 9.353ms
07-30 10:35:22.122 18422 18445 I CouchbaseLite/DATABASE: RELEASE SAVEPOINT roTransaction
07-30 10:35:22.122 18422 18445 V CouchbaseLite/QUERY: {QueryEnum#23} --> [15,3.0]
07-30 10:35:22.123 18422 18445 V CouchbaseLite/QUERY: {QueryEnum#23} --> [40,8.0]
07-30 10:35:22.123 18422 18445 V CouchbaseLite/QUERY: {QueryEnum#23} END
07-30 10:35:22.123 18422 18445 D CouchbaseLite/QUERY: [JAVA] End of query enumeration
07-30 10:35:22.123 18422 18445 I CouchbaseLite/QUERY: {QueryEnum#23} Deleted
07-30 10:35:22.123 18422 18445 I CouchbaseLite/DATABASE: SAVEPOINT roTransaction
07-30 10:35:22.123 18422 18445 I CouchbaseLite/DATABASE: ... SELECT lastSeq FROM kvmeta WHERE name=?
07-30 10:35:22.123 18422 18445 I CouchbaseLite/DATABASE: ... SELECT purgeCnt FROM kvmeta WHERE name=?
07-30 10:35:22.123 18422 18445 I CouchbaseLite/DATABASE: ... SELECT fl_result(prediction('AggregateModel', dict_of('numbers', fl_value(_doc.body, 'numbers')), '.sum')), fl_result(prediction('AggregateModel', dict_of('numbers', fl_value(_doc.body, 'numbers')), '.avg')) FROM kv_default AS _doc WHERE (prediction('AggregateModel', dict_of('numbers', fl_value(_doc.body, 'numbers')), '.sum') <= 15 OR prediction('AggregateModel', dict_of('numbers', fl_value(_doc.body, 'numbers')), '.avg') = 8) AND (_doc.flags & 1 = 0)
07-30 10:35:22.123 18422 18445 V CouchbaseLite/QUERY: calling prediction("AggregateModel", {"numbers":[1,2,3,4,5]})
07-30 10:35:22.127 18422 18445 V CouchbaseLite/QUERY: ...prediction took 3.613ms
07-30 10:35:22.127 18422 18445 V CouchbaseLite/QUERY: calling prediction("AggregateModel", {"numbers":[1,2,3,4,5]})
07-30 10:35:22.129 18422 18445 V CouchbaseLite/QUERY: ...prediction took 1.218ms
07-30 10:35:22.129 18422 18445 V CouchbaseLite/QUERY: calling prediction("AggregateModel", {"numbers":[6,7,8,9,10]})
07-30 10:35:22.132 18422 18445 V CouchbaseLite/QUERY: ...prediction took 2.908ms
07-30 10:35:22.132 18422 18445 V CouchbaseLite/QUERY: calling prediction("AggregateModel", {"numbers":[6,7,8,9,10]})
07-30 10:35:22.135 18422 18445 V CouchbaseLite/QUERY: ...prediction took 3.032ms
07-30 10:35:22.135 18422 18445 I CouchbaseLite/QUERY: {QueryEnum#24}==> N8litecore21SQLiteQueryEnumeratorE 0xb400006e18b90208 @0xb400006e18b90208
07-30 10:35:22.135 18422 18445 I CouchbaseLite/QUERY: {QueryEnum#24} Created on {Query#22} with 2 rows (36 bytes) in 11.904ms
07-30 10:35:22.135 18422 18445 I CouchbaseLite/DATABASE: RELEASE SAVEPOINT roTransaction
07-30 10:35:22.136 18422 18445 V CouchbaseLite/QUERY: {QueryEnum#24} --> [15,3.0]
07-30 10:35:22.136 18422 18445 V CouchbaseLite/QUERY: {QueryEnum#24} --> [40,8.0]
07-30 10:35:22.136 18422 18445 V CouchbaseLite/QUERY: {QueryEnum#24} END
07-30 10:35:22.136 18422 18445 D CouchbaseLite/QUERY: [JAVA] End of query enumeration
07-30 10:35:22.136 18422 18445 I CouchbaseLite/QUERY: {QueryEnum#24} Deleted
07-30 10:35:22.137 18422 18445 D CouchbaseLite/DATABASE: [JAVA] Deleting Database{@0xa57b911, name='base-db-PafiTM7s9l0F'} at path /data/data/com.couchbase.lite.kotlin.test/files/base-db-PafiTM7s9l0F.cblite2/
07-30 10:35:22.137 18422 18445 D CouchbaseLite/DATABASE: [JAVA] Active processes(base-db-PafiTM7s9l0F): 0
07-30 10:35:22.137 18422 18445 V CouchbaseLite/DATABASE: Preparing to delete DataFile /data/data/com.couchbase.lite.kotlin.test/files/base-db-PafiTM7s9l0F.cblite2/db.sqlite3
07-30 10:35:22.137 18422 18445 I CouchbaseLite/QUERY: {Query#22} Closing query (db is closing)
07-30 10:35:22.137 18422 18445 V CouchbaseLite/DATABASE: PRAGMA optimize ... 400
07-30 10:35:22.138 18422 18445 I CouchbaseLite/DATABASE: ... PRAGMA page_count
07-30 10:35:22.138 18422 18445 I CouchbaseLite/DATABASE: ... PRAGMA freelist_count
07-30 10:35:22.138 18422 18445 V CouchbaseLite/DATABASE: {DB#20} Housekeeping: 0 of 13 pages free (0%)
07-30 10:35:22.142 18422 18445 V CouchbaseLite/DATABASE: {DB#20} Closed SQLite database
07-30 10:35:22.142 18422 18445 D CouchbaseLite/DATABASE: {N8litecore8DataFile6SharedE#19} Remove DataFile 0xb400006e58b68bf0
07-30 10:35:22.142 18422 18445 I CouchbaseLite/DATABASE: {DB#20} Closing database
07-30 10:35:22.142 18422 18445 I CouchbaseLite/DATABASE: Deleting database file /data/data/com.couchbase.lite.kotlin.test/files/base-db-PafiTM7s9l0F.cblite2/db.sqlite3 (with -wal and -shm)
07-30 10:35:22.142 18422 18445 D CouchbaseLite/DATABASE: ...finished deleting database file /data/data/com.couchbase.lite.kotlin.test/files/base-db-PafiTM7s9l0F.cblite2/db.sqlite3 (with -wal and -shm)
07-30 10:35:22.143 18422 18445 D CouchbaseLite/TEST: Delete db base-db-PafiTM7s9l0F succeeded
07-30 10:35:22.143 18422 18445 I CouchbaseLite/TEST: Deleted baseTestDb: Database{@0xa57b911, name='base-db-PafiTM7s9l0F'}
07-30 10:35:22.143 18422 18445 D CouchbaseLite/TEST: Executor stopped: true
07-30 10:35:22.144 18422 18445 I CouchbaseLite/TEST: <<<<<<<< Test completed(00:00.072): testIndexMultiplePredictionValuesUsingValueIndex
07-30 10:35:22.145 18422 18445 I TestRunner: finished: testIndexMultiplePredictionValuesUsingValueIndex(com.couchbase.lite.PredictiveQueryTest)
07-30 10:35:22.146 18422 18422 I MonitoringInstr: Activities that are still in CREATED to STOPPED: 0
07-30 10:35:22.150 18422 18445 I TestRunner: started: testIndexPredictionValueUsingPredictiveIndex(com.couchbase.lite.PredictiveQueryTest)
07-30 10:35:22.152 18422 18422 I MonitoringInstr: Activities that are still in CREATED to STOPPED: 0
07-30 10:35:22.153 18422 18445 I CouchbaseLite/TEST: >>>>>>>> Test started: testIndexPredictionValueUsingPredictiveIndex
07-30 10:35:22.153 1600 1600 D NotificationService: 0|com.google.android.apps.wellbeing|174344743|null|10160: granting content://settings/system/notification_sound
07-30 10:35:22.154 18422 18445 D CouchbaseLite/DATABASE: [JAVA] Opening db Database{@0x7a0055a, name='base-db-Uqbvwltu3Muy'} at path /data/data/com.couchbase.lite.kotlin.test/files
07-30 10:35:22.154 18422 18445 I CouchbaseLite/DATABASE: {N8litecore8DataFile6SharedE#25}==> N8litecore8DataFile6SharedE 0xb400006e58b6c468 @0xb400006e58b6c468
07-30 10:35:22.154 18422 18445 D CouchbaseLite/DATABASE: {N8litecore8DataFile6SharedE#25} instantiated on /data/data/com.couchbase.lite.kotlin.test/files/base-db-Uqbvwltu3Muy.cblite2/db.sqlite3
07-30 10:35:22.154 18422 18445 D CouchbaseLite/DATABASE: {N8litecore8DataFile6SharedE#25} created for DataFile 0xb400006e58b683b0 at /data/data/com.couchbase.lite.kotlin.test/files/base-db-Uqbvwltu3Muy.cblite2/db.sqlite3
07-30 10:35:22.155 18422 18445 I CouchbaseLite/DATABASE: {DB#26}==> N8litecore14SQLiteDataFileE /data/data/com.couchbase.lite.kotlin.test/files/base-db-Uqbvwltu3Muy.cblite2/db.sqlite3 @0xb400006e58b683b0
07-30 10:35:22.155 18422 18445 I CouchbaseLite/DATABASE: {DB#26} Opening database
07-30 10:35:22.155 18422 18445 I CouchbaseLite/DATABASE: PRAGMA auto_vacuum=incremental; PRAGMA journal_mode=WAL; BEGIN; CREATE TABLE IF NOT EXISTS kvmeta (name TEXT PRIMARY KEY, lastSeq INTEGER DEFAULT 0, purgeCnt INTEGER DEFAULT 0) WITHOUT ROWID; PRAGMA user_version=400; END;
07-30 10:35:22.154 1600 1600 I chatty : uid=1000(system) Binder:1600_3 identical 3 lines
07-30 10:35:22.154 1600 1600 D NotificationService: 0|com.google.android.apps.wellbeing|174344743|null|10160: granting content://settings/system/notification_sound
07-30 10:35:22.160 1600 1600 W NotificationHistory: Attempted to add notif for locked/gone/disabled user 0
07-30 10:35:22.177 18422 18445 I CouchbaseLite/DATABASE: ... PRAGMA auto_vacuum
07-30 10:35:22.177 18422 18445 D CouchbaseLite/DATABASE: {DB#26} open KVS 'default'
07-30 10:35:22.178 18422 18445 I CouchbaseLite/DATABASE: ... SELECT sql FROM sqlite_master WHERE name = ? AND type = ? AND tbl_name = ?
07-30 10:35:22.178 18422 18445 I CouchbaseLite/DATABASE: CREATE TABLE IF NOT EXISTS kv_default ( key TEXT PRIMARY KEY, sequence INTEGER, flags INTEGER DEFAULT 0, version BLOB, body BLOB, extra BLOB)
07-30 10:35:22.178 18422 18445 I CouchbaseLite/DATABASE: PRAGMA cache_size=-10240; PRAGMA mmap_size=52428800; PRAGMA synchronous=normal; PRAGMA journal_size_limit=5242880; PRAGMA case_sensitive_like=true
07-30 10:35:22.178 18422 18445 D CouchbaseLite/DATABASE: {DB#26} open KVS 'info'
07-30 10:35:22.179 18422 18445 I CouchbaseLite/DATABASE: ... SELECT sql FROM sqlite_master WHERE name = ? AND type = ? AND tbl_name = ?
07-30 10:35:22.179 18422 18445 I CouchbaseLite/DATABASE: CREATE TABLE IF NOT EXISTS kv_info ( key TEXT PRIMARY KEY, sequence INTEGER, flags INTEGER DEFAULT 0, version BLOB, body BLOB, extra BLOB)
07-30 10:35:22.179 18422 18445 I CouchbaseLite/DATABASE: Compiling SQL "SELECT sequence, flags, null, version, body, extra FROM kv_info WHERE key=?"
07-30 10:35:22.180 18422 18445 I CouchbaseLite/DATABASE: ... SELECT sequence, flags, null, version, body, extra FROM kv_info WHERE key=?
07-30 10:35:22.180 18422 18445 V CouchbaseLite/DATABASE: {DB#26} begin transaction
07-30 10:35:22.180 18422 18445 I CouchbaseLite/DATABASE: BEGIN
07-30 10:35:22.180 18422 18445 I CouchbaseLite/DATABASE: ... SELECT sequence, flags, null, version, body, extra FROM kv_info WHERE key=?
07-30 10:35:22.180 18422 18445 I chatty : uid=10331(com.couchbase.lite.kotlin.test) roidJUnitRunner identical 1 line
07-30 10:35:22.180 18422 18445 I CouchbaseLite/DATABASE: ... SELECT sequence, flags, null, version, body, extra FROM kv_info WHERE key=?
07-30 10:35:22.180 18422 18445 V CouchbaseLite/DATABASE: {DB#26} KeyStore(info) set 'publicUUID'
07-30 10:35:22.180 18422 18445 I CouchbaseLite/DATABASE: Compiling SQL "INSERT OR REPLACE INTO kv_info (key, version, body) VALUES (?, ?, ?)"
07-30 10:35:22.180 18422 18445 I CouchbaseLite/DATABASE: ... INSERT OR REPLACE INTO kv_info (key, version, body) VALUES (?, ?, ?)
07-30 10:35:22.180 18422 18445 I CouchbaseLite/DATABASE: ... SELECT sequence, flags, null, version, body, extra FROM kv_info WHERE key=?
07-30 10:35:22.180 18422 18445 V CouchbaseLite/DATABASE: {DB#26} KeyStore(info) set 'privateUUID'
07-30 10:35:22.180 18422 18445 I CouchbaseLite/DATABASE: ... INSERT OR REPLACE INTO kv_info (key, version, body) VALUES (?, ?, ?)
07-30 10:35:22.180 18422 18445 V CouchbaseLite/DATABASE: {DB#26} KeyStore(info) set 'versioning'
07-30 10:35:22.180 18422 18445 I CouchbaseLite/DATABASE: ... INSERT OR REPLACE INTO kv_info (key, version, body) VALUES (?, ?, ?)
07-30 10:35:22.180 18422 18445 V CouchbaseLite/DATABASE: {DB#26} commit transaction
07-30 10:35:22.181 18422 18445 I CouchbaseLite/DATABASE: COMMIT
07-30 10:35:22.181 18422 18445 I CouchbaseLite/DATABASE: {N8litecore14CollectionImplE#27}==> N8litecore14CollectionImplE base-db-Uqbvwltu3Muy/_default @0xb400006e08b46f00
07-30 10:35:22.181 18422 18445 I CouchbaseLite/DATABASE: {N8litecore14CollectionImplE#27} Instantiated
07-30 10:35:22.181 18422 18445 I CouchbaseLite/DATABASE: ... SELECT substr(name,4) FROM sqlite_master WHERE type='table' AND name GLOB 'kv_*'
07-30 10:35:22.181 18422 18445 I CouchbaseLite/DATABASE: ... SELECT sql FROM sqlite_master WHERE name = ? AND type = ? AND tbl_name = ?
07-30 10:35:22.181 18422 18445 V CouchbaseLite/DATABASE: {DB#26} Next expiration time is 0
07-30 10:35:22.182 18422 18445 I CouchbaseLite/TEST: Created base test DB: Database{@0x7a0055a, name='base-db-Uqbvwltu3Muy'}
07-30 10:35:22.183 18422 18445 V CouchbaseLite/DATABASE: {DB#26} begin transaction
07-30 10:35:22.183 18422 18445 I CouchbaseLite/DATABASE: BEGIN
07-30 10:35:22.183 18422 18445 I CouchbaseLite/DATABASE: ... SELECT sequence, flags, null, version, body, extra FROM kv_info WHERE key=?
07-30 10:35:22.183 18422 18445 I CouchbaseLite/DATABASE: ... SELECT sequence, flags, null, version, body, extra FROM kv_info WHERE key=?
07-30 10:35:22.184 18422 18445 I CouchbaseLite/DATABASE: Compiling SQL "INSERT OR IGNORE INTO kv_default (version, body, extra, flags, sequence, key) VALUES (?, ?, ?, ?, ?, ?)"
07-30 10:35:22.184 18422 18445 I CouchbaseLite/DATABASE: Compiling SQL "SELECT lastSeq FROM kvmeta WHERE name=?"
07-30 10:35:22.184 18422 18445 I CouchbaseLite/DATABASE: ... SELECT lastSeq FROM kvmeta WHERE name=?
07-30 10:35:22.184 18422 18445 I CouchbaseLite/DATABASE: ... INSERT OR IGNORE INTO kv_default (version, body, extra, flags, sequence, key) VALUES (?, ?, ?, ?, ?, ?)
07-30 10:35:22.184 18422 18445 V CouchbaseLite/DATABASE: Saved doc '1e3abbcd-b1e5-4c1f-9d61-5b82404748bc' #1-f2ffcdfe0f6e774dc6028da710572c0fda28be53; body=20, extra=34
07-30 10:35:22.184 18422 18445 V CouchbaseLite/DATABASE: {DB#26} Saved '1e3abbcd-b1e5-4c1f-9d61-5b82404748bc' rev #1-f2ffcdfe0f6e774dc6028da710572c0fda28be53 as seq 1
07-30 10:35:22.184 18422 18445 V CouchbaseLite/DATABASE: {DB#26} KeyStore(info) set 'SharedKeys'
07-30 10:35:22.184 18422 18445 I CouchbaseLite/DATABASE: ... INSERT OR REPLACE INTO kv_info (key, version, body) VALUES (?, ?, ?)
07-30 10:35:22.184 18422 18445 V CouchbaseLite/DATABASE: {DB#26} commit transaction
07-30 10:35:22.185 18422 18445 I CouchbaseLite/DATABASE: Compiling SQL "INSERT INTO kvmeta (name, lastSeq) VALUES (?, ?) ON CONFLICT (name) DO UPDATE SET lastSeq = excluded.lastSeq"
07-30 10:35:22.185 18422 18445 I CouchbaseLite/DATABASE: ... INSERT INTO kvmeta (name, lastSeq) VALUES (?, ?) ON CONFLICT (name) DO UPDATE SET lastSeq = excluded.lastSeq
07-30 10:35:22.185 18422 18445 I CouchbaseLite/DATABASE: COMMIT
07-30 10:35:22.185 18422 18445 V CouchbaseLite/DATABASE: {DB#26} begin transaction
07-30 10:35:22.185 18422 18445 I CouchbaseLite/DATABASE: BEGIN
07-30 10:35:22.185 18422 18445 I CouchbaseLite/DATABASE: ... SELECT sequence, flags, null, version, body, extra FROM kv_info WHERE key=?
07-30 10:35:22.186 18422 18445 I CouchbaseLite/DATABASE: ... SELECT lastSeq FROM kvmeta WHERE name=?
07-30 10:35:22.186 18422 18445 I CouchbaseLite/DATABASE: ... INSERT OR IGNORE INTO kv_default (version, body, extra, flags, sequence, key) VALUES (?, ?, ?, ?, ?, ?)
07-30 10:35:22.186 18422 18445 V CouchbaseLite/DATABASE: Saved doc '3966d458-46c9-495d-9635-c5d5b735838a' #1-d9ac112c721c9fefe880c66d1b67cabcd2833013; body=20, extra=34
07-30 10:35:22.186 18422 18445 V CouchbaseLite/DATABASE: {DB#26} Saved '3966d458-46c9-495d-9635-c5d5b735838a' rev #1-d9ac112c721c9fefe880c66d1b67cabcd2833013 as seq 2
07-30 10:35:22.186 18422 18445 V CouchbaseLite/DATABASE: {DB#26} commit transaction
07-30 10:35:22.187 18422 18445 I CouchbaseLite/DATABASE: ... INSERT INTO kvmeta (name, lastSeq) VALUES (?, ?) ON CONFLICT (name) DO UPDATE SET lastSeq = excluded.lastSeq
07-30 10:35:22.187 18422 18445 I CouchbaseLite/DATABASE: COMMIT
07-30 10:35:22.187 18422 18445 V CouchbaseLite/DATABASE: {DB#26} begin transaction
07-30 10:35:22.187 18422 18445 I CouchbaseLite/DATABASE: BEGIN
07-30 10:35:22.187 18422 18445 I CouchbaseLite/DATABASE: ... SELECT sequence, flags, null, version, body, extra FROM kv_info WHERE key=?
07-30 10:35:22.189 18422 18445 E CouchbaseLite/DATABASE: COUCHBASE LITE CORE FATAL ERROR (backtrace follows)
07-30 10:35:22.189 18422 18445 E CouchbaseLite/DATABASE: ********************
07-30 10:35:22.189 18422 18445 E CouchbaseLite/DATABASE: Uncaught exception:
07-30 10:35:22.189 18422 18445 E CouchbaseLite/DATABASE: fleece::assertion_failure: FAILED ASSERTION `isPointer()` in void fleece::impl::ValueSlot::setPointer(const fleece::impl::Value *) (at ValueSlot.cc line 108)
07-30 10:35:22.189 18422 18445 E CouchbaseLite/DATABASE: Backtrace:
07-30 10:35:22.189 18422 18445 E CouchbaseLite/DATABASE: ******************** NOW TERMINATING
07-30 10:35:22.189 18422 18445 E libc++abi: terminating with uncaught exception of type fleece::assertion_failure: FAILED ASSERTION `isPointer()` in void fleece::impl::ValueSlot::setPointer(const fleece::impl::Value *) (at ValueSlot.cc line 108)
07-30 10:35:22.189 18422 18445 F libc : Fatal signal 6 (SIGABRT), code -1 (SI_QUEUE) in tid 18445 (roidJUnitRunner), pid 18422 (ite.kotlin.test)
07-30 10:35:22.190 2240 2240 D InterruptionStateProvider: No bubble up: not allowed to bubble: 0|com.google.android.apps.wellbeing|174344743|null|10160
07-30 10:35:22.193 2240 2240 D InterruptionStateProvider: No pulsing: not important enough: 0|com.google.android.apps.wellbeing|174344743|null|10160
07-30 10:35:22.249 18489 18489 I crash_dump64: obtaining output fd from tombstoned, type: kDebuggerdTombstone
07-30 10:35:22.249 899 899 I tombstoned: received crash request for pid 18445
07-30 10:35:22.250 18489 18489 I crash_dump64: performing dump of process 18422 (target tid = 18445)
07-30 10:35:22.255 18489 18489 F DEBUG : *** *** *** *** *** *** *** *** *** *** *** *** *** *** *** ***
07-30 10:35:22.255 18489 18489 F DEBUG : Build fingerprint: 'google/sunfish/sunfish:11/RQ3A.210705.001/7380771:user/release-keys'
07-30 10:35:22.255 18489 18489 F DEBUG : Revision: 'MP1.0'
07-30 10:35:22.255 18489 18489 F DEBUG : ABI: 'arm64'
07-30 10:35:22.255 18489 18489 F DEBUG : Timestamp: 2021-07-30 10:35:22-0700
07-30 10:35:22.255 18489 18489 F DEBUG : pid: 18422, tid: 18445, name: roidJUnitRunner >>> com.couchbase.lite.kotlin.test <<<
07-30 10:35:22.255 18489 18489 F DEBUG : uid: 10331
07-30 10:35:22.255 18489 18489 F DEBUG : signal 6 (SIGABRT), code -1 (SI_QUEUE), fault addr --------
07-30 10:35:22.255 18489 18489 F DEBUG : Abort message: 'terminating with uncaught exception of type fleece::assertion_failure: FAILED ASSERTION `isPointer()` in void fleece::impl::ValueSlot::setPointer(const fleece::impl::Value *) (at ValueSlot.cc line 108)'
