07-30 10:35:21.557 951 951 D Zygote : Forked child process 18422
07-30 10:35:21.559 1600 1783 I ActivityManager: Start proc 18422:com.couchbase.lite.kotlin.test/u0a331 for added application com.couchbase.lite.kotlin.test
07-30 10:35:21.563 18422 18422 I ite.kotlin.tes: Late-enabling -Xcheck:jni
07-30 10:35:21.565 21251 13423 I PermissionControllerServiceImpl: Updating user sensitive for uid 10331
07-30 10:35:21.579 18422 18422 I ite.kotlin.tes: Unquickening 12 vdex files!
07-30 10:35:21.586 1258 1286 I adbd : jdwp connection from 18422
07-30 10:35:21.627 1600 1753 I RoleManagerService: Granting default roles...
07-30 10:35:21.628 1600 1753 W Looper : Drained
07-30 10:35:21.628 18422 18422 D ApplicationLoaders: Returning zygote-cached class loader: /system/framework/android.test.base.jar
07-30 10:35:21.629 18422 18422 D ApplicationLoaders: Returning zygote-cached class loader: /system/framework/android.test.base.jar
07-30 10:35:21.631 18422 18422 I ite.kotlin.tes: The ClassLoaderContext is a special shared library.
07-30 10:35:21.636 18422 18422 D ApplicationLoaders: Returning zygote-cached class loader: /system/framework/android.test.base.jar
07-30 10:35:21.636 18422 18422 D ApplicationLoaders: Returning zygote-cached class loader: /system/framework/android.test.base.jar
07-30 10:35:21.639 18422 18422 I ite.kotlin.tes: The ClassLoaderContext is a special shared library.
07-30 10:35:21.716 18422 18422 D NetworkSecurityConfig: No Network Security Config specified, using platform default
07-30 10:35:21.716 18422 18422 D NetworkSecurityConfig: No Network Security Config specified, using platform default
07-30 10:35:21.719 18422 18422 I MonitoringInstr: Instrumentation started on process com.couchbase.lite.kotlin.test
07-30 10:35:21.721 18422 18422 I MonitoringInstr: Setting context classloader to 'dalvik.system.PathClassLoader[DexPathList[[zip file "/data/app/~~CFYGarsJmTa4qVcuzBZqVw==/com.couchbase.lite.kotlin.test-dgx9q5g6wxxmQUyZSk4Nvw==/base.apk"],nativeLibraryDirectories=[/data/app/~~CFYGarsJmTa4qVcuzBZqVw==/com.couchbase.lite.kotlin.test-dgx9q5g6wxxmQUyZSk4Nvw==/lib/arm64, /data/app/~~CFYGarsJmTa4qVcuzBZqVw==/com.couchbase.lite.kotlin.test-dgx9q5g6wxxmQUyZSk4Nvw==/base.apk!/lib/arm64-v8a, /system/lib64, /system_ext/lib64, /product/lib64]]]', Original: 'dalvik.system.PathClassLoader[DexPathList[[zip file "/data/app/~~CFYGarsJmTa4qVcuzBZqVw==/com.couchbase.lite.kotlin.test-dgx9q5g6wxxmQUyZSk4Nvw==/base.apk"],nativeLibraryDirectories=[/data/app/~~CFYGarsJmTa4qVcuzBZqVw==/com.couchbase.lite.kotlin.test-dgx9q5g6wxxmQUyZSk4Nvw==/lib/arm64, /data/app/~~CFYGarsJmTa4qVcuzBZqVw==/com.couchbase.lite.kotlin.test-dgx9q5g6wxxmQUyZSk4Nvw==/base.apk!/lib/arm64-v8a, /system/lib64, /system_ext/lib64, /product/lib64]]]'
07-30 10:35:21.723 18422 18422 I MonitoringInstr: No JSBridge.
07-30 10:35:21.725 18422 18445 I MonitoringInstr: Setting context classloader to 'dalvik.system.PathClassLoader[DexPathList[[zip file "/data/app/~~CFYGarsJmTa4qVcuzBZqVw==/com.couchbase.lite.kotlin.test-dgx9q5g6wxxmQUyZSk4Nvw==/base.apk"],nativeLibraryDirectories=[/data/app/~~CFYGarsJmTa4qVcuzBZqVw==/com.couchbase.lite.kotlin.test-dgx9q5g6wxxmQUyZSk4Nvw==/lib/arm64, /data/app/~~CFYGarsJmTa4qVcuzBZqVw==/com.couchbase.lite.kotlin.test-dgx9q5g6wxxmQUyZSk4Nvw==/base.apk!/lib/arm64-v8a, /system/lib64, /system_ext/lib64, /product/lib64]]]', Original: 'dalvik.system.PathClassLoader[DexPathList[[zip file "/data/app/~~CFYGarsJmTa4qVcuzBZqVw==/com.couchbase.lite.kotlin.test-dgx9q5g6wxxmQUyZSk4Nvw==/base.apk"],nativeLibraryDirectories=[/data/app/~~CFYGarsJmTa4qVcuzBZqVw==/com.couchbase.lite.kotlin.test-dgx9q5g6wxxmQUyZSk4Nvw==/lib/arm64, /data/app/~~CFYGarsJmTa4qVcuzBZqVw==/com.couchbase.lite.kotlin.test-dgx9q5g6wxxmQUyZSk4Nvw==/base.apk!/lib/arm64-v8a, /system/lib64, /system_ext/lib64, /product/lib64]]]'
07-30 10:35:21.736 18422 18445 I UsageTrackerFacilitator: Usage tracking enabled
07-30 10:35:21.774 18422 18445 D TestExecutor: Adding listener android.support.test.internal.runner.listener.LogRunListener
07-30 10:35:21.774 18422 18445 D TestExecutor: Adding listener android.support.test.internal.runner.listener.InstrumentationResultPrinter
07-30 10:35:21.774 18422 18445 D TestExecutor: Adding listener android.support.test.internal.runner.listener.ActivityFinisherRunListener
07-30 10:35:21.787 18422 18445 I TestRunner: run started: 25 tests
07-30 10:35:21.845 18422 18445 I CouchbaseLite/DATABASE: [JAVA] CBL-ANDROID Initialized: CouchbaseLite Android v3.0.0-SNAPSHOT@30 (EE/debug, Commit/unofficial@HQ-Rename0337 Core/0.0.0-EE (29abceb2+c25026c9+) at 2021-07-29T23:39:19.140Z) on Java; Android 11; Pixel 4a
07-30 10:35:21.853 18422 18445 I CouchbaseLite/TEST: >>>>>>>>>>>> Suite started
07-30 10:35:21.862 18422 18445 I TestRunner: started: testWhereUsingPredictionValues(com.couchbase.lite.PredictiveQueryTest)
07-30 10:35:21.866 18422 18422 I MonitoringInstr: Activities that are still in CREATED to STOPPED: 0
07-30 10:35:21.867 18422 18445 I CouchbaseLite/TEST: >>>>>>>> Test started: testWhereUsingPredictionValues
07-30 10:35:21.869 18422 18445 D CouchbaseLite/DATABASE: [JAVA] Opening db Database{@0xe7b00a2, name='base-db-hux0kenZrE4Z'} at path /data/data/com.couchbase.lite.kotlin.test/files
07-30 10:35:21.870 18422 18445 I CouchbaseLite/DATABASE: {N8litecore8DataFile6SharedE#1}==> N8litecore8DataFile6SharedE 0xb400006e58b70a88 @0xb400006e58b70a88
07-30 10:35:21.870 18422 18445 D CouchbaseLite/DATABASE: {N8litecore8DataFile6SharedE#1} instantiated on /data/data/com.couchbase.lite.kotlin.test/files/base-db-hux0kenZrE4Z.cblite2/db.sqlite3
07-30 10:35:21.871 18422 18445 D CouchbaseLite/DATABASE: {N8litecore8DataFile6SharedE#1} created for DataFile 0xb400006e58b6fb50 at /data/data/com.couchbase.lite.kotlin.test/files/base-db-hux0kenZrE4Z.cblite2/db.sqlite3
07-30 10:35:21.871 18422 18445 I CouchbaseLite/DATABASE: {DB#2}==> N8litecore14SQLiteDataFileE /data/data/com.couchbase.lite.kotlin.test/files/base-db-hux0kenZrE4Z.cblite2/db.sqlite3 @0xb400006e58b6fb50
07-30 10:35:21.871 18422 18445 I CouchbaseLite/DATABASE: {DB#2} Opening database
07-30 10:35:21.871 18422 18445 I CouchbaseLite/DATABASE: PRAGMA auto_vacuum=incremental; PRAGMA journal_mode=WAL; BEGIN; CREATE TABLE IF NOT EXISTS kvmeta (name TEXT PRIMARY KEY, lastSeq INTEGER DEFAULT 0, purgeCnt INTEGER DEFAULT 0) WITHOUT ROWID; PRAGMA user_version=400; END;
07-30 10:35:21.884 18422 18445 I CouchbaseLite/DATABASE: ... PRAGMA auto_vacuum
07-30 10:35:21.884 18422 18445 D CouchbaseLite/DATABASE: {DB#2} open KVS 'default'
07-30 10:35:21.885 18422 18445 I CouchbaseLite/DATABASE: ... SELECT sql FROM sqlite_master WHERE name = ? AND type = ? AND tbl_name = ?
07-30 10:35:21.885 18422 18445 I CouchbaseLite/DATABASE: CREATE TABLE IF NOT EXISTS kv_default ( key TEXT PRIMARY KEY, sequence INTEGER, flags INTEGER DEFAULT 0, version BLOB, body BLOB, extra BLOB)
07-30 10:35:21.885 18422 18445 I CouchbaseLite/DATABASE: PRAGMA cache_size=-10240; PRAGMA mmap_size=52428800; PRAGMA synchronous=normal; PRAGMA journal_size_limit=5242880; PRAGMA case_sensitive_like=true
07-30 10:35:21.885 18422 18445 D CouchbaseLite/DATABASE: {DB#2} open KVS 'info'
07-30 10:35:21.886 18422 18445 I CouchbaseLite/DATABASE: ... SELECT sql FROM sqlite_master WHERE name = ? AND type = ? AND tbl_name = ?
07-30 10:35:21.886 18422 18445 I CouchbaseLite/DATABASE: CREATE TABLE IF NOT EXISTS kv_info ( key TEXT PRIMARY KEY, sequence INTEGER, flags INTEGER DEFAULT 0, version BLOB, body BLOB, extra BLOB)
07-30 10:35:21.886 18422 18445 I CouchbaseLite/DATABASE: Compiling SQL "SELECT sequence, flags, null, version, body, extra FROM kv_info WHERE key=?"
07-30 10:35:21.887 18422 18445 I CouchbaseLite/DATABASE: ... SELECT sequence, flags, null, version, body, extra FROM kv_info WHERE key=?
07-30 10:35:21.887 18422 18445 V CouchbaseLite/DATABASE: {DB#2} begin transaction
07-30 10:35:21.887 18422 18445 I CouchbaseLite/DATABASE: BEGIN
07-30 10:35:21.887 18422 18445 I CouchbaseLite/DATABASE: ... SELECT sequence, flags, null, version, body, extra FROM kv_info WHERE key=?
07-30 10:35:21.887 18422 18445 I chatty : uid=10331(com.couchbase.lite.kotlin.test) roidJUnitRunner identical 1 line
07-30 10:35:21.887 18422 18445 I CouchbaseLite/DATABASE: ... SELECT sequence, flags, null, version, body, extra FROM kv_info WHERE key=?
07-30 10:35:21.887 18422 18445 I CouchbaseLite/DATABASE: Seeding the mbedTLS random number generator...
07-30 10:35:21.887 18422 18445 V CouchbaseLite/DATABASE: {DB#2} KeyStore(info) set 'publicUUID'
07-30 10:35:21.887 18422 18445 I CouchbaseLite/DATABASE: Compiling SQL "INSERT OR REPLACE INTO kv_info (key, version, body) VALUES (?, ?, ?)"
07-30 10:35:21.887 18422 18445 I CouchbaseLite/DATABASE: ... INSERT OR REPLACE INTO kv_info (key, version, body) VALUES (?, ?, ?)
07-30 10:35:21.888 18422 18445 I CouchbaseLite/DATABASE: ... SELECT sequence, flags, null, version, body, extra FROM kv_info WHERE key=?
07-30 10:35:21.888 18422 18445 V CouchbaseLite/DATABASE: {DB#2} KeyStore(info) set 'privateUUID'
07-30 10:35:21.888 18422 18445 I CouchbaseLite/DATABASE: ... INSERT OR REPLACE INTO kv_info (key, version, body) VALUES (?, ?, ?)
07-30 10:35:21.888 18422 18445 V CouchbaseLite/DATABASE: {DB#2} KeyStore(info) set 'versioning'
07-30 10:35:21.888 18422 18445 I CouchbaseLite/DATABASE: ... INSERT OR REPLACE INTO kv_info (key, version, body) VALUES (?, ?, ?)
07-30 10:35:21.888 18422 18445 V CouchbaseLite/DATABASE: {DB#2} commit transaction
07-30 10:35:21.888 18422 18445 I CouchbaseLite/DATABASE: COMMIT
07-30 10:35:21.888 18422 18445 I CouchbaseLite/DATABASE: {N8litecore14CollectionImplE#3}==> N8litecore14CollectionImplE base-db-hux0kenZrE4Z/_default @0xb400006e08b23d10
07-30 10:35:21.888 18422 18445 I CouchbaseLite/DATABASE: {N8litecore14CollectionImplE#3} Instantiated
07-30 10:35:21.888 18422 18445 I CouchbaseLite/DATABASE: ... SELECT substr(name,4) FROM sqlite_master WHERE type='table' AND name GLOB 'kv_*'
07-30 10:35:21.889 18422 18445 I CouchbaseLite/DATABASE: ... SELECT sql FROM sqlite_master WHERE name = ? AND type = ? AND tbl_name = ?
07-30 10:35:21.889 18422 18445 V CouchbaseLite/DATABASE: {DB#2} Next expiration time is 0
07-30 10:35:21.889 18422 18445 W CouchbaseLite/DATABASE: [JAVA] Database.log.getFile().getConfig() is now null: logging is disabled. Log files required for product support are not being generated.
07-30 10:35:21.889 18422 18445 I CouchbaseLite/TEST: Created base test DB: Database{@0xe7b00a2, name='base-db-hux0kenZrE4Z'}
07-30 10:35:21.891 18422 18445 V CouchbaseLite/DATABASE: {DB#2} begin transaction
07-30 10:35:21.891 18422 18445 I CouchbaseLite/DATABASE: BEGIN
07-30 10:35:21.891 18422 18445 I CouchbaseLite/DATABASE: ... SELECT sequence, flags, null, version, body, extra FROM kv_info WHERE key=?
07-30 10:35:21.892 18422 18445 I CouchbaseLite/DATABASE: ... SELECT sequence, flags, null, version, body, extra FROM kv_info WHERE key=?
07-30 10:35:21.892 18422 18445 I CouchbaseLite/DATABASE: Compiling SQL "INSERT OR IGNORE INTO kv_default (version, body, extra, flags, sequence, key) VALUES (?, ?, ?, ?, ?, ?)"
07-30 10:35:21.893 18422 18445 I CouchbaseLite/DATABASE: Compiling SQL "SELECT lastSeq FROM kvmeta WHERE name=?"
07-30 10:35:21.893 18422 18445 I CouchbaseLite/DATABASE: ... SELECT lastSeq FROM kvmeta WHERE name=?
07-30 10:35:21.893 18422 18445 I CouchbaseLite/DATABASE: ... INSERT OR IGNORE INTO kv_default (version, body, extra, flags, sequence, key) VALUES (?, ?, ?, ?, ?, ?)
07-30 10:35:21.893 18422 18445 V CouchbaseLite/DATABASE: Saved doc 'f137fe55-9eea-4dbf-b920-795490c8b7fc' #1-f2ffcdfe0f6e774dc6028da710572c0fda28be53; body=20, extra=34
07-30 10:35:21.893 18422 18445 V CouchbaseLite/DATABASE: {DB#2} Saved 'f137fe55-9eea-4dbf-b920-795490c8b7fc' rev #1-f2ffcdfe0f6e774dc6028da710572c0fda28be53 as seq 1
07-30 10:35:21.893 18422 18445 V CouchbaseLite/DATABASE: {DB#2} KeyStore(info) set 'SharedKeys'
07-30 10:35:21.893 18422 18445 I CouchbaseLite/DATABASE: ... INSERT OR REPLACE INTO kv_info (key, version, body) VALUES (?, ?, ?)
07-30 10:35:21.893 18422 18445 V CouchbaseLite/DATABASE: {DB#2} commit transaction
07-30 10:35:21.893 18422 18445 I CouchbaseLite/DATABASE: Compiling SQL "INSERT INTO kvmeta (name, lastSeq) VALUES (?, ?) ON CONFLICT (name) DO UPDATE SET lastSeq = excluded.lastSeq"
07-30 10:35:21.894 18422 18445 I CouchbaseLite/DATABASE: ... INSERT INTO kvmeta (name, lastSeq) VALUES (?, ?) ON CONFLICT (name) DO UPDATE SET lastSeq = excluded.lastSeq
07-30 10:35:21.894 18422 18445 I CouchbaseLite/DATABASE: COMMIT
07-30 10:35:21.894 18422 18445 V CouchbaseLite/DATABASE: {DB#2} begin transaction
07-30 10:35:21.894 18422 18445 I CouchbaseLite/DATABASE: BEGIN
07-30 10:35:21.894 18422 18445 I CouchbaseLite/DATABASE: ... SELECT sequence, flags, null, version, body, extra FROM kv_info WHERE key=?
07-30 10:35:21.895 18422 18445 I CouchbaseLite/DATABASE: ... SELECT lastSeq FROM kvmeta WHERE name=?
07-30 10:35:21.895 18422 18445 I CouchbaseLite/DATABASE: ... INSERT OR IGNORE INTO kv_default (version, body, extra, flags, sequence, key) VALUES (?, ?, ?, ?, ?, ?)
07-30 10:35:21.895 18422 18445 V CouchbaseLite/DATABASE: Saved doc '8a693440-96c5-43c8-b979-89a298239048' #1-d9ac112c721c9fefe880c66d1b67cabcd2833013; body=20, extra=34
07-30 10:35:21.895 18422 18445 V CouchbaseLite/DATABASE: {DB#2} Saved '8a693440-96c5-43c8-b979-89a298239048' rev #1-d9ac112c721c9fefe880c66d1b67cabcd2833013 as seq 2
07-30 10:35:21.895 18422 18445 V CouchbaseLite/DATABASE: {DB#2} commit transaction
07-30 10:35:21.895 18422 18445 I CouchbaseLite/DATABASE: ... INSERT INTO kvmeta (name, lastSeq) VALUES (?, ?) ON CONFLICT (name) DO UPDATE SET lastSeq = excluded.lastSeq
07-30 10:35:21.895 18422 18445 I CouchbaseLite/DATABASE: COMMIT
07-30 10:35:21.898 18422 18445 D CouchbaseLite/QUERY: [JAVA] JSON query: {"WHAT":[[".numbers"],["PREDICTION()","AggregateModel",{"numbers":[".numbers"]},".sum"],["PREDICTION()","AggregateModel",{"numbers":[".numbers"]},".min"],["PREDICTION()","AggregateModel",{"numbers":[".numbers"]},".max"],["PREDICTION()","AggregateModel",{"numbers":[".numbers"]},".avg"]],"WHERE":["=",["PREDICTION()","AggregateModel",{"numbers":[".numbers"]},".sum"],15]}
07-30 10:35:21.899 18422 18445 I CouchbaseLite/QUERY: {Query#4}==> N8litecore11SQLiteQueryE {"WHAT":[[".numbers"],["PREDICTION()","AggregateModel",{"numbers":[".numbers"]},".sum"],["PREDICTION()","AggregateModel",{"numbers":[".numbers"]},".min"],["PREDICTION()","AggregateModel",{"numbers":[".numbers"]},".max"],["PREDICTION()","AggregateModel",{"numbers":[".numbers"]},".avg"]],"WHERE":["=",["PREDICTION()","AggregateModel",{"numbers":[".numbers"]},".sum"],15]} @0xb400006e48b181e0
07-30 10:35:21.899 18422 18445 I CouchbaseLite/QUERY: {Query#4} Compiling JSON query: {"WHAT":[[".numbers"],["PREDICTION()","AggregateModel",{"numbers":[".numbers"]},".sum"],["PREDICTION()","AggregateModel",{"numbers":[".numbers"]},".min"],["PREDICTION()","AggregateModel",{"numbers":[".numbers"]},".max"],["PREDICTION()","AggregateModel",{"numbers":[".numbers"]},".avg"]],"WHERE":["=",["PREDICTION()","AggregateModel",{"numbers":[".numbers"]},".sum"],15]}
07-30 10:35:21.899 18422 18445 I CouchbaseLite/DATABASE: ... SELECT sql FROM sqlite_master WHERE name = ? AND type = ? AND tbl_name = ?
07-30 10:35:21.900 18422 18445 I chatty : uid=10331(com.couchbase.lite.kotlin.test) roidJUnitRunner identical 3 lines
07-30 10:35:21.900 18422 18445 I CouchbaseLite/DATABASE: ... SELECT sql FROM sqlite_master WHERE name = ? AND type = ? AND tbl_name = ?
07-30 10:35:21.901 18422 18445 I CouchbaseLite/QUERY: {Query#4} Compiled as SELECT fl_result(fl_value(_doc.body, 'numbers')), fl_result(prediction('AggregateModel', dict_of('numbers', fl_value(_doc.body, 'numbers')), '.sum')), fl_result(prediction('AggregateModel', dict_of('numbers', fl_value(_doc.body, 'numbers')), '.min')), fl_result(prediction('AggregateModel', dict_of('numbers', fl_value(_doc.body, 'numbers')), '.max')), fl_result(prediction('AggregateModel', dict_of('numbers', fl_value(_doc.body, 'numbers')), '.avg')) FROM kv_default AS _doc WHERE (prediction('AggregateModel', dict_of('numbers', fl_value(_doc.body, 'numbers')), '.sum') = 15) AND (_doc.flags & 1 = 0)
07-30 10:35:21.901 18422 18445 I CouchbaseLite/DATABASE: Compiled {Query#4}: SELECT fl_result(fl_value(_doc.body, 'numbers')), fl_result(prediction('AggregateModel', dict_of('numbers', fl_value(_doc.body, 'numbers')), '.sum')), fl_result(prediction('AggregateModel', dict_of('numbers', fl_value(_doc.body, 'numbers')), '.min')), fl_result(prediction('AggregateModel', dict_of('numbers', fl_value(_doc.body, 'numbers')), '.max')), fl_result(prediction('AggregateModel', dict_of('numbers', fl_value(_doc.body, 'numbers')), '.avg')) FROM kv_default AS _doc WHERE (prediction('AggregateModel', dict_of('numbers', fl_value(_doc.body, 'numbers')), '.sum') = 15) AND (_doc.flags & 1 = 0)
07-30 10:35:21.901 18422 18445 I CouchbaseLite/DATABASE: Compiling SQL "SELECT fl_result(fl_value(_doc.body, 'numbers')), fl_result(prediction('AggregateModel', dict_of('numbers', fl_value(_doc.body, 'numbers')), '.sum')), fl_result(prediction('AggregateModel', dict_of('numbers', fl_value(_doc.body, 'numbers')), '.min')), fl_result(prediction('AggregateModel', dict_of('numbers', fl_value(_doc.body, 'numbers')), '.max')), fl_result(prediction('AggregateModel', dict_of('numbers', fl_value(_doc.body, 'numbers')), '.avg')) FROM kv_default AS _doc WHERE (prediction('AggregateModel', dict_of('numbers', fl_value(_doc.body, 'numbers')), '.sum') = 15) AND (_doc.flags & 1 = 0)"
07-30 10:35:21.901 18422 18445 I CouchbaseLite/DATABASE: SAVEPOINT roTransaction
07-30 10:35:21.902 18422 18445 I CouchbaseLite/DATABASE: ... SELECT lastSeq FROM kvmeta WHERE name=?
07-30 10:35:21.902 18422 18445 I CouchbaseLite/DATABASE: Compiling SQL "SELECT purgeCnt FROM kvmeta WHERE name=?"
07-30 10:35:21.902 18422 18445 I CouchbaseLite/DATABASE: ... SELECT purgeCnt FROM kvmeta WHERE name=?
07-30 10:35:21.902 18422 18445 I CouchbaseLite/DATABASE: ... SELECT fl_result(fl_value(_doc.body, 'numbers')), fl_result(prediction('AggregateModel', dict_of('numbers', fl_value(_doc.body, 'numbers')), '.sum')), fl_result(prediction('AggregateModel', dict_of('numbers', fl_value(_doc.body, 'numbers')), '.min')), fl_result(prediction('AggregateModel', dict_of('numbers', fl_value(_doc.body, 'numbers')), '.max')), fl_result(prediction('AggregateModel', dict_of('numbers', fl_value(_doc.body, 'numbers')), '.avg')) FROM kv_default AS _doc WHERE (prediction('AggregateModel', dict_of('numbers', fl_value(_doc.body, 'numbers')), '.sum') = 15) AND (_doc.flags & 1 = 0)
07-30 10:35:21.902 18422 18445 V CouchbaseLite/QUERY: calling prediction("AggregateModel", {"numbers":[1,2,3,4,5]})
07-30 10:35:21.907 18422 18445 V CouchbaseLite/QUERY: ...prediction took 4.547ms
07-30 10:35:21.907 18422 18445 V CouchbaseLite/QUERY: calling prediction("AggregateModel", {"numbers":[1,2,3,4,5]})
07-30 10:35:21.909 18422 18445 V CouchbaseLite/QUERY: ...prediction took 2.309ms
07-30 10:35:21.910 18422 18445 V CouchbaseLite/QUERY: calling prediction("AggregateModel", {"numbers":[1,2,3,4,5]})
07-30 10:35:21.911 18422 18445 V CouchbaseLite/QUERY: ...prediction took 1.718ms
07-30 10:35:21.912 18422 18445 V CouchbaseLite/QUERY: calling prediction("AggregateModel", {"numbers":[1,2,3,4,5]})
07-30 10:35:21.913 18422 18445 V CouchbaseLite/QUERY: ...prediction took 1.652ms
07-30 10:35:21.913 18422 18445 V CouchbaseLite/QUERY: calling prediction("AggregateModel", {"numbers":[1,2,3,4,5]})
07-30 10:35:21.916 18422 18445 V CouchbaseLite/QUERY: ...prediction took 2.451ms
07-30 10:35:21.916 18422 18445 V CouchbaseLite/QUERY: calling prediction("AggregateModel", {"numbers":[6,7,8,9,10]})
07-30 10:35:21.920 18422 18445 V CouchbaseLite/QUERY: ...prediction took 4.003ms
07-30 10:35:21.920 18422 18445 I CouchbaseLite/QUERY: {QueryEnum#5}==> N8litecore21SQLiteQueryEnumeratorE 0xb400006e18b8d8c8 @0xb400006e18b8d8c8
07-30 10:35:21.920 18422 18445 I CouchbaseLite/QUERY: {QueryEnum#5} Created on {Query#4} with 1 rows (38 bytes) in 18.373ms
07-30 10:35:21.920 18422 18445 I CouchbaseLite/DATABASE: RELEASE SAVEPOINT roTransaction
07-30 10:35:21.921 18422 18445 V CouchbaseLite/QUERY: {QueryEnum#5} --> [[1,2,3,4,5],15,1,5,3.0]
07-30 10:35:21.921 18422 18445 V CouchbaseLite/QUERY: {QueryEnum#5} END
07-30 10:35:21.921 18422 18445 D CouchbaseLite/QUERY: [JAVA] End of query enumeration
07-30 10:35:21.921 18422 18445 I CouchbaseLite/QUERY: {QueryEnum#5} Deleted
07-30 10:35:21.922 18422 18445 I CouchbaseLite/DATABASE: SAVEPOINT roTransaction
07-30 10:35:21.922 18422 18445 I CouchbaseLite/DATABASE: ... SELECT lastSeq FROM kvmeta WHERE name=?
07-30 10:35:21.922 18422 18445 I CouchbaseLite/DATABASE: ... SELECT purgeCnt FROM kvmeta WHERE name=?
07-30 10:35:21.922 18422 18445 I CouchbaseLite/DATABASE: ... SELECT fl_result(fl_value(_doc.body, 'numbers')), fl_result(prediction('AggregateModel', dict_of('numbers', fl_value(_doc.body, 'numbers')), '.sum')), fl_result(prediction('AggregateModel', dict_of('numbers', fl_value(_doc.body, 'numbers')), '.min')), fl_result(prediction('AggregateModel', dict_of('numbers', fl_value(_doc.body, 'numbers')), '.max')), fl_result(prediction('AggregateModel', dict_of('numbers', fl_value(_doc.body, 'numbers')), '.avg')) FROM kv_default AS _doc WHERE (prediction('AggregateModel', dict_of('numbers', fl_value(_doc.body, 'numbers')), '.sum') = 15) AND (_doc.flags & 1 = 0)
07-30 10:35:21.923 18422 18445 V CouchbaseLite/QUERY: calling prediction("AggregateModel", {"numbers":[1,2,3,4,5]})
07-30 10:35:21.925 18422 18445 V CouchbaseLite/QUERY: ...prediction took 2.340ms
07-30 10:35:21.925 18422 18445 V CouchbaseLite/QUERY: calling prediction("AggregateModel", {"numbers":[1,2,3,4,5]})
07-30 10:35:21.928 18422 18445 V CouchbaseLite/QUERY: ...prediction took 2.242ms
07-30 10:35:21.928 18422 18445 V CouchbaseLite/QUERY: calling prediction("AggregateModel", {"numbers":[1,2,3,4,5]})
07-30 10:35:21.930 18422 18445 V CouchbaseLite/QUERY: ...prediction took 1.823ms
07-30 10:35:21.930 18422 18445 V CouchbaseLite/QUERY: calling prediction("AggregateModel", {"numbers":[1,2,3,4,5]})
07-30 10:35:21.932 18422 18445 V CouchbaseLite/QUERY: ...prediction took 1.788ms
07-30 10:35:21.932 18422 18445 V CouchbaseLite/QUERY: calling prediction("AggregateModel", {"numbers":[1,2,3,4,5]})
07-30 10:35:21.934 18422 18445 V CouchbaseLite/QUERY: ...prediction took 1.950ms
07-30 10:35:21.934 18422 18445 V CouchbaseLite/QUERY: calling prediction("AggregateModel", {"numbers":[6,7,8,9,10]})
07-30 10:35:21.935 18422 18445 V CouchbaseLite/QUERY: ...prediction took 1.183ms
07-30 10:35:21.935 18422 18445 I CouchbaseLite/QUERY: {QueryEnum#6}==> N8litecore21SQLiteQueryEnumeratorE 0xb400006e18b8d8c8 @0xb400006e18b8d8c8
07-30 10:35:21.935 18422 18445 I CouchbaseLite/QUERY: {QueryEnum#6} Created on {Query#4} with 1 rows (38 bytes) in 12.948ms
07-30 10:35:21.936 18422 18445 I CouchbaseLite/DATABASE: RELEASE SAVEPOINT roTransaction
07-30 10:35:21.936 18422 18445 V CouchbaseLite/QUERY: {QueryEnum#6} --> [[1,2,3,4,5],15,1,5,3.0]
07-30 10:35:21.936 18422 18445 V CouchbaseLite/QUERY: {QueryEnum#6} END
07-30 10:35:21.936 18422 18445 D CouchbaseLite/QUERY: [JAVA] End of query enumeration
07-30 10:35:21.936 18422 18445 I CouchbaseLite/QUERY: {QueryEnum#6} Deleted
07-30 10:35:21.937 18422 18445 D CouchbaseLite/DATABASE: [JAVA] Deleting Database{@0xe7b00a2, name='base-db-hux0kenZrE4Z'} at path /data/data/com.couchbase.lite.kotlin.test/files/base-db-hux0kenZrE4Z.cblite2/
07-30 10:35:21.937 18422 18445 D CouchbaseLite/DATABASE: [JAVA] Active processes(base-db-hux0kenZrE4Z): 0
07-30 10:35:21.938 18422 18445 V CouchbaseLite/DATABASE: Preparing to delete DataFile /data/data/com.couchbase.lite.kotlin.test/files/base-db-hux0kenZrE4Z.cblite2/db.sqlite3
07-30 10:35:21.938 18422 18445 I CouchbaseLite/QUERY: {Query#4} Closing query (db is closing)
07-30 10:35:21.938 18422 18445 V CouchbaseLite/DATABASE: PRAGMA optimize ... 400
07-30 10:35:21.938 18422 18445 I CouchbaseLite/DATABASE: ... PRAGMA page_count
07-30 10:35:21.938 18422 18445 I CouchbaseLite/DATABASE: ... PRAGMA freelist_count
07-30 10:35:21.938 18422 18445 V CouchbaseLite/DATABASE: {DB#2} Housekeeping: 0 of 7 pages free (0%)
07-30 10:35:21.940 18422 18445 V CouchbaseLite/DATABASE: {DB#2} Closed SQLite database
07-30 10:35:21.940 18422 18445 D CouchbaseLite/DATABASE: {N8litecore8DataFile6SharedE#1} Remove DataFile 0xb400006e58b6fb50
07-30 10:35:21.940 18422 18445 I CouchbaseLite/DATABASE: {DB#2} Closing database
07-30 10:35:21.940 18422 18445 I CouchbaseLite/DATABASE: Deleting database file /data/data/com.couchbase.lite.kotlin.test/files/base-db-hux0kenZrE4Z.cblite2/db.sqlite3 (with -wal and -shm)
07-30 10:35:21.940 18422 18445 D CouchbaseLite/DATABASE: ...finished deleting database file /data/data/com.couchbase.lite.kotlin.test/files/base-db-hux0kenZrE4Z.cblite2/db.sqlite3 (with -wal and -shm)
07-30 10:35:21.941 18422 18445 D CouchbaseLite/TEST: Delete db base-db-hux0kenZrE4Z succeeded
07-30 10:35:21.941 18422 18445 I CouchbaseLite/TEST: Deleted baseTestDb: Database{@0xe7b00a2, name='base-db-hux0kenZrE4Z'}
07-30 10:35:21.942 18422 18445 D CouchbaseLite/TEST: Executor stopped: true
07-30 10:35:21.942 18422 18445 I CouchbaseLite/TEST: <<<<<<<< Test completed(00:00.075): testWhereUsingPredictionValues
07-30 10:35:21.942 18422 18445 I TestRunner: finished: testWhereUsingPredictionValues(com.couchbase.lite.PredictiveQueryTest)
07-30 10:35:21.945 18422 18422 I MonitoringInstr: Activities that are still in CREATED to STOPPED: 0
07-30 10:35:21.947 18422 18445 I TestRunner: started: testOrderByUsingPredictionValues(com.couchbase.lite.PredictiveQueryTest)
07-30 10:35:21.949 18422 18422 I MonitoringInstr: Activities that are still in CREATED to STOPPED: 0
07-30 10:35:21.953 18422 18445 I CouchbaseLite/TEST: >>>>>>>> Test started: testOrderByUsingPredictionValues
07-30 10:35:21.955 18422 18445 D CouchbaseLite/DATABASE: [JAVA] Opening db Database{@0x3535f87, name='base-db-NRrRgZJuoiJz'} at path /data/data/com.couchbase.lite.kotlin.test/files
07-30 10:35:21.956 18422 18445 I CouchbaseLite/DATABASE: {N8litecore8DataFile6SharedE#7}==> N8litecore8DataFile6SharedE 0xb400006e58b6f5e8 @0xb400006e58b6f5e8
07-30 10:35:21.956 18422 18445 D CouchbaseLite/DATABASE: {N8litecore8DataFile6SharedE#7} instantiated on /data/data/com.couchbase.lite.kotlin.test/files/base-db-NRrRgZJuoiJz.cblite2/db.sqlite3
07-30 10:35:21.956 18422 18445 D CouchbaseLite/DATABASE: {N8litecore8DataFile6SharedE#7} created for DataFile 0xb400006e58b6e3f0 at /data/data/com.couchbase.lite.kotlin.test/files/base-db-NRrRgZJuoiJz.cblite2/db.sqlite3
07-30 10:35:21.956 18422 18445 I CouchbaseLite/DATABASE: {DB#8}==> N8litecore14SQLiteDataFileE /data/data/com.couchbase.lite.kotlin.test/files/base-db-NRrRgZJuoiJz.cblite2/db.sqlite3 @0xb400006e58b6e3f0
07-30 10:35:21.956 18422 18445 I CouchbaseLite/DATABASE: {DB#8} Opening database
07-30 10:35:21.956 18422 18445 I CouchbaseLite/DATABASE: PRAGMA auto_vacuum=incremental; PRAGMA journal_mode=WAL; BEGIN; CREATE TABLE IF NOT EXISTS kvmeta (name TEXT PRIMARY KEY, lastSeq INTEGER DEFAULT 0, purgeCnt INTEGER DEFAULT 0) WITHOUT ROWID; PRAGMA user_version=400; END;
07-30 10:35:21.969 18422 18445 I CouchbaseLite/DATABASE: ... PRAGMA auto_vacuum
07-30 10:35:21.969 18422 18445 D CouchbaseLite/DATABASE: {DB#8} open KVS 'default'
07-30 10:35:21.970 18422 18445 I CouchbaseLite/DATABASE: ... SELECT sql FROM sqlite_master WHERE name = ? AND type = ? AND tbl_name = ?
07-30 10:35:21.970 18422 18445 I CouchbaseLite/DATABASE: CREATE TABLE IF NOT EXISTS kv_default ( key TEXT PRIMARY KEY, sequence INTEGER, flags INTEGER DEFAULT 0, version BLOB, body BLOB, extra BLOB)
07-30 10:35:21.970 18422 18445 I CouchbaseLite/DATABASE: PRAGMA cache_size=-10240; PRAGMA mmap_size=52428800; PRAGMA synchronous=normal; PRAGMA journal_size_limit=5242880; PRAGMA case_sensitive_like=true
07-30 10:35:21.970 18422 18445 D CouchbaseLite/DATABASE: {DB#8} open KVS 'info'
07-30 10:35:21.970 18422 18445 I CouchbaseLite/DATABASE: ... SELECT sql FROM sqlite_master WHERE name = ? AND type = ? AND tbl_name = ?
07-30 10:35:21.970 18422 18445 I CouchbaseLite/DATABASE: CREATE TABLE IF NOT EXISTS kv_info ( key TEXT PRIMARY KEY, sequence INTEGER, flags INTEGER DEFAULT 0, version BLOB, body BLOB, extra BLOB)
07-30 10:35:21.971 18422 18445 I CouchbaseLite/DATABASE: Compiling SQL "SELECT sequence, flags, null, version, body, extra FROM kv_info WHERE key=?"
07-30 10:35:21.971 18422 18445 I CouchbaseLite/DATABASE: ... SELECT sequence, flags, null, version, body, extra FROM kv_info WHERE key=?
07-30 10:35:21.971 18422 18445 V CouchbaseLite/DATABASE: {DB#8} begin transaction
07-30 10:35:21.972 18422 18445 I CouchbaseLite/DATABASE: BEGIN
07-30 10:35:21.972 18422 18445 I CouchbaseLite/DATABASE: ... SELECT sequence, flags, null, version, body, extra FROM kv_info WHERE key=?
07-30 10:35:21.972 18422 18445 I chatty : uid=10331(com.couchbase.lite.kotlin.test) roidJUnitRunner identical 1 line
07-30 10:35:21.972 18422 18445 I CouchbaseLite/DATABASE: ... SELECT sequence, flags, null, version, body, extra FROM kv_info WHERE key=?
07-30 10:35:21.972 18422 18445 V CouchbaseLite/DATABASE: {DB#8} KeyStore(info) set 'publicUUID'
07-30 10:35:21.972 18422 18445 I CouchbaseLite/DATABASE: Compiling SQL "INSERT OR REPLACE INTO kv_info (key, version, body) VALUES (?, ?, ?)"
07-30 10:35:21.972 18422 18445 I CouchbaseLite/DATABASE: ... INSERT OR REPLACE INTO kv_info (key, version, body) VALUES (?, ?, ?)
07-30 10:35:21.972 18422 18445 I CouchbaseLite/DATABASE: ... SELECT sequence, flags, null, version, body, extra FROM kv_info WHERE key=?
07-30 10:35:21.972 18422 18445 V CouchbaseLite/DATABASE: {DB#8} KeyStore(info) set 'privateUUID'
07-30 10:35:21.972 18422 18445 I CouchbaseLite/DATABASE: ... INSERT OR REPLACE INTO kv_info (key, version, body) VALUES (?, ?, ?)
07-30 10:35:21.972 18422 18445 V CouchbaseLite/DATABASE: {DB#8} KeyStore(info) set 'versioning'
07-30 10:35:21.972 18422 18445 I CouchbaseLite/DATABASE: ... INSERT OR REPLACE INTO kv_info (key, version, body) VALUES (?, ?, ?)
07-30 10:35:21.972 18422 18445 V CouchbaseLite/DATABASE: {DB#8} commit transaction
07-30 10:35:21.973 18422 18445 I CouchbaseLite/DATABASE: COMMIT
07-30 10:35:21.973 18422 18445 I CouchbaseLite/DATABASE: {N8litecore14CollectionImplE#9}==> N8litecore14CollectionImplE base-db-NRrRgZJuoiJz/_default @0xb400006e08b09df0
07-30 10:35:21.973 18422 18445 I CouchbaseLite/DATABASE: {N8litecore14CollectionImplE#9} Instantiated
07-30 10:35:21.973 18422 18445 I CouchbaseLite/DATABASE: ... SELECT substr(name,4) FROM sqlite_master WHERE type='table' AND name GLOB 'kv_*'
07-30 10:35:21.973 18422 18445 I CouchbaseLite/DATABASE: ... SELECT sql FROM sqlite_master WHERE name = ? AND type = ? AND tbl_name = ?
07-30 10:35:21.973 18422 18445 V CouchbaseLite/DATABASE: {DB#8} Next expiration time is 0
07-30 10:35:21.973 18422 18445 I CouchbaseLite/TEST: Created base test DB: Database{@0x3535f87, name='base-db-NRrRgZJuoiJz'}
07-30 10:35:21.975 18422 18445 V CouchbaseLite/DATABASE: {DB#8} begin transaction
07-30 10:35:21.975 18422 18445 I CouchbaseLite/DATABASE: BEGIN
07-30 10:35:21.975 18422 18445 I CouchbaseLite/DATABASE: ... SELECT sequence, flags, null, version, body, extra FROM kv_info WHERE key=?
07-30 10:35:21.975 18422 18445 I CouchbaseLite/DATABASE: ... SELECT sequence, flags, null, version, body, extra FROM kv_info WHERE key=?
07-30 10:35:21.975 18422 18445 I CouchbaseLite/DATABASE: Compiling SQL "INSERT OR IGNORE INTO kv_default (version, body, extra, flags, sequence, key) VALUES (?, ?, ?, ?, ?, ?)"
07-30 10:35:21.976 18422 18445 I CouchbaseLite/DATABASE: Compiling SQL "SELECT lastSeq FROM kvmeta WHERE name=?"
07-30 10:35:21.976 18422 18445 I CouchbaseLite/DATABASE: ... SELECT lastSeq FROM kvmeta WHERE name=?
07-30 10:35:21.976 18422 18445 I CouchbaseLite/DATABASE: ... INSERT OR IGNORE INTO kv_default (version, body, extra, flags, sequence, key) VALUES (?, ?, ?, ?, ?, ?)
07-30 10:35:21.976 18422 18445 V CouchbaseLite/DATABASE: Saved doc 'c157ca43-818b-43d3-a7fb-53c0d7319e83' #1-f2ffcdfe0f6e774dc6028da710572c0fda28be53; body=20, extra=34
07-30 10:35:21.976 18422 18445 V CouchbaseLite/DATABASE: {DB#8} Saved 'c157ca43-818b-43d3-a7fb-53c0d7319e83' rev #1-f2ffcdfe0f6e774dc6028da710572c0fda28be53 as seq 1
07-30 10:35:21.976 18422 18445 V CouchbaseLite/DATABASE: {DB#8} KeyStore(info) set 'SharedKeys'
07-30 10:35:21.976 18422 18445 I CouchbaseLite/DATABASE: ... INSERT OR REPLACE INTO kv_info (key, version, body) VALUES (?, ?, ?)
07-30 10:35:21.976 18422 18445 V CouchbaseLite/DATABASE: {DB#8} commit transaction
07-30 10:35:21.976 18422 18445 I CouchbaseLite/DATABASE: Compiling SQL "INSERT INTO kvmeta (name, lastSeq) VALUES (?, ?) ON CONFLICT (name) DO UPDATE SET lastSeq = excluded.lastSeq"
07-30 10:35:21.977 18422 18445 I CouchbaseLite/DATABASE: ... INSERT INTO kvmeta (name, lastSeq) VALUES (?, ?) ON CONFLICT (name) DO UPDATE SET lastSeq = excluded.lastSeq
07-30 10:35:21.977 18422 18445 I CouchbaseLite/DATABASE: COMMIT
07-30 10:35:21.978 18422 18445 V CouchbaseLite/DATABASE: {DB#8} begin transaction
07-30 10:35:21.978 18422 18445 I CouchbaseLite/DATABASE: BEGIN
07-30 10:35:21.978 18422 18445 I CouchbaseLite/DATABASE: ... SELECT sequence, flags, null, version, body, extra FROM kv_info WHERE key=?
07-30 10:35:21.978 18422 18445 I CouchbaseLite/DATABASE: ... SELECT lastSeq FROM kvmeta WHERE name=?
07-30 10:35:21.978 18422 18445 I CouchbaseLite/DATABASE: ... INSERT OR IGNORE INTO kv_default (version, body, extra, flags, sequence, key) VALUES (?, ?, ?, ?, ?, ?)
07-30 10:35:21.979 18422 18445 V CouchbaseLite/DATABASE: Saved doc '917bc562-ec9e-4546-b92c-5a089686f9b7' #1-d9ac112c721c9fefe880c66d1b67cabcd2833013; body=20, extra=34
07-30 10:35:21.979 18422 18445 V CouchbaseLite/DATABASE: {DB#8} Saved '917bc562-ec9e-4546-b92c-5a089686f9b7' rev #1-d9ac112c721c9fefe880c66d1b67cabcd2833013 as seq 2
07-30 10:35:21.979 18422 18445 V CouchbaseLite/DATABASE: {DB#8} commit transaction
07-30 10:35:21.979 18422 18445 I CouchbaseLite/DATABASE: ... INSERT INTO kvmeta (name, lastSeq) VALUES (?, ?) ON CONFLICT (name) DO UPDATE SET lastSeq = excluded.lastSeq
07-30 10:35:21.979 18422 18445 I CouchbaseLite/DATABASE: COMMIT
07-30 10:35:21.980 18422 18445 D CouchbaseLite/QUERY: [JAVA] JSON query: {"ORDER_BY":[["DESC",["PREDICTION()","AggregateModel",{"numbers":[".numbers"]},".sum"]]],"WHAT":[["PREDICTION()","AggregateModel",{"numbers":[".numbers"]},".sum"]],"WHERE":[">",["PREDICTION()","AggregateModel",{"numbers":[".numbers"]},".sum"],1]}
07-30 10:35:21.980 18422 18445 I CouchbaseLite/QUERY: {Query#10}==> N8litecore11SQLiteQueryE {"ORDER_BY":[["DESC",["PREDICTION()","AggregateModel",{"numbers":[".numbers"]},".sum"]]],"WHAT":[["PREDICTION()","AggregateModel",{"numbers":[".numbers"]},".sum"]],"WHERE":[">",["PREDICTION()","AggregateModel",{"numbers":[".numbers"]},".sum"],1]} @0xb400006e48b180c0
07-30 10:35:21.980 18422 18445 I CouchbaseLite/QUERY: {Query#10} Compiling JSON query: {"ORDER_BY":[["DESC",["PREDICTION()","AggregateModel",{"numbers":[".numbers"]},".sum"]]],"WHAT":[["PREDICTION()","AggregateModel",{"numbers":[".numbers"]},".sum"]],"WHERE":[">",["PREDICTION()","AggregateModel",{"numbers":[".numbers"]},".sum"],1]}
07-30 10:35:21.981 18422 18445 I CouchbaseLite/DATABASE: ... SELECT sql FROM sqlite_master WHERE name = ? AND type = ? AND tbl_name = ?
07-30 10:35:21.981 18422 18445 I chatty : uid=10331(com.couchbase.lite.kotlin.test) roidJUnitRunner identical 1 line
07-30 10:35:21.981 18422 18445 I CouchbaseLite/DATABASE: ... SELECT sql FROM sqlite_master WHERE name = ? AND type = ? AND tbl_name = ?
07-30 10:35:21.982 18422 18445 I CouchbaseLite/QUERY: {Query#10} Compiled as SELECT fl_result(prediction('AggregateModel', dict_of('numbers', fl_value(_doc.body, 'numbers')), '.sum')) FROM kv_default AS _doc WHERE (prediction('AggregateModel', dict_of('numbers', fl_value(_doc.body, 'numbers')), '.sum') > 1) AND (_doc.flags & 1 = 0) ORDER BY prediction('AggregateModel', dict_of('numbers', fl_value(_doc.body, 'numbers')), '.sum') DESC
07-30 10:35:21.982 18422 18445 I CouchbaseLite/DATABASE: Compiled {Query#10}: SELECT fl_result(prediction('AggregateModel', dict_of('numbers', fl_value(_doc.body, 'numbers')), '.sum')) FROM kv_default AS _doc WHERE (prediction('AggregateModel', dict_of('numbers', fl_value(_doc.body, 'numbers')), '.sum') > 1) AND (_doc.flags & 1 = 0) ORDER BY prediction('AggregateModel', dict_of('numbers', fl_value(_doc.body, 'numbers')), '.sum') DESC
07-30 10:35:21.982 18422 18445 I CouchbaseLite/DATABASE: Compiling SQL "SELECT fl_result(prediction('AggregateModel', dict_of('numbers', fl_value(_doc.body, 'numbers')), '.sum')) FROM kv_default AS _doc WHERE (prediction('AggregateModel', dict_of('numbers', fl_value(_doc.body, 'numbers')), '.sum') > 1) AND (_doc.flags & 1 = 0) ORDER BY prediction('AggregateModel', dict_of('numbers', fl_value(_doc.body, 'numbers')), '.sum') DESC"
07-30 10:35:21.982 18422 18445 I CouchbaseLite/DATABASE: SAVEPOINT roTransaction
07-30 10:35:21.982 18422 18445 I CouchbaseLite/DATABASE: ... SELECT lastSeq FROM kvmeta WHERE name=?
07-30 10:35:21.982 18422 18445 I CouchbaseLite/DATABASE: Compiling SQL "SELECT purgeCnt FROM kvmeta WHERE name=?"
07-30 10:35:21.983 18422 18445 I CouchbaseLite/DATABASE: ... SELECT purgeCnt FROM kvmeta WHERE name=?
07-30 10:35:21.983 18422 18445 I CouchbaseLite/DATABASE: ... SELECT fl_result(prediction('AggregateModel', dict_of('numbers', fl_value(_doc.body, 'numbers')), '.sum')) FROM kv_default AS _doc WHERE (prediction('AggregateModel', dict_of('numbers', fl_value(_doc.body, 'numbers')), '.sum') > 1) AND (_doc.flags & 1 = 0) ORDER BY prediction('AggregateModel', dict_of('numbers', fl_value(_doc.body, 'numbers')), '.sum') DESC
07-30 10:35:21.983 18422 18445 V CouchbaseLite/QUERY: calling prediction("AggregateModel", {"numbers":[1,2,3,4,5]})
07-30 10:35:21.985 18422 18445 V CouchbaseLite/QUERY: ...prediction took 2.436ms
07-30 10:35:21.986 18422 18445 V CouchbaseLite/QUERY: calling prediction("AggregateModel", {"numbers":[1,2,3,4,5]})
07-30 10:35:21.987 18422 18445 V CouchbaseLite/QUERY: ...prediction took 1.652ms
07-30 10:35:21.987 18422 18445 V CouchbaseLite/QUERY: calling prediction("AggregateModel", {"numbers":[1,2,3,4,5]})
07-30 10:35:21.990 18422 18445 V CouchbaseLite/QUERY: ...prediction took 2.187ms
07-30 10:35:21.990 18422 18445 V CouchbaseLite/QUERY: calling prediction("AggregateModel", {"numbers":[6,7,8,9,10]})
07-30 10:35:21.992 18422 18445 V CouchbaseLite/QUERY: ...prediction took 1.709ms
07-30 10:35:21.992 18422 18445 V CouchbaseLite/QUERY: calling prediction("AggregateModel", {"numbers":[6,7,8,9,10]})
07-30 10:35:21.993 18422 18445 V CouchbaseLite/QUERY: ...prediction took 1.667ms
07-30 10:35:21.994 18422 18445 V CouchbaseLite/QUERY: calling prediction("AggregateModel", {"numbers":[6,7,8,9,10]})
07-30 10:35:21.995 18422 18445 V CouchbaseLite/QUERY: ...prediction took 1.683ms
07-30 10:35:21.995 18422 18445 I CouchbaseLite/QUERY: {QueryEnum#11}==> N8litecore21SQLiteQueryEnumeratorE 0xb400006e18b957f8 @0xb400006e18b957f8
07-30 10:35:21.996 18422 18445 I CouchbaseLite/QUERY: {QueryEnum#11} Created on {Query#10} with 2 rows (20 bytes) in 12.745ms
07-30 10:35:21.996 18422 18445 I CouchbaseLite/DATABASE: RELEASE SAVEPOINT roTransaction
07-30 10:35:21.996 18422 18445 V CouchbaseLite/QUERY: {QueryEnum#11} --> [40]
07-30 10:35:21.996 18422 18445 V CouchbaseLite/QUERY: {QueryEnum#11} --> [15]
07-30 10:35:21.996 18422 18445 V CouchbaseLite/QUERY: {QueryEnum#11} END
07-30 10:35:21.996 18422 18445 D CouchbaseLite/QUERY: [JAVA] End of query enumeration
07-30 10:35:21.996 18422 18445 I CouchbaseLite/QUERY: {QueryEnum#11} Deleted
07-30 10:35:21.996 18422 18445 I CouchbaseLite/DATABASE: SAVEPOINT roTransaction
07-30 10:35:21.996 18422 18445 I CouchbaseLite/DATABASE: ... SELECT lastSeq FROM kvmeta WHERE name=?
07-30 10:35:21.996 18422 18445 I CouchbaseLite/DATABASE: ... SELECT purgeCnt FROM kvmeta WHERE name=?
07-30 10:35:21.996 18422 18445 I CouchbaseLite/DATABASE: ... SELECT fl_result(prediction('AggregateModel', dict_of('numbers', fl_value(_doc.body, 'numbers')), '.sum')) FROM kv_default AS _doc WHERE (prediction('AggregateModel', dict_of('numbers', fl_value(_doc.body, 'numbers')), '.sum') > 1) AND (_doc.flags & 1 = 0) ORDER BY prediction('AggregateModel', dict_of('numbers', fl_value(_doc.body, 'numbers')), '.sum') DESC
07-30 10:35:21.997 18422 18445 V CouchbaseLite/QUERY: calling prediction("AggregateModel", {"numbers":[1,2,3,4,5]})
07-30 10:35:21.999 18422 18445 V CouchbaseLite/QUERY: ...prediction took 2.226ms
07-30 10:35:21.999 18422 18445 V CouchbaseLite/QUERY: calling prediction("AggregateModel", {"numbers":[1,2,3,4,5]})
07-30 10:35:22.001 18422 18445 V CouchbaseLite/QUERY: ...prediction took 1.716ms
07-30 10:35:22.001 18422 18445 V CouchbaseLite/QUERY: calling prediction("AggregateModel", {"numbers":[1,2,3,4,5]})
07-30 10:35:22.003 18422 18445 V CouchbaseLite/QUERY: ...prediction took 1.741ms
07-30 10:35:22.003 18422 18445 V CouchbaseLite/QUERY: calling prediction("AggregateModel", {"numbers":[6,7,8,9,10]})
07-30 10:35:22.005 18422 18445 V CouchbaseLite/QUERY: ...prediction took 1.718ms
07-30 10:35:22.005 18422 18445 V CouchbaseLite/QUERY: calling prediction("AggregateModel", {"numbers":[6,7,8,9,10]})
07-30 10:35:22.007 18422 18445 V CouchbaseLite/QUERY: ...prediction took 1.669ms
07-30 10:35:22.007 18422 18445 V CouchbaseLite/QUERY: calling prediction("AggregateModel", {"numbers":[6,7,8,9,10]})
07-30 10:35:22.009 18422 18445 V CouchbaseLite/QUERY: ...prediction took 2.121ms
07-30 10:35:22.009 18422 18445 I CouchbaseLite/QUERY: {QueryEnum#12}==> N8litecore21SQLiteQueryEnumeratorE 0xb400006e18b957f8 @0xb400006e18b957f8
07-30 10:35:22.009 18422 18445 I CouchbaseLite/QUERY: {QueryEnum#12} Created on {Query#10} with 2 rows (20 bytes) in 12.576ms
07-30 10:35:22.009 18422 18445 I CouchbaseLite/DATABASE: RELEASE SAVEPOINT roTransaction
07-30 10:35:22.009 18422 18445 V CouchbaseLite/QUERY: {QueryEnum#12} --> [40]
07-30 10:35:22.010 18422 18445 V CouchbaseLite/QUERY: {QueryEnum#12} --> [15]
07-30 10:35:22.010 18422 18445 V CouchbaseLite/QUERY: {QueryEnum#12} END
07-30 10:35:22.010 18422 18445 D CouchbaseLite/QUERY: [JAVA] End of query enumeration
07-30 10:35:22.010 18422 18445 I CouchbaseLite/QUERY: {QueryEnum#12} Deleted
07-30 10:35:22.011 18422 18445 D CouchbaseLite/DATABASE: [JAVA] Deleting Database{@0x3535f87, name='base-db-NRrRgZJuoiJz'} at path /data/data/com.couchbase.lite.kotlin.test/files/base-db-NRrRgZJuoiJz.cblite2/
07-30 10:35:22.011 18422 18445 D CouchbaseLite/DATABASE: [JAVA] Active processes(base-db-NRrRgZJuoiJz): 0
07-30 10:35:22.011 18422 18445 V CouchbaseLite/DATABASE: Preparing to delete DataFile /data/data/com.couchbase.lite.kotlin.test/files/base-db-NRrRgZJuoiJz.cblite2/db.sqlite3
07-30 10:35:22.011 18422 18445 I CouchbaseLite/QUERY: {Query#10} Closing query (db is closing)
07-30 10:35:22.011 18422 18445 V CouchbaseLite/DATABASE: PRAGMA optimize ... 400
07-30 10:35:22.012 18422 18445 I CouchbaseLite/DATABASE: ... PRAGMA page_count
07-30 10:35:22.012 18422 18445 I CouchbaseLite/DATABASE: ... PRAGMA freelist_count
07-30 10:35:22.012 18422 18445 V CouchbaseLite/DATABASE: {DB#8} Housekeeping: 0 of 7 pages free (0%)
07-30 10:35:22.014 18422 18445 V CouchbaseLite/DATABASE: {DB#8} Closed SQLite database
07-30 10:35:22.014 18422 18445 D CouchbaseLite/DATABASE: {N8litecore8DataFile6SharedE#7} Remove DataFile 0xb400006e58b6e3f0
07-30 10:35:22.014 18422 18445 I CouchbaseLite/DATABASE: {DB#8} Closing database
07-30 10:35:22.014 18422 18445 I CouchbaseLite/DATABASE: Deleting database file /data/data/com.couchbase.lite.kotlin.test/files/base-db-NRrRgZJuoiJz.cblite2/db.sqlite3 (with -wal and -shm)
07-30 10:35:22.014 18422 18445 D CouchbaseLite/DATABASE: ...finished deleting database file /data/data/com.couchbase.lite.kotlin.test/files/base-db-NRrRgZJuoiJz.cblite2/db.sqlite3 (with -wal and -shm)
07-30 10:35:22.014 18422 18445 D CouchbaseLite/TEST: Delete db base-db-NRrRgZJuoiJz succeeded
07-30 10:35:22.014 18422 18445 I CouchbaseLite/TEST: Deleted baseTestDb: Database{@0x3535f87, name='base-db-NRrRgZJuoiJz'}
07-30 10:35:22.015 18422 18445 D CouchbaseLite/TEST: Executor stopped: true
07-30 10:35:22.016 18422 18445 I CouchbaseLite/TEST: <<<<<<<< Test completed(00:00.061): testOrderByUsingPredictionValues
07-30 10:35:22.016 18422 18445 I TestRunner: finished: testOrderByUsingPredictionValues(com.couchbase.lite.PredictiveQueryTest)
07-30 10:35:22.018 18422 18422 I MonitoringInstr: Activities that are still in CREATED to STOPPED: 0
07-30 10:35:22.021 18422 18445 I TestRunner: started: testCosineDistance(com.couchbase.lite.PredictiveQueryTest)
07-30 10:35:22.022 18422 18422 I MonitoringInstr: Activities that are still in CREATED to STOPPED: 0
07-30 10:35:22.023 18422 18445 I CouchbaseLite/TEST: >>>>>>>> Test started: testCosineDistance
07-30 10:35:22.024 18422 18445 D CouchbaseLite/DATABASE: [JAVA] Opening db Database{@0x33f4538, name='base-db-bYSHckIdoRVA'} at path /data/data/com.couchbase.lite.kotlin.test/files
07-30 10:35:22.025 18422 18445 I CouchbaseLite/DATABASE: {N8litecore8DataFile6SharedE#13}==> N8litecore8DataFile6SharedE 0xb400006e58b6ec48 @0xb400006e58b6ec48
07-30 10:35:22.025 18422 18445 D CouchbaseLite/DATABASE: {N8litecore8DataFile6SharedE#13} instantiated on /data/data/com.couchbase.lite.kotlin.test/files/base-db-bYSHckIdoRVA.cblite2/db.sqlite3
07-30 10:35:22.025 18422 18445 D CouchbaseLite/DATABASE: {N8litecore8DataFile6SharedE#13} created for DataFile 0xb400006e58b6f050 at /data/data/com.couchbase.lite.kotlin.test/files/base-db-bYSHckIdoRVA.cblite2/db.sqlite3
07-30 10:35:22.025 18422 18445 I CouchbaseLite/DATABASE: {DB#14}==> N8litecore14SQLiteDataFileE /data/data/com.couchbase.lite.kotlin.test/files/base-db-bYSHckIdoRVA.cblite2/db.sqlite3 @0xb400006e58b6f050
07-30 10:35:22.025 18422 18445 I CouchbaseLite/DATABASE: {DB#14} Opening database
07-30 10:35:22.025 18422 18445 I CouchbaseLite/DATABASE: PRAGMA auto_vacuum=incremental; PRAGMA journal_mode=WAL; BEGIN; CREATE TABLE IF NOT EXISTS kvmeta (name TEXT PRIMARY KEY, lastSeq INTEGER DEFAULT 0, purgeCnt INTEGER DEFAULT 0) WITHOUT ROWID; PRAGMA user_version=400; END;
07-30 10:35:22.037 18422 18445 I CouchbaseLite/DATABASE: ... PRAGMA auto_vacuum
07-30 10:35:22.037 18422 18445 D CouchbaseLite/DATABASE: {DB#14} open KVS 'default'
07-30 10:35:22.037 18422 18445 I CouchbaseLite/DATABASE: ... SELECT sql FROM sqlite_master WHERE name = ? AND type = ? AND tbl_name = ?
07-30 10:35:22.037 18422 18445 I CouchbaseLite/DATABASE: CREATE TABLE IF NOT EXISTS kv_default ( key TEXT PRIMARY KEY, sequence INTEGER, flags INTEGER DEFAULT 0, version BLOB, body BLOB, extra BLOB)
07-30 10:35:22.037 18422 18445 I CouchbaseLite/DATABASE: PRAGMA cache_size=-10240; PRAGMA mmap_size=52428800; PRAGMA synchronous=normal; PRAGMA journal_size_limit=5242880; PRAGMA case_sensitive_like=true
07-30 10:35:22.038 18422 18445 D CouchbaseLite/DATABASE: {DB#14} open KVS 'info'
07-30 10:35:22.038 18422 18445 I CouchbaseLite/DATABASE: ... SELECT sql FROM sqlite_master WHERE name = ? AND type = ? AND tbl_name = ?
07-30 10:35:22.038 18422 18445 I CouchbaseLite/DATABASE: CREATE TABLE IF NOT EXISTS kv_info ( key TEXT PRIMARY KEY, sequence INTEGER, flags INTEGER DEFAULT 0, version BLOB, body BLOB, extra BLOB)
07-30 10:35:22.039 18422 18445 I CouchbaseLite/DATABASE: Compiling SQL "SELECT sequence, flags, null, version, body, extra FROM kv_info WHERE key=?"
07-30 10:35:22.039 18422 18445 I CouchbaseLite/DATABASE: ... SELECT sequence, flags, null, version, body, extra FROM kv_info WHERE key=?
07-30 10:35:22.039 18422 18445 V CouchbaseLite/DATABASE: {DB#14} begin transaction
07-30 10:35:22.039 18422 18445 I CouchbaseLite/DATABASE: BEGIN
07-30 10:35:22.039 18422 18445 I CouchbaseLite/DATABASE: ... SELECT sequence, flags, null, version, body, extra FROM kv_info WHERE key=?
07-30 10:35:22.039 18422 18445 I chatty : uid=10331(com.couchbase.lite.kotlin.test) roidJUnitRunner identical 1 line
07-30 10:35:22.039 18422 18445 I CouchbaseLite/DATABASE: ... SELECT sequence, flags, null, version, body, extra FROM kv_info WHERE key=?
07-30 10:35:22.039 18422 18445 V CouchbaseLite/DATABASE: {DB#14} KeyStore(info) set 'publicUUID'
07-30 10:35:22.039 18422 18445 I CouchbaseLite/DATABASE: Compiling SQL "INSERT OR REPLACE INTO kv_info (key, version, body) VALUES (?, ?, ?)"
07-30 10:35:22.039 18422 18445 I CouchbaseLite/DATABASE: ... INSERT OR REPLACE INTO kv_info (key, version, body) VALUES (?, ?, ?)
07-30 10:35:22.040 18422 18445 I CouchbaseLite/DATABASE: ... SELECT sequence, flags, null, version, body, extra FROM kv_info WHERE key=?
07-30 10:35:22.040 18422 18445 V CouchbaseLite/DATABASE: {DB#14} KeyStore(info) set 'privateUUID'
07-30 10:35:22.040 18422 18445 I CouchbaseLite/DATABASE: ... INSERT OR REPLACE INTO kv_info (key, version, body) VALUES (?, ?, ?)
07-30 10:35:22.040 18422 18445 V CouchbaseLite/DATABASE: {DB#14} KeyStore(info) set 'versioning'
07-30 10:35:22.040 18422 18445 I CouchbaseLite/DATABASE: ... INSERT OR REPLACE INTO kv_info (key, version, body) VALUES (?, ?, ?)
07-30 10:35:22.040 18422 18445 V CouchbaseLite/DATABASE: {DB#14} commit transaction
07-30 10:35:22.040 18422 18445 I CouchbaseLite/DATABASE: COMMIT
07-30 10:35:22.040 18422 18445 I CouchbaseLite/DATABASE: {N8litecore14CollectionImplE#15}==> N8litecore14CollectionImplE base-db-bYSHckIdoRVA/_default @0xb400006e08b0cd30
07-30 10:35:22.040 18422 18445 I CouchbaseLite/DATABASE: {N8litecore14CollectionImplE#15} Instantiated
07-30 10:35:22.040 18422 18445 I CouchbaseLite/DATABASE: ... SELECT substr(name,4) FROM sqlite_master WHERE type='table' AND name GLOB 'kv_*'
07-30 10:35:22.040 18422 18445 I CouchbaseLite/DATABASE: ... SELECT sql FROM sqlite_master WHERE name = ? AND type = ? AND tbl_name = ?
07-30 10:35:22.041 18422 18445 V CouchbaseLite/DATABASE: {DB#14} Next expiration time is 0
