01-05 13:12:57.008 15889 15905 D CouchbaseLite/NETWORK: [JAVA] DEBUG!!! RELEASE C4SOCKET PEER: @0x7a31922820
01-05 13:12:57.008 15889 16136 V CouchbaseLite/NETWORK: {N8litecore4repl12C4SocketImplE#1626} Received 7-byte message
01-05 13:12:57.009 15889 16002 I CouchbaseLite/REPLICATOR: {n8litecore4repl6pushere#1655} Caught up, at lastSequence #0
01-05 13:12:57.009 15889 16002 I CouchbaseLite/REPLICATOR: {n8litecore4repl6pushere#1655} activityLevel=busy: pendingResponseCount=0, caughtUp=1, changeLists=0, revsInFlight=0, blobsInFlight=0, awaitingReply=0, revsToSend=0, pushingDocs=0, pendingSequences=0
01-05 13:12:57.009 15889 15905 I CouchbaseLite/NETWORK: {N8litecore4repl12C4SocketImplE#1657}==> N8litecore4repl12C4SocketImplE x-msg-conn:///29d75b2 @0x7a319226f8
01-05 13:12:57.009 15889 15905 E CouchbaseLite/NETWORK: {N8litecore4repl12C4SocketImplE#1657} WebSocket failed to connect! (reason=Unknown error 10)
01-05 13:12:57.009 15889 15905 W ite.kotlin.tes: 0xebadde09 skipped times: 0
01-05 13:12:57.010 15889 16002 V CouchbaseLite/NETWORK: {N8litecore4blip6BLIPIOE#1650} Sending 'proposeChanges' REQ #4 UN
01-05 13:12:57.010 15889 15995 V CouchbaseLite/NETWORK: {N8litecore4blip6BLIPIOE#1639} Received frame: RES #2 -U-C, length 41
01-05 13:12:57.010 15889 15995 V CouchbaseLite/NETWORK: {N8litecore4blip10ConnectionE#1624} Receiving RES #2 UZ
01-05 13:12:57.010 15889 15995 V CouchbaseLite/NETWORK: {N8litecore4blip10ConnectionE#1624} Finished receiving RES #2 UZ
01-05 13:12:57.010 15889 15905 F libc : Fatal signal 11 (SIGSEGV), code 1 (SEGV_MAPERR), fault addr 0x0 in tid 15905 (FinalizerDaemon), pid 15889 (ite.kotlin.test)
01-05 13:12:57.011 15889 15995 D CouchbaseLite/NETWORK: [JAVA] ^C4Socket.completedReceive@7b39c173a0(43)
01-05 13:12:57.011 15889 16002 V CouchbaseLite/NETWORK: {N8litecore4blip6BLIPIOE#1650} Sending frame: REQ #4 -UN-, bytes 0--29
01-05 13:12:57.011 15889 16002 V CouchbaseLite/NETWORK: {N8litecore4repl12C4SocketImplE#1638} Sending 32-byte message
01-05 13:12:57.011 15889 16002 D CouchbaseLite/NETWORK: [JAVA] ^C4Socket.write@7b39c18de0(32)
01-05 13:12:57.011 15889 15995 V CouchbaseLite/NETWORK: {N8litecore4blip6BLIPIOE#1644} Sending 'changes' REQ #1 UN
01-05 13:12:57.011 15889 16009 D CouchbaseLite/NETWORK: [JAVA] UnframedStreamSocket@0x913157b{C4Socket@x7b39c173a0 <=> MockClient@0xcc36575{@0x913157b,false}}.coreAckReceive: 43
01-05 13:12:57.011 15889 16009 D CouchbaseLite/NETWORK: [JAVA] UnframedStreamSocket@0x878b8f3{C4Socket@x7b39c18de0 <=> MockClient@0x77aaf62{@0x878b8f3,false}}.coreWrites: 32
01-05 13:12:57.012 15889 16009 D CouchbaseLite/TEST: MOCK CONNECTION:CBL worker #5(12129) MockClient@0x77aaf62{@0x878b8f3,false}.send(32) com.couchbase.lite.internal.replicator.-$$Lambda$MessageSocket$GwNDDW6wl4G7ayaxaRmBhixDqxE@894c255
01-05 13:12:57.012 15889 16138 D CouchbaseLite/TEST: MOCK CONNECTION:Client(14317) MockClient@0x77aaf62{@0x878b8f3,false} deliver send(32) com.couchbase.lite.internal.replicator.-$$Lambda$MessageSocket$GwNDDW6wl4G7ayaxaRmBhixDqxE@894c255
01-05 13:12:57.012 15889 16138 D CouchbaseLite/TEST: MOCK CONNECTION:Client(14317) MockClient@0x77aaf62{@0x878b8f3,false}.getLogicError @SEND: null
01-05 13:12:57.012 15889 16138 D CouchbaseLite/TEST: MOCK CONNECTION:Client(14317) MockClient@0x77aaf62{@0x878b8f3,false}.sendAsync(32) null com.couchbase.lite.internal.replicator.-$$Lambda$MessageSocket$GwNDDW6wl4G7ayaxaRmBhixDqxE@894c255
01-05 13:12:57.012 15889 16138 D CouchbaseLite/TEST: MOCK CONNECTION:Client(14317) MockServer(P2PPassiveCloseAll2)@0x29d75b2{@0x0,false}.accept(32)
01-05 13:12:57.012 15889 16138 D CouchbaseLite/NETWORK: [JAVA] UnframedStreamSocket@0x878b8f3{C4Socket@x7b39c18de0 <=> MockClient@0x77aaf62{@0x878b8f3,false}}.ackMessageToCore (32)
01-05 13:12:57.012 15889 16138 D CouchbaseLite/NETWORK: [JAVA] vC4Socket@x7b39c18de0.ackWriteToCore(32)
01-05 13:12:57.013 15889 15995 V CouchbaseLite/NETWORK: {N8litecore4blip6BLIPIOE#1644} Sending frame: REQ #1 -UN-, bytes 0--22
01-05 13:12:57.013 15889 15995 V CouchbaseLite/NETWORK: {N8litecore4repl12C4SocketImplE#1637} Sending 25-byte message
01-05 13:12:57.013 15889 15995 D CouchbaseLite/NETWORK: [JAVA] ^C4Socket.write@7a319216a0(25)
01-05 13:12:57.013 15889 16002 V CouchbaseLite/NETWORK: {N8litecore4blip6BLIPIOE#1650} Finished sending REQ #4 UN
01-05 13:12:57.116 15889 15995 V CouchbaseLite/NETWORK: {N8litecore4blip6BLIPIOE#1644} Finished sending REQ #1 UN
01-05 13:12:57.117 15889 16010 D CouchbaseLite/NETWORK: [JAVA] UnframedStreamSocket@0x257abd6{C4Socket@x7a319216a0 <=> MockServer(P2PPassiveCloseAll1)@0x842f714{@0x257abd6,false}}.coreWrites: 25
01-05 13:12:57.117 15889 16002 V CouchbaseLite/NETWORK: {N8litecore4blip6BLIPIOE#1650} ...Wrote 32 bytes to WebSocket (writeable=1)
01-05 13:12:57.118 15889 16010 D CouchbaseLite/TEST: MOCK CONNECTION:CBL worker #6(12137) MockServer(P2PPassiveCloseAll1)@0x842f714{@0x257abd6,false}.send(25) com.couchbase.lite.internal.replicator.-$$Lambda$MessageSocket$GwNDDW6wl4G7ayaxaRmBhixDqxE@d4ad46a
01-05 13:12:57.118 15889 16002 I CouchbaseLite/REPLICATOR: {N8litecore4repl6PusherE#1652} activityLevel=busy: pendingResponseCount=1, caughtUp=1, changeLists=1, revsInFlight=0, blobsInFlight=0, awaitingReply=0, revsToSend=0, pushingDocs=1, pendingSequences=1
01-05 13:12:57.118 15889 15995 V CouchbaseLite/NETWORK: {N8litecore4blip6BLIPIOE#1644} ...Wrote 25 bytes to WebSocket (writeable=1)
01-05 13:12:57.120 15889 16137 D CouchbaseLite/TEST: MOCK CONNECTION:Server(P2PPassiveCloseAll1)(14306) MockServer(P2PPassiveCloseAll1)@0x842f714{@0x257abd6,false} deliver send(25) com.couchbase.lite.internal.replicator.-$$Lambda$MessageSocket$GwNDDW6wl4G7ayaxaRmBhixDqxE@d4ad46a
01-05 13:12:57.121 15889 16137 D CouchbaseLite/TEST: MOCK CONNECTION:Server(P2PPassiveCloseAll1)(14306) MockServer(P2PPassiveCloseAll1)@0x842f714{@0x257abd6,false}.!sendAsync(25) =>@0xcc36575 com.couchbase.lite.internal.replicator.-$$Lambda$MessageSocket$GwNDDW6wl4G7ayaxaRmBhixDqxE@d4ad46a
01-05 13:12:57.121 15889 15995 V CouchbaseLite/REPLICATOR: {n8litecore4repl21replicatorchangesfeede#1656} Asking DB observer for 200 new changes since sequence #0 ...
01-05 13:12:57.121 15889 16137 D CouchbaseLite/TEST: MOCK CONNECTION:Server(P2PPassiveCloseAll1)(14306) MockClient@0xcc36575{@0x913157b,false}.accept(25)
01-05 13:12:57.121 15889 15995 I CouchbaseLite/REPLICATOR: {n8litecore4repl21replicatorchangesfeede#1656} No new observed changes...
01-05 13:12:57.121 15889 16137 D CouchbaseLite/TEST: MOCK CONNECTION:Server(P2PPassiveCloseAll1)(14306) MockClient@0xcc36575{@0x913157b,false}.deliver(25) *@0x913157b
01-05 13:12:57.121 15889 15995 I CouchbaseLite/REPLICATOR: {n8litecore4repl6pushere#1655} Found 0 changes up to #0
01-05 13:12:57.121 15889 16002 I CouchbaseLite/NETWORK: {N8litecore4repl12C4SocketImplE#1657} Connecting...
01-05 13:12:57.121 15889 16137 D CouchbaseLite/NETWORK: [JAVA] UnframedStreamSocket@0x257abd6{C4Socket@x7a319216a0 <=> MockServer(P2PPassiveCloseAll1)@0x842f714{@0x257abd6,false}}.ackMessageToCore (25)
01-05 13:12:57.121 15889 16136 D CouchbaseLite/TEST: MOCK CONNECTION:Client(14283) MockClient@0xcc36575{@0x913157b,false}deliver message (25) *@0x913157b
01-05 13:12:57.121 15889 16137 D CouchbaseLite/NETWORK: [JAVA] vC4Socket@x7a319216a0.ackWriteToCore(25)
01-05 13:12:57.121 15889 16136 D CouchbaseLite/TEST: MOCK CONNECTION:Client(14283) MockClient@0xcc36575{@0x913157b,false}.getLogicError @RECEIVE: null
01-05 13:12:57.122 15889 15995 I CouchbaseLite/REPLICATOR: {n8litecore4repl6pushere#1655} activityLevel=busy: pendingResponseCount=0, caughtUp=1, changeLists=0, revsInFlight=0, blobsInFlight=0, awaitingReply=0, revsToSend=0, pushingDocs=0, pendingSequences=0
01-05 13:12:57.122 15889 16136 D CouchbaseLite/TEST: MOCK CONNECTION:Client(14283) MockClient@0xcc36575{@0x913157b,false}.deliverAsync(25) *@0x913157b null
01-05 13:12:57.122 15889 15995 I CouchbaseLite/REPLICATOR: {N8litecore4repl6PusherE#1640} Got response for 1 local changes (sequences from 1)
01-05 13:12:57.122 15889 16002 D CouchbaseLite/NETWORK: [JAVA] ^C4Socket.open@7a31922820: null
01-05 13:12:57.122 15889 16136 D CouchbaseLite/NETWORK: [JAVA] UnframedStreamSocket@0x913157b{C4Socket@x7b39c173a0 <=> MockClient@0xcc36575{@0x913157b,false}}.remoteRequestedSend: com.couchbase.lite.Message@990ed5b
01-05 13:12:57.122 15889 16136 D CouchbaseLite/NETWORK: [JAVA] vC4Socket@x7b39c173a0.sendToCore(25)
01-05 13:12:57.123 15889 16002 W CouchbaseLite/NETWORK: [JAVA] C4Socket.open: factory is not a SocketFactory: null
01-05 13:12:57.123 15889 15995 V CouchbaseLite/REPLICATOR: {N8litecore4repl6PusherE#1640} Queueing rev 'test' #1-fec5440dbdd42b9efc3840ed449af8bc861700ad (seq #1) [1 queued]
01-05 13:12:57.123 15889 15995 V CouchbaseLite/REPLICATOR: {N8litecore4repl6PusherE#1640} Sending rev 'test' #1-fec5440dbdd42b9efc3840ed449af8bc861700ad (seq #1) [0/10]
01-05 13:12:57.123 15889 16136 V CouchbaseLite/NETWORK: {N8litecore4repl12C4SocketImplE#1626} Received 25-byte message
01-05 13:12:57.124 15889 15995 I CouchbaseLite/DATABASE: Compiling SQL "SELECT sequence, flags, null, version, body, extra FROM kv_default WHERE key=?"
01-05 13:12:57.124 15889 16002 V CouchbaseLite/NETWORK: {N8litecore4blip6BLIPIOE#1639} Received frame: RES #3 ----, length 5
01-05 13:12:57.124 15889 16002 V CouchbaseLite/NETWORK: {N8litecore4blip10ConnectionE#1624} Receiving RES #3
01-05 13:12:57.124 15889 16002 V CouchbaseLite/NETWORK: {N8litecore4blip10ConnectionE#1624} Finished receiving RES #3
01-05 13:12:57.124 15889 16002 D CouchbaseLite/NETWORK: [JAVA] ^C4Socket.completedReceive@7b39c173a0(7)
01-05 13:12:57.124 15889 15995 I CouchbaseLite/DATABASE: ... SELECT sequence, flags, null, version, body, extra FROM kv_default WHERE key=?
01-05 13:12:57.125 15889 16002 V CouchbaseLite/NETWORK: {N8litecore4blip6BLIPIOE#1644} Sending 'changes' REQ #2 UN
01-05 13:12:57.125 15889 16002 V CouchbaseLite/NETWORK: {N8litecore4blip6BLIPIOE#1644} Sending frame: REQ #2 -UN-, bytes 0--22
01-05 13:12:57.125 15889 16002 V CouchbaseLite/NETWORK: {N8litecore4repl12C4SocketImplE#1637} Sending 25-byte message
01-05 13:12:57.125 15889 16013 D CouchbaseLite/NETWORK: [JAVA] UnframedStreamSocket@0x913157b{C4Socket@x7b39c173a0 <=> MockClient@0xcc36575{@0x913157b,false}}.coreAckReceive: 7
01-05 13:12:57.126 15889 15995 V CouchbaseLite/REPLICATOR: {N8litecore4repl6PusherE#1640} Transmitting 'rev' message with 'test' #1-fec5440dbdd42b9efc3840ed449af8bc861700ad
01-05 13:12:57.126 15889 16002 D CouchbaseLite/NETWORK: [JAVA] ^C4Socket.write@7a319216a0(25)
01-05 13:12:57.126 15889 15995 I CouchbaseLite/REPLICATOR: {N8litecore4repl6PusherE#1640} activityLevel=busy: pendingResponseCount=1, caughtUp=1, changeLists=0, revsInFlight=1, blobsInFlight=0, awaitingReply=0, revsToSend=0, pushingDocs=1, pendingSequences=1
01-05 13:12:57.126 15889 15995 I CouchbaseLite/REPLICATOR: {n8litecore4repl6pushere#1655} activityLevel=idle: pendingResponseCount=0, caughtUp=1, changeLists=0, revsInFlight=0, blobsInFlight=0, awaitingReply=0, revsToSend=0, pushingDocs=0, pendingSequences=0
01-05 13:12:57.126 15889 15995 V CouchbaseLite/REPLICATOR: {n8litecore4repl6pushere#1655} now idle
01-05 13:12:57.127 15889 15995 I CouchbaseLite/REPLICATOR: {N8litecore4repl6PullerE#1642} activityLevel=busy: pendingResponseCount=0, _caughtUp=0, _pendingRevMessages=0, _activeIncomingRevs=0
01-05 13:12:57.127 15889 15995 V CouchbaseLite/NETWORK: {N8litecore4blip6BLIPIOE#1639} Received frame: REQ #1 -UN-, length 23
01-05 13:12:57.127 15889 15995 V CouchbaseLite/NETWORK: {N8litecore4blip10ConnectionE#1624} Receiving 'changes' REQ #1 UN
01-05 13:12:57.127 15889 15995 V CouchbaseLite/NETWORK: {N8litecore4blip10ConnectionE#1624} Finished receiving 'changes' REQ #1 UN
01-05 13:12:57.127 15889 16014 D CouchbaseLite/NETWORK: [JAVA] UnframedStreamSocket@0x257abd6{C4Socket@x7a319216a0 <=> MockServer(P2PPassiveCloseAll1)@0x842f714{@0x257abd6,false}}.coreWrites: 25
01-05 13:12:57.127 15889 15995 D CouchbaseLite/NETWORK: [JAVA] ^C4Socket.completedReceive@7b39c173a0(25)
01-05 13:12:57.127 15889 15995 V CouchbaseLite/REPLICATOR: {N8litecore4repl21ReplicatorChangesFeedE#1641} Asking DB observer for 200 new changes since sequence #1 ...
01-05 13:12:57.127 15889 16014 D CouchbaseLite/TEST: MOCK CONNECTION:CBL worker #10(12433) MockServer(P2PPassiveCloseAll1)@0x842f714{@0x257abd6,false}.send(25) com.couchbase.lite.internal.replicator.-$$Lambda$MessageSocket$GwNDDW6wl4G7ayaxaRmBhixDqxE@a68f9f8
01-05 13:12:57.128 15889 15995 I CouchbaseLite/REPLICATOR: {N8litecore4repl21ReplicatorChangesFeedE#1641} No new observed changes...
01-05 13:12:57.128 15889 15995 I CouchbaseLite/REPLICATOR: {N8litecore4repl6PusherE#1640} Found 0 changes up to #1
01-05 13:12:57.128 15889 15995 I CouchbaseLite/REPLICATOR: {N8litecore4repl6PusherE#1640} activityLevel=busy: pendingResponseCount=1, caughtUp=1, changeLists=0, revsInFlight=1, blobsInFlight=0, awaitingReply=0, revsToSend=0, pushingDocs=1, pendingSequences=1
01-05 13:12:57.128 15889 16012 D CouchbaseLite/NETWORK: [JAVA] UnframedStreamSocket@0x913157b{C4Socket@x7b39c173a0 <=> MockClient@0xcc36575{@0x913157b,false}}.coreAckReceive: 25
01-05 13:12:57.128 15889 15995 I CouchbaseLite/REPLICATOR: {repl#1634} pushStatus=idle, pullStatus=busy, progress=0/0
01-05 13:12:57.128 15889 15995 I CouchbaseLite/REPLICATOR: {repl#1634} activityLevel=busy: connectionState=2, savingChkpt=0
01-05 13:12:57.128 15889 15995 I CouchbaseLite/REPLICATOR: {N8litecore4repl9RevFinderE#1658}==> N8litecore4repl9RevFinderE {Repl#1625} @0x7a9da24090
01-05 13:12:57.128 15889 15995 V CouchbaseLite/REPLICATOR: {N8litecore4repl9RevFinderE#1658} Handling 'changes' REQ#1
01-05 13:12:57.128 15889 16137 D CouchbaseLite/TEST: MOCK CONNECTION:Server(P2PPassiveCloseAll1)(14306) MockServer(P2PPassiveCloseAll1)@0x842f714{@0x257abd6,false} deliver send(25) com.couchbase.lite.internal.replicator.-$$Lambda$MessageSocket$GwNDDW6wl4G7ayaxaRmBhixDqxE@a68f9f8
01-05 13:12:57.128 15889 15995 I CouchbaseLite/REPLICATOR: {N8litecore4repl9RevFinderE#1658} Caught up with remote changes
01-05 13:12:57.129 15889 15995 V CouchbaseLite/REPLICATOR: {N8litecore4repl9RevFinderE#1658} now idle
01-05 13:12:57.129 15889 15995 V CouchbaseLite/NETWORK: {N8litecore4blip6BLIPIOE#1639} Sending 'rev' REQ #5 Z
01-05 13:12:57.129 15889 16137 D CouchbaseLite/TEST: MOCK CONNECTION:Server(P2PPassiveCloseAll1)(14306) MockServer(P2PPassiveCloseAll1)@0x842f714{@0x257abd6,false}.!sendAsync(25) =>@0xcc36575 com.couchbase.lite.internal.replicator.-$$Lambda$MessageSocket$GwNDDW6wl4G7ayaxaRmBhixDqxE@a68f9f8
01-05 13:12:57.129 15889 16137 D CouchbaseLite/TEST: MOCK CONNECTION:Server(P2PPassiveCloseAll1)(14306) MockClient@0xcc36575{@0x913157b,false}.accept(25)
01-05 13:12:57.129 15889 15995 V CouchbaseLite/NETWORK: {N8litecore4blip6BLIPIOE#1639} Sending frame: REQ #5 ---C, bytes 0--63
01-05 13:12:57.129 15889 15995 V CouchbaseLite/NETWORK: {N8litecore4repl12C4SocketImplE#1626} Sending 66-byte message
01-05 13:12:57.129 15889 15995 D CouchbaseLite/NETWORK: [JAVA] ^C4Socket.write@7b39c173a0(66)
01-05 13:12:57.129 15889 16137 D CouchbaseLite/TEST: MOCK CONNECTION:Server(P2PPassiveCloseAll1)(14306) MockClient@0xcc36575{@0x913157b,false}.deliver(25) *@0x913157b
01-05 13:12:57.129 15889 15995 V CouchbaseLite/NETWORK: {N8litecore4blip6BLIPIOE#1639} Finished sending REQ #5 Z
01-05 13:12:57.130 15889 15995 V CouchbaseLite/NETWORK: {N8litecore4blip6BLIPIOE#1639} ...Wrote 66 bytes to WebSocket (writeable=1)
01-05 13:12:57.130 15889 15995 I CouchbaseLite/REPLICATOR: {N8litecore4repl6PusherE#1640} activityLevel=busy: pendingResponseCount=1, caughtUp=1, changeLists=0, revsInFlight=1, blobsInFlight=0, awaitingReply=0, revsToSend=0, pushingDocs=1, pendingSequences=1
01-05 13:12:57.130 15889 15995 I CouchbaseLite/REPLICATOR: {N8litecore4repl6PullerE#1642} activityLevel=idle: pendingResponseCount=0, _caughtUp=1, _pendingRevMessages=0, _activeIncomingRevs=0
01-05 13:12:57.130 15889 16137 D CouchbaseLite/NETWORK: [JAVA] UnframedStreamSocket@0x257abd6{C4Socket@x7a319216a0 <=> MockServer(P2PPassiveCloseAll1)@0x842f714{@0x257abd6,false}}.ackMessageToCore (25)
01-05 13:12:57.130 15889 15995 V CouchbaseLite/REPLICATOR: {N8litecore4repl6PullerE#1642} now idle
01-05 13:12:57.130 15889 15995 I CouchbaseLite/REPLICATOR: {Repl#1625} pushStatus=busy, pullStatus=busy, progress=0/16
01-05 13:12:57.130 15889 16137 D CouchbaseLite/NETWORK: [JAVA] vC4Socket@x7a319216a0.ackWriteToCore(25)
01-05 13:12:57.130 15889 16136 D CouchbaseLite/TEST: MOCK CONNECTION:Client(14283) MockClient@0xcc36575{@0x913157b,false}deliver message (25) *@0x913157b
01-05 13:12:57.130 15889 15995 I CouchbaseLite/REPLICATOR: {Repl#1625} activityLevel=busy: connectionState=2, savingChkpt=1
01-05 13:12:57.130 15889 15995 V CouchbaseLite/NETWORK: {N8litecore4blip6BLIPIOE#1639} Sending 'proposeChanges' REQ #6 UN
01-05 13:12:57.130 15889 15995 V CouchbaseLite/NETWORK: {N8litecore4blip6BLIPIOE#1639} Sending frame: REQ #6 -UN-, bytes 0--29
01-05 13:12:57.131 15889 15995 V CouchbaseLite/NETWORK: {N8litecore4repl12C4SocketImplE#1626} Sending 32-byte message
01-05 13:12:57.131 15889 16136 D CouchbaseLite/TEST: MOCK CONNECTION:Client(14283) MockClient@0xcc36575{@0x913157b,false}.getLogicError @RECEIVE: null
01-05 13:12:57.131 15889 15995 D CouchbaseLite/NETWORK: [JAVA] ^C4Socket.write@7b39c173a0(32)
01-05 13:12:57.131 15889 16136 D CouchbaseLite/TEST: MOCK CONNECTION:Client(14283) MockClient@0xcc36575{@0x913157b,false}.deliverAsync(25) *@0x913157b null
01-05 13:12:57.131 15889 15995 V CouchbaseLite/NETWORK: {N8litecore4blip6BLIPIOE#1639} Finished sending REQ #6 UN
01-05 13:12:57.131 15889 15995 V CouchbaseLite/NETWORK: {N8litecore4blip6BLIPIOE#1639} ...Wrote 32 bytes to WebSocket (writeable=1)
01-05 13:12:57.131 15889 15995 I CouchbaseLite/REPLICATOR: {N8litecore4repl6PusherE#1640} activityLevel=busy: pendingResponseCount=1, caughtUp=1, changeLists=0, revsInFlight=0, blobsInFlight=0, awaitingReply=110, revsToSend=0, pushingDocs=1, pendingSequences=1
01-05 13:12:57.131 15889 16136 D CouchbaseLite/NETWORK: [JAVA] UnframedStreamSocket@0x913157b{C4Socket@x7b39c173a0 <=> MockClient@0xcc36575{@0x913157b,false}}.remoteRequestedSend: com.couchbase.lite.Message@8ac2ed1
01-05 13:12:57.131 15889 15995 I CouchbaseLite/REPLICATOR: {Repl#1625} pushStatus=busy, pullStatus=idle, progress=0/16
01-05 13:12:57.131 15889 15995 I CouchbaseLite/REPLICATOR: {Repl#1625} activityLevel=busy: connectionState=2, savingChkpt=1
01-05 13:12:57.131 15889 16136 D CouchbaseLite/NETWORK: [JAVA] vC4Socket@x7b39c173a0.sendToCore(25)
01-05 13:12:57.131 15889 15995 V CouchbaseLite/REPLICATOR: {Repl#1625} Saving remote checkpoint 'cp-Hv9xZn7yxj0q4M+VskvzQ/SJITQ=' over rev='': {"time":1641417177} ...
01-05 13:12:57.132 15889 15995 I CouchbaseLite/REPLICATOR: {Repl#1625} activityLevel=busy: connectionState=2, savingChkpt=1
01-05 13:12:57.132 15889 16004 D CouchbaseLite/NETWORK: [JAVA] UnframedStreamSocket@0x913157b{C4Socket@x7b39c173a0 <=> MockClient@0xcc36575{@0x913157b,false}}.coreWrites: 66
01-05 13:12:57.132 15889 16004 D CouchbaseLite/TEST: MOCK CONNECTION:CBL worker #4(12111) MockClient@0xcc36575{@0x913157b,false}.send(66) com.couchbase.lite.internal.replicator.-$$Lambda$MessageSocket$GwNDDW6wl4G7ayaxaRmBhixDqxE@e39cd36
01-05 13:12:57.132 15889 15997 V CouchbaseLite/NETWORK: {N8litecore4blip6BLIPIOE#1639} Sending 'setCheckpoint' REQ #7
01-05 13:12:57.133 15889 15997 V CouchbaseLite/NETWORK: {N8litecore4blip6BLIPIOE#1639} Sending frame: REQ #7 ----, bytes 0--89
01-05 13:12:57.133 15889 16004 D CouchbaseLite/NETWORK: [JAVA] UnframedStreamSocket@0x913157b{C4Socket@x7b39c173a0 <=> MockClient@0xcc36575{@0x913157b,false}}.coreWrites: 32
01-05 13:12:57.133 15889 16004 D CouchbaseLite/TEST: MOCK CONNECTION:CBL worker #4(12111) MockClient@0xcc36575{@0x913157b,false}.send(32) com.couchbase.lite.internal.replicator.-$$Lambda$MessageSocket$GwNDDW6wl4G7ayaxaRmBhixDqxE@8e70437
01-05 13:12:57.133 15889 15997 V CouchbaseLite/NETWORK: {N8litecore4repl12C4SocketImplE#1626} Sending 92-byte message
01-05 13:12:57.134 15889 15997 D CouchbaseLite/NETWORK: [JAVA] ^C4Socket.write@7b39c173a0(92)
01-05 13:12:57.134 15889 15997 V CouchbaseLite/NETWORK: {N8litecore4blip6BLIPIOE#1639} Finished sending REQ #7
01-05 13:12:57.135 15889 15997 V CouchbaseLite/NETWORK: {N8litecore4blip6BLIPIOE#1639} ...Wrote 92 bytes to WebSocket (writeable=1)
01-05 13:12:57.135 15889 16009 D CouchbaseLite/NETWORK: [JAVA] UnframedStreamSocket@0x913157b{C4Socket@x7b39c173a0 <=> MockClient@0xcc36575{@0x913157b,false}}.coreWrites: 92
01-05 13:12:57.135 15889 16009 D CouchbaseLite/TEST: MOCK CONNECTION:CBL worker #5(12129) MockClient@0xcc36575{@0x913157b,false}.send(92) com.couchbase.lite.internal.replicator.-$$Lambda$MessageSocket$GwNDDW6wl4G7ayaxaRmBhixDqxE@72fbda4
01-05 13:12:57.135 15889 15997 I CouchbaseLite/REPLICATOR: {Repl#1625} activityLevel=busy: connectionState=2, savingChkpt=1
01-05 13:12:57.136 15889 16002 V CouchbaseLite/NETWORK: {N8litecore4blip6BLIPIOE#1644} Finished sending REQ #2 UN
01-05 13:12:57.136 15889 16136 V CouchbaseLite/NETWORK: {N8litecore4repl12C4SocketImplE#1626} Received 25-byte message
01-05 13:12:57.137 15889 16002 V CouchbaseLite/NETWORK: {N8litecore4blip6BLIPIOE#1644} ...Wrote 25 bytes to WebSocket (writeable=1)
01-05 13:12:57.137 15889 16136 D CouchbaseLite/TEST: MOCK CONNECTION:Client(14283) MockClient@0xcc36575{@0x913157b,false} deliver send(66) com.couchbase.lite.internal.replicator.-$$Lambda$MessageSocket$GwNDDW6wl4G7ayaxaRmBhixDqxE@e39cd36
01-05 13:12:57.137 15889 16000 V CouchbaseLite/NETWORK: {N8litecore4blip6BLIPIOE#1639} Received frame: REQ #2 -UN-, length 23
01-05 13:12:57.137 15889 16136 D CouchbaseLite/TEST: MOCK CONNECTION:Client(14283) MockClient@0xcc36575{@0x913157b,false}.getLogicError @SEND: null
01-05 13:12:57.138 15889 16136 D CouchbaseLite/TEST: MOCK CONNECTION:Client(14283) MockClient@0xcc36575{@0x913157b,false}.sendAsync(66) null com.couchbase.lite.internal.replicator.-$$Lambda$MessageSocket$GwNDDW6wl4G7ayaxaRmBhixDqxE@e39cd36
01-05 13:12:57.138 15889 16002 V CouchbaseLite/NETWORK: {N8litecore4blip6BLIPIOE#1644} Sending 'changes' REQ #3 UN
01-05 13:12:57.138 15889 16136 D CouchbaseLite/TEST: MOCK CONNECTION:Client(14283) MockServer(P2PPassiveCloseAll1)@0x842f714{@0x257abd6,false}.accept(66)
01-05 13:12:57.138 15889 16136 D CouchbaseLite/TEST: MOCK CONNECTION:Client(14283) MockServer(P2PPassiveCloseAll1)@0x842f714{@0x257abd6,false}.deliver(66) *@0x257abd6
01-05 13:12:57.138 15889 16000 V CouchbaseLite/NETWORK: {N8litecore4blip10ConnectionE#1624} Receiving 'changes' REQ #2 UN
01-05 13:12:57.138 15889 16136 D CouchbaseLite/NETWORK: [JAVA] UnframedStreamSocket@0x913157b{C4Socket@x7b39c173a0 <=> MockClient@0xcc36575{@0x913157b,false}}.ackMessageToCore (66)
01-05 13:12:57.138 15889 16136 D CouchbaseLite/NETWORK: [JAVA] vC4Socket@x7b39c173a0.ackWriteToCore(66)
01-05 13:12:57.139 15889 16000 V CouchbaseLite/NETWORK: {N8litecore4blip10ConnectionE#1624} Finished receiving 'changes' REQ #2 UN
01-05 13:12:57.139 15889 16137 D CouchbaseLite/TEST: MOCK CONNECTION:Server(P2PPassiveCloseAll1)(14306) MockServer(P2PPassiveCloseAll1)@0x842f714{@0x257abd6,false}deliver message (66) *@0x257abd6
01-05 13:12:57.139 15889 16136 D CouchbaseLite/TEST: MOCK CONNECTION:Client(14283) MockClient@0xcc36575{@0x913157b,false} deliver send(32) com.couchbase.lite.internal.replicator.-$$Lambda$MessageSocket$GwNDDW6wl4G7ayaxaRmBhixDqxE@8e70437
01-05 13:12:57.139 15889 16136 D CouchbaseLite/TEST: MOCK CONNECTION:Client(14283) MockClient@0xcc36575{@0x913157b,false}.getLogicError @SEND: null
01-05 13:12:57.139 15889 16137 D CouchbaseLite/TEST: MOCK CONNECTION:Server(P2PPassiveCloseAll1)(14306) MockServer(P2PPassiveCloseAll1)@0x842f714{@0x257abd6,false}.!deliverAsync(66) *@0x257abd6
01-05 13:12:57.139 15889 16000 D CouchbaseLite/NETWORK: [JAVA] ^C4Socket.completedReceive@7b39c173a0(25)
01-05 13:12:57.139 15889 15998 V CouchbaseLite/REPLICATOR: {N8litecore4repl9RevFinderE#1658} Handling 'changes' REQ#2
01-05 13:12:57.139 15889 16136 D CouchbaseLite/TEST: MOCK CONNECTION:Client(14283) MockClient@0xcc36575{@0x913157b,false}.sendAsync(32) null com.couchbase.lite.internal.replicator.-$$Lambda$MessageSocket$GwNDDW6wl4G7ayaxaRmBhixDqxE@8e70437
01-05 13:12:57.139 15889 16137 D CouchbaseLite/NETWORK: [JAVA] UnframedStreamSocket@0x257abd6{C4Socket@x7a319216a0 <=> MockServer(P2PPassiveCloseAll1)@0x842f714{@0x257abd6,false}}.remoteRequestedSend: com.couchbase.lite.Message@bf3e70d
01-05 13:12:57.140 15889 16137 D CouchbaseLite/NETWORK: [JAVA] vC4Socket@x7a319216a0.sendToCore(66)
01-05 13:12:57.140 15889 16136 D CouchbaseLite/TEST: MOCK CONNECTION:Client(14283) MockServer(P2PPassiveCloseAll1)@0x842f714{@0x257abd6,false}.accept(32)
01-05 13:12:57.140 15889 16136 D CouchbaseLite/TEST: MOCK CONNECTION:Client(14283) MockServer(P2PPassiveCloseAll1)@0x842f714{@0x257abd6,false}.deliver(32) *@0x257abd6
01-05 13:12:57.140 15889 15998 I CouchbaseLite/REPLICATOR: {N8litecore4repl9RevFinderE#1658} Caught up with remote changes
01-05 13:12:57.140 15889 16010 D CouchbaseLite/NETWORK: [JAVA] UnframedStreamSocket@0x913157b{C4Socket@x7b39c173a0 <=> MockClient@0xcc36575{@0x913157b,false}}.coreAckReceive: 25
01-05 13:12:57.140 15889 16136 D CouchbaseLite/NETWORK: [JAVA] UnframedStreamSocket@0x913157b{C4Socket@x7b39c173a0 <=> MockClient@0xcc36575{@0x913157b,false}}.ackMessageToCore (32)
01-05 13:12:57.140 15889 16002 V CouchbaseLite/NETWORK: {N8litecore4blip6BLIPIOE#1644} Sending frame: REQ #3 -UN-, bytes 0--22
01-05 13:12:57.140 15889 16136 D CouchbaseLite/NETWORK: [JAVA] vC4Socket@x7b39c173a0.ackWriteToCore(32)
01-05 13:12:57.140 15889 16002 V CouchbaseLite/NETWORK: {N8litecore4repl12C4SocketImplE#1637} Sending 25-byte message
01-05 13:12:57.141 15889 16002 D CouchbaseLite/NETWORK: [JAVA] ^C4Socket.write@7a319216a0(25)
01-05 13:12:57.141 15889 16136 D CouchbaseLite/TEST: MOCK CONNECTION:Client(14283) MockClient@0xcc36575{@0x913157b,false} deliver send(92) com.couchbase.lite.internal.replicator.-$$Lambda$MessageSocket$GwNDDW6wl4G7ayaxaRmBhixDqxE@72fbda4
01-05 13:12:57.141 15889 15998 I CouchbaseLite/REPLICATOR: {N8litecore4repl6PullerE#1642} activityLevel=idle: pendingResponseCount=0, _caughtUp=1, _pendingRevMessages=0, _activeIncomingRevs=0
01-05 13:12:57.141 15889 16136 D CouchbaseLite/TEST: MOCK CONNECTION:Client(14283) MockClient@0xcc36575{@0x913157b,false}.getLogicError @SEND: null
01-05 13:12:57.141 15889 16013 D CouchbaseLite/NETWORK: [JAVA] UnframedStreamSocket@0x257abd6{C4Socket@x7a319216a0 <=> MockServer(P2PPassiveCloseAll1)@0x842f714{@0x257abd6,false}}.coreWrites: 25
01-05 13:12:57.141 15889 16136 D CouchbaseLite/TEST: MOCK CONNECTION:Client(14283) MockClient@0xcc36575{@0x913157b,false}.sendAsync(92) null com.couchbase.lite.internal.replicator.-$$Lambda$MessageSocket$GwNDDW6wl4G7ayaxaRmBhixDqxE@72fbda4
01-05 13:12:57.141 15889 16013 D CouchbaseLite/TEST: MOCK CONNECTION:CBL worker #9(12429) MockServer(P2PPassiveCloseAll1)@0x842f714{@0x257abd6,false}.send(25) com.couchbase.lite.internal.replicator.-$$Lambda$MessageSocket$GwNDDW6wl4G7ayaxaRmBhixDqxE@84d86c2
01-05 13:12:57.142 15889 16136 D CouchbaseLite/TEST: MOCK CONNECTION:Client(14283) MockServer(P2PPassiveCloseAll1)@0x842f714{@0x257abd6,false}.accept(92)
01-05 13:12:57.142 15889 16136 D CouchbaseLite/TEST: MOCK CONNECTION:Client(14283) MockServer(P2PPassiveCloseAll1)@0x842f714{@0x257abd6,false}.deliver(92) *@0x257abd6
01-05 13:12:57.142 15889 16137 V CouchbaseLite/NETWORK: {N8litecore4repl12C4SocketImplE#1637} Received 66-byte message
01-05 13:12:57.142 15889 16136 D CouchbaseLite/NETWORK: [JAVA] UnframedStreamSocket@0x913157b{C4Socket@x7b39c173a0 <=> MockClient@0xcc36575{@0x913157b,false}}.ackMessageToCore (92)
01-05 13:12:57.142 15889 16136 D CouchbaseLite/NETWORK: [JAVA] vC4Socket@x7b39c173a0.ackWriteToCore(92)
01-05 13:12:57.143 15889 16137 D CouchbaseLite/TEST: MOCK CONNECTION:Server(P2PPassiveCloseAll1)(14306) MockServer(P2PPassiveCloseAll1)@0x842f714{@0x257abd6,false}deliver message (32) *@0x257abd6
01-05 13:12:57.143 15889 16137 D CouchbaseLite/TEST: MOCK CONNECTION:Server(P2PPassiveCloseAll1)(14306) MockServer(P2PPassiveCloseAll1)@0x842f714{@0x257abd6,false}.!deliverAsync(32) *@0x257abd6
01-05 13:12:57.143 15889 16137 D CouchbaseLite/NETWORK: [JAVA] UnframedStreamSocket@0x257abd6{C4Socket@x7a319216a0 <=> MockServer(P2PPassiveCloseAll1)@0x842f714{@0x257abd6,false}}.remoteRequestedSend: com.couchbase.lite.Message@41dacd3
01-05 13:12:57.143 15889 16137 D CouchbaseLite/NETWORK: [JAVA] vC4Socket@x7a319216a0.sendToCore(32)
01-05 13:12:57.143 15889 16137 V CouchbaseLite/NETWORK: {N8litecore4repl12C4SocketImplE#1637} Received 32-byte message
01-05 13:12:57.143 15889 16137 D CouchbaseLite/TEST: MOCK CONNECTION:Server(P2PPassiveCloseAll1)(14306) MockServer(P2PPassiveCloseAll1)@0x842f714{@0x257abd6,false} deliver send(25) com.couchbase.lite.internal.replicator.-$$Lambda$MessageSocket$GwNDDW6wl4G7ayaxaRmBhixDqxE@84d86c2
01-05 13:12:57.143 15889 16137 D CouchbaseLite/TEST: MOCK CONNECTION:Server(P2PPassiveCloseAll1)(14306) MockServer(P2PPassiveCloseAll1)@0x842f714{@0x257abd6,false}.!sendAsync(25) =>@0xcc36575 com.couchbase.lite.internal.replicator.-$$Lambda$MessageSocket$GwNDDW6wl4G7ayaxaRmBhixDqxE@84d86c2
01-05 13:12:57.144 15889 16137 D CouchbaseLite/TEST: MOCK CONNECTION:Server(P2PPassiveCloseAll1)(14306) MockClient@0xcc36575{@0x913157b,false}.accept(25)
01-05 13:12:57.144 15889 16137 D CouchbaseLite/TEST: MOCK CONNECTION:Server(P2PPassiveCloseAll1)(14306) MockClient@0xcc36575{@0x913157b,false}.deliver(25) *@0x913157b
01-05 13:12:57.144 15889 16137 D CouchbaseLite/NETWORK: [JAVA] UnframedStreamSocket@0x257abd6{C4Socket@x7a319216a0 <=> MockServer(P2PPassiveCloseAll1)@0x842f714{@0x257abd6,false}}.ackMessageToCore (25)
01-05 13:12:57.144 15889 16136 D CouchbaseLite/TEST: MOCK CONNECTION:Client(14283) MockClient@0xcc36575{@0x913157b,false}deliver message (25) *@0x913157b
01-05 13:12:57.144 15889 16137 D CouchbaseLite/NETWORK: [JAVA] vC4Socket@x7a319216a0.ackWriteToCore(25)
01-05 13:12:57.144 15889 16136 D CouchbaseLite/TEST: MOCK CONNECTION:Client(14283) MockClient@0xcc36575{@0x913157b,false}.getLogicError @RECEIVE: null
01-05 13:12:57.144 15889 16137 D CouchbaseLite/TEST: MOCK CONNECTION:Server(P2PPassiveCloseAll1)(14306) MockServer(P2PPassiveCloseAll1)@0x842f714{@0x257abd6,false}deliver message (92) *@0x257abd6
01-05 13:12:57.144 15889 16136 D CouchbaseLite/TEST: MOCK CONNECTION:Client(14283) MockClient@0xcc36575{@0x913157b,false}.deliverAsync(25) *@0x913157b null
01-05 13:12:57.144 15889 16137 D CouchbaseLite/TEST: MOCK CONNECTION:Server(P2PPassiveCloseAll1)(14306) MockServer(P2PPassiveCloseAll1)@0x842f714{@0x257abd6,false}.!deliverAsync(92) *@0x257abd6
01-05 13:12:57.144 15889 16136 D CouchbaseLite/NETWORK: [JAVA] UnframedStreamSocket@0x913157b{C4Socket@x7b39c173a0 <=> MockClient@0xcc36575{@0x913157b,false}}.remoteRequestedSend: com.couchbase.lite.Message@97d1010
01-05 13:12:57.144 15889 16137 D CouchbaseLite/NETWORK: [JAVA] UnframedStreamSocket@0x257abd6{C4Socket@x7a319216a0 <=> MockServer(P2PPassiveCloseAll1)@0x842f714{@0x257abd6,false}}.remoteRequestedSend: com.couchbase.lite.Message@184e709
01-05 13:12:57.145 15889 16136 D CouchbaseLite/NETWORK: [JAVA] vC4Socket@x7b39c173a0.sendToCore(25)
01-05 13:12:57.145 15889 16137 D CouchbaseLite/NETWORK: [JAVA] vC4Socket@x7a319216a0.sendToCore(92)
01-05 13:12:57.145 15889 16136 V CouchbaseLite/NETWORK: {N8litecore4repl12C4SocketImplE#1626} Received 25-byte message
01-05 13:12:57.145 15889 16137 V CouchbaseLite/NETWORK: {N8litecore4repl12C4SocketImplE#1637} Received 92-byte message
01-05 13:12:57.146 15889 16002 V CouchbaseLite/NETWORK: {N8litecore4blip6BLIPIOE#1644} Finished sending REQ #3 UN
01-05 13:12:57.146 15889 16002 V CouchbaseLite/NETWORK: {N8litecore4blip6BLIPIOE#1644} ...Wrote 25 bytes to WebSocket (writeable=1)
01-05 13:12:57.146 15889 16002 V CouchbaseLite/NETWORK: {N8litecore4blip6BLIPIOE#1639} Received frame: REQ #3 -UN-, length 23
01-05 13:12:57.146 15889 16002 V CouchbaseLite/NETWORK: {N8litecore4blip10ConnectionE#1624} Receiving 'changes' REQ #3 UN
01-05 13:12:57.147 15889 15995 I CouchbaseLite/REPLICATOR: {C4Replicator#1621} State: busy, progress=0.00%
01-05 13:12:57.147 15889 16002 V CouchbaseLite/NETWORK: {N8litecore4blip10ConnectionE#1624} Finished receiving 'changes' REQ #3 UN
01-05 13:12:57.147 15889 15995 D CouchbaseLite/REPLICATOR: [JAVA] C4Replicator.statusChangedCallback @0x7aa23d6400, status: C4ReplicatorStatus{level=4,completed=0,total=16,#docs=0,domain=0,code=0,info=0}
01-05 13:12:57.148 15889 15995 I CouchbaseLite/REPLICATOR: [JAVA] ReplicatorListener.statusChanged, repl: Replicator{@0xe693afe(<*>),Database{@0x333ad26, name='base-db-L6FannLXNSF9'} => MessageEndpoint{p2ptest3, MESSAGE_STREAM, MockServer(P2PPassiveCloseAll1)@0x842f714{@0x0,false}}}, status: C4ReplicatorStatus{level=4,completed=0,total=16,#docs=0,domain=0,code=0,info=0}
01-05 13:12:57.148 15889 16002 D CouchbaseLite/NETWORK: [JAVA] ^C4Socket.completedReceive@7b39c173a0(25)
01-05 13:12:57.148 15889 15995 I CouchbaseLite/REPLICATOR: {Repl#1625} activityLevel=busy: connectionState=2, savingChkpt=1
01-05 13:12:57.148 15889 16014 I CouchbaseLite/REPLICATOR: [JAVA] status changed: (0, 0) @C4ReplicatorStatus{level=4,completed=0,total=16,#docs=0,domain=0,code=0,info=0} for Replicator{@0xe693afe(<*>),Database{@0x333ad26, name='base-db-L6FannLXNSF9'} => MessageEndpoint{p2ptest3, MESSAGE_STREAM, MockServer(P2PPassiveCloseAll1)@0x842f714{@0x0,false}}}
01-05 13:12:57.148 15889 15995 V CouchbaseLite/NETWORK: {N8litecore4blip6BLIPIOE#1644} Received frame: REQ #5 ---C, length 64
01-05 13:12:57.148 15889 16012 D CouchbaseLite/NETWORK: [JAVA] UnframedStreamSocket@0x913157b{C4Socket@x7b39c173a0 <=> MockClient@0xcc36575{@0x913157b,false}}.coreAckReceive: 25
01-05 13:12:57.148 15889 16014 I CouchbaseLite/REPLICATOR: [JAVA] State changed BUSY => BUSY(0/16): null for Replicator{@0xe693afe(<*>),Database{@0x333ad26, name='base-db-L6FannLXNSF9'} => MessageEndpoint{p2ptest3, MESSAGE_STREAM, MockServer(P2PPassiveCloseAll1)@0x842f714{@0x0,false}}}
01-05 13:12:57.149 15889 16002 V CouchbaseLite/REPLICATOR: {N8litecore4repl9RevFinderE#1658} Handling 'changes' REQ#3
01-05 13:12:57.149 15889 16002 I CouchbaseLite/REPLICATOR: {N8litecore4repl9RevFinderE#1658} Caught up with remote changes
01-05 13:12:57.149 15889 15889 I CouchbaseLite/TEST: Repl #1: BUSY
01-05 13:12:57.149 15889 16002 I CouchbaseLite/REPLICATOR: {N8litecore4repl6PullerE#1642} activityLevel=idle: pendingResponseCount=0, _caughtUp=1, _pendingRevMessages=0, _activeIncomingRevs=0
01-05 13:12:57.150 15889 15995 V CouchbaseLite/NETWORK: {N8litecore4blip10ConnectionE#1632} Receiving 'rev' REQ #5 Z
01-05 13:12:57.150 15889 15995 V CouchbaseLite/NETWORK: {N8litecore4blip10ConnectionE#1632} Finished receiving 'rev' REQ #5 Z
01-05 13:12:57.151 15889 15995 D CouchbaseLite/NETWORK: [JAVA] ^C4Socket.completedReceive@7a319216a0(66)
01-05 13:12:57.151 15889 16001 I CouchbaseLite/REPLICATOR: {n8litecore4repl11incomingreve#1659}==> N8litecore4repl11IncomingRevE {repl#1634} @0x7a9d0d9710
01-05 13:12:57.151 15889 16001 V CouchbaseLite/REPLICATOR: {n8litecore4repl11incomingreve#1659} Received revision 'test' #1-fec5440dbdd42b9efc3840ed449af8bc861700ad (seq '1')
01-05 13:12:57.152 15889 16001 I CouchbaseLite/REPLICATOR: {n8litecore4repl6pullere#1651} activityLevel=busy: pendingResponseCount=0, _caughtUp=1, _pendingRevMessages=0, _activeIncomingRevs=1
01-05 13:12:57.152 15889 15995 V CouchbaseLite/NETWORK: {N8litecore4blip6BLIPIOE#1644} Received frame: REQ #6 -UN-, length 30
01-05 13:12:57.152 15889 16011 D CouchbaseLite/NETWORK: [JAVA] UnframedStreamSocket@0x257abd6{C4Socket@x7a319216a0 <=> MockServer(P2PPassiveCloseAll1)@0x842f714{@0x257abd6,false}}.coreAckReceive: 66
01-05 13:12:57.153 15889 15995 V CouchbaseLite/NETWORK: {N8litecore4blip10ConnectionE#1632} Receiving 'proposeChanges' REQ #6 UN
01-05 13:12:57.153 15889 15995 V CouchbaseLite/NETWORK: {N8litecore4blip10ConnectionE#1632} Finished receiving 'proposeChanges' REQ #6 UN
01-05 13:12:57.153 15889 15995 D CouchbaseLite/NETWORK: [JAVA] ^C4Socket.completedReceive@7a319216a0(32)
01-05 13:12:57.154 15889 16004 D CouchbaseLite/NETWORK: [JAVA] UnframedStreamSocket@0x257abd6{C4Socket@x7a319216a0 <=> MockServer(P2PPassiveCloseAll1)@0x842f714{@0x257abd6,false}}.coreAckReceive: 32
01-05 13:12:57.154 15889 16000 V CouchbaseLite/REPLICATOR: {n8litecore4repl9revfindere#1649} Handling 'proposeChanges' REQ#6
01-05 13:12:57.154 15889 16000 I CouchbaseLite/REPLICATOR: {n8litecore4repl9revfindere#1649} Caught up with remote changes
01-05 13:12:57.155 15889 16000 I CouchbaseLite/REPLICATOR: {n8litecore4repl6pullere#1651} activityLevel=busy: pendingResponseCount=0, _caughtUp=1, _pendingRevMessages=0, _activeIncomingRevs=1
01-05 13:12:57.155 15889 15995 V CouchbaseLite/NETWORK: {N8litecore4blip6BLIPIOE#1644} Received frame: REQ #7 ----, length 90
01-05 13:12:57.155 15889 15995 V CouchbaseLite/NETWORK: {N8litecore4blip10ConnectionE#1632} Receiving 'setCheckpoint' REQ #7
01-05 13:12:57.156 15889 15995 V CouchbaseLite/NETWORK: {N8litecore4blip10ConnectionE#1632} Finished receiving 'setCheckpoint' REQ #7
01-05 13:12:57.156 15889 15995 D CouchbaseLite/NETWORK: [JAVA] ^C4Socket.completedReceive@7a319216a0(92)
01-05 13:12:57.156 15889 15998 I CouchbaseLite/REPLICATOR: {repl#1634} Request to set peer checkpoint 'cp-Hv9xZn7yxj0q4M+VskvzQ/SJITQ='
01-05 13:12:57.156 15889 16009 D CouchbaseLite/NETWORK: [JAVA] UnframedStreamSocket@0x257abd6{C4Socket@x7a319216a0 <=> MockServer(P2PPassiveCloseAll1)@0x842f714{@0x257abd6,false}}.coreAckReceive: 92
01-05 13:12:57.156 15889 15998 V CouchbaseLite/DATABASE: {DB#1629} begin transaction
01-05 13:12:57.156 15889 15998 I CouchbaseLite/DATABASE: BEGIN
01-05 13:12:57.157 15889 15998 I CouchbaseLite/DATABASE: ... SELECT sequence, flags, null, version, body, extra FROM kv_info WHERE key=?
01-05 13:12:57.157 15889 15998 I CouchbaseLite/DATABASE: ... SELECT sequence, flags, null, version, body, extra FROM kv_peerCheckpoints WHERE key=?
01-05 13:12:57.158 15889 15998 V CouchbaseLite/DATABASE: {DB#1629} KeyStore(peerCheckpoints) set 'cp-Hv9xZn7yxj0q4M+VskvzQ/SJITQ='
01-05 13:12:57.158 15889 15998 I CouchbaseLite/DATABASE: Compiling SQL "INSERT OR REPLACE INTO kv_peerCheckpoints (key, version, body) VALUES (?, ?, ?)"
01-05 13:12:57.158 15889 15998 I CouchbaseLite/DATABASE: ... INSERT OR REPLACE INTO kv_peerCheckpoints (key, version, body) VALUES (?, ?, ?)
01-05 13:12:57.158 15889 15998 V CouchbaseLite/DATABASE: {DB#1629} commit transaction
01-05 13:12:57.159 15889 15998 I CouchbaseLite/DATABASE: COMMIT
01-05 13:12:57.159 15889 15998 I CouchbaseLite/REPLICATOR: {repl#1634} activityLevel=busy: connectionState=2, savingChkpt=0
01-05 13:12:57.159 15889 15997 V CouchbaseLite/NETWORK: {N8litecore4blip6BLIPIOE#1644} Sending RES #7
01-05 13:12:57.160 15889 15997 V CouchbaseLite/NETWORK: {N8litecore4blip6BLIPIOE#1644} Sending frame: RES #7 ----, bytes 0--13
01-05 13:12:57.160 15889 15997 V CouchbaseLite/NETWORK: {N8litecore4repl12C4SocketImplE#1637} Sending 16-byte message
01-05 13:12:57.160 15889 15997 D CouchbaseLite/NETWORK: [JAVA] ^C4Socket.write@7a319216a0(16)
01-05 13:12:57.160 15889 15997 V CouchbaseLite/NETWORK: {N8litecore4blip6BLIPIOE#1644} Finished sending RES #7
01-05 13:12:57.160 15889 15997 V CouchbaseLite/NETWORK: {N8litecore4blip6BLIPIOE#1644} ...Wrote 16 bytes to WebSocket (writeable=1)
01-05 13:12:57.161 15889 16010 D CouchbaseLite/NETWORK: [JAVA] UnframedStreamSocket@0x257abd6{C4Socket@x7a319216a0 <=> MockServer(P2PPassiveCloseAll1)@0x842f714{@0x257abd6,false}}.coreWrites: 16
01-05 13:12:57.161 15889 16010 D CouchbaseLite/TEST: MOCK CONNECTION:CBL worker #6(12137) MockServer(P2PPassiveCloseAll1)@0x842f714{@0x257abd6,false}.send(16) com.couchbase.lite.internal.replicator.-$$Lambda$MessageSocket$GwNDDW6wl4G7ayaxaRmBhixDqxE@df14d0e
01-05 13:12:57.161 15889 16137 D CouchbaseLite/TEST: MOCK CONNECTION:Server(P2PPassiveCloseAll1)(14306) MockServer(P2PPassiveCloseAll1)@0x842f714{@0x257abd6,false} deliver send(16) com.couchbase.lite.internal.replicator.-$$Lambda$MessageSocket$GwNDDW6wl4G7ayaxaRmBhixDqxE@df14d0e
01-05 13:12:57.161 15889 16137 D CouchbaseLite/TEST: MOCK CONNECTION:Server(P2PPassiveCloseAll1)(14306) MockServer(P2PPassiveCloseAll1)@0x842f714{@0x257abd6,false}.!sendAsync(16) =>@0xcc36575 com.couchbase.lite.internal.replicator.-$$Lambda$MessageSocket$GwNDDW6wl4G7ayaxaRmBhixDqxE@df14d0e
01-05 13:12:57.161 15889 16137 D CouchbaseLite/TEST: MOCK CONNECTION:Server(P2PPassiveCloseAll1)(14306) MockClient@0xcc36575{@0x913157b,false}.accept(16)
01-05 13:12:57.162 15889 16137 D CouchbaseLite/TEST: MOCK CONNECTION:Server(P2PPassiveCloseAll1)(14306) MockClient@0xcc36575{@0x913157b,false}.deliver(16) *@0x913157b
01-05 13:12:57.162 15889 16137 D CouchbaseLite/NETWORK: [JAVA] UnframedStreamSocket@0x257abd6{C4Socket@x7a319216a0 <=> MockServer(P2PPassiveCloseAll1)@0x842f714{@0x257abd6,false}}.ackMessageToCore (16)
01-05 13:12:57.162 15889 16137 D CouchbaseLite/NETWORK: [JAVA] vC4Socket@x7a319216a0.ackWriteToCore(16)
01-05 13:12:57.162 15889 16136 D CouchbaseLite/TEST: MOCK CONNECTION:Client(14283) MockClient@0xcc36575{@0x913157b,false}deliver message (16) *@0x913157b
01-05 13:12:57.162 15889 16136 D CouchbaseLite/TEST: MOCK CONNECTION:Client(14283) MockClient@0xcc36575{@0x913157b,false}.getLogicError @RECEIVE: null
01-05 13:12:57.162 15889 16136 D CouchbaseLite/TEST: MOCK CONNECTION:Client(14283) MockClient@0xcc36575{@0x913157b,false}.deliverAsync(16) *@0x913157b null
01-05 13:12:57.163 15889 16136 D CouchbaseLite/NETWORK: [JAVA] UnframedStreamSocket@0x913157b{C4Socket@x7b39c173a0 <=> MockClient@0xcc36575{@0x913157b,false}}.remoteRequestedSend: com.couchbase.lite.Message@c0c432f
01-05 13:12:57.163 15889 16136 D CouchbaseLite/NETWORK: [JAVA] vC4Socket@x7b39c173a0.sendToCore(16)
01-05 13:12:57.163 15889 16136 V CouchbaseLite/NETWORK: {N8litecore4repl12C4SocketImplE#1626} Received 16-byte message
01-05 13:12:57.164 15889 16002 V CouchbaseLite/NETWORK: {N8litecore4blip6BLIPIOE#1639} Received frame: RES #7 ----, length 14
01-05 13:12:57.164 15889 16002 V CouchbaseLite/NETWORK: {N8litecore4blip10ConnectionE#1624} Receiving RES #7
01-05 13:12:57.164 15889 16002 V CouchbaseLite/NETWORK: {N8litecore4blip10ConnectionE#1624} Finished receiving RES #7
01-05 13:12:57.165 15889 16002 D CouchbaseLite/NETWORK: [JAVA] ^C4Socket.completedReceive@7b39c173a0(16)
01-05 13:12:57.165 15889 15996 I CouchbaseLite/REPLICATOR: {Repl#1625} Saved remote checkpoint 'cp-Hv9xZn7yxj0q4M+VskvzQ/SJITQ=' as rev='1-cc'
01-05 13:12:57.165 15889 15996 V CouchbaseLite/DATABASE: {DB#1622} begin transaction
01-05 13:12:57.165 15889 16013 D CouchbaseLite/NETWORK: [JAVA] UnframedStreamSocket@0x913157b{C4Socket@x7b39c173a0 <=> MockClient@0xcc36575{@0x913157b,false}}.coreAckReceive: 16
01-05 13:12:57.165 15889 15996 I CouchbaseLite/DATABASE: BEGIN
01-05 13:12:57.165 15889 15996 I CouchbaseLite/DATABASE: ... SELECT sequence, flags, null, version, body, extra FROM kv_info WHERE key=?
01-05 13:12:57.166 15889 15996 V CouchbaseLite/DATABASE: {DB#1622} KeyStore(checkpoints) set 'cp-Hv9xZn7yxj0q4M+VskvzQ/SJITQ='
01-05 13:12:57.166 15889 15996 I CouchbaseLite/DATABASE: Compiling SQL "INSERT OR REPLACE INTO kv_checkpoints (key, version, body) VALUES (?, ?, ?)"
01-05 13:12:57.166 15889 15996 I CouchbaseLite/DATABASE: ... INSERT OR REPLACE INTO kv_checkpoints (key, version, body) VALUES (?, ?, ?)
01-05 13:12:57.166 15889 15996 V CouchbaseLite/DATABASE: {DB#1622} commit transaction
01-05 13:12:57.167 15889 15996 I CouchbaseLite/DATABASE: COMMIT
01-05 13:12:57.167 15889 15996 I CouchbaseLite/REPLICATOR: {Repl#1625} Saved local checkpoint 'cp-Hv9xZn7yxj0q4M+VskvzQ/SJITQ=': {"time":1641417177}
01-05 13:12:57.167 15889 15996 I CouchbaseLite/REPLICATOR: {Repl#1625} activityLevel=busy: connectionState=2, savingChkpt=0
01-05 13:12:57.172 15889 16001 I CouchbaseLite/REPLICATOR: {n8litecore4repl8insertere#1660}==> N8litecore4repl8InserterE {repl#1634} @0x7a9da24a90
01-05 13:12:57.172 15889 16001 V CouchbaseLite/REPLICATOR: {n8litecore4repl8insertere#1660} Inserting 1 revs:
01-05 13:12:57.173 15889 16001 D CouchbaseLite/DATABASE: {N8litecore8DataFile6SharedE#1618} adding DataFile 0x7a9d0b6100
01-05 13:12:57.173 15889 16001 I CouchbaseLite/DATABASE: {DB#1661}==> N8litecore14SQLiteDataFileE /data/data/com.couchbase.lite.kotlin.test/files/replicator-db-ur6Xupu2Yxkk.cblite2/db.sqlite3 @0x7a9d0b6100
01-05 13:12:57.173 15889 16001 I CouchbaseLite/DATABASE: {DB#1661} Opening database
01-05 13:12:57.175 15889 16001 I CouchbaseLite/DATABASE: PRAGMA cache_size=-10240; PRAGMA mmap_size=52428800; PRAGMA synchronous=normal; PRAGMA journal_size_limit=5242880; PRAGMA case_sensitive_like=true
01-05 13:12:57.175 15889 16001 I CouchbaseLite/DATABASE: ... SELECT sql FROM sqlite_master WHERE name = ? AND type = ? AND tbl_name = ?
01-05 13:12:57.176 15889 16001 I CouchbaseLite/DATABASE: Compiling SQL "SELECT sequence, flags, null, version, body, extra FROM kv_info WHERE key=?"
01-05 13:12:57.176 15889 16001 I CouchbaseLite/DATABASE: ... SELECT sequence, flags, null, version, body, extra FROM kv_info WHERE key=?
01-05 13:12:57.177 15889 16001 I CouchbaseLite/DATABASE: ... SELECT sql FROM sqlite_master WHERE name = ? AND type = ? AND tbl_name = ?
01-05 13:12:57.177 15889 15999 I CouchbaseLite/REPLICATOR: {C4Replicator#1627} State: busy, progress=0.00%
01-05 13:12:57.177 15889 15999 D CouchbaseLite/REPLICATOR: [JAVA] C4Replicator.statusChangedCallback @0x7aa23d6800, status: C4ReplicatorStatus{level=4,completed=0,total=16,#docs=0,domain=0,code=0,info=0}
01-05 13:12:57.177 15889 16001 I CouchbaseLite/DATABASE: {N8litecore14CollectionImplE#1662}==> N8litecore14CollectionImplE replicator-db-ur6Xupu2Yxkk/_default @0x7aa67b67f0
01-05 13:12:57.178 15889 16001 I CouchbaseLite/DATABASE: {N8litecore14CollectionImplE#1662} Instantiated
01-05 13:12:57.178 15889 15999 I CouchbaseLite/REPLICATOR: [JAVA] ReplicatorListener.statusChanged, repl: Replicator{@0xb3e14ac(<*>),Database{@0x333ad26, name='base-db-L6FannLXNSF9'} => MessageEndpoint{p2ptest4, MESSAGE_STREAM, MockServer(P2PPassiveCloseAll2)@0x29d75b2{@0x0,false}}}, status: C4ReplicatorStatus{level=4,completed=0,total=16,#docs=0,domain=0,code=0,info=0}
01-05 13:12:57.178 15889 16001 I CouchbaseLite/DATABASE: ... SELECT substr(name,4) FROM sqlite_master WHERE type='table' AND name GLOB 'kv_*'
01-05 13:12:57.178 15889 15999 I CouchbaseLite/REPLICATOR: {Repl#1636} activityLevel=busy: connectionState=2, savingChkpt=1
01-05 13:12:57.179 15889 16001 I CouchbaseLite/DATABASE: ... SELECT sql FROM sqlite_master WHERE name = ? AND type = ? AND tbl_name = ?
01-05 13:12:57.179 15889 16012 I CouchbaseLite/REPLICATOR: [JAVA] status changed: (0, 0) @C4ReplicatorStatus{level=4,completed=0,total=16,#docs=0,domain=0,code=0,info=0} for Replicator{@0xb3e14ac(<*>),Database{@0x333ad26, name='base-db-L6FannLXNSF9'} => MessageEndpoint{p2ptest4, MESSAGE_STREAM, MockServer(P2PPassiveCloseAll2)@0x29d75b2{@0x0,false}}}
01-05 13:12:57.179 15889 16001 V CouchbaseLite/DATABASE: {DB#1661} Next expiration time is 0
01-05 13:12:57.179 15889 16012 I CouchbaseLite/REPLICATOR: [JAVA] State changed BUSY => BUSY(0/16): null for Replicator{@0xb3e14ac(<*>),Database{@0x333ad26, name='base-db-L6FannLXNSF9'} => MessageEndpoint{p2ptest4, MESSAGE_STREAM, MockServer(P2PPassiveCloseAll2)@0x29d75b2{@0x0,false}}}
01-05 13:12:57.179 15889 16001 V CouchbaseLite/DATABASE: {DB#1661} begin transaction
01-05 13:12:57.179 15889 16001 I CouchbaseLite/DATABASE: BEGIN
01-05 13:12:57.180 15889 16001 I CouchbaseLite/DATABASE: ... SELECT sequence, flags, null, version, body, extra FROM kv_info WHERE key=?
01-05 13:12:57.180 15889 15889 I CouchbaseLite/TEST: Repl #2: BUSY
01-05 13:12:57.180 15889 16001 I CouchbaseLite/DATABASE: ... SELECT sequence, flags, null, version, body, extra FROM kv_info WHERE key=?
01-05 13:12:57.180 15889 16001 I CouchbaseLite/DATABASE: Compiling SQL "INSERT OR IGNORE INTO kv_default (version, body, extra, flags, sequence, key) VALUES (?, ?, ?, ?, ?, ?)"
01-05 13:12:57.181 15889 16001 I CouchbaseLite/DATABASE: Compiling SQL "SELECT lastSeq FROM kvmeta WHERE name=?"
01-05 13:12:57.181 15889 16001 I CouchbaseLite/DATABASE: ... SELECT lastSeq FROM kvmeta WHERE name=?
01-05 13:12:57.181 15889 16001 I CouchbaseLite/DATABASE: ... INSERT OR IGNORE INTO kv_default (version, body, extra, flags, sequence, key) VALUES (?, ?, ?, ?, ?, ?)
01-05 13:12:57.182 15889 16001 V CouchbaseLite/DATABASE: Saved doc 'test' #1-fec5440dbdd42b9efc3840ed449af8bc861700ad; body=16, extra=34
01-05 13:12:57.182 15889 16001 V CouchbaseLite/DATABASE: {DB#1661} Saved 'test' rev #1-fec5440dbdd42b9efc3840ed449af8bc861700ad as seq 1
01-05 13:12:57.182 15889 16001 V CouchbaseLite/REPLICATOR: {n8litecore4repl8insertere#1660} {'test' #1-fec5440dbdd42b9efc3840ed449af8bc861700ad <- } seq 1
01-05 13:12:57.182 15889 16001 V CouchbaseLite/DATABASE: {DB#1661} KeyStore(info) set 'SharedKeys'
01-05 13:12:57.183 15889 16001 I CouchbaseLite/DATABASE: Compiling SQL "INSERT OR REPLACE INTO kv_info (key, version, body) VALUES (?, ?, ?)"
01-05 13:12:57.183 15889 16001 I CouchbaseLite/DATABASE: ... INSERT OR REPLACE INTO kv_info (key, version, body) VALUES (?, ?, ?)
01-05 13:12:57.183 15889 16001 V CouchbaseLite/DATABASE: {DB#1661} commit transaction
01-05 13:12:57.184 15889 16001 I CouchbaseLite/DATABASE: Compiling SQL "INSERT INTO kvmeta (name, lastSeq) VALUES (?, ?) ON CONFLICT (name) DO UPDATE SET lastSeq = excluded.lastSeq"
01-05 13:12:57.184 15889 16000 V CouchbaseLite/REPLICATOR: {n8litecore4repl6pullere#1651} 1 revs were provisionally handled; down to 0 active
01-05 13:12:57.184 15889 16000 I CouchbaseLite/REPLICATOR: {n8litecore4repl6pullere#1651} activityLevel=busy: pendingResponseCount=0, _caughtUp=1, _pendingRevMessages=0, _activeIncomingRevs=0
01-05 13:12:57.185 15889 16001 I CouchbaseLite/DATABASE: ... INSERT INTO kvmeta (name, lastSeq) VALUES (?, ?) ON CONFLICT (name) DO UPDATE SET lastSeq = excluded.lastSeq
