01-05 13:12:57.185 15889 16001 I CouchbaseLite/DATABASE: COMMIT
01-05 13:12:57.185 15889 16001 V CouchbaseLite/REPLICATOR: {n8litecore4repl21replicatorchangesfeede#1656} Database changed! [notify=1]
01-05 13:12:57.186 15889 15995 V CouchbaseLite/REPLICATOR: {n8litecore4repl21replicatorchangesfeede#1656} Asking DB observer for 200 new changes since sequence #0 ...
01-05 13:12:57.186 15889 15997 V CouchbaseLite/NETWORK: {N8litecore4blip6BLIPIOE#1644} Sending RES #5
01-05 13:12:57.186 15889 16001 I CouchbaseLite/REPLICATOR: {n8litecore4repl8insertere#1660} Inserted 1 revs in 13.21ms ( 76/sec) of which 98.3% was commit
01-05 13:12:57.187 15889 16001 V CouchbaseLite/REPLICATOR: {n8litecore4repl8insertere#1660} now idle
01-05 13:12:57.187 15889 15998 V CouchbaseLite/REPLICATOR: {n8litecore4repl6pullere#1651} progress +0/+0, 1 docs -- now 0 / 0, 1 docs
01-05 13:12:57.187 15889 15997 V CouchbaseLite/NETWORK: {N8litecore4blip6BLIPIOE#1644} Sending frame: RES #5 ----, bytes 0--4
01-05 13:12:57.188 15889 15997 V CouchbaseLite/NETWORK: {N8litecore4repl12C4SocketImplE#1637} Sending 7-byte message
01-05 13:12:57.188 15889 16001 I CouchbaseLite/REPLICATOR: {repl#1634} pushStatus=idle, pullStatus=busy, progress=0/0
01-05 13:12:57.188 15889 15997 D CouchbaseLite/NETWORK: [JAVA] ^C4Socket.write@7a319216a0(7)
01-05 13:12:57.188 15889 16001 I CouchbaseLite/REPLICATOR: {repl#1634} activityLevel=busy: connectionState=2, savingChkpt=0
01-05 13:12:57.188 15889 15997 V CouchbaseLite/NETWORK: {N8litecore4blip6BLIPIOE#1644} Finished sending RES #5
01-05 13:12:57.189 15889 16014 D CouchbaseLite/NETWORK: [JAVA] UnframedStreamSocket@0x257abd6{C4Socket@x7a319216a0 <=> MockServer(P2PPassiveCloseAll1)@0x842f714{@0x257abd6,false}}.coreWrites: 7
01-05 13:12:57.189 15889 15997 V CouchbaseLite/NETWORK: {N8litecore4blip6BLIPIOE#1644} ...Wrote 7 bytes to WebSocket (writeable=1)
01-05 13:12:57.189 15889 16014 D CouchbaseLite/TEST: MOCK CONNECTION:CBL worker #10(12433) MockServer(P2PPassiveCloseAll1)@0x842f714{@0x257abd6,false}.send(7) com.couchbase.lite.internal.replicator.-$$Lambda$MessageSocket$GwNDDW6wl4G7ayaxaRmBhixDqxE@30b1d3c
01-05 13:12:57.189 15889 16137 D CouchbaseLite/TEST: MOCK CONNECTION:Server(P2PPassiveCloseAll1)(14306) MockServer(P2PPassiveCloseAll1)@0x842f714{@0x257abd6,false} deliver send(7) com.couchbase.lite.internal.replicator.-$$Lambda$MessageSocket$GwNDDW6wl4G7ayaxaRmBhixDqxE@30b1d3c
01-05 13:12:57.189 15889 16137 D CouchbaseLite/TEST: MOCK CONNECTION:Server(P2PPassiveCloseAll1)(14306) MockServer(P2PPassiveCloseAll1)@0x842f714{@0x257abd6,false}.!sendAsync(7) =>@0xcc36575 com.couchbase.lite.internal.replicator.-$$Lambda$MessageSocket$GwNDDW6wl4G7ayaxaRmBhixDqxE@30b1d3c
01-05 13:12:57.189 15889 15995 V CouchbaseLite/REPLICATOR: {n8litecore4repl21replicatorchangesfeede#1656} Observed 1 db changes #1 ... #1
01-05 13:12:57.189 15889 16137 D CouchbaseLite/TEST: MOCK CONNECTION:Server(P2PPassiveCloseAll1)(14306) MockClient@0xcc36575{@0x913157b,false}.accept(7)
01-05 13:12:57.190 15889 16137 D CouchbaseLite/TEST: MOCK CONNECTION:Server(P2PPassiveCloseAll1)(14306) MockClient@0xcc36575{@0x913157b,false}.deliver(7) *@0x913157b
01-05 13:12:57.190 15889 15995 V CouchbaseLite/REPLICATOR: {n8litecore4repl21replicatorchangesfeede#1656} Read all observed changes; awaiting more...
01-05 13:12:57.190 15889 16137 D CouchbaseLite/NETWORK: [JAVA] UnframedStreamSocket@0x257abd6{C4Socket@x7a319216a0 <=> MockServer(P2PPassiveCloseAll1)@0x842f714{@0x257abd6,false}}.ackMessageToCore (7)
01-05 13:12:57.190 15889 16136 D CouchbaseLite/TEST: MOCK CONNECTION:Client(14283) MockClient@0xcc36575{@0x913157b,false}deliver message (7) *@0x913157b
01-05 13:12:57.190 15889 16137 D CouchbaseLite/NETWORK: [JAVA] vC4Socket@x7a319216a0.ackWriteToCore(7)
01-05 13:12:57.190 15889 15995 I CouchbaseLite/REPLICATOR: {n8litecore4repl6pushere#1655} Read 1 local changes up to #1: sending 'changes' with sequences #1 - #1
01-05 13:12:57.190 15889 16136 D CouchbaseLite/TEST: MOCK CONNECTION:Client(14283) MockClient@0xcc36575{@0x913157b,false}.getLogicError @RECEIVE: null
01-05 13:12:57.190 15889 16136 D CouchbaseLite/TEST: MOCK CONNECTION:Client(14283) MockClient@0xcc36575{@0x913157b,false}.deliverAsync(7) *@0x913157b null
01-05 13:12:57.190 15889 16136 D CouchbaseLite/NETWORK: [JAVA] UnframedStreamSocket@0x913157b{C4Socket@x7b39c173a0 <=> MockClient@0xcc36575{@0x913157b,false}}.remoteRequestedSend: com.couchbase.lite.Message@70beac5
01-05 13:12:57.190 15889 15995 V CouchbaseLite/REPLICATOR: {n8litecore4repl6pushere#1655} progress +0/+16, 0 docs -- now 0 / 16, 0 docs
01-05 13:12:57.190 15889 16136 D CouchbaseLite/NETWORK: [JAVA] vC4Socket@x7b39c173a0.sendToCore(7)
01-05 13:12:57.190 15889 16136 V CouchbaseLite/NETWORK: {N8litecore4repl12C4SocketImplE#1626} Received 7-byte message
01-05 13:12:57.191 15889 15995 I CouchbaseLite/REPLICATOR: {n8litecore4repl6pushere#1655} activityLevel=busy: pendingResponseCount=1, caughtUp=1, changeLists=1, revsInFlight=0, blobsInFlight=0, awaitingReply=0, revsToSend=0, pushingDocs=1, pendingSequences=0
01-05 13:12:57.191 15889 15995 V CouchbaseLite/REPLICATOR: {n8litecore4repl6pushere#1655} now busy
01-05 13:12:57.191 15889 15995 I CouchbaseLite/REPLICATOR: {repl#1634} pushStatus=busy, pullStatus=busy, progress=0/16
01-05 13:12:57.191 15889 15995 V CouchbaseLite/REPLICATOR: {repl#1634} progress +0/+16, 0 docs -- now 0 / 16, 0 docs
01-05 13:12:57.191 15889 15995 I CouchbaseLite/REPLICATOR: {repl#1634} activityLevel=busy: connectionState=2, savingChkpt=0
01-05 13:12:57.192 15889 15995 I CouchbaseLite/REPLICATOR: {C4Replicator#1635} State: busy, progress=0.00%
01-05 13:12:57.192 15889 15995 D CouchbaseLite/REPLICATOR: [JAVA] C4Replicator.statusChangedCallback @0x7aa2306e00, status: C4ReplicatorStatus{level=4,completed=0,total=16,#docs=0,domain=0,code=0,info=0}
01-05 13:12:57.192 15889 16000 I CouchbaseLite/REPLICATOR: {n8litecore4repl6pushere#1655} activityLevel=busy: pendingResponseCount=1, caughtUp=1, changeLists=1, revsInFlight=0, blobsInFlight=0, awaitingReply=0, revsToSend=0, pushingDocs=1, pendingSequences=0
01-05 13:12:57.192 15889 15995 D CouchbaseLite/NETWORK: [JAVA] ReplicatorListener.statusChanged (C4ReplicatorStatus{level=4,completed=0,total=16,#docs=0,domain=0,code=0,info=0}): com.couchbase.lite.MessageEndpointListener@9437bbd
01-05 13:12:57.192 15889 15998 I CouchbaseLite/REPLICATOR: {n8litecore4repl6pullere#1651} activityLevel=idle: pendingResponseCount=0, _caughtUp=1, _pendingRevMessages=0, _activeIncomingRevs=0
01-05 13:12:57.193 15889 15998 V CouchbaseLite/REPLICATOR: {n8litecore4repl6pullere#1651} now idle
01-05 13:12:57.193 15889 15999 V CouchbaseLite/NETWORK: {N8litecore4blip6BLIPIOE#1639} Received frame: RES #5 ----, length 5
01-05 13:12:57.193 15889 16011 D CouchbaseLite/LISTENER: [JAVA] MessageEndpointListener status changed (C4ReplicatorStatus{level=4,completed=0,total=16,#docs=0,domain=0,code=0,info=0}): C4Repl{@0x3338e57/@x7aa2306e00'}
01-05 13:12:57.193 15889 15999 V CouchbaseLite/NETWORK: {N8litecore4blip10ConnectionE#1624} Receiving RES #5
01-05 13:12:57.194 15889 15889 I CouchbaseLite/TEST: Connection MockServer(P2PPassiveCloseAll1)@0x842f714{@0x257abd6,false}: BUSY
01-05 13:12:57.194 15889 15999 V CouchbaseLite/NETWORK: {N8litecore4blip10ConnectionE#1624} Finished receiving RES #5
01-05 13:12:57.194 15889 15998 I CouchbaseLite/REPLICATOR: {repl#1634} pushStatus=busy, pullStatus=idle, progress=0/16
01-05 13:12:57.194 15889 15999 D CouchbaseLite/NETWORK: [JAVA] ^C4Socket.completedReceive@7b39c173a0(7)
01-05 13:12:57.194 15889 15996 V CouchbaseLite/NETWORK: {N8litecore4blip6BLIPIOE#1644} Sending 'changes' REQ #4 UZ
01-05 13:12:57.195 15889 16004 D CouchbaseLite/NETWORK: [JAVA] UnframedStreamSocket@0x913157b{C4Socket@x7b39c173a0 <=> MockClient@0xcc36575{@0x913157b,false}}.coreAckReceive: 7
01-05 13:12:57.195 15889 16001 V CouchbaseLite/REPLICATOR: {N8litecore4repl6PusherE#1640} Completed rev test #1-fec5440dbdd42b9efc3840ed449af8bc861700ad (seq #1)
01-05 13:12:57.195 15889 15996 V CouchbaseLite/NETWORK: {N8litecore4blip6BLIPIOE#1644} Sending frame: REQ #4 -U-C, bytes 0--82
01-05 13:12:57.195 15889 15996 V CouchbaseLite/NETWORK: {N8litecore4repl12C4SocketImplE#1637} Sending 85-byte message
01-05 13:12:57.195 15889 15996 D CouchbaseLite/NETWORK: [JAVA] ^C4Socket.write@7a319216a0(85)
01-05 13:12:57.195 15889 15997 I CouchbaseLite/REPLICATOR: {n8litecore4repl6pushere#1655} activityLevel=busy: pendingResponseCount=1, caughtUp=1, changeLists=1, revsInFlight=0, blobsInFlight=0, awaitingReply=0, revsToSend=0, pushingDocs=1, pendingSequences=0
01-05 13:12:57.196 15889 15998 V CouchbaseLite/REPLICATOR: {repl#1634} progress +0/+0, 1 docs -- now 0 / 16, 1 docs
01-05 13:12:57.196 15889 16009 D CouchbaseLite/NETWORK: [JAVA] UnframedStreamSocket@0x257abd6{C4Socket@x7a319216a0 <=> MockServer(P2PPassiveCloseAll1)@0x842f714{@0x257abd6,false}}.coreWrites: 85
01-05 13:12:57.196 15889 16009 D CouchbaseLite/TEST: MOCK CONNECTION:CBL worker #5(12129) MockServer(P2PPassiveCloseAll1)@0x842f714{@0x257abd6,false}.send(85) com.couchbase.lite.internal.replicator.-$$Lambda$MessageSocket$GwNDDW6wl4G7ayaxaRmBhixDqxE@af92c1a
01-05 13:12:57.196 15889 15998 I CouchbaseLite/REPLICATOR: {repl#1634} activityLevel=busy: connectionState=2, savingChkpt=0
01-05 13:12:57.196 15889 16137 D CouchbaseLite/TEST: MOCK CONNECTION:Server(P2PPassiveCloseAll1)(14306) MockServer(P2PPassiveCloseAll1)@0x842f714{@0x257abd6,false} deliver send(85) com.couchbase.lite.internal.replicator.-$$Lambda$MessageSocket$GwNDDW6wl4G7ayaxaRmBhixDqxE@af92c1a
01-05 13:12:57.196 15889 15996 V CouchbaseLite/NETWORK: {N8litecore4blip6BLIPIOE#1644} Finished sending REQ #4 UZ
01-05 13:12:57.196 15889 16137 D CouchbaseLite/TEST: MOCK CONNECTION:Server(P2PPassiveCloseAll1)(14306) MockServer(P2PPassiveCloseAll1)@0x842f714{@0x257abd6,false}.!sendAsync(85) =>@0xcc36575 com.couchbase.lite.internal.replicator.-$$Lambda$MessageSocket$GwNDDW6wl4G7ayaxaRmBhixDqxE@af92c1a
01-05 13:12:57.196 15889 16137 D CouchbaseLite/TEST: MOCK CONNECTION:Server(P2PPassiveCloseAll1)(14306) MockClient@0xcc36575{@0x913157b,false}.accept(85)
01-05 13:12:57.196 15889 15996 V CouchbaseLite/NETWORK: {N8litecore4blip6BLIPIOE#1644} ...Wrote 85 bytes to WebSocket (writeable=1)
01-05 13:12:57.197 15889 16137 D CouchbaseLite/TEST: MOCK CONNECTION:Server(P2PPassiveCloseAll1)(14306) MockClient@0xcc36575{@0x913157b,false}.deliver(85) *@0x913157b
01-05 13:12:57.197 15889 16137 D CouchbaseLite/NETWORK: [JAVA] UnframedStreamSocket@0x257abd6{C4Socket@x7a319216a0 <=> MockServer(P2PPassiveCloseAll1)@0x842f714{@0x257abd6,false}}.ackMessageToCore (85)
01-05 13:12:57.197 15889 16137 D CouchbaseLite/NETWORK: [JAVA] vC4Socket@x7a319216a0.ackWriteToCore(85)
01-05 13:12:57.197 15889 16136 D CouchbaseLite/TEST: MOCK CONNECTION:Client(14283) MockClient@0xcc36575{@0x913157b,false}deliver message (85) *@0x913157b
01-05 13:12:57.197 15889 16136 D CouchbaseLite/TEST: MOCK CONNECTION:Client(14283) MockClient@0xcc36575{@0x913157b,false}.getLogicError @RECEIVE: null
01-05 13:12:57.197 15889 16001 I CouchbaseLite/REPLICATOR: {N8litecore4repl6PusherE#1640} Checkpoint now [0-1]
01-05 13:12:57.197 15889 16136 D CouchbaseLite/TEST: MOCK CONNECTION:Client(14283) MockClient@0xcc36575{@0x913157b,false}.deliverAsync(85) *@0x913157b null
01-05 13:12:57.197 15889 16136 D CouchbaseLite/NETWORK: [JAVA] UnframedStreamSocket@0x913157b{C4Socket@x7b39c173a0 <=> MockClient@0xcc36575{@0x913157b,false}}.remoteRequestedSend: com.couchbase.lite.Message@da3e34b
01-05 13:12:57.197 15889 16136 D CouchbaseLite/NETWORK: [JAVA] vC4Socket@x7b39c173a0.sendToCore(85)
01-05 13:12:57.197 15889 16001 V CouchbaseLite/REPLICATOR: {N8litecore4repl6PusherE#1640} progress +16/+0, 1 docs -- now 16 / 16, 1 docs
01-05 13:12:57.198 15889 16001 I CouchbaseLite/REPLICATOR: {N8litecore4repl6PusherE#1640} activityLevel=idle: pendingResponseCount=0, caughtUp=1, changeLists=0, revsInFlight=0, blobsInFlight=0, awaitingReply=0, revsToSend=0, pushingDocs=0, pendingSequences=0
01-05 13:12:57.198 15889 16001 V CouchbaseLite/REPLICATOR: {N8litecore4repl6PusherE#1640} now idle
01-05 13:12:57.198 15889 16001 I CouchbaseLite/REPLICATOR: {Repl#1625} pushStatus=idle, pullStatus=idle, progress=16/16
01-05 13:12:57.198 15889 16001 V CouchbaseLite/REPLICATOR: {Repl#1625} progress +16/+0, 1 docs -- now 16 / 16, 1 docs
01-05 13:12:57.199 15889 16001 I CouchbaseLite/REPLICATOR: {Repl#1625} activityLevel=busy: connectionState=2, savingChkpt=1
01-05 13:12:57.199 15889 16136 V CouchbaseLite/NETWORK: {N8litecore4repl12C4SocketImplE#1626} Received 85-byte message
01-05 13:12:57.199 15889 16001 V CouchbaseLite/REPLICATOR: {Repl#1625} Saving remote checkpoint 'cp-Hv9xZn7yxj0q4M+VskvzQ/SJITQ=' over rev='1-cc': {"time":1641417177,"local":1} ...
01-05 13:12:57.200 15889 16001 I CouchbaseLite/REPLICATOR: {Repl#1625} activityLevel=busy: connectionState=2, savingChkpt=1
01-05 13:12:57.200 15889 16002 V CouchbaseLite/NETWORK: {N8litecore4blip6BLIPIOE#1639} Sending 'setCheckpoint' REQ #8
01-05 13:12:57.200 15889 16002 V CouchbaseLite/NETWORK: {N8litecore4blip6BLIPIOE#1639} Sending frame: REQ #8 ----, bytes 0--103
01-05 13:12:57.201 15889 16002 V CouchbaseLite/NETWORK: {N8litecore4repl12C4SocketImplE#1626} Sending 106-byte message
01-05 13:12:57.201 15889 16002 D CouchbaseLite/NETWORK: [JAVA] ^C4Socket.write@7b39c173a0(106)
01-05 13:12:57.202 15889 16002 V CouchbaseLite/NETWORK: {N8litecore4blip6BLIPIOE#1639} Finished sending REQ #8
01-05 13:12:57.202 15889 16002 V CouchbaseLite/NETWORK: {N8litecore4blip6BLIPIOE#1639} ...Wrote 106 bytes to WebSocket (writeable=1)
01-05 13:12:57.202 15889 16002 I CouchbaseLite/REPLICATOR: {Repl#1625} activityLevel=busy: connectionState=2, savingChkpt=1
01-05 13:12:57.203 15889 16010 D CouchbaseLite/NETWORK: [JAVA] UnframedStreamSocket@0x913157b{C4Socket@x7b39c173a0 <=> MockClient@0xcc36575{@0x913157b,false}}.coreWrites: 106
01-05 13:12:57.202 15889 16002 V CouchbaseLite/NETWORK: {N8litecore4blip6BLIPIOE#1639} Received frame: REQ #4 -U-C, length 83
01-05 13:12:57.203 15889 16010 D CouchbaseLite/TEST: MOCK CONNECTION:CBL worker #6(12137) MockClient@0xcc36575{@0x913157b,false}.send(106) com.couchbase.lite.internal.replicator.-$$Lambda$MessageSocket$GwNDDW6wl4G7ayaxaRmBhixDqxE@50ad128
01-05 13:12:57.203 15889 16002 V CouchbaseLite/NETWORK: {N8litecore4blip10ConnectionE#1624} Receiving 'changes' REQ #4 UZ
01-05 13:12:57.203 15889 16136 D CouchbaseLite/TEST: MOCK CONNECTION:Client(14283) MockClient@0xcc36575{@0x913157b,false} deliver send(106) com.couchbase.lite.internal.replicator.-$$Lambda$MessageSocket$GwNDDW6wl4G7ayaxaRmBhixDqxE@50ad128
01-05 13:12:57.203 15889 16002 V CouchbaseLite/NETWORK: {N8litecore4blip10ConnectionE#1624} Finished receiving 'changes' REQ #4 UZ
01-05 13:12:57.203 15889 16136 D CouchbaseLite/TEST: MOCK CONNECTION:Client(14283) MockClient@0xcc36575{@0x913157b,false}.getLogicError @SEND: null
01-05 13:12:57.204 15889 16136 D CouchbaseLite/TEST: MOCK CONNECTION:Client(14283) MockClient@0xcc36575{@0x913157b,false}.sendAsync(106) null com.couchbase.lite.internal.replicator.-$$Lambda$MessageSocket$GwNDDW6wl4G7ayaxaRmBhixDqxE@50ad128
01-05 13:12:57.204 15889 16136 D CouchbaseLite/TEST: MOCK CONNECTION:Client(14283) MockServer(P2PPassiveCloseAll1)@0x842f714{@0x257abd6,false}.accept(106)
01-05 13:12:57.204 15889 16136 D CouchbaseLite/TEST: MOCK CONNECTION:Client(14283) MockServer(P2PPassiveCloseAll1)@0x842f714{@0x257abd6,false}.deliver(106) *@0x257abd6
01-05 13:12:57.204 15889 15997 V CouchbaseLite/REPLICATOR: {N8litecore4repl9RevFinderE#1658} Handling 'changes' REQ#4
01-05 13:12:57.204 15889 16002 D CouchbaseLite/NETWORK: [JAVA] ^C4Socket.completedReceive@7b39c173a0(85)
01-05 13:12:57.204 15889 16136 D CouchbaseLite/NETWORK: [JAVA] UnframedStreamSocket@0x913157b{C4Socket@x7b39c173a0 <=> MockClient@0xcc36575{@0x913157b,false}}.ackMessageToCore (106)
01-05 13:12:57.204 15889 16137 D CouchbaseLite/TEST: MOCK CONNECTION:Server(P2PPassiveCloseAll1)(14306) MockServer(P2PPassiveCloseAll1)@0x842f714{@0x257abd6,false}deliver message (106) *@0x257abd6
01-05 13:12:57.204 15889 16136 D CouchbaseLite/NETWORK: [JAVA] vC4Socket@x7b39c173a0.ackWriteToCore(106)
01-05 13:12:57.204 15889 16137 D CouchbaseLite/TEST: MOCK CONNECTION:Server(P2PPassiveCloseAll1)(14306) MockServer(P2PPassiveCloseAll1)@0x842f714{@0x257abd6,false}.!deliverAsync(106) *@0x257abd6
01-05 13:12:57.204 15889 16013 D CouchbaseLite/NETWORK: [JAVA] UnframedStreamSocket@0x913157b{C4Socket@x7b39c173a0 <=> MockClient@0xcc36575{@0x913157b,false}}.coreAckReceive: 85
01-05 13:12:57.204 15889 16137 D CouchbaseLite/NETWORK: [JAVA] UnframedStreamSocket@0x257abd6{C4Socket@x7a319216a0 <=> MockServer(P2PPassiveCloseAll1)@0x842f714{@0x257abd6,false}}.remoteRequestedSend: com.couchbase.lite.Message@e456e41
01-05 13:12:57.204 15889 16137 D CouchbaseLite/NETWORK: [JAVA] vC4Socket@x7a319216a0.sendToCore(106)
01-05 13:12:57.205 15889 16137 V CouchbaseLite/NETWORK: {N8litecore4repl12C4SocketImplE#1637} Received 106-byte message
01-05 13:12:57.205 15889 15997 I CouchbaseLite/REPLICATOR: {N8litecore4repl9RevFinderE#1658} Received 1 changes (seq '1'..'1')
01-05 13:12:57.205 15889 15998 V CouchbaseLite/NETWORK: {N8litecore4blip6BLIPIOE#1644} Received frame: REQ #8 ----, length 104
01-05 13:12:57.206 15889 15997 D CouchbaseLite/DATABASE: {N8litecore8DataFile6SharedE#1615} adding DataFile 0x7a45c17f40
01-05 13:12:57.206 15889 15997 I CouchbaseLite/DATABASE: {DB#1663}==> N8litecore14SQLiteDataFileE /data/data/com.couchbase.lite.kotlin.test/files/base-db-L6FannLXNSF9.cblite2/db.sqlite3 @0x7a45c17f40
01-05 13:12:57.207 15889 15997 I CouchbaseLite/DATABASE: {DB#1663} Opening database
01-05 13:12:57.207 15889 15998 V CouchbaseLite/NETWORK: {N8litecore4blip10ConnectionE#1632} Receiving 'setCheckpoint' REQ #8
01-05 13:12:57.207 15889 15998 V CouchbaseLite/NETWORK: {N8litecore4blip10ConnectionE#1632} Finished receiving 'setCheckpoint' REQ #8
01-05 13:12:57.208 15889 15998 D CouchbaseLite/NETWORK: [JAVA] ^C4Socket.completedReceive@7a319216a0(106)
01-05 13:12:57.208 15889 15996 I CouchbaseLite/REPLICATOR: {repl#1634} Request to set peer checkpoint 'cp-Hv9xZn7yxj0q4M+VskvzQ/SJITQ='
01-05 13:12:57.208 15889 15996 V CouchbaseLite/DATABASE: {DB#1629} begin transaction
01-05 13:12:57.208 15889 16012 D CouchbaseLite/NETWORK: [JAVA] UnframedStreamSocket@0x257abd6{C4Socket@x7a319216a0 <=> MockServer(P2PPassiveCloseAll1)@0x842f714{@0x257abd6,false}}.coreAckReceive: 106
01-05 13:12:57.208 15889 15996 I CouchbaseLite/DATABASE: BEGIN
01-05 13:12:57.209 15889 15996 I CouchbaseLite/DATABASE: ... SELECT sequence, flags, null, version, body, extra FROM kv_info WHERE key=?
01-05 13:12:57.209 15889 15997 I CouchbaseLite/DATABASE: PRAGMA cache_size=-10240; PRAGMA mmap_size=52428800; PRAGMA synchronous=normal; PRAGMA journal_size_limit=5242880; PRAGMA case_sensitive_like=true
01-05 13:12:57.209 15889 15996 I CouchbaseLite/DATABASE: ... SELECT sequence, flags, null, version, body, extra FROM kv_peerCheckpoints WHERE key=?
01-05 13:12:57.210 15889 15997 I CouchbaseLite/DATABASE: ... SELECT sql FROM sqlite_master WHERE name = ? AND type = ? AND tbl_name = ?
01-05 13:12:57.210 15889 15996 V CouchbaseLite/DATABASE: {DB#1629} KeyStore(peerCheckpoints) set 'cp-Hv9xZn7yxj0q4M+VskvzQ/SJITQ='
01-05 13:12:57.210 15889 15996 I CouchbaseLite/DATABASE: ... INSERT OR REPLACE INTO kv_peerCheckpoints (key, version, body) VALUES (?, ?, ?)
01-05 13:12:57.210 15889 15997 I CouchbaseLite/DATABASE: Compiling SQL "SELECT sequence, flags, null, version, body, extra FROM kv_info WHERE key=?"
01-05 13:12:57.211 15889 15996 V CouchbaseLite/DATABASE: {DB#1629} commit transaction
01-05 13:12:57.211 15889 15996 I CouchbaseLite/DATABASE: COMMIT
01-05 13:12:57.211 15889 15996 I CouchbaseLite/REPLICATOR: {repl#1634} activityLevel=busy: connectionState=2, savingChkpt=0
01-05 13:12:57.212 15889 16000 V CouchbaseLite/NETWORK: {N8litecore4blip6BLIPIOE#1644} Sending RES #8
01-05 13:12:57.212 15889 15997 I CouchbaseLite/DATABASE: ... SELECT sequence, flags, null, version, body, extra FROM kv_info WHERE key=?
01-05 13:12:57.212 15889 16000 V CouchbaseLite/NETWORK: {N8litecore4blip6BLIPIOE#1644} Sending frame: RES #8 ----, bytes 0--13
01-05 13:12:57.212 15889 16000 V CouchbaseLite/NETWORK: {N8litecore4repl12C4SocketImplE#1637} Sending 16-byte message
01-05 13:12:57.213 15889 15997 I CouchbaseLite/DATABASE: ... SELECT sql FROM sqlite_master WHERE name = ? AND type = ? AND tbl_name = ?
01-05 13:12:57.213 15889 15997 I CouchbaseLite/DATABASE: {N8litecore14CollectionImplE#1664}==> N8litecore14CollectionImplE base-db-L6FannLXNSF9/_default @0x7b39ccc7c0
01-05 13:12:57.213 15889 15997 I CouchbaseLite/DATABASE: {N8litecore14CollectionImplE#1664} Instantiated
01-05 13:12:57.214 15889 15997 I CouchbaseLite/DATABASE: ... SELECT substr(name,4) FROM sqlite_master WHERE type='table' AND name GLOB 'kv_*'
01-05 13:12:57.214 15889 15997 I CouchbaseLite/DATABASE: ... SELECT sql FROM sqlite_master WHERE name = ? AND type = ? AND tbl_name = ?
01-05 13:12:57.214 15889 15997 V CouchbaseLite/DATABASE: {DB#1663} Next expiration time is 0
01-05 13:12:57.214 15889 15997 V CouchbaseLite/DATABASE: {DB#1663} begin transaction
01-05 13:12:57.214 15889 15997 I CouchbaseLite/DATABASE: BEGIN
01-05 13:12:57.215 15889 15997 I CouchbaseLite/DATABASE: ... SELECT sequence, flags, null, version, body, extra FROM kv_info WHERE key=?
01-05 13:12:57.215 15889 15997 I CouchbaseLite/DATABASE: Compiling SQL "UPDATE kv_default SET flags = ((flags + 0x10000) | ?) WHERE key=? AND sequence=?"
01-05 13:12:57.215 15889 16000 D CouchbaseLite/NETWORK: [JAVA] ^C4Socket.write@7a319216a0(16)
01-05 13:12:57.215 15889 15997 I CouchbaseLite/DATABASE: ... UPDATE kv_default SET flags = ((flags + 0x10000) | ?) WHERE key=? AND sequence=?
01-05 13:12:57.216 15889 16000 V CouchbaseLite/NETWORK: {N8litecore4blip6BLIPIOE#1644} Finished sending RES #8
01-05 13:12:57.216 15889 16014 D CouchbaseLite/NETWORK: [JAVA] UnframedStreamSocket@0x257abd6{C4Socket@x7a319216a0 <=> MockServer(P2PPassiveCloseAll1)@0x842f714{@0x257abd6,false}}.coreWrites: 16
01-05 13:12:57.216 15889 16000 V CouchbaseLite/NETWORK: {N8litecore4blip6BLIPIOE#1644} ...Wrote 16 bytes to WebSocket (writeable=1)
01-05 13:12:57.216 15889 16014 D CouchbaseLite/TEST: MOCK CONNECTION:CBL worker #10(12433) MockServer(P2PPassiveCloseAll1)@0x842f714{@0x257abd6,false}.send(16) com.couchbase.lite.internal.replicator.-$$Lambda$MessageSocket$GwNDDW6wl4G7ayaxaRmBhixDqxE@26defe6
01-05 13:12:57.216 15889 15997 V CouchbaseLite/DATABASE: {DB#1663} commit transaction
01-05 13:12:57.216 15889 15997 I CouchbaseLite/DATABASE: COMMIT
01-05 13:12:57.216 15889 16137 D CouchbaseLite/TEST: MOCK CONNECTION:Server(P2PPassiveCloseAll1)(14306) MockServer(P2PPassiveCloseAll1)@0x842f714{@0x257abd6,false} deliver send(16) com.couchbase.lite.internal.replicator.-$$Lambda$MessageSocket$GwNDDW6wl4G7ayaxaRmBhixDqxE@26defe6
01-05 13:12:57.217 15889 16137 D CouchbaseLite/TEST: MOCK CONNECTION:Server(P2PPassiveCloseAll1)(14306) MockServer(P2PPassiveCloseAll1)@0x842f714{@0x257abd6,false}.!sendAsync(16) =>@0xcc36575 com.couchbase.lite.internal.replicator.-$$Lambda$MessageSocket$GwNDDW6wl4G7ayaxaRmBhixDqxE@26defe6
01-05 13:12:57.217 15889 16137 D CouchbaseLite/TEST: MOCK CONNECTION:Server(P2PPassiveCloseAll1)(14306) MockClient@0xcc36575{@0x913157b,false}.accept(16)
01-05 13:12:57.217 15889 16137 D CouchbaseLite/TEST: MOCK CONNECTION:Server(P2PPassiveCloseAll1)(14306) MockClient@0xcc36575{@0x913157b,false}.deliver(16) *@0x913157b
01-05 13:12:57.217 15889 16137 D CouchbaseLite/NETWORK: [JAVA] UnframedStreamSocket@0x257abd6{C4Socket@x7a319216a0 <=> MockServer(P2PPassiveCloseAll1)@0x842f714{@0x257abd6,false}}.ackMessageToCore (16)
01-05 13:12:57.217 15889 16137 D CouchbaseLite/NETWORK: [JAVA] vC4Socket@x7a319216a0.ackWriteToCore(16)
01-05 13:12:57.217 15889 16136 D CouchbaseLite/TEST: MOCK CONNECTION:Client(14283) MockClient@0xcc36575{@0x913157b,false}deliver message (16) *@0x913157b
01-05 13:12:57.217 15889 16136 D CouchbaseLite/TEST: MOCK CONNECTION:Client(14283) MockClient@0xcc36575{@0x913157b,false}.getLogicError @RECEIVE: null
01-05 13:12:57.217 15889 16136 D CouchbaseLite/TEST: MOCK CONNECTION:Client(14283) MockClient@0xcc36575{@0x913157b,false}.deliverAsync(16) *@0x913157b null
01-05 13:12:57.218 15889 16136 D CouchbaseLite/NETWORK: [JAVA] UnframedStreamSocket@0x913157b{C4Socket@x7b39c173a0 <=> MockClient@0xcc36575{@0x913157b,false}}.remoteRequestedSend: com.couchbase.lite.Message@9cb6927
01-05 13:12:57.218 15889 16136 D CouchbaseLite/NETWORK: [JAVA] vC4Socket@x7b39c173a0.sendToCore(16)
01-05 13:12:57.218 15889 15997 I CouchbaseLite/REPLICATOR: {N8litecore4repl8DBAccessE#1665}==> N8litecore4repl8DBAccessE 0x7aa2320c20 @0x7aa2320c20
01-05 13:12:57.218 15889 15997 V CouchbaseLite/REPLICATOR: {N8litecore4repl8DBAccessE#1665} Marked 1 revs as synced-to-server in 11.93ms (84/sec)
01-05 13:12:57.218 15889 16136 V CouchbaseLite/NETWORK: {N8litecore4repl12C4SocketImplE#1626} Received 16-byte message
01-05 13:12:57.219 15889 15997 I CouchbaseLite/DATABASE: ... SELECT key, fl_callback(key, version, body, extra, sequence, ?) FROM kv_default WHERE key IN ('test')
01-05 13:12:57.219 15889 15995 V CouchbaseLite/NETWORK: {N8litecore4blip6BLIPIOE#1639} Received frame: RES #8 ----, length 14
01-05 13:12:57.219 15889 15995 V CouchbaseLite/NETWORK: {N8litecore4blip10ConnectionE#1624} Receiving RES #8
01-05 13:12:57.219 15889 15995 V CouchbaseLite/NETWORK: {N8litecore4blip10ConnectionE#1624} Finished receiving RES #8
01-05 13:12:57.220 15889 16001 I CouchbaseLite/REPLICATOR: {Repl#1625} Saved remote checkpoint 'cp-Hv9xZn7yxj0q4M+VskvzQ/SJITQ=' as rev='2-cc'
01-05 13:12:57.220 15889 16001 V CouchbaseLite/DATABASE: {DB#1622} begin transaction
01-05 13:12:57.220 15889 16001 I CouchbaseLite/DATABASE: BEGIN
01-05 13:12:57.220 15889 16001 I CouchbaseLite/DATABASE: ... SELECT sequence, flags, null, version, body, extra FROM kv_info WHERE key=?
01-05 13:12:57.221 15889 16001 V CouchbaseLite/DATABASE: {DB#1622} KeyStore(checkpoints) set 'cp-Hv9xZn7yxj0q4M+VskvzQ/SJITQ='
01-05 13:12:57.221 15889 16001 I CouchbaseLite/DATABASE: ... INSERT OR REPLACE INTO kv_checkpoints (key, version, body) VALUES (?, ?, ?)
01-05 13:12:57.221 15889 16001 V CouchbaseLite/DATABASE: {DB#1622} commit transaction
01-05 13:12:57.221 15889 16001 I CouchbaseLite/DATABASE: COMMIT
01-05 13:12:57.222 15889 16001 I CouchbaseLite/REPLICATOR: {Repl#1625} Saved local checkpoint 'cp-Hv9xZn7yxj0q4M+VskvzQ/SJITQ=': {"time":1641417177,"local":1}
01-05 13:12:57.222 15889 16001 I CouchbaseLite/REPLICATOR: {Repl#1625} activityLevel=busy: connectionState=2, savingChkpt=0
01-05 13:12:57.227 16142 16142 E crash_dump64: unknown process state: t
01-05 13:12:57.441 16142 16142 I crash_dump64: obtaining output fd from tombstoned, type: kDebuggerdTombstone
01-05 13:12:57.442 15889 15997 I CouchbaseLite/REPLICATOR: {N8litecore4repl8DBAccessE#1665} Updating remote #1's rev of 'test' to 1-fec5440dbdd42b9efc3840ed449af8bc861700ad
01-05 13:12:57.442 15889 15995 D CouchbaseLite/NETWORK: [JAVA] ^C4Socket.completedReceive@7b39c173a0(16)
01-05 13:12:57.442 15889 15997 V CouchbaseLite/DATABASE: {DB#1622} begin transaction
01-05 13:12:57.444 15889 15997 I CouchbaseLite/DATABASE: BEGIN
01-05 13:12:57.446 15889 15997 I CouchbaseLite/DATABASE: ... SELECT sequence, flags, null, version, body, extra FROM kv_info WHERE key=?
01-05 13:12:57.447 15889 15998 I CouchbaseLite/REPLICATOR: {C4Replicator#1635} State: busy, progress=0.00%
01-05 13:12:57.447 15889 16011 D CouchbaseLite/NETWORK: [JAVA] UnframedStreamSocket@0x913157b{C4Socket@x7b39c173a0 <=> MockClient@0xcc36575{@0x913157b,false}}.coreAckReceive: 16
01-05 13:12:57.448 15889 15996 I CouchbaseLite/REPLICATOR: {C4Replicator#1621} State: busy, progress=100.00%
01-05 13:12:57.449 15889 15997 I CouchbaseLite/DATABASE: ... SELECT sequence, flags, null, version, body, extra FROM kv_default WHERE key=?
01-05 13:12:57.450 15889 15997 I CouchbaseLite/DATABASE: Compiling SQL "UPDATE kv_default SET version=?, body=?, extra=?, flags=?, sequence=? WHERE key=? AND sequence=? AND (flags >> 16) = ?"
01-05 13:12:57.451 15889 15996 D CouchbaseLite/REPLICATOR: [JAVA] C4Replicator.statusChangedCallback @0x7aa23d6400, status: C4ReplicatorStatus{level=4,completed=16,total=16,#docs=1,domain=0,code=0,info=0}
01-05 13:12:57.451 15889 15996 I CouchbaseLite/REPLICATOR: [JAVA] ReplicatorListener.statusChanged, repl: Replicator{@0xe693afe(<*>),Database{@0x333ad26, name='base-db-L6FannLXNSF9'} => MessageEndpoint{p2ptest3, MESSAGE_STREAM, MockServer(P2PPassiveCloseAll1)@0x842f714{@0x0,false}}}, status: C4ReplicatorStatus{level=4,completed=16,total=16,#docs=1,domain=0,code=0,info=0}
01-05 13:12:57.451 15889 15997 I CouchbaseLite/DATABASE: ... UPDATE kv_default SET version=?, body=?, extra=?, flags=?, sequence=? WHERE key=? AND sequence=? AND (flags >> 16) = ?
01-05 13:12:57.452 1266 1266 I /system/bin/tombstoned: received crash request for pid 15905
01-05 13:12:57.452 15889 15996 I CouchbaseLite/REPLICATOR: {Repl#1625} activityLevel=idle: connectionState=2, savingChkpt=0
01-05 13:12:57.452 15889 16004 I CouchbaseLite/REPLICATOR: [JAVA] status changed: (0, 0) @C4ReplicatorStatus{level=4,completed=16,total=16,#docs=1,domain=0,code=0,info=0} for Replicator{@0xe693afe(<*>),Database{@0x333ad26, name='base-db-L6FannLXNSF9'} => MessageEndpoint{p2ptest3, MESSAGE_STREAM, MockServer(P2PPassiveCloseAll1)@0x842f714{@0x0,false}}}
01-05 13:12:57.453 15889 15996 I CouchbaseLite/REPLICATOR: {Repl#1625} now idle
01-05 13:12:57.453 15889 16004 I CouchbaseLite/REPLICATOR: [JAVA] State changed BUSY => BUSY(16/16): null for Replicator{@0xe693afe(<*>),Database{@0x333ad26, name='base-db-L6FannLXNSF9'} => MessageEndpoint{p2ptest3, MESSAGE_STREAM, MockServer(P2PPassiveCloseAll1)@0x842f714{@0x0,false}}}
01-05 13:12:57.453 15889 15998 D CouchbaseLite/REPLICATOR: [JAVA] C4Replicator.statusChangedCallback @0x7aa2306e00, status: C4ReplicatorStatus{level=4,completed=0,total=16,#docs=1,domain=0,code=0,info=0}
01-05 13:12:57.453 15889 15996 I CouchbaseLite/REPLICATOR: {C4Replicator#1621} State: idle, progress=100.00%
01-05 13:12:57.453 15889 15998 D CouchbaseLite/NETWORK: [JAVA] ReplicatorListener.statusChanged (C4ReplicatorStatus{level=4,completed=0,total=16,#docs=1,domain=0,code=0,info=0}): com.couchbase.lite.MessageEndpointListener@9437bbd
01-05 13:12:57.456 15889 15889 I CouchbaseLite/TEST: Repl #1: BUSY
01-05 13:12:57.456 16142 16142 I crash_dump64: performing dump of process 15889 (target tid = 15905)
01-05 13:12:57.456 15889 16009 D CouchbaseLite/LISTENER: [JAVA] MessageEndpointListener status changed (C4ReplicatorStatus{level=4,completed=0,total=16,#docs=1,domain=0,code=0,info=0}): C4Repl{@0x3338e57/@x7aa2306e00'}
01-05 13:12:57.457 15889 15997 V CouchbaseLite/DATABASE: Saved doc 'test' #1-fec5440dbdd42b9efc3840ed449af8bc861700ad; body=16, extra=38
01-05 13:12:57.457 15889 15889 I CouchbaseLite/TEST: Connection MockServer(P2PPassiveCloseAll1)@0x842f714{@0x257abd6,false}: BUSY
01-05 13:12:57.457 15889 15996 D CouchbaseLite/REPLICATOR: [JAVA] C4Replicator.statusChangedCallback @0x7aa23d6400, status: C4ReplicatorStatus{level=3,completed=16,total=16,#docs=1,domain=0,code=0,info=0}
01-05 13:12:57.457 15889 15996 I CouchbaseLite/REPLICATOR: [JAVA] ReplicatorListener.statusChanged, repl: Replicator{@0xe693afe(<*>),Database{@0x333ad26, name='base-db-L6FannLXNSF9'} => MessageEndpoint{p2ptest3, MESSAGE_STREAM, MockServer(P2PPassiveCloseAll1)@0x842f714{@0x0,false}}}, status: C4ReplicatorStatus{level=3,completed=16,total=16,#docs=1,domain=0,code=0,info=0}
01-05 13:12:57.457 15889 15997 V CouchbaseLite/DATABASE: {DB#1622} commit transaction
01-05 13:12:57.458 15889 16010 I CouchbaseLite/REPLICATOR: [JAVA] status changed: (0, 0) @C4ReplicatorStatus{level=3,completed=16,total=16,#docs=1,domain=0,code=0,info=0} for Replicator{@0xe693afe(<*>),Database{@0x333ad26, name='base-db-L6FannLXNSF9'} => MessageEndpoint{p2ptest3, MESSAGE_STREAM, MockServer(P2PPassiveCloseAll1)@0x842f714{@0x0,false}}}
01-05 13:12:57.458 15889 16010 I CouchbaseLite/REPLICATOR: [JAVA] State changed BUSY => IDLE(16/16): null for Replicator{@0xe693afe(<*>),Database{@0x333ad26, name='base-db-L6FannLXNSF9'} => MessageEndpoint{p2ptest3, MESSAGE_STREAM, MockServer(P2PPassiveCloseAll1)@0x842f714{@0x0,false}}}
01-05 13:12:57.459 15889 15997 I CouchbaseLite/DATABASE: COMMIT
01-05 13:12:57.460 15889 15889 I CouchbaseLite/TEST: Repl #1: IDLE
01-05 13:12:57.461 15889 15998 I CouchbaseLite/REPLICATOR: {repl#1634} activityLevel=busy: connectionState=2, savingChkpt=0
01-05 13:12:57.461 15889 15999 I CouchbaseLite/REPLICATOR: {N8litecore4repl6PusherE#1640} activityLevel=idle: pendingResponseCount=0, caughtUp=1, changeLists=0, revsInFlight=0, blobsInFlight=0, awaitingReply=0, revsToSend=0, pushingDocs=0, pendingSequences=0
01-05 13:12:57.462 15889 15997 I CouchbaseLite/REPLICATOR: {N8litecore4repl9RevFinderE#1658} Responded to 'changes' REQ#4 w/request for 0 revs in 0.241889 sec
01-05 13:12:57.463 15889 16002 V CouchbaseLite/REPLICATOR: {N8litecore4repl6PullerE#1642} Checkpoint now at '1'
01-05 13:12:57.463 15889 16002 V CouchbaseLite/REPLICATOR: {N8litecore4repl6PullerE#1642} Now waiting for 0 'rev' messages; 0 known sequences pending
01-05 13:12:57.463 15889 16002 I CouchbaseLite/REPLICATOR: {N8litecore4repl6PullerE#1642} activityLevel=idle: pendingResponseCount=0, _caughtUp=1, _pendingRevMessages=0, _activeIncomingRevs=0
01-05 13:12:57.464 15889 15998 V CouchbaseLite/NETWORK: {N8litecore4blip6BLIPIOE#1639} Sending RES #4 UZ
01-05 13:12:57.464 15889 15998 V CouchbaseLite/NETWORK: {N8litecore4blip6BLIPIOE#1639} Sending frame: RES #4 -U-C, bytes 0--40
01-05 13:12:57.465 15889 15998 V CouchbaseLite/NETWORK: {N8litecore4repl12C4SocketImplE#1626} Sending 43-byte message
01-05 13:12:57.465 15889 15998 D CouchbaseLite/NETWORK: [JAVA] ^C4Socket.write@7b39c173a0(43)
01-05 13:12:57.466 15889 15998 V CouchbaseLite/NETWORK: {N8litecore4blip6BLIPIOE#1639} Finished sending RES #4 UZ
01-05 13:12:57.466 15889 15998 V CouchbaseLite/NETWORK: {N8litecore4blip6BLIPIOE#1639} ...Wrote 43 bytes to WebSocket (writeable=1)
01-05 13:12:57.466 15889 16013 D CouchbaseLite/NETWORK: [JAVA] UnframedStreamSocket@0x913157b{C4Socket@x7b39c173a0 <=> MockClient@0xcc36575{@0x913157b,false}}.coreWrites: 43
01-05 13:12:57.467 15889 16013 D CouchbaseLite/TEST: MOCK CONNECTION:CBL worker #9(12429) MockClient@0xcc36575{@0x913157b,false}.send(43) com.couchbase.lite.internal.replicator.-$$Lambda$MessageSocket$GwNDDW6wl4G7ayaxaRmBhixDqxE@cfd7d4
01-05 13:12:57.467 15889 16136 D CouchbaseLite/TEST: MOCK CONNECTION:Client(14283) MockClient@0xcc36575{@0x913157b,false} deliver send(43) com.couchbase.lite.internal.replicator.-$$Lambda$MessageSocket$GwNDDW6wl4G7ayaxaRmBhixDqxE@cfd7d4
01-05 13:12:57.468 15889 16136 D CouchbaseLite/TEST: MOCK CONNECTION:Client(14283) MockClient@0xcc36575{@0x913157b,false}.getLogicError @SEND: null
01-05 13:12:57.468 15889 16136 D CouchbaseLite/TEST: MOCK CONNECTION:Client(14283) MockClient@0xcc36575{@0x913157b,false}.sendAsync(43) null com.couchbase.lite.internal.replicator.-$$Lambda$MessageSocket$GwNDDW6wl4G7ayaxaRmBhixDqxE@cfd7d4
01-05 13:12:57.468 15889 16136 D CouchbaseLite/TEST: MOCK CONNECTION:Client(14283) MockServer(P2PPassiveCloseAll1)@0x842f714{@0x257abd6,false}.accept(43)
01-05 13:12:57.468 15889 16136 D CouchbaseLite/TEST: MOCK CONNECTION:Client(14283) MockServer(P2PPassiveCloseAll1)@0x842f714{@0x257abd6,false}.deliver(43) *@0x257abd6
01-05 13:12:57.468 15889 16136 D CouchbaseLite/NETWORK: [JAVA] UnframedStreamSocket@0x913157b{C4Socket@x7b39c173a0 <=> MockClient@0xcc36575{@0x913157b,false}}.ackMessageToCore (43)
01-05 13:12:57.469 15889 16136 D CouchbaseLite/NETWORK: [JAVA] vC4Socket@x7b39c173a0.ackWriteToCore(43)
01-05 13:12:57.469 15889 16137 D CouchbaseLite/TEST: MOCK CONNECTION:Server(P2PPassiveCloseAll1)(14306) MockServer(P2PPassiveCloseAll1)@0x842f714{@0x257abd6,false}deliver message (43) *@0x257abd6
01-05 13:12:57.469 15889 16137 D CouchbaseLite/TEST: MOCK CONNECTION:Server(P2PPassiveCloseAll1)(14306) MockServer(P2PPassiveCloseAll1)@0x842f714{@0x257abd6,false}.!deliverAsync(43) *@0x257abd6
01-05 13:12:57.469 15889 16137 D CouchbaseLite/NETWORK: [JAVA] UnframedStreamSocket@0x257abd6{C4Socket@x7a319216a0 <=> MockServer(P2PPassiveCloseAll1)@0x842f714{@0x257abd6,false}}.remoteRequestedSend: com.couchbase.lite.Message@e39ad7d
01-05 13:12:57.469 15889 16137 D CouchbaseLite/NETWORK: [JAVA] vC4Socket@x7a319216a0.sendToCore(43)
01-05 13:12:57.469 15889 16137 V CouchbaseLite/NETWORK: {N8litecore4repl12C4SocketImplE#1637} Received 43-byte message
01-05 13:12:57.470 16142 16142 F DEBUG : *** *** *** *** *** *** *** *** *** *** *** *** *** *** *** ***
01-05 13:12:57.470 15889 16001 V CouchbaseLite/NETWORK: {N8litecore4blip6BLIPIOE#1644} Received frame: RES #4 -U-C, length 41
01-05 13:12:57.470 16142 16142 F DEBUG : Build fingerprint: 'samsung/starqlteue/starqlteue:10/QP1A.190711.020/G960U1UES9FUB1:user/release-keys'
01-05 13:12:57.470 16142 16142 F DEBUG : Revision: '14'
01-05 13:12:57.470 16142 16142 F DEBUG : ABI: 'arm64'
01-05 13:12:57.470 15889 16001 V CouchbaseLite/NETWORK: {N8litecore4blip10ConnectionE#1632} Receiving RES #4 UZ
01-05 13:12:57.470 15889 16001 V CouchbaseLite/NETWORK: {N8litecore4blip10ConnectionE#1632} Finished receiving RES #4 UZ
01-05 13:12:57.471 16142 16142 F DEBUG : Timestamp: 2022-01-05 13:12:57-0800
01-05 13:12:57.471 16142 16142 F DEBUG : pid: 15889, tid: 15905, name: FinalizerDaemon >>> com.couchbase.lite.kotlin.test <<<
01-05 13:12:57.471 16142 16142 F DEBUG : uid: 10272
01-05 13:12:57.471 16142 16142 F DEBUG : signal 11 (SIGSEGV), code 1 (SEGV_MAPERR), fault addr 0x0
01-05 13:12:57.471 16142 16142 F DEBUG : Cause: null pointer dereference
01-05 13:12:57.471 16142 16142 F DEBUG : x0 0000007b39cd8104 x1 0000000000000081 x2 0000000000000001 x3 0000000000000000
01-05 13:12:57.471 16142 16142 F DEBUG : x4 0000000000000000 x5 0000000000000000 x6 0000000000000000 x7 00000000004f20cc
01-05 13:12:57.471 16142 16142 F DEBUG : x8 0000007b39cd8100 x9 0000000000000004 x10 0000000000000000 x11 0000000000000000
01-05 13:12:57.471 16142 16142 F DEBUG : x12 0000000056e246f0 x13 0000000061d609d8 x14 003b7e683365a9eb x15 0000b00b8ba98a3c
01-05 13:12:57.471 16142 16142 F DEBUG : x16 0000007a48c2db50 x17 0000007a489cbd88 x18 0000007a50ee8000 x19 0000000000000000
01-05 13:12:57.471 16142 16142 F DEBUG : x20 0000007aa75577b0 x21 0000007a319226c0 x22 0000000a00000001 x23 0000007aa755a020
01-05 13:12:57.471 16142 16142 F DEBUG : x24 000000000000000a x25 0000007aa755a020 x26 0000007b39b598b0 x27 0000000000000005
01-05 13:12:57.471 16142 16142 F DEBUG : x28 0000007aa75578b0 x29 0000007aa7557760
01-05 13:12:57.471 16142 16142 F DEBUG : sp 0000007aa7557740 lr 0000007a48a34448 pc 0000007a48a34448
01-05 13:12:57.471 15889 16000 I CouchbaseLite/REPLICATOR: {n8litecore4repl6pushere#1655} Got response for 1 local changes (sequences from 1)
01-05 13:12:57.471 15889 16000 I CouchbaseLite/REPLICATOR: {n8litecore4repl6pushere#1655} activityLevel=busy: pendingResponseCount=0, caughtUp=1, changeLists=0, revsInFlight=0, blobsInFlight=0, awaitingReply=0, revsToSend=0, pushingDocs=0, pendingSequences=0
01-05 13:12:57.472 15889 16000 I CouchbaseLite/REPLICATOR: {n8litecore4repl6pushere#1655} activityLevel=idle: pendingResponseCount=0, caughtUp=1, changeLists=0, revsInFlight=0, blobsInFlight=0, awaitingReply=0, revsToSend=0, pushingDocs=0, pendingSequences=0
01-05 13:12:57.472 15889 16000 V CouchbaseLite/REPLICATOR: {n8litecore4repl6pushere#1655} now idle
01-05 13:12:57.472 15889 16000 I CouchbaseLite/REPLICATOR: {repl#1634} pushStatus=idle, pullStatus=idle, progress=0/16
01-05 13:12:57.473 15889 16000 I CouchbaseLite/REPLICATOR: {repl#1634} activityLevel=idle: connectionState=2, savingChkpt=0
01-05 13:12:57.473 15889 16001 D CouchbaseLite/NETWORK: [JAVA] ^C4Socket.completedReceive@7a319216a0(43)
01-05 13:12:57.473 15889 16000 I CouchbaseLite/REPLICATOR: {repl#1634} now idle
01-05 13:12:57.474 15889 16000 I CouchbaseLite/REPLICATOR: {C4Replicator#1635} State: idle, progress=0.00%
01-05 13:12:57.474 15889 16000 D CouchbaseLite/REPLICATOR: [JAVA] C4Replicator.statusChangedCallback @0x7aa2306e00, status: C4ReplicatorStatus{level=3,completed=0,total=16,#docs=1,domain=0,code=0,info=0}
01-05 13:12:57.474 15889 16000 D CouchbaseLite/NETWORK: [JAVA] ReplicatorListener.statusChanged (C4ReplicatorStatus{level=3,completed=0,total=16,#docs=1,domain=0,code=0,info=0}): com.couchbase.lite.MessageEndpointListener@9437bbd
01-05 13:12:57.475 15889 16012 D CouchbaseLite/NETWORK: [JAVA] UnframedStreamSocket@0x257abd6{C4Socket@x7a319216a0 <=> MockServer(P2PPassiveCloseAll1)@0x842f714{@0x257abd6,false}}.coreAckReceive: 43
01-05 13:12:57.475 15889 16012 D CouchbaseLite/LISTENER: [JAVA] MessageEndpointListener status changed (C4ReplicatorStatus{level=3,completed=0,total=16,#docs=1,domain=0,code=0,info=0}): C4Repl{@0x3338e57/@x7aa2306e00'}
01-05 13:12:57.476 15889 15889 I CouchbaseLite/TEST: Connection MockServer(P2PPassiveCloseAll1)@0x842f714{@0x257abd6,false}: IDLE
01-05 13:12:57.495 15889 15903 I ite.kotlin.tes: Background concurrent copying GC freed 29142(7401KB) AllocSpace objects, 0(0B) LOS objects, 63% free, 3520KB/9664KB, paused 173us total 296.929ms
01-05 13:12:57.696 16142 16142 F DEBUG :
01-05 13:12:57.696 16142 16142 F DEBUG : backtrace:
01-05 13:12:57.696 16142 16142 F DEBUG : #00 pc 00000000003e5448 /data/app/com.couchbase.lite.kotlin.test-RYAEE2vArIEB_1ON7dxmzg==/lib/arm64/libLiteCoreJNI.so (litecore::websocket::WebSocketImpl::onClose(litecore::websocket::CloseStatus)+936) (BuildId: 173b09774066f96df8683c29cf6bbd1161f0ba34)
01-05 13:12:57.696 16142 16142 F DEBUG : #01 pc 00000000003213c4 /data/app/com.couchbase.lite.kotlin.test-RYAEE2vArIEB_1ON7dxmzg==/lib/arm64/libLiteCoreJNI.so (litecore::repl::C4SocketImpl::closed(C4Error)+180) (BuildId: 173b09774066f96df8683c29cf6bbd1161f0ba34)
01-05 13:12:57.696 16142 16142 F DEBUG : #02 pc 000000000032048c /data/app/com.couchbase.lite.kotlin.test-RYAEE2vArIEB_1ON7dxmzg==/lib/arm64/libLiteCoreJNI.so (c4socket_closed+20) (BuildId: 173b09774066f96df8683c29cf6bbd1161f0ba34)
01-05 13:12:57.696 16142 16142 F DEBUG : #03 pc 0000000000266230 /data/app/com.couchbase.lite.kotlin.test-RYAEE2vArIEB_1ON7dxmzg==/lib/arm64/libLiteCoreJNI.so (Java_com_couchbase_lite_internal_core_impl_NativeC4Socket_closed+92) (BuildId: 173b09774066f96df8683c29cf6bbd1161f0ba34)
01-05 13:12:57.696 16142 16142 F DEBUG : #04 pc 0000000000140350 /apex/com.android.runtime/lib64/libart.so (art_quick_generic_jni_trampoline+144) (BuildId: bd01099af450641e662eff0788c3f471)
01-05 13:12:57.696 16142 16142 F DEBUG : #05 pc 00000000001375b8 /apex/com.android.runtime/lib64/libart.so (art_quick_invoke_static_stub+568) (BuildId: bd01099af450641e662eff0788c3f471)
01-05 13:12:57.696 16142 16142 F DEBUG : #06 pc 000000000014600c /apex/com.android.runtime/lib64/libart.so (art::ArtMethod::Invoke(art::Thread*, unsigned int*, unsigned int, art::JValue*, char const*)+276) (BuildId: bd01099af450641e662eff0788c3f471)
01-05 13:12:57.696 16142 16142 F DEBUG : #07 pc 00000000002e2d7c /apex/com.android.runtime/lib64/libart.so (art::interpreter::ArtInterpreterToCompiledCodeBridge(art::Thread*, art::ArtMethod*, art::ShadowFrame*, unsigned short, art::JValue*)+384) (BuildId: bd01099af450641e662eff0788c3f471)
01-05 13:12:57.696 16142 16142 F DEBUG : #08 pc 00000000002ddfdc /apex/com.android.runtime/lib64/libart.so (bool art::interpreter::DoCall(art::ArtMethod*, art::Thread*, art::ShadowFrame&, art::Instruction const*, unsigned short, art::JValue*)+892) (BuildId: bd01099af450641e662eff0788c3f471)
01-05 13:12:57.697 16142 16142 F DEBUG : #09 pc 00000000005a36fc /apex/com.android.runtime/lib64/libart.so (MterpInvokeStatic+372) (BuildId: bd01099af450641e662eff0788c3f471)
01-05 13:12:57.697 16142 16142 F DEBUG : #10 pc 0000000000131994 /apex/com.android.runtime/lib64/libart.so (mterp_op_invoke_static+20) (BuildId: bd01099af450641e662eff0788c3f471)
01-05 13:12:57.697 16142 16142 F DEBUG : #11 pc 00000000001159cc [anon:dalvik-classes.dex extracted in memory from /data/app/com.couchbase.lite.kotlin.test-RYAEE2vArIEB_1ON7dxmzg==/base.apk] (com.couchbase.lite.internal.core.impl.NativeC4Socket.nClosed)
01-05 13:12:57.697 16142 16142 F DEBUG : #12 pc 00000000005a5760 /apex/com.android.runtime/lib64/libart.so (MterpInvokeInterfaceRange+1432) (BuildId: bd01099af450641e662eff0788c3f471)
01-05 13:12:57.697 16142 16142 F DEBUG : #13 pc 0000000000131d14 /apex/com.android.runtime/lib64/libart.so (mterp_op_invoke_interface_range+20) (BuildId: bd01099af450641e662eff0788c3f471)
01-05 13:12:57.697 16142 16142 F DEBUG : #14 pc 0000000000114d66 [anon:dalvik-classes.dex extracted in memory from /data/app/com.couchbase.lite.kotlin.test-RYAEE2vArIEB_1ON7dxmzg==/base.apk] (com.couchbase.lite.internal.core.C4Socket.lambda$release$8$C4Socket+62)
01-05 13:12:57.697 16142 16142 F DEBUG : #15 pc 00000000005a0ee8 /apex/com.android.runtime/lib64/libart.so (MterpInvokeVirtual+1352) (BuildId: bd01099af450641e662eff0788c3f471)
01-05 13:12:57.697 16142 16142 F DEBUG : #16 pc 0000000000131814 /apex/com.android.runtime/lib64/libart.so (mterp_op_invoke_virtual+20) (BuildId: bd01099af450641e662eff0788c3f471)
01-05 13:12:57.697 16142 16142 F DEBUG : #17 pc 000000000010f114 [anon:dalvik-classes.dex extracted in memory from /data/app/com.couchbase.lite.kotlin.test-RYAEE2vArIEB_1ON7dxmzg==/base.apk] (com.couchbase.lite.internal.core.-$$Lambda$C4Socket$gPWytm_uorW1v-sYiWHljtDJ8d8.accept+20)
01-05 13:12:57.697 16142 16142 F DEBUG : #18 pc 00000000002b4090 /apex/com.android.runtime/lib64/libart.so (_ZN3art11interpreterL7ExecuteEPNS_6ThreadERKNS_20CodeItemDataAccessorERNS_11ShadowFrameENS_6JValueEbb.llvm.15450530207560829030+240) (BuildId: bd01099af450641e662eff0788c3f471)
01-05 13:12:57.697 16142 16142 F DEBUG : #19 pc 0000000000592190 /apex/com.android.runtime/lib64/libart.so (artQuickToInterpreterBridge+1032) (BuildId: bd01099af450641e662eff0788c3f471)
01-05 13:12:57.697 16142 16142 F DEBUG : #20 pc 0000000000140468 /apex/com.android.runtime/lib64/libart.so (art_quick_to_interpreter_bridge+88) (BuildId: bd01099af450641e662eff0788c3f471)
01-05 13:12:57.697 16142 16142 F DEBUG : #21 pc 0000000002038cec /memfd:/jit-cache (deleted) (com.couchbase.lite.internal.core.C4NativePeer.releasePeer+172)
01-05 13:12:57.697 16142 16142 F DEBUG : #22 pc 0000000000137334 /apex/com.android.runtime/lib64/libart.so (art_quick_invoke_stub+548) (BuildId: bd01099af450641e662eff0788c3f471)
01-05 13:12:57.697 16142 16142 F DEBUG : #23 pc 0000000000145fec /apex/com.android.runtime/lib64/libart.so (art::ArtMethod::Invoke(art::Thread*, unsigned int*, unsigned int, art::JValue*, char const*)+244) (BuildId: bd01099af450641e662eff0788c3f471)
01-05 13:12:57.697 16142 16142 F DEBUG : #24 pc 00000000002e2d7c /apex/com.android.runtime/lib64/libart.so (art::interpreter::ArtInterpreterToCompiledCodeBridge(art::Thread*, art::ArtMethod*, art::ShadowFrame*, unsigned short, art::JValue*)+384) (BuildId: bd01099af450641e662eff0788c3f471)
01-05 13:12:57.697 16142 16142 F DEBUG : #25 pc 00000000002ddfdc /apex/com.android.runtime/lib64/libart.so (bool art::interpreter::DoCall(art::ArtMethod*, art::Thread*, art::ShadowFrame&, art::Instruction const*, unsigned short, art::JValue*)+892) (BuildId: bd01099af450641e662eff0788c3f471)
01-05 13:12:57.697 16142 16142 F DEBUG : #26 pc 00000000005a0c28 /apex/com.android.runtime/lib64/libart.so (MterpInvokeVirtual+648) (BuildId: bd01099af450641e662eff0788c3f471)
01-05 13:12:57.697 16142 16142 F DEBUG : #27 pc 0000000000131814 /apex/com.android.runtime/lib64/libart.so (mterp_op_invoke_virtual+20) (BuildId: bd01099af450641e662eff0788c3f471)
01-05 13:12:57.697 16142 16142 F DEBUG : #28 pc 0000000000114f4e [anon:dalvik-classes.dex extracted in memory from /data/app/com.couchbase.lite.kotlin.test-RYAEE2vArIEB_1ON7dxmzg==/base.apk] (com.couchbase.lite.internal.core.C4Socket.release+10)
01-05 13:12:57.697 16142 16142 F DEBUG : #29 pc 00000000005a31f4 /apex/com.android.runtime/lib64/libart.so (MterpInvokeDirect+1100) (BuildId: bd01099af450641e662eff0788c3f471)
01-05 13:12:57.697 16142 16142 F DEBUG : #30 pc 0000000000131914 /apex/com.android.runtime/lib64/libart.so (mterp_op_invoke_direct+20) (BuildId: bd01099af450641e662eff0788c3f471)
01-05 13:12:57.697 16142 16142 F DEBUG : #31 pc 0000000000114f2a [anon:dalvik-classes.dex extracted in memory from /data/app/com.couchbase.lite.kotlin.test-RYAEE2vArIEB_1ON7dxmzg==/base.apk] (com.couchbase.lite.internal.core.C4Socket.release+10)
01-05 13:12:57.697 16142 16142 F DEBUG : #32 pc 00000000005a31f4 /apex/com.android.runtime/lib64/libart.so (MterpInvokeDirect+1100) (BuildId: bd01099af450641e662eff0788c3f471)
01-05 13:12:57.697 16142 16142 F DEBUG : #33 pc 0000000000131914 /apex/com.android.runtime/lib64/libart.so (mterp_op_invoke_direct+20) (BuildId: bd01099af450641e662eff0788c3f471)
01-05 13:12:57.697 16142 16142 F DEBUG : #34 pc 0000000000114be8 [anon:dalvik-classes.dex extracted in memory from /data/app/com.couchbase.lite.kotlin.test-RYAEE2vArIEB_1ON7dxmzg==/base.apk] (com.couchbase.lite.internal.core.C4Socket.finalize+4)
01-05 13:12:57.698 16142 16142 F DEBUG : #35 pc 00000000002b4090 /apex/com.android.runtime/lib64/libart.so (_ZN3art11interpreterL7ExecuteEPNS_6ThreadERKNS_20CodeItemDataAccessorERNS_11ShadowFrameENS_6JValueEbb.llvm.15450530207560829030+240) (BuildId: bd01099af450641e662eff0788c3f471)
01-05 13:12:57.698 16142 16142 F DEBUG : #36 pc 0000000000592190 /apex/com.android.runtime/lib64/libart.so (artQuickToInterpreterBridge+1032) (BuildId: bd01099af450641e662eff0788c3f471)
01-05 13:12:57.698 16142 16142 F DEBUG : #37 pc 0000000000140468 /apex/com.android.runtime/lib64/libart.so (art_quick_to_interpreter_bridge+88) (BuildId: bd01099af450641e662eff0788c3f471)
01-05 13:12:57.698 16142 16142 F DEBUG : #38 pc 00000000020198bc /memfd:/jit-cache (deleted) (java.lang.Daemons$FinalizerDaemon.doFinalize+124)
