04-12 18:57:27.146 8886 9031 I CouchbaseLite/REPLICATOR: {Repl#15443} {Coll#-1} activityLevel=stopped: connectionState=0, savingChkpt=0
04-12 18:57:27.146 8886 9031 I CouchbaseLite/REPLICATOR: {Repl#15443} {Coll#-1} now stopped
04-12 18:57:27.146 8886 9031 I CouchbaseLite/REPLICATOR: {C4Replicator#15444} State: stopped, progress=0.00%
04-12 18:57:27.147 8886 9031 D CouchbaseLite/REPLICATOR: [JAVA] C4Replicator.statusChangedCallback(0x7f9fea2a) C4CommonRepl{@0x451f677/@xb4000077b979b750, @0xc0c2076, SocketFactory{@URLEndpoint{url=wss://stage.realtime-sync-gw.wdprapps.disney.com/park-platform-priv}}'}: C4ReplicatorStatus{level=0,completed=0,total=0,#docs=0,domain=0,code=0,info=0}
04-12 18:57:27.147 8886 9811 V CouchbaseLite/NETWORK: {N8litecore4repl12C4SocketImplE#15438} Calling requestClose when the socket is pending close
04-12 18:57:27.147 8886 9811 D CouchbaseLite/NETWORK: [JAVA] OkHttpSocket@0xd0bc34d.onClosed(1000): ''
04-12 18:57:27.148 8886 9811 D CouchbaseLite/NETWORK: [JAVA] CBLWebSocket@@0xe11ce02{vC4Socket@xb4000077c98b52a0 <=> OkHttpSocket@0xd0bc34d(wss://stage.realtime-sync-gw.wdprapps.disney.com:443/park-platform-semipriv/_blipsync)}.remoteClosed: CloseStatus{6:1000, }
04-12 18:57:27.148 8886 9811 D CouchbaseLite/NETWORK: [JAVA] StateMachine@0x1e58313: transition CLOSING => CLOSED
04-12 18:57:27.148 8886 9811 D CouchbaseLite/NETWORK: [JAVA] vC4Socket@xb4000077c98b52a0.closeCore(1, 0): ''
04-12 18:57:27.149 8886 9030 I CouchbaseLite/REPLICATOR: [JAVA] status changed: (0, 0) @C4ReplicatorStatus{level=0,completed=0,total=0,#docs=0,domain=0,code=0,info=0} for Replicator{@0xc0c2076(<*>),Database{@@0x97fb813: 'finder-private.73600.en_us'} => URLEndpoint{url=wss://stage.realtime-sync-gw.wdprapps.disney.com/park-platform-priv}}$C4CommonRepl{@0x451f677/@xb4000077b979b750, @0xc0c2076, SocketFactory{@URLEndpoint{url=wss://stage.realtime-sync-gw.wdprapps.disney.com/park-platform-priv}}'}
04-12 18:57:27.149 8886 9030 D CouchbaseLite/NETWORK: [JAVA] Offline state change for com.couchbase.lite.internal.replicator.AndroidConnectivityObserver@73b0f05: BUSY -> true
04-12 18:57:27.150 8886 9030 I CouchbaseLite/REPLICATOR: [JAVA] State changed BUSY => STOPPED(0/0): null for Replicator{@0xc0c2076(<*>),Database{@@0x97fb813: 'finder-private.73600.en_us'} => URLEndpoint{url=wss://stage.realtime-sync-gw.wdprapps.disney.com/park-platform-priv}}$C4CommonRepl{@0x451f677/@xb4000077b979b750, @0xc0c2076, SocketFactory{@URLEndpoint{url=wss://stage.realtime-sync-gw.wdprapps.disney.com/park-platform-priv}}'}
04-12 18:57:27.161 8886 9811 I CouchbaseLite/NETWORK: {N8litecore4repl12C4SocketImplE#15438} WebSocket closed normally
04-12 18:57:27.161 8886 9811 I CouchbaseLite/NETWORK: {N8litecore4repl12C4SocketImplE#15438} sent 274 bytes, rcvd 117, in 45.699 sec (6/sec, 3/sec)
04-12 18:57:27.162 8886 9033 V CouchbaseLite/NETWORK: {N8litecore4blip6BLIPIOE#15533} ...Wrote 115 bytes to WebSocket (writeable=1)
04-12 18:57:27.170 8886 9033 I CouchbaseLite/NETWORK: {N8litecore4blip10ConnectionE#15435} Closed with WebSocket/HTTP status 1000:
04-12 18:57:27.181 8886 9037 I CouchbaseLite/REPLICATOR: {Repl#15436} {Coll#-1} Connection closed with WebSocket/HTTP status 1000: "" (state=3->0)
04-12 18:57:27.185 8886 9037 I CouchbaseLite/REPLICATOR: {Repl#15436} {Coll#-1} activityLevel=stopped: connectionState=0, savingChkpt=0
04-12 18:57:27.186 8886 9037 I CouchbaseLite/REPLICATOR: {Repl#15436} {Coll#-1} now stopped
04-12 18:57:27.192 8886 9032 I CouchbaseLite/REPLICATOR: {N8litecore4repl6PullerE#15550} {Coll#0} activityLevel=stopped: pendingResponseCount=0, _caughtUp=1, _pendingRevMessages=0, _activeIncomingRevs=0, _waitingRevMessages=0, _unfinishedIncomingRevs=0
04-12 18:57:27.193 8886 9032 V CouchbaseLite/REPLICATOR: {N8litecore4repl6PullerE#15550} {Coll#0} now stopped
04-12 18:57:27.213 8886 9037 I CouchbaseLite/REPLICATOR: {C4Replicator#15437} State: stopped, progress=0.00%
04-12 18:57:27.215 8886 9037 D CouchbaseLite/REPLICATOR: [JAVA] C4Replicator.statusChangedCallback(0x167b68cb) C4CommonRepl{@0x9523b9e/@xb4000077b97e9e10, @0xe411820, SocketFactory{@URLEndpoint{url=wss://stage.realtime-sync-gw.wdprapps.disney.com/park-platform-semipriv}}'}: C4ReplicatorStatus{level=0,completed=0,total=0,#docs=0,domain=0,code=0,info=0}
04-12 18:57:27.216 8886 9048 I CouchbaseLite/REPLICATOR: [JAVA] status changed: (0, 0) @C4ReplicatorStatus{level=0,completed=0,total=0,#docs=0,domain=0,code=0,info=0} for Replicator{@0xe411820(<*),Database{@@0x2e0afa2: 'finder-semi-private.73600.en_us'} => URLEndpoint{url=wss://stage.realtime-sync-gw.wdprapps.disney.com/park-platform-semipriv}}$C4CommonRepl{@0x9523b9e/@xb4000077b97e9e10, @0xe411820, SocketFactory{@URLEndpoint{url=wss://stage.realtime-sync-gw.wdprapps.disney.com/park-platform-semipriv}}'}
04-12 18:57:27.217 8886 9048 D CouchbaseLite/NETWORK: [JAVA] Offline state change for com.couchbase.lite.internal.replicator.AndroidConnectivityObserver@b25cb38: BUSY -> true
04-12 18:57:27.217 8886 9048 I CouchbaseLite/REPLICATOR: [JAVA] State changed BUSY => STOPPED(0/0): null for Replicator{@0xe411820(<*),Database{@@0x2e0afa2: 'finder-semi-private.73600.en_us'} => URLEndpoint{url=wss://stage.realtime-sync-gw.wdprapps.disney.com/park-platform-semipriv}}$C4CommonRepl{@0x9523b9e/@xb4000077b97e9e10, @0xe411820, SocketFactory{@URLEndpoint{url=wss://stage.realtime-sync-gw.wdprapps.disney.com/park-platform-semipriv}}'}
04-12 18:57:27.230 8886 9037 I CouchbaseLite/REPLICATOR: BLIP sent 2 msgs (274 bytes), rcvd 1 msgs (117 bytes) in 45.754 sec. Max outbox depth was 1, avg 1.00
04-12 18:57:27.234 8886 9031 I CouchbaseLite/REPLICATOR: BLIP sent 5 msgs (503 bytes), rcvd 1 msgs (168 bytes) in 45.980 sec. Max outbox depth was 1, avg 1.00
04-12 18:57:27.327 8886 10543 D CouchbaseLite/NETWORK: [JAVA] Extended trust check: 4, GENERIC, stage.realtime-sync-gw.wdprapps.disney.com
04-12 18:57:27.334 8886 10542 D CouchbaseLite/NETWORK: [JAVA] Extended trust check: 4, GENERIC, stage.realtime-sync-gw.wdprapps.disney.com
04-12 18:57:27.342 8886 10541 D CouchbaseLite/NETWORK: [JAVA] Extended trust check: 4, GENERIC, stage.realtime-sync-gw.wdprapps.disney.com
04-12 18:57:27.372 8886 9418 D CouchbaseLite/NETWORK: [JAVA] OkHttpSocket@0x46f964c.onClosing(1000): ''
04-12 18:57:27.372 8886 9418 D CouchbaseLite/NETWORK: [JAVA] CBLWebSocket@@0xe165695{vC4Socket@xb4000077c9848300 <=> OkHttpSocket@0x46f964c(wss://stage.realtime-sync-gw.wdprapps.disney.com:443/park-platform-pub/_blipsync)}.remoteRequestsClose: CloseStatus{0:1000, }
04-12 18:57:27.374 8886 9418 D CouchbaseLite/NETWORK: [JAVA] StateMachine@0xf653b9b: transition OPEN => CLOSING
04-12 18:57:27.375 8886 9418 D CouchbaseLite/NETWORK: [JAVA] vC4Socket@xb4000077c9848300.requestCoreClose(1000): ''
04-12 18:57:27.389 8886 9418 V CouchbaseLite/NETWORK: {N8litecore4repl12C4SocketImplE#15431} Calling requestClose when the socket is pending close
04-12 18:57:27.391 8886 9418 D CouchbaseLite/NETWORK: [JAVA] OkHttpSocket@0x46f964c.onClosed(1000): ''
04-12 18:57:27.394 8886 9418 D CouchbaseLite/NETWORK: [JAVA] CBLWebSocket@@0xe165695{vC4Socket@xb4000077c9848300 <=> OkHttpSocket@0x46f964c(wss://stage.realtime-sync-gw.wdprapps.disney.com:443/park-platform-pub/_blipsync)}.remoteClosed: CloseStatus{6:1000, }
04-12 18:57:27.394 8886 9418 D CouchbaseLite/NETWORK: [JAVA] StateMachine@0xf653b9b: transition CLOSING => CLOSED
04-12 18:57:27.394 8886 9418 D CouchbaseLite/NETWORK: [JAVA] vC4Socket@xb4000077c9848300.closeCore(1, 0): ''
04-12 18:57:27.424 8886 9418 I CouchbaseLite/NETWORK: {N8litecore4repl12C4SocketImplE#15431} WebSocket closed normally
04-12 18:57:27.425 8886 9418 I CouchbaseLite/NETWORK: {N8litecore4repl12C4SocketImplE#15431} sent 2089 bytes, rcvd 2080, in 46.131 sec (45/sec, 45/sec)
04-12 18:57:27.428 8886 9033 I CouchbaseLite/NETWORK: {N8litecore4blip10ConnectionE#15428} Closed with WebSocket/HTTP status 1000:
04-12 18:57:27.440 8886 9033 I CouchbaseLite/NETWORK: {N8litecore4blip6BLIPIOE#15533} Notifying 1 incoming messages they're canceled
04-12 18:57:27.442 8886 9036 I CouchbaseLite/REPLICATOR: {Repl#15429} {Coll#-1} Connection closed with WebSocket/HTTP status 1000: "" (state=3->0)
04-12 18:57:27.444 8886 9036 I CouchbaseLite/REPLICATOR: {Repl#15429} {Coll#-1} activityLevel=busy: connectionState=0, savingChkpt=0
04-12 18:57:27.452 8886 9035 I CouchbaseLite/REPLICATOR: {N8litecore4repl6PullerE#15560} {Coll#0} activityLevel=stopped: pendingResponseCount=0, _caughtUp=1, _pendingRevMessages=0, _activeIncomingRevs=0, _waitingRevMessages=0, _unfinishedIncomingRevs=0
04-12 18:57:27.453 8886 9036 I CouchbaseLite/REPLICATOR: {Repl#15429} {Coll#-1} activityLevel=stopped: connectionState=0, savingChkpt=0
04-12 18:57:27.454 8886 9036 I CouchbaseLite/REPLICATOR: {Repl#15429} {Coll#-1} now stopped
04-12 18:57:27.455 8886 9035 V CouchbaseLite/REPLICATOR: {N8litecore4repl6PullerE#15560} {Coll#0} now stopped
04-12 18:57:27.604 8886 9036 I CouchbaseLite/REPLICATOR: {C4Replicator#15430} State: stopped, progress=100.00%
04-12 18:57:27.607 8886 9036 D CouchbaseLite/REPLICATOR: [JAVA] C4Replicator.statusChangedCallback(0x6b98c561) C4CommonRepl{@0xbb891ab/@xb4000077b97f8190, @0x89417fa, SocketFactory{@URLEndpoint{url=wss://stage.realtime-sync-gw.wdprapps.disney.com/park-platform-pub/}}'}: C4ReplicatorStatus{level=0,completed=14,total=14,#docs=14,domain=0,code=0,info=0}
04-12 18:57:27.618 8886 9030 I CouchbaseLite/REPLICATOR: [JAVA] status changed: (0, 0) @C4ReplicatorStatus{level=0,completed=14,total=14,#docs=14,domain=0,code=0,info=0} for Replicator{@0x89417fa(<*),Database{@@0x5c116b6: 'finder.73600.en_us-stage'} => URLEndpoint{url=wss://stage.realtime-sync-gw.wdprapps.disney.com/park-platform-pub/}}$C4CommonRepl{@0xbb891ab/@xb4000077b97f8190, @0x89417fa, SocketFactory{@URLEndpoint{url=wss://stage.realtime-sync-gw.wdprapps.disney.com/park-platform-pub/}}'}
04-12 18:57:27.619 8886 9030 D CouchbaseLite/NETWORK: [JAVA] Offline state change for com.couchbase.lite.internal.replicator.AndroidConnectivityObserver@fd135d9: BUSY -> true
04-12 18:57:27.619 8886 9036 I CouchbaseLite/REPLICATOR: BLIP sent 25 msgs (2204 bytes), rcvd 20 msgs (2080 bytes) in 46.316 sec. Max outbox depth was 1, avg 1.00
04-12 18:57:27.620 8886 9030 I CouchbaseLite/REPLICATOR: [JAVA] State changed BUSY => STOPPED(14/14): null for Replicator{@0x89417fa(<*),Database{@@0x5c116b6: 'finder.73600.en_us-stage'} => URLEndpoint{url=wss://stage.realtime-sync-gw.wdprapps.disney.com/park-platform-pub/}}$C4CommonRepl{@0xbb891ab/@xb4000077b97f8190, @0x89417fa, SocketFactory{@URLEndpoint{url=wss://stage.realtime-sync-gw.wdprapps.disney.com/park-platform-pub/}}'}
04-12 18:57:27.783 8886 10541 D CouchbaseLite/NETWORK: [JAVA] OkHttpSocket@0xa9644dd.onOpen: Response{protocol=http/1.1, code=101, message=Switching Protocols, url=https://stage.realtime-sync-gw.wdprapps.disney.com/park-platform-pub/_blipsync}
04-12 18:57:27.783 8886 10541 D CouchbaseLite/NETWORK: [JAVA] CBLWebSocket@@0xae4d852{vC4Socket@xb4000077c9852980 <=> OkHttpSocket@0xa9644dd(wss://stage.realtime-sync-gw.wdprapps.disney.com:443/park-platform-pub/_blipsync)}.remoteOpened: {Server=Couchbase Sync Gateway/3.1.3 EE, Connection=Upgrade, Sec-Websocket-Protocol=BLIP_3+CBMobile_3, Upgrade=websocket, Date=Fri, 12 Apr 2024 22:57:25 GMT, Sec-Websocket-Accept=TuJAK1KT/QtBNuj+e/V7en9dfyU=}
04-12 18:57:27.783 8886 10541 D CouchbaseLite/NETWORK: [JAVA] StateMachine@0xec54723: transition OPENING => OPEN
04-12 18:57:27.785 8886 10541 D CouchbaseLite/NETWORK: [JAVA] vC4Socket@xb4000077c9852980.ackOpenToCore
04-12 18:57:27.803 8886 10541 I CouchbaseLite/NETWORK: {N8litecore4repl12C4SocketImplE#21302} Got HTTP response (status 101)
04-12 18:57:27.803 8886 10541 I CouchbaseLite/NETWORK: {N8litecore4repl12C4SocketImplE#21302} Connected!
04-12 18:57:27.804 8886 9031 I CouchbaseLite/REPLICATOR: {Repl#21103} {Coll#-1} activityLevel=connecting: connectionState=1, savingChkpt=0
04-12 18:57:27.804 8886 10541 I CouchbaseLite/NETWORK: {N8litecore4blip10ConnectionE#21102} Connected!
04-12 18:57:27.804 8886 9032 I CouchbaseLite/REPLICATOR: {Repl#21103} {Coll#-1} Connected!
04-12 18:57:27.805 8886 9032 V CouchbaseLite/REPLICATOR: {Repl#21103} {Coll#-1} Requesting remote checkpoint 'cp-EUIwC4qPpttqvSBmzfkR34rhris=' of the default collection
04-12 18:57:27.807 8886 9032 I CouchbaseLite/NETWORK: SENDING: REQ #0 {
04-12 18:57:27.807 8886 9032 I CouchbaseLite/NETWORK: Profile: getCheckpoint
04-12 18:57:27.807 8886 9032 I CouchbaseLite/NETWORK: client: cp-EUIwC4qPpttqvSBmzfkR34rhris= }
04-12 18:57:27.808 8886 9032 I CouchbaseLite/REPLICATOR: {Repl#21103} {Coll#-1} activityLevel=busy: connectionState=2, savingChkpt=0
04-12 18:57:27.808 8886 9032 I CouchbaseLite/REPLICATOR: {Repl#21103} {Coll#-1} now busy
04-12 18:57:27.808 8886 9032 I CouchbaseLite/REPLICATOR: {C4Replicator#21104} State: busy, progress=0.00%
04-12 18:57:27.809 8886 9032 D CouchbaseLite/REPLICATOR: [JAVA] C4Replicator.statusChangedCallback(0x7953bae) C4CommonRepl{@0xed30b20/@xb4000077b979fb90, @0xb116a23, SocketFactory{@URLEndpoint{url=wss://stage.realtime-sync-gw.wdprapps.disney.com/park-platform-pub/}}'}: C4ReplicatorStatus{level=4,completed=0,total=0,#docs=0,domain=0,code=0,info=0}
04-12 18:57:27.809 8886 9038 I CouchbaseLite/NETWORK: {N8litecore4blip6BLIPIOE#21382}==> N8litecore4blip6BLIPIOE ->wss://stage.realtime-sync-gw.wdprapps.disney.com/park-platform-pub/_blipsync @0xb4000077e9973e50
04-12 18:57:27.810 8886 9038 V CouchbaseLite/NETWORK: {N8litecore4blip6BLIPIOE#21382} Sending 'getCheckpoint' REQ #0
04-12 18:57:27.811 8886 9038 V CouchbaseLite/NETWORK: {N8litecore4blip6BLIPIOE#21382} Requeuing REQ #0...
04-12 18:57:27.813 8886 9038 V CouchbaseLite/NETWORK: {N8litecore4blip6BLIPIOE#21382} Starting writeToWebSocket loop...
04-12 18:57:27.814 8886 9038 V CouchbaseLite/NETWORK: {N8litecore4blip6BLIPIOE#21382} Sending frame: REQ #1 ----, bytes 0--65
04-12 18:57:27.814 8886 9047 I CouchbaseLite/REPLICATOR: [JAVA] status changed: (0, 0) @C4ReplicatorStatus{level=4,completed=0,total=0,#docs=0,domain=0,code=0,info=0} for Replicator{@0xb116a23(<*),Database{@@0x5c116b6: 'finder.73600.en_us-stage'} => URLEndpoint{url=wss://stage.realtime-sync-gw.wdprapps.disney.com/park-platform-pub/}}$C4CommonRepl{@0xed30b20/@xb4000077b979fb90, @0xb116a23, SocketFactory{@URLEndpoint{url=wss://stage.realtime-sync-gw.wdprapps.disney.com/park-platform-pub/}}'}
04-12 18:57:27.814 8886 9038 V CouchbaseLite/NETWORK: {N8litecore4repl12C4SocketImplE#21302} Sending 68-byte message
04-12 18:57:27.814 8886 9047 D CouchbaseLite/NETWORK: [JAVA] Offline state change for com.couchbase.lite.internal.replicator.AndroidConnectivityObserver@987e5e4: CONNECTING -> true
04-12 18:57:27.816 8886 9047 I CouchbaseLite/REPLICATOR: [JAVA] State changed CONNECTING => BUSY(0/0): null for Replicator{@0xb116a23(<*),Database{@@0x5c116b6: 'finder.73600.en_us-stage'} => URLEndpoint{url=wss://stage.realtime-sync-gw.wdprapps.disney.com/park-platform-pub/}}$C4CommonRepl{@0xed30b20/@xb4000077b979fb90, @0xb116a23, SocketFactory{@URLEndpoint{url=wss://stage.realtime-sync-gw.wdprapps.disney.com/park-platform-pub/}}'}
04-12 18:57:27.816 8886 9038 D CouchbaseLite/NETWORK: [JAVA] ^C4Socket.write@b4000077c9852980(68)
04-12 18:57:27.817 8886 9048 D CouchbaseLite/NETWORK: [JAVA] CBLWebSocket@@0xae4d852{vC4Socket@xb4000077c9852980 <=> OkHttpSocket@0xa9644dd(wss://stage.realtime-sync-gw.wdprapps.disney.com:443/park-platform-pub/_blipsync)}.coreWrites(68)
04-12 18:57:27.817 8886 9048 D CouchbaseLite/NETWORK: [JAVA] OkHttpSocket@0xa9644dd.write(68)
04-12 18:57:27.818 8886 9048 D CouchbaseLite/NETWORK: [JAVA] vC4Socket@xb4000077c9852980.ackWriteToCore(68)
04-12 18:57:27.822 8886 9038 V CouchbaseLite/NETWORK: {N8litecore4blip6BLIPIOE#21382} Finished sending REQ #1
04-12 18:57:27.822 8886 9038 V CouchbaseLite/NETWORK: {N8litecore4blip6BLIPIOE#21382} ...Wrote 68 bytes to WebSocket (writeable=1)
04-12 18:57:27.824 8886 9038 V CouchbaseLite/NETWORK: {N8litecore4blip6BLIPIOE#21382} WebSocket is hungry!
04-12 18:57:27.830 8886 10542 D CouchbaseLite/NETWORK: [JAVA] OkHttpSocket@0x77f67c.onOpen: Response{protocol=http/1.1, code=101, message=Switching Protocols, url=https://stage.realtime-sync-gw.wdprapps.disney.com/park-platform-priv/_blipsync}
04-12 18:57:27.831 8886 10542 D CouchbaseLite/NETWORK: [JAVA] CBLWebSocket@@0x15eb05{vC4Socket@xb4000077c980ecf0 <=> OkHttpSocket@0x77f67c(wss://stage.realtime-sync-gw.wdprapps.disney.com:443/park-platform-priv/_blipsync)}.remoteOpened: {Server=Couchbase Sync Gateway/3.1.3 EE, Connection=Upgrade, Sec-Websocket-Protocol=BLIP_3+CBMobile_3, Upgrade=websocket, Date=Fri, 12 Apr 2024 22:57:25 GMT, Sec-Websocket-Accept=cdpG1CZthuyvMEpWzNrlZwJMYKM=}
04-12 18:57:27.831 8886 10542 D CouchbaseLite/NETWORK: [JAVA] StateMachine@0x1cec75a: transition OPENING => OPEN
04-12 18:57:27.832 8886 10542 D CouchbaseLite/NETWORK: [JAVA] vC4Socket@xb4000077c980ecf0.ackOpenToCore
04-12 18:57:27.840 8886 9038 V CouchbaseLite/NETWORK: {N8litecore4blip6BLIPIOE#21382} Starting writeToWebSocket loop...
04-12 18:57:27.840 8886 9038 V CouchbaseLite/NETWORK: {N8litecore4blip6BLIPIOE#21382} ...Wrote 0 bytes to WebSocket (writeable=1)
04-12 18:57:27.845 8886 9036 I CouchbaseLite/REPLICATOR: {Repl#21103} {Coll#-1} activityLevel=busy: connectionState=2, savingChkpt=0
04-12 18:57:27.853 8886 10542 I CouchbaseLite/NETWORK: {N8litecore4repl12C4SocketImplE#21308} Got HTTP response (status 101)
04-12 18:57:27.853 8886 10542 I CouchbaseLite/NETWORK: {N8litecore4repl12C4SocketImplE#21308} Connected!
04-12 18:57:27.854 8886 9037 I CouchbaseLite/REPLICATOR: {Repl#21113} {Coll#-1} activityLevel=connecting: connectionState=1, savingChkpt=0
04-12 18:57:27.855 8886 10542 I CouchbaseLite/NETWORK: {N8litecore4blip10ConnectionE#21112} Connected!
04-12 18:57:27.856 8886 9035 I CouchbaseLite/REPLICATOR: {Repl#21113} {Coll#-1} Connected!
04-12 18:57:27.857 8886 9035 V CouchbaseLite/REPLICATOR: {Repl#21113} {Coll#-1} Requesting remote checkpoint 'cp-GeXYPlhmWYlGsECdqGVkCOk9Wpc=' of the default collection
04-12 18:57:27.857 8886 9033 I CouchbaseLite/NETWORK: {N8litecore4blip6BLIPIOE#21384}==> N8litecore4blip6BLIPIOE ->wss://stage.realtime-sync-gw.wdprapps.disney.com/park-platform-priv/_blipsync @0xb4000077e992a0b0
04-12 18:57:27.858 8886 9033 V CouchbaseLite/NETWORK: {N8litecore4blip6BLIPIOE#21384} WebSocket is hungry!
04-12 18:57:27.859 8886 9033 V CouchbaseLite/NETWORK: {N8litecore4blip6BLIPIOE#21384} Starting writeToWebSocket loop...
04-12 18:57:27.859 8886 9033 V CouchbaseLite/NETWORK: {N8litecore4blip6BLIPIOE#21384} ...Wrote 0 bytes to WebSocket (writeable=1)
04-12 18:57:27.860 8886 9035 I CouchbaseLite/NETWORK: SENDING: REQ #0 {
04-12 18:57:27.860 8886 9035 I CouchbaseLite/NETWORK: Profile: getCheckpoint
04-12 18:57:27.860 8886 9035 I CouchbaseLite/NETWORK: client: cp-GeXYPlhmWYlGsECdqGVkCOk9Wpc= }
04-12 18:57:27.861 8886 9035 I CouchbaseLite/REPLICATOR: {Repl#21113} {Coll#-1} activityLevel=busy: connectionState=2, savingChkpt=0
04-12 18:57:27.862 8886 9031 V CouchbaseLite/NETWORK: {N8litecore4blip6BLIPIOE#21384} Sending 'getCheckpoint' REQ #0
04-12 18:57:27.862 8886 10543 D CouchbaseLite/NETWORK: [JAVA] OkHttpSocket@0xf8f3281.onOpen: Response{protocol=http/1.1, code=101, message=Switching Protocols, url=https://stage.realtime-sync-gw.wdprapps.disney.com/park-platform-semipriv/_blipsync}
04-12 18:57:27.863 8886 10543 D CouchbaseLite/NETWORK: [JAVA] CBLWebSocket@@0x221ff26{vC4Socket@xb4000077c98d3ce0 <=> OkHttpSocket@0xf8f3281(wss://stage.realtime-sync-gw.wdprapps.disney.com:443/park-platform-semipriv/_blipsync)}.remoteOpened: {Server=Couchbase Sync Gateway/3.1.3 EE, Connection=Upgrade, Sec-Websocket-Protocol=BLIP_3+CBMobile_3, Upgrade=websocket, Date=Fri, 12 Apr 2024 22:57:25 GMT, Sec-Websocket-Accept=q7JZp06PxyZmsYydyrDLQ/XdWV4=}
04-12 18:57:27.863 8886 10543 D CouchbaseLite/NETWORK: [JAVA] StateMachine@0x19b6767: transition OPENING => OPEN
04-12 18:57:27.864 8886 9031 V CouchbaseLite/NETWORK: {N8litecore4blip6BLIPIOE#21384} Requeuing REQ #0...
04-12 18:57:27.864 8886 10543 D CouchbaseLite/NETWORK: [JAVA] vC4Socket@xb4000077c98d3ce0.ackOpenToCore
04-12 18:57:27.864 8886 9031 V CouchbaseLite/NETWORK: {N8litecore4blip6BLIPIOE#21384} Starting writeToWebSocket loop...
04-12 18:57:27.865 8886 9035 I CouchbaseLite/REPLICATOR: {Repl#21113} {Coll#-1} now busy
04-12 18:57:27.866 8886 9035 I CouchbaseLite/REPLICATOR: {C4Replicator#21114} State: busy, progress=0.00%
04-12 18:57:27.869 8886 9035 D CouchbaseLite/REPLICATOR: [JAVA] C4Replicator.statusChangedCallback(0x6dca7ff1) C4CommonRepl{@0xe61b605/@xb4000077b97d02d0, @0x211cc6f, SocketFactory{@URLEndpoint{url=wss://stage.realtime-sync-gw.wdprapps.disney.com/park-platform-priv}}'}: C4ReplicatorStatus{level=4,completed=0,total=0,#docs=0,domain=0,code=0,info=0}
04-12 18:57:27.870 8886 9046 I CouchbaseLite/REPLICATOR: [JAVA] status changed: (0, 0) @C4ReplicatorStatus{level=4,completed=0,total=0,#docs=0,domain=0,code=0,info=0} for Replicator{@0x211cc6f(<*>),Database{@@0x97fb813: 'finder-private.73600.en_us'} => URLEndpoint{url=wss://stage.realtime-sync-gw.wdprapps.disney.com/park-platform-priv}}$C4CommonRepl{@0xe61b605/@xb4000077b97d02d0, @0x211cc6f, SocketFactory{@URLEndpoint{url=wss://stage.realtime-sync-gw.wdprapps.disney.com/park-platform-priv}}'}
04-12 18:57:27.871 8886 9046 D CouchbaseLite/NETWORK: [JAVA] Offline state change for com.couchbase.lite.internal.replicator.AndroidConnectivityObserver@4368568: CONNECTING -> true
04-12 18:57:27.874 8886 9046 I CouchbaseLite/REPLICATOR: [JAVA] State changed CONNECTING => BUSY(0/0): null for Replicator{@0x211cc6f(<*>),Database{@@0x97fb813: 'finder-private.73600.en_us'} => URLEndpoint{url=wss://stage.realtime-sync-gw.wdprapps.disney.com/park-platform-priv}}$C4CommonRepl{@0xe61b605/@xb4000077b97d02d0, @0x211cc6f, SocketFactory{@URLEndpoint{url=wss://stage.realtime-sync-gw.wdprapps.disney.com/park-platform-priv}}'}
04-12 18:57:27.874 8886 10543 I CouchbaseLite/NETWORK: {N8litecore4repl12C4SocketImplE#21309} Got HTTP response (status 101)
04-12 18:57:27.875 8886 9032 I CouchbaseLite/REPLICATOR: {Repl#21108} {Coll#-1} activityLevel=connecting: connectionState=1, savingChkpt=0
04-12 18:57:27.876 8886 9031 V CouchbaseLite/NETWORK: {N8litecore4blip6BLIPIOE#21384} Sending frame: REQ #1 ----, bytes 0--65
04-12 18:57:27.877 8886 9031 V CouchbaseLite/NETWORK: {N8litecore4repl12C4SocketImplE#21308} Sending 68-byte message
04-12 18:57:27.878 8886 9031 D CouchbaseLite/NETWORK: [JAVA] ^C4Socket.write@b4000077c980ecf0(68)
04-12 18:57:27.879 8886 9039 D CouchbaseLite/NETWORK: [JAVA] CBLWebSocket@@0x15eb05{vC4Socket@xb4000077c980ecf0 <=> OkHttpSocket@0x77f67c(wss://stage.realtime-sync-gw.wdprapps.disney.com:443/park-platform-priv/_blipsync)}.coreWrites(68)
04-12 18:57:27.879 8886 9039 D CouchbaseLite/NETWORK: [JAVA] OkHttpSocket@0x77f67c.write(68)
04-12 18:57:27.879 8886 9039 D CouchbaseLite/NETWORK: [JAVA] vC4Socket@xb4000077c980ecf0.ackWriteToCore(68)
04-12 18:57:27.879 8886 9031 V CouchbaseLite/NETWORK: {N8litecore4blip6BLIPIOE#21384} Finished sending REQ #1
04-12 18:57:27.880 8886 9031 V CouchbaseLite/NETWORK: {N8litecore4blip6BLIPIOE#21384} ...Wrote 68 bytes to WebSocket (writeable=1)
04-12 18:57:27.881 8886 9034 I CouchbaseLite/REPLICATOR: {Repl#21113} {Coll#-1} activityLevel=busy: connectionState=2, savingChkpt=0
04-12 18:57:27.881 8886 10543 I CouchbaseLite/NETWORK: {N8litecore4repl12C4SocketImplE#21309} Connected!
04-12 18:57:27.882 8886 10543 I CouchbaseLite/NETWORK: {N8litecore4blip10ConnectionE#21107} Connected!
04-12 18:57:27.883 8886 9038 I CouchbaseLite/REPLICATOR: {Repl#21108} {Coll#-1} Connected!
04-12 18:57:27.883 8886 9038 V CouchbaseLite/REPLICATOR: {Repl#21108} {Coll#-1} Requesting remote checkpoint 'cp-SHpbnSwgcB4cOJXwvdZ39kOvanE=' of the default collection
04-12 18:57:27.883 8886 9038 I CouchbaseLite/NETWORK: SENDING: REQ #0 {
04-12 18:57:27.883 8886 9038 I CouchbaseLite/NETWORK: Profile: getCheckpoint
04-12 18:57:27.883 8886 9038 I CouchbaseLite/NETWORK: client: cp-SHpbnSwgcB4cOJXwvdZ39kOvanE= }
04-12 18:57:27.884 8886 9038 I CouchbaseLite/REPLICATOR: {Repl#21108} {Coll#-1} activityLevel=busy: connectionState=2, savingChkpt=0
04-12 18:57:27.885 8886 9038 I CouchbaseLite/REPLICATOR: {Repl#21108} {Coll#-1} now busy
04-12 18:57:27.887 8886 9038 I CouchbaseLite/REPLICATOR: {C4Replicator#21109} State: busy, progress=0.00%
04-12 18:57:27.888 8886 9038 D CouchbaseLite/REPLICATOR: [JAVA] C4Replicator.statusChangedCallback(0x68ae90cd) C4CommonRepl{@0xecf7c50/@xb4000077b97b9c10, @0x1412213, SocketFactory{@URLEndpoint{url=wss://stage.realtime-sync-gw.wdprapps.disney.com/park-platform-semipriv}}'}: C4ReplicatorStatus{level=4,completed=0,total=0,#docs=0,domain=0,code=0,info=0}
04-12 18:57:27.894 8886 9049 I CouchbaseLite/REPLICATOR: [JAVA] status changed: (0, 0) @C4ReplicatorStatus{level=4,completed=0,total=0,#docs=0,domain=0,code=0,info=0} for Replicator{@0x1412213(<*),Database{@@0x2e0afa2: 'finder-semi-private.73600.en_us'} => URLEndpoint{url=wss://stage.realtime-sync-gw.wdprapps.disney.com/park-platform-semipriv}}$C4CommonRepl{@0xecf7c50/@xb4000077b97b9c10, @0x1412213, SocketFactory{@URLEndpoint{url=wss://stage.realtime-sync-gw.wdprapps.disney.com/park-platform-semipriv}}'}
04-12 18:57:27.895 8886 9049 D CouchbaseLite/NETWORK: [JAVA] Offline state change for com.couchbase.lite.internal.replicator.AndroidConnectivityObserver@ab80d7c: CONNECTING -> true
04-12 18:57:27.895 8886 9049 I CouchbaseLite/REPLICATOR: [JAVA] State changed CONNECTING => BUSY(0/0): null for Replicator{@0x1412213(<*),Database{@@0x2e0afa2: 'finder-semi-private.73600.en_us'} => URLEndpoint{url=wss://stage.realtime-sync-gw.wdprapps.disney.com/park-platform-semipriv}}$C4CommonRepl{@0xecf7c50/@xb4000077b97b9c10, @0x1412213, SocketFactory{@URLEndpoint{url=wss://stage.realtime-sync-gw.wdprapps.disney.com/park-platform-semipriv}}'}
04-12 18:57:27.896 8886 9037 I CouchbaseLite/NETWORK: {N8litecore4blip6BLIPIOE#21388}==> N8litecore4blip6BLIPIOE ->wss://stage.realtime-sync-gw.wdprapps.disney.com/park-platform-semipriv/_blipsync @0xb4000077e9951ef0
04-12 18:57:27.898 8886 9037 V CouchbaseLite/NETWORK: {N8litecore4blip6BLIPIOE#21388} WebSocket is hungry!
04-12 18:57:27.898 8886 9037 V CouchbaseLite/NETWORK: {N8litecore4blip6BLIPIOE#21388} Starting writeToWebSocket loop...
04-12 18:57:27.900 8886 9037 V CouchbaseLite/NETWORK: {N8litecore4blip6BLIPIOE#21388} ...Wrote 0 bytes to WebSocket (writeable=1)
04-12 18:57:27.901 8886 9037 V CouchbaseLite/NETWORK: {N8litecore4blip6BLIPIOE#21388} Sending 'getCheckpoint' REQ #0
04-12 18:57:27.902 8886 9037 V CouchbaseLite/NETWORK: {N8litecore4blip6BLIPIOE#21388} Requeuing REQ #0...
04-12 18:57:27.903 8886 9037 V CouchbaseLite/NETWORK: {N8litecore4blip6BLIPIOE#21388} Starting writeToWebSocket loop...
04-12 18:57:27.904 8886 9036 I CouchbaseLite/REPLICATOR: {N8litecore4repl6PullerE#21389}==> N8litecore4repl6PullerE {Repl#21108} @0xb4000077e98eebf0
04-12 18:57:27.904 8886 9036 I CouchbaseLite/REPLICATOR: {N8litecore4repl6PullerE#21389} {Coll#0} Starting pull from remote seq ''
04-12 18:57:27.922 8886 9036 I CouchbaseLite/REPLICATOR: {N8litecore4repl6PullerE#21389} {Coll#0} msg["revocations"]="true" due to enableAutoPurge()=1 or progressNotificationLevel()=0 > 0
04-12 18:57:27.925 8886 9036 I CouchbaseLite/NETWORK: SENDING: REQ #0 {
04-12 18:57:27.925 8886 9036 I CouchbaseLite/NETWORK: Profile: subChanges
04-12 18:57:27.925 8886 9036 I CouchbaseLite/NETWORK: continuous: true
04-12 18:57:27.925 8886 9036 I CouchbaseLite/NETWORK: batch: 200
04-12 18:57:27.925 8886 9036 I CouchbaseLite/NETWORK: versioning: rev-trees
04-12 18:57:27.925 8886 9036 I CouchbaseLite/NETWORK: activeOnly: true
04-12 18:57:27.925 8886 9036 I CouchbaseLite/NETWORK: revocations: true
04-12 18:57:27.925 8886 9036 I CouchbaseLite/NETWORK: filter: sync_gateway/bychannel
04-12 18:57:27.925 8886 9036 I CouchbaseLite/NETWORK: channels: wMDX-484976ec-55c1-4950-83f8-ff90775027b6.wdw.exp.1_0.en_us }
04-12 18:57:27.926 8886 9036 I CouchbaseLite/REPLICATOR: {N8litecore4repl6PullerE#21389} {Coll#0} activityLevel=busy: pendingResponseCount=1, _caughtUp=0, _pendingRevMessages=0, _activeIncomingRevs=0, _waitingRevMessages=0, _unfinishedIncomingRevs=0
04-12 18:57:27.927 8886 9036 V CouchbaseLite/REPLICATOR: {N8litecore4repl6PullerE#21389} {Coll#0} now busy
04-12 18:57:27.929 8886 9035 I CouchbaseLite/REPLICATOR: {Repl#21108} {Coll#-1} activityLevel=busy: connectionState=2, savingChkpt=0
04-12 18:57:27.930 8886 9037 V CouchbaseLite/NETWORK: {N8litecore4blip6BLIPIOE#21388} Sending frame: REQ #1 ----, bytes 0--65
04-12 18:57:27.930 8886 9037 V CouchbaseLite/NETWORK: {N8litecore4repl12C4SocketImplE#21309} Sending 68-byte message
04-12 18:57:27.931 8886 9037 D CouchbaseLite/NETWORK: [JAVA] ^C4Socket.write@b4000077c98d3ce0(68)
04-12 18:57:27.931 8886 9037 V CouchbaseLite/NETWORK: {N8litecore4blip6BLIPIOE#21388} Finished sending REQ #1
04-12 18:57:27.931 8886 9030 D CouchbaseLite/NETWORK: [JAVA] CBLWebSocket@@0x221ff26{vC4Socket@xb4000077c98d3ce0 <=> OkHttpSocket@0xf8f3281(wss://stage.realtime-sync-gw.wdprapps.disney.com:443/park-platform-semipriv/_blipsync)}.coreWrites(68)
04-12 18:57:27.931 8886 9030 D CouchbaseLite/NETWORK: [JAVA] OkHttpSocket@0xf8f3281.write(68)
04-12 18:57:27.932 8886 9037 V CouchbaseLite/NETWORK: {N8litecore4blip6BLIPIOE#21388} ...Wrote 68 bytes to WebSocket (writeable=1)
04-12 18:57:27.932 8886 9030 D CouchbaseLite/NETWORK: [JAVA] vC4Socket@xb4000077c98d3ce0.ackWriteToCore(68)
04-12 18:57:27.932 8886 9037 V CouchbaseLite/NETWORK: {N8litecore4blip6BLIPIOE#21388} Sending 'subChanges' REQ #0
04-12 18:57:27.938 8886 10541 D CouchbaseLite/NETWORK: [JAVA] OkHttpSocket@0xa9644dd.onBytes(90)
04-12 18:57:27.939 8886 10541 D CouchbaseLite/NETWORK: [JAVA] CBLWebSocket@@0xae4d852{vC4Socket@xb4000077c9852980 <=> OkHttpSocket@0xa9644dd(wss://stage.realtime-sync-gw.wdprapps.disney.com:443/park-platform-pub/_blipsync)}.remoteWrites: 90
04-12 18:57:27.939 8886 10541 D CouchbaseLite/NETWORK: [JAVA] vC4Socket@xb4000077c9852980.sendToCore(90)
04-12 18:57:27.940 8886 9037 V CouchbaseLite/NETWORK: {N8litecore4blip6BLIPIOE#21388} Requeuing REQ #0...
04-12 18:57:27.947 8886 9037 V CouchbaseLite/NETWORK: {N8litecore4blip6BLIPIOE#21388} Starting writeToWebSocket loop...
04-12 18:57:27.954 8886 9037 V CouchbaseLite/NETWORK: {N8litecore4blip6BLIPIOE#21388} Sending frame: REQ #2 ----, bytes 0--203
04-12 18:57:27.954 8886 9037 V CouchbaseLite/NETWORK: {N8litecore4repl12C4SocketImplE#21309} Sending 206-byte message
04-12 18:57:27.955 8886 9037 D CouchbaseLite/NETWORK: [JAVA] ^C4Socket.write@b4000077c98d3ce0(206)
04-12 18:57:27.955 8886 9037 V CouchbaseLite/NETWORK: {N8litecore4blip6BLIPIOE#21388} Finished sending REQ #2
04-12 18:57:27.956 8886 9037 V CouchbaseLite/NETWORK: {N8litecore4blip6BLIPIOE#21388} ...Wrote 206 bytes to WebSocket (writeable=1)
04-12 18:57:27.956 8886 9050 D CouchbaseLite/NETWORK: [JAVA] CBLWebSocket@@0x221ff26{vC4Socket@xb4000077c98d3ce0 <=> OkHttpSocket@0xf8f3281(wss://stage.realtime-sync-gw.wdprapps.disney.com:443/park-platform-semipriv/_blipsync)}.coreWrites(206)
04-12 18:57:27.956 8886 9050 D CouchbaseLite/NETWORK: [JAVA] OkHttpSocket@0xf8f3281.write(206)
04-12 18:57:27.957 8886 9050 D CouchbaseLite/NETWORK: [JAVA] vC4Socket@xb4000077c98d3ce0.ackWriteToCore(206)
04-12 18:57:27.958 8886 9035 I CouchbaseLite/REPLICATOR: {Repl#21108} {Coll#-1} pushStatus=stopped, pullStatus=busy, progress=0/0/0
04-12 18:57:27.959 8886 9034 I CouchbaseLite/REPLICATOR: {N8litecore4repl6PullerE#21389} {Coll#0} activityLevel=busy: pendingResponseCount=1, _caughtUp=0, _pendingRevMessages=0, _activeIncomingRevs=0, _waitingRevMessages=0, _unfinishedIncomingRevs=0
04-12 18:57:27.959 8886 10541 V CouchbaseLite/NETWORK: {N8litecore4repl12C4SocketImplE#21302} Received 90-byte message
04-12 18:57:27.960 8886 9038 V CouchbaseLite/NETWORK: {N8litecore4blip6BLIPIOE#21382} Received frame: RES #1 ---C, length 88
04-12 18:57:27.960 8886 9038 V CouchbaseLite/NETWORK: {N8litecore4blip6BLIPIOE#21382} RES #1 has reached the end of its frames
04-12 18:57:27.966 8886 9035 V CouchbaseLite/REPLICATOR: {Repl#21108} {Coll#-1} Replicator status collection-wise: pushStatus=stopped, pullStatus=busy, progress=0/0, docCount=0
04-12 18:57:27.967 8886 9035 I CouchbaseLite/REPLICATOR: {Repl#21108} {Coll#-1} activityLevel=busy: connectionState=2, savingChkpt=0
04-12 18:57:27.970 8886 9038 V CouchbaseLite/NETWORK: {N8litecore4blip10ConnectionE#21102} Receiving RES #1 Z
04-12 18:57:27.972 8886 9038 V CouchbaseLite/NETWORK: {N8litecore4blip10ConnectionE#21102} Finished receiving RES #1 Z
04-12 18:57:27.975 8886 9038 I CouchbaseLite/NETWORK: RECEIVED: RES #1 Z {
04-12 18:57:27.975 8886 9038 I CouchbaseLite/NETWORK: rev: 0-43
04-12 18:57:27.975 8886 9038 I CouchbaseLite/NETWORK: Content-Type: application/json
04-12 18:57:27.975 8886 9038 I CouchbaseLite/NETWORK: BODY: {"remote":376872124,"time":1712962640} }
04-12 18:57:27.976 8886 9038 D CouchbaseLite/NETWORK: [JAVA] ^C4Socket.completedReceive@b4000077c9852980(90)
04-12 18:57:27.976 8886 9047 D CouchbaseLite/NETWORK: [JAVA] CBLWebSocket@@0xae4d852{vC4Socket@xb4000077c9852980 <=> OkHttpSocket@0xa9644dd(wss://stage.realtime-sync-gw.wdprapps.disney.com:443/park-platform-pub/_blipsync)}.coreAckReceive: 90
04-12 18:57:27.977 8886 9033 I CouchbaseLite/REPLICATOR: {Repl#21103} {Coll#-1} Received remote checkpoint (rev='0-43'): {"remote":376872124,"time":1712962640} of the default collection
04-12 18:57:27.978 8886 9033 I CouchbaseLite/REPLICATOR: {Repl#21103} {Coll#-1} activityLevel=busy: connectionState=2, savingChkpt=0
04-12 18:57:27.980 8886 9036 I CouchbaseLite/REPLICATOR: {N8litecore4repl6PullerE#21393}==> N8litecore4repl6PullerE {Repl#21103} @0xb4000077e9964880
04-12 18:57:27.980 8886 9036 I CouchbaseLite/REPLICATOR: {N8litecore4repl6PullerE#21393} {Coll#0} Starting pull from remote seq '376872124'
04-12 18:57:27.980 8886 9036 I CouchbaseLite/REPLICATOR: {N8litecore4repl6PullerE#21393} {Coll#0} msg["revocations"]="true" due to enableAutoPurge()=1 or progressNotificationLevel()=0 > 0
04-12 18:57:27.981 8886 9036 I CouchbaseLite/NETWORK: SENDING: REQ #0 {
04-12 18:57:27.981 8886 9036 I CouchbaseLite/NETWORK: Profile: subChanges
04-12 18:57:27.981 8886 9036 I CouchbaseLite/NETWORK: since: 376872124
04-12 18:57:27.981 8886 9036 I CouchbaseLite/NETWORK: continuous: true
04-12 18:57:27.981 8886 9036 I CouchbaseLite/NETWORK: batch: 200
04-12 18:57:27.981 8886 9036 I CouchbaseLite/NETWORK: versioning: rev-trees
04-12 18:57:27.981 8886 9036 I CouchbaseLite/NETWORK: revocations: true
04-12 18:57:27.981 8886 9036 I CouchbaseLite/NETWORK: filter: sync_gateway/bychannel
04-12 18:57:27.981 8886 9036 I CouchbaseLite/NETWORK: channels: wdw.characters.1_0,wdw.blockouts.2_0.en_us,wdw.today.1_0,wdw.calendar.1_0,wdw.closedrestaurants.1_0,wdw.facilities.1_0.en_us,wdw.featured-happenings.1_0.en_us,wdw.categories.3_0.en_us,wdw.category-filters.2_0.en_us,wdw.category-list.2_0.en_us,wdw.facilitystatus.1_0,wdw.virtual-queue_content-page.1_0.en_us,wdw.search_content-page.1_0.en_us,wdw.mobile-network.1_0.en_us,wdw.dashboard.1_0.en_us,wdw.exp.1_0.en_us,wdw.feature-menu.7_36.en_us,wdw.experience.1_0.en_us,wdw.merlin.1_0.en_us,wdw.food-and-beverage.1_0.en_us,wdw.itinerary.1_0.en_us,wdw.feature-link-account.1_0.en_us,wdw.e-services.1_0.en_us,wdw.digital-pass.1_0.en_us,wdw.mobile-magic-access.1_0.en_us,wdw.photopass.1_0.en_us,wdw.commerce.1_0.en_us,wdw.forecastedwaittimes.1_0.en_us,wdw.permissions.2_0.en_us,wdw.gluetext.7_36.en_us,wdw.hub.1_0.en_us,wdw.extended-categories.1_0.en_us,wdw.actionsheet.7_36.en_us,wdw.checklist.1_0.en_us,wdw.userdata.1_0.en_us,wdw.analytics.1_0.en_us }
04-12 18:57:27.982 8886 9036 I CouchbaseLite/REPLICATOR: {N8litecore4repl6PullerE#21393} {Coll#0} activityLevel=busy: pendingResponseCount=1, _caughtUp=0, _pendingRevMessages=0, _activeIncomingRevs=0, _waitingRevMessages=0, _unfinishedIncomingRevs=0
04-12 18:57:27.982 8886 9036 V CouchbaseLite/REPLICATOR: {N8litecore4repl6PullerE#21393} {Coll#0} now busy
04-12 18:57:27.983 8886 9036 I CouchbaseLite/REPLICATOR: {Repl#21103} {Coll#-1} pushStatus=stopped, pullStatus=busy, progress=0/0/0
04-12 18:57:27.983 8886 9032 V CouchbaseLite/NETWORK: {N8litecore4blip6BLIPIOE#21382} Sending 'subChanges' REQ #0
04-12 18:57:27.984 8886 9032 V CouchbaseLite/NETWORK: {N8litecore4blip6BLIPIOE#21382} Requeuing REQ #0...
04-12 18:57:27.985 8886 9032 V CouchbaseLite/NETWORK: {N8litecore4blip6BLIPIOE#21382} Starting writeToWebSocket loop...
04-12 18:57:27.986 8886 9036 V CouchbaseLite/REPLICATOR: {Repl#21103} {Coll#-1} Replicator status collection-wise: pushStatus=stopped, pullStatus=busy, progress=0/0, docCount=0
04-12 18:57:27.987 8886 9036 I CouchbaseLite/REPLICATOR: {Repl#21103} {Coll#-1} activityLevel=busy: connectionState=2, savingChkpt=0
04-12 18:57:27.987 8886 9037 I CouchbaseLite/REPLICATOR: {N8litecore4repl6PullerE#21393} {Coll#0} activityLevel=busy: pendingResponseCount=1, _caughtUp=0, _pendingRevMessages=0, _activeIncomingRevs=0, _waitingRevMessages=0, _unfinishedIncomingRevs=0
04-12 18:57:27.989 8886 9032 V CouchbaseLite/NETWORK: {N8litecore4blip6BLIPIOE#21382} Sending frame: REQ #2 ----, bytes 0--1087
04-12 18:57:27.993 8886 9032 V CouchbaseLite/NETWORK: {N8litecore4repl12C4SocketImplE#21302} Sending 1090-byte message
04-12 18:57:27.994 8886 9032 D CouchbaseLite/NETWORK: [JAVA] ^C4Socket.write@b4000077c9852980(1090)
04-12 18:57:27.995 8886 9048 D CouchbaseLite/NETWORK: [JAVA] CBLWebSocket@@0xae4d852{vC4Socket@xb4000077c9852980 <=> OkHttpSocket@0xa9644dd(wss://stage.realtime-sync-gw.wdprapps.disney.com:443/park-platform-pub/_blipsync)}.coreWrites(1090)
04-12 18:57:27.996 8886 9048 D CouchbaseLite/NETWORK: [JAVA] OkHttpSocket@0xa9644dd.write(1090)
04-12 18:57:27.996 8886 9048 D CouchbaseLite/NETWORK: [JAVA] vC4Socket@xb4000077c9852980.ackWriteToCore(1090)
04-12 18:57:27.997 8886 10542 D CouchbaseLite/NETWORK: [JAVA] OkHttpSocket@0x77f67c.onBytes(98)
04-12 18:57:27.997 8886 10542 D CouchbaseLite/NETWORK: [JAVA] CBLWebSocket@@0x15eb05{vC4Socket@xb4000077c980ecf0 <=> OkHttpSocket@0x77f67c(wss://stage.realtime-sync-gw.wdprapps.disney.com:443/park-platform-priv/_blipsync)}.remoteWrites: 98
04-12 18:57:27.997 8886 10542 D CouchbaseLite/NETWORK: [JAVA] vC4Socket@xb4000077c980ecf0.sendToCore(98)
04-12 18:57:27.997 8886 10542 V CouchbaseLite/NETWORK: {N8litecore4repl12C4SocketImplE#21308} Received 98-byte message
04-12 18:57:27.999 8886 9034 V CouchbaseLite/NETWORK: {N8litecore4blip6BLIPIOE#21384} Received frame: RES #1 ---C, length 96
04-12 18:57:28.000 8886 9034 V CouchbaseLite/NETWORK: {N8litecore4blip6BLIPIOE#21384} RES #1 has reached the end of its frames
04-12 18:57:28.005 8886 9034 V CouchbaseLite/NETWORK: {N8litecore4blip10ConnectionE#21112} Receiving RES #1 Z
04-12 18:57:28.007 8886 9032 V CouchbaseLite/NETWORK: {N8litecore4blip6BLIPIOE#21382} Finished sending REQ #2
04-12 18:57:28.009 8886 9032 V CouchbaseLite/NETWORK: {N8litecore4blip6BLIPIOE#21382} ...Wrote 1090 bytes to WebSocket (writeable=1)
04-12 18:57:28.013 8886 9034 V CouchbaseLite/NETWORK: {N8litecore4blip10ConnectionE#21112} Finished receiving RES #1 Z
04-12 18:57:28.017 8886 9034 I CouchbaseLite/NETWORK: RECEIVED: RES #1 Z {
04-12 18:57:28.017 8886 9034 I CouchbaseLite/NETWORK: Content-Type: application/json
04-12 18:57:28.017 8886 9034 I CouchbaseLite/NETWORK: rev: 0-2
04-12 18:57:28.017 8886 9034 I CouchbaseLite/NETWORK: BODY: {"local":7,"remote":45262888,"time":1712962450} }
04-12 18:57:28.018 8886 9034 D CouchbaseLite/NETWORK: [JAVA] ^C4Socket.completedReceive@b4000077c980ecf0(98)
04-12 18:57:28.019 8886 9046 D CouchbaseLite/NETWORK: [JAVA] CBLWebSocket@@0x15eb05{vC4Socket@xb4000077c980ecf0 <=> OkHttpSocket@0x77f67c(wss://stage.realtime-sync-gw.wdprapps.disney.com:443/park-platform-priv/_blipsync)}.coreAckReceive: 98
04-12 18:57:28.020 8886 9035 I CouchbaseLite/REPLICATOR: {Repl#21113} {Coll#-1} Received remote checkpoint (rev='0-2'): {"local":7,"remote":45262888,"time":1712962450} of the default collection
04-12 18:57:28.021 8886 9035 I CouchbaseLite/REPLICATOR: {Repl#21113} {Coll#-1} activityLevel=busy: connectionState=2, savingChkpt=0
04-12 18:57:28.026 8886 9038 I CouchbaseLite/REPLICATOR: {N8litecore4repl6PusherE#21399}==> N8litecore4repl6PusherE {Repl#21113} @0xb4000077d97eb620
04-12 18:57:28.027 8886 9038 I CouchbaseLite/REPLICATOR: {N8litecore4repl6PusherE#21399} {Coll#0} Starting continuous push from local seq #8
04-12 18:57:28.028 8886 9038 I CouchbaseLite/REPLICATOR: {N8litecore4repl21ReplicatorChangesFeedE#21400}==> N8litecore4repl21ReplicatorChangesFeedE 0xb4000077d97eb7a8 @0xb4000077d97eb7a8
04-12 18:57:28.030 8886 9038 V CouchbaseLite/REPLICATOR: {N8litecore4repl21ReplicatorChangesFeedE#21400} Starting DB observer
04-12 18:57:28.035 8886 9033 I CouchbaseLite/REPLICATOR: {N8litecore4repl6PullerE#21402}==> N8litecore4repl6PullerE {Repl#21113} @0xb4000077e997f370
04-12 18:57:28.035 8886 9033 I CouchbaseLite/REPLICATOR: {N8litecore4repl6PullerE#21402} {Coll#0} Starting pull from remote seq '45262888'
04-12 18:57:28.035 8886 9033 I CouchbaseLite/REPLICATOR: {N8litecore4repl6PullerE#21402} {Coll#0} msg["revocations"]="true" due to enableAutoPurge()=1 or progressNotificationLevel()=0 > 0
04-12 18:57:28.037 8886 9033 I CouchbaseLite/NETWORK: SENDING: REQ #0 {
04-12 18:57:28.037 8886 9033 I CouchbaseLite/NETWORK: Profile: subChanges
04-12 18:57:28.037 8886 9033 I CouchbaseLite/NETWORK: since: 45262888
04-12 18:57:28.037 8886 9033 I CouchbaseLite/NETWORK: continuous: true
04-12 18:57:28.037 8886 9033 I CouchbaseLite/NETWORK: batch: 200
04-12 18:57:28.037 8886 9033 I CouchbaseLite/NETWORK: versioning: rev-trees
04-12 18:57:28.037 8886 9033 I CouchbaseLite/NETWORK: revocations: true
04-12 18:57:28.037 8886 9033 I CouchbaseLite/NETWORK: filter: sync_gateway/bychannel
04-12 18:57:28.037 8886 9033 I CouchbaseLite/NETWORK: channels: {63B01F9F-BC25-4824-9104-70D27ED77981}.wdw.exp.1_0.en_us,{63B01F9F-BC25-4824-9104-70D27ED77981}.wdw.userdata.1_0.en_us }
04-12 18:57:28.038 8886 9033 I CouchbaseLite/REPLICATOR: {N8litecore4repl6PullerE#21402} {Coll#0} activityLevel=busy: pendingResponseCount=1, _caughtUp=0, _pendingRevMessages=0, _activeIncomingRevs=0, _waitingRevMessages=0, _unfinishedIncomingRevs=0
04-12 18:57:28.039 8886 9033 V CouchbaseLite/REPLICATOR: {N8litecore4repl6PullerE#21402} {Coll#0} now busy
04-12 18:57:28.041 8886 9033 I CouchbaseLite/REPLICATOR: {Repl#21113} {Coll#-1} pushStatus=busy, pullStatus=busy, progress=0/0/0
04-12 18:57:28.042 8886 9031 V CouchbaseLite/NETWORK: {N8litecore4blip6BLIPIOE#21384} Sending 'subChanges' REQ #0
04-12 18:57:28.043 8886 9031 V CouchbaseLite/NETWORK: {N8litecore4blip6BLIPIOE#21384} Requeuing REQ #0...
04-12 18:57:28.044 8886 9031 V CouchbaseLite/NETWORK: {N8litecore4blip6BLIPIOE#21384} Starting writeToWebSocket loop...
04-12 18:57:28.046 8886 9033 V CouchbaseLite/REPLICATOR: {Repl#21113} {Coll#-1} Replicator status collection-wise: pushStatus=busy, pullStatus=busy, progress=0/0, docCount=0
04-12 18:57:28.053 8886 10543 D CouchbaseLite/NETWORK: [JAVA] OkHttpSocket@0xf8f3281.onBytes(47)
04-12 18:57:28.053 8886 9037 I CouchbaseLite/REPLICATOR: {N8litecore4repl6PullerE#21402} {Coll#0} activityLevel=busy: pendingResponseCount=1, _caughtUp=0, _pendingRevMessages=0, _activeIncomingRevs=0, _waitingRevMessages=0, _unfinishedIncomingRevs=0
04-12 18:57:28.053 8886 10543 D CouchbaseLite/NETWORK: [JAVA] CBLWebSocket@@0x221ff26{vC4Socket@xb4000077c98d3ce0 <=> OkHttpSocket@0xf8f3281(wss://stage.realtime-sync-gw.wdprapps.disney.com:443/park-platform-semipriv/_blipsync)}.remoteWrites: 47
04-12 18:57:28.054 8886 10543 D CouchbaseLite/NETWORK: [JAVA] vC4Socket@xb4000077c98d3ce0.sendToCore(47)
04-12 18:57:28.054 8886 9038 V CouchbaseLite/REPLICATOR: {N8litecore4repl21ReplicatorChangesFeedE#21400} Reading up to 200 local changes since #7
04-12 18:57:28.055 8886 9033 I CouchbaseLite/REPLICATOR: {Repl#21113} {Coll#-1} activityLevel=busy: connectionState=2, savingChkpt=0
04-12 18:57:28.055 8886 9031 V CouchbaseLite/NETWORK: {N8litecore4blip6BLIPIOE#21384} Sending frame: REQ #2 ----, bytes 0--261
04-12 18:57:28.056 8886 9031 V CouchbaseLite/NETWORK: {N8litecore4repl12C4SocketImplE#21308} Sending 264-byte message
04-12 18:57:28.057 8886 10543 V CouchbaseLite/NETWORK: {N8litecore4repl12C4SocketImplE#21309} Received 47-byte message
04-12 18:57:28.058 8886 9032 V CouchbaseLite/NETWORK: {N8litecore4blip6BLIPIOE#21388} Received frame: ERR #1 ----, length 45
04-12 18:57:28.058 8886 9031 D CouchbaseLite/NETWORK: [JAVA] ^C4Socket.write@b4000077c980ecf0(264)
04-12 18:57:28.058 8886 9032 V CouchbaseLite/NETWORK: {N8litecore4blip6BLIPIOE#21388} RES #1 has reached the end of its frames
04-12 18:57:28.059 8886 9039 D CouchbaseLite/NETWORK: [JAVA] CBLWebSocket@@0x15eb05{vC4Socket@xb4000077c980ecf0 <=> OkHttpSocket@0x77f67c(wss://stage.realtime-sync-gw.wdprapps.disney.com:443/park-platform-priv/_blipsync)}.coreWrites(264)
04-12 18:57:28.059 8886 9039 D CouchbaseLite/NETWORK: [JAVA] OkHttpSocket@0x77f67c.write(264)
04-12 18:57:28.060 8886 9039 D CouchbaseLite/NETWORK: [JAVA] vC4Socket@xb4000077c980ecf0.ackWriteToCore(264)
04-12 18:57:28.063 8886 9031 V CouchbaseLite/NETWORK: {N8litecore4blip6BLIPIOE#21384} Finished sending REQ #2
04-12 18:57:28.064 8886 9031 V CouchbaseLite/NETWORK: {N8litecore4blip6BLIPIOE#21384} ...Wrote 264 bytes to WebSocket (writeable=1)
04-12 18:57:28.065 8886 9032 V CouchbaseLite/NETWORK: {N8litecore4blip10ConnectionE#21107} Receiving ERR #1
04-12 18:57:28.069 8886 9032 V CouchbaseLite/NETWORK: {N8litecore4blip10ConnectionE#21107} Finished receiving ERR #1
04-12 18:57:28.071 8886 9032 I CouchbaseLite/NETWORK: RECEIVED: ERR #1 {
04-12 18:57:28.071 8886 9032 I CouchbaseLite/NETWORK: Error-Domain: HTTP
04-12 18:57:28.071 8886 9032 I CouchbaseLite/NETWORK: Error-Code: 404
04-12 18:57:28.071 8886 9032 I CouchbaseLite/NETWORK: BODY: missing }
04-12 18:57:28.072 8886 9034 I CouchbaseLite/REPLICATOR: {Repl#21108} {Coll#-1} No remote checkpoint 'cp-SHpbnSwgcB4cOJXwvdZ39kOvanE=' of the default collection
04-12 18:57:28.072 8886 9032 D CouchbaseLite/NETWORK: [JAVA] ^C4Socket.completedReceive@b4000077c98d3ce0(47)
04-12 18:57:28.073 8886 9049 D CouchbaseLite/NETWORK: [JAVA] CBLWebSocket@@0x221ff26{vC4Socket@xb4000077c98d3ce0 <=> OkHttpSocket@0xf8f3281(wss://stage.realtime-sync-gw.wdprapps.disney.com:443/park-platform-semipriv/_blipsync)}.coreAckReceive: 47
04-12 18:57:28.074 8886 9034 I CouchbaseLite/REPLICATOR: {Repl#21108} {Coll#-1} activityLevel=busy: connectionState=2, savingChkpt=0
04-12 18:57:28.082 8886 9038 I CouchbaseLite/REPLICATOR: {N8litecore4repl6PusherE#21399} {Coll#0} Found 0 changes up to #7
04-12 18:57:28.083 8886 9038 I CouchbaseLite/NETWORK: SENDING: REQ #0 UN {
04-12 18:57:28.083 8886 9038 I CouchbaseLite/NETWORK: Profile: proposeChanges
04-12 18:57:28.083 8886 9038 I CouchbaseLite/NETWORK: conflictIncludesRev: true
04-12 18:57:28.083 8886 9038 I CouchbaseLite/NETWORK: BODY: [] }
04-12 18:57:28.084 8886 9038 I CouchbaseLite/REPLICATOR: {N8litecore4repl6PusherE#21399} {Coll#0} activityLevel=busy: pendingResponseCount=0, caughtUp=0, changeLists=0, revsInFlight=0, blobsInFlight=0, awaitingReply=0, revsToSend=0, pushingDocs=0, pendingSequences=0
04-12 18:57:28.085 8886 9038 V CouchbaseLite/REPLICATOR: {N8litecore4repl6PusherE#21399} {Coll#0} now busy
04-12 18:57:28.086 8886 9035 V CouchbaseLite/NETWORK: {N8litecore4blip6BLIPIOE#21384} Sending 'proposeChanges' REQ #0 UN
04-12 18:57:28.086 8886 9035 V CouchbaseLite/NETWORK: {N8litecore4blip6BLIPIOE#21384} Requeuing REQ #0...
04-12 18:57:28.087 8886 9035 V CouchbaseLite/NETWORK: {N8litecore4blip6BLIPIOE#21384} Starting writeToWebSocket loop...
04-12 18:57:28.087 8886 9035 V CouchbaseLite/NETWORK: {N8litecore4blip6BLIPIOE#21384} Sending frame: REQ #3 -UN-, bytes 0--54
04-12 18:57:28.087 8886 9035 V CouchbaseLite/NETWORK: {N8litecore4repl12C4SocketImplE#21308} Sending 57-byte message
04-12 18:57:28.088 8886 9035 D CouchbaseLite/NETWORK: [JAVA] ^C4Socket.write@b4000077c980ecf0(57)
04-12 18:57:28.088 8886 9036 I CouchbaseLite/REPLICATOR: {Repl#21113} {Coll#-1} pushStatus=busy, pullStatus=busy, progress=0/0/0
04-12 18:57:28.089 8886 9030 D CouchbaseLite/NETWORK: [JAVA] CBLWebSocket@@0x15eb05{vC4Socket@xb4000077c980ecf0 <=> OkHttpSocket@0x77f67c(wss://stage.realtime-sync-gw.wdprapps.disney.com:443/park-platform-priv/_blipsync)}.coreWrites(57)
04-12 18:57:28.089 8886 9030 D CouchbaseLite/NETWORK: [JAVA] OkHttpSocket@0x77f67c.write(57)
04-12 18:57:28.089 8886 9036 V CouchbaseLite/REPLICATOR: {Repl#21113} {Coll#-1} Replicator status collection-wise: pushStatus=busy, pullStatus=busy, progress=0/0, docCount=0
04-12 18:57:28.089 8886 9030 D CouchbaseLite/NETWORK: [JAVA] vC4Socket@xb4000077c980ecf0.ackWriteToCore(57)
04-12 18:57:28.090 8886 9036 I CouchbaseLite/REPLICATOR: {Repl#21113} {Coll#-1} activityLevel=busy: connectionState=2, savingChkpt=0
04-12 18:57:28.093 8886 10543 D CouchbaseLite/NETWORK: [JAVA] OkHttpSocket@0xf8f3281.onBytes(7)
04-12 18:57:28.093 8886 10543 D CouchbaseLite/NETWORK: [JAVA] CBLWebSocket@@0x221ff26{vC4Socket@xb4000077c98d3ce0 <=> OkHttpSocket@0xf8f3281(wss://stage.realtime-sync-gw.wdprapps.disney.com:443/park-platform-semipriv/_blipsync)}.remoteWrites: 7
04-12 18:57:28.094 8886 10543 D CouchbaseLite/NETWORK: [JAVA] vC4Socket@xb4000077c98d3ce0.sendToCore(7)
04-12 18:57:28.101 8886 9038 V CouchbaseLite/REPLICATOR: {N8litecore4repl21ReplicatorChangesFeedE#21400} Asking DB observer for 200 new changes since sequence #7 ...
04-12 18:57:28.105 8886 9038 I CouchbaseLite/REPLICATOR: {N8litecore4repl21ReplicatorChangesFeedE#21400} No new observed changes...
04-12 18:57:28.108 8886 9038 I CouchbaseLite/REPLICATOR: {N8litecore4repl6PusherE#21399} {Coll#0} Found 0 changes up to #7
04-12 18:57:28.109 8886 10543 V CouchbaseLite/NETWORK: {N8litecore4repl12C4SocketImplE#21309} Received 7-byte message
04-12 18:57:28.109 8886 9035 V CouchbaseLite/NETWORK: {N8litecore4blip6BLIPIOE#21384} Finished sending REQ #3 UN
