04-12 18:57:31.629 8886 9036 I CouchbaseLite/REPLICATOR: {Repl#21499} {Coll#-1} activityLevel=busy: connectionState=2, savingChkpt=0
04-12 18:57:31.630 8886 9036 I CouchbaseLite/REPLICATOR: {Repl#21499} {Coll#-1} now busy
04-12 18:57:31.630 8886 9036 I CouchbaseLite/REPLICATOR: {C4Replicator#21501} State: busy, progress=0.00%
04-12 18:57:31.632 8886 9036 D CouchbaseLite/REPLICATOR: [JAVA] C4Replicator.statusChangedCallback(0x753023b3) C4CommonRepl{@0x8661800/@xb4000077b9824d50, @0xcc71e83, SocketFactory{@URLEndpoint{url=wss://stage.realtime-sync-gw.wdprapps.disney.com/park-platform-priv}}'}: C4ReplicatorStatus{level=4,completed=0,total=0,#docs=0,domain=0,code=0,info=0}
04-12 18:57:31.633 8886 9038 I CouchbaseLite/NETWORK: {N8litecore4blip6BLIPIOE#21605}==> N8litecore4blip6BLIPIOE ->wss://stage.realtime-sync-gw.wdprapps.disney.com/park-platform-priv/_blipsync @0xb4000077e9972d10
04-12 18:57:31.634 8886 9038 V CouchbaseLite/NETWORK: {N8litecore4blip6BLIPIOE#21605} WebSocket is hungry!
04-12 18:57:31.635 8886 9038 V CouchbaseLite/NETWORK: {N8litecore4blip6BLIPIOE#21605} Starting writeToWebSocket loop...
04-12 18:57:31.636 8886 9049 I CouchbaseLite/REPLICATOR: [JAVA] status changed: (0, 0) @C4ReplicatorStatus{level=4,completed=0,total=0,#docs=0,domain=0,code=0,info=0} for Replicator{@0xcc71e83(<*>),Database{@@0x97fb813: 'finder-private.73600.en_us'} => URLEndpoint{url=wss://stage.realtime-sync-gw.wdprapps.disney.com/park-platform-priv}}$C4CommonRepl{@0x8661800/@xb4000077b9824d50, @0xcc71e83, SocketFactory{@URLEndpoint{url=wss://stage.realtime-sync-gw.wdprapps.disney.com/park-platform-priv}}'}
04-12 18:57:31.637 8886 9049 D CouchbaseLite/NETWORK: [JAVA] Offline state change for com.couchbase.lite.internal.replicator.AndroidConnectivityObserver@d62528f: CONNECTING -> true
04-12 18:57:31.638 8886 9049 I CouchbaseLite/REPLICATOR: [JAVA] State changed CONNECTING => BUSY(0/0): null for Replicator{@0xcc71e83(<*>),Database{@@0x97fb813: 'finder-private.73600.en_us'} => URLEndpoint{url=wss://stage.realtime-sync-gw.wdprapps.disney.com/park-platform-priv}}$C4CommonRepl{@0x8661800/@xb4000077b9824d50, @0xcc71e83, SocketFactory{@URLEndpoint{url=wss://stage.realtime-sync-gw.wdprapps.disney.com/park-platform-priv}}'}
04-12 18:57:31.642 8886 9038 V CouchbaseLite/NETWORK: {N8litecore4blip6BLIPIOE#21605} ...Wrote 0 bytes to WebSocket (writeable=1)
04-12 18:57:31.648 8886 9038 V CouchbaseLite/NETWORK: {N8litecore4blip6BLIPIOE#21605} Sending 'getCheckpoint' REQ #0
04-12 18:57:31.652 8886 9038 V CouchbaseLite/NETWORK: {N8litecore4blip6BLIPIOE#21605} Requeuing REQ #0...
04-12 18:57:31.668 8886 9038 V CouchbaseLite/NETWORK: {N8litecore4blip6BLIPIOE#21605} Starting writeToWebSocket loop...
04-12 18:57:31.669 8886 9038 V CouchbaseLite/NETWORK: {N8litecore4blip6BLIPIOE#21605} Sending frame: REQ #1 ----, bytes 0--65
04-12 18:57:31.670 8886 9038 V CouchbaseLite/NETWORK: {N8litecore4repl12C4SocketImplE#21502} Sending 68-byte message
04-12 18:57:31.670 8886 9038 D CouchbaseLite/NETWORK: [JAVA] ^C4Socket.write@b4000077c98a8720(68)
04-12 18:57:31.677 8886 9047 D CouchbaseLite/NETWORK: [JAVA] CBLWebSocket@@0x63f7b08{vC4Socket@xb4000077c98a8720 <=> OkHttpSocket@0x23b88ab(wss://stage.realtime-sync-gw.wdprapps.disney.com:443/park-platform-priv/_blipsync)}.coreWrites(68)
04-12 18:57:31.678 8886 9047 D CouchbaseLite/NETWORK: [JAVA] OkHttpSocket@0x23b88ab.write(68)
04-12 18:57:31.678 8886 9047 D CouchbaseLite/NETWORK: [JAVA] vC4Socket@xb4000077c98a8720.ackWriteToCore(68)
04-12 18:57:31.695 8886 9032 I CouchbaseLite/REPLICATOR: {Repl#21499} {Coll#-1} activityLevel=busy: connectionState=2, savingChkpt=0
04-12 18:57:31.695 8886 9038 V CouchbaseLite/NETWORK: {N8litecore4blip6BLIPIOE#21605} Finished sending REQ #1
04-12 18:57:31.696 8886 9038 V CouchbaseLite/NETWORK: {N8litecore4blip6BLIPIOE#21605} ...Wrote 68 bytes to WebSocket (writeable=1)
04-12 18:57:31.711 8886 10543 D CouchbaseLite/NETWORK: [JAVA] OkHttpSocket@0xf94748a.onBytes(47)
04-12 18:57:31.711 8886 10543 D CouchbaseLite/NETWORK: [JAVA] CBLWebSocket@@0xa73dafb{vC4Socket@xb4000077c977db30 <=> OkHttpSocket@0xf94748a(wss://stage.realtime-sync-gw.wdprapps.disney.com:443/park-platform-semipriv/_blipsync)}.remoteWrites: 47
04-12 18:57:31.712 8886 10543 D CouchbaseLite/NETWORK: [JAVA] vC4Socket@xb4000077c977db30.sendToCore(47)
04-12 18:57:31.714 8886 10542 D CouchbaseLite/NETWORK: [JAVA] OkHttpSocket@0x2fb1cef.onBytes(90)
04-12 18:57:31.714 8886 10542 D CouchbaseLite/NETWORK: [JAVA] CBLWebSocket@@0x79653fc{vC4Socket@xb4000077c984f6a0 <=> OkHttpSocket@0x2fb1cef(wss://stage.realtime-sync-gw.wdprapps.disney.com:443/park-platform-pub/_blipsync)}.remoteWrites: 90
04-12 18:57:31.714 8886 10542 D CouchbaseLite/NETWORK: [JAVA] vC4Socket@xb4000077c984f6a0.sendToCore(90)
04-12 18:57:31.721 8886 10542 V CouchbaseLite/NETWORK: {N8litecore4repl12C4SocketImplE#21481} Received 90-byte message
04-12 18:57:31.723 8886 9031 V CouchbaseLite/NETWORK: {N8litecore4blip6BLIPIOE#21591} Received frame: RES #1 ---C, length 88
04-12 18:57:31.723 8886 9031 V CouchbaseLite/NETWORK: {N8litecore4blip6BLIPIOE#21591} RES #1 has reached the end of its frames
04-12 18:57:31.745 8886 9031 V CouchbaseLite/NETWORK: {N8litecore4blip10ConnectionE#21478} Receiving RES #1 Z
04-12 18:57:31.784 8886 9031 V CouchbaseLite/NETWORK: {N8litecore4blip10ConnectionE#21478} Finished receiving RES #1 Z
04-12 18:57:31.785 8886 10543 V CouchbaseLite/NETWORK: {N8litecore4repl12C4SocketImplE#21489} Received 47-byte message
04-12 18:57:31.786 8886 10543 D CouchbaseLite/NETWORK: [JAVA] OkHttpSocket@0xf94748a.onBytes(7)
04-12 18:57:31.787 8886 10543 D CouchbaseLite/NETWORK: [JAVA] CBLWebSocket@@0xa73dafb{vC4Socket@xb4000077c977db30 <=> OkHttpSocket@0xf94748a(wss://stage.realtime-sync-gw.wdprapps.disney.com:443/park-platform-semipriv/_blipsync)}.remoteWrites: 7
04-12 18:57:31.787 8886 10543 D CouchbaseLite/NETWORK: [JAVA] vC4Socket@xb4000077c977db30.sendToCore(7)
04-12 18:57:31.794 8886 9033 V CouchbaseLite/NETWORK: {N8litecore4blip6BLIPIOE#21593} Received frame: ERR #1 ----, length 45
04-12 18:57:31.794 8886 9033 V CouchbaseLite/NETWORK: {N8litecore4blip6BLIPIOE#21593} RES #1 has reached the end of its frames
04-12 18:57:31.795 8886 9033 V CouchbaseLite/NETWORK: {N8litecore4blip10ConnectionE#21485} Receiving ERR #1
04-12 18:57:31.796 8886 9033 V CouchbaseLite/NETWORK: {N8litecore4blip10ConnectionE#21485} Finished receiving ERR #1
04-12 18:57:31.803 8886 10543 V CouchbaseLite/NETWORK: {N8litecore4repl12C4SocketImplE#21489} Received 7-byte message
04-12 18:57:31.805 8886 10543 D CouchbaseLite/NETWORK: [JAVA] OkHttpSocket@0xf94748a.onBytes(63)
04-12 18:57:31.805 8886 9036 I CouchbaseLite/REPLICATOR: {Repl#21479} {Coll#-1} Received remote checkpoint (rev='0-45'): {"remote":376872135,"time":1712962648} of the default collection
04-12 18:57:31.805 8886 10543 D CouchbaseLite/NETWORK: [JAVA] CBLWebSocket@@0xa73dafb{vC4Socket@xb4000077c977db30 <=> OkHttpSocket@0xf94748a(wss://stage.realtime-sync-gw.wdprapps.disney.com:443/park-platform-semipriv/_blipsync)}.remoteWrites: 63
04-12 18:57:31.806 8886 10543 D CouchbaseLite/NETWORK: [JAVA] vC4Socket@xb4000077c977db30.sendToCore(63)
04-12 18:57:31.806 8886 10543 V CouchbaseLite/NETWORK: {N8litecore4repl12C4SocketImplE#21489} Received 63-byte message
04-12 18:57:31.806 8886 9032 I CouchbaseLite/REPLICATOR: {Repl#21486} {Coll#-1} No remote checkpoint 'cp-SHpbnSwgcB4cOJXwvdZ39kOvanE=' of the default collection
04-12 18:57:31.808 8886 9032 I CouchbaseLite/REPLICATOR: {Repl#21486} {Coll#-1} activityLevel=busy: connectionState=2, savingChkpt=0
04-12 18:57:31.812 8886 9031 I CouchbaseLite/NETWORK: RECEIVED: RES #1 Z {
04-12 18:57:31.812 8886 9031 I CouchbaseLite/NETWORK: rev: 0-45
04-12 18:57:31.812 8886 9031 I CouchbaseLite/NETWORK: Content-Type: application/json
04-12 18:57:31.812 8886 9031 I CouchbaseLite/NETWORK: BODY: {"remote":376872135,"time":1712962648} }
04-12 18:57:31.812 8886 9031 D CouchbaseLite/NETWORK: [JAVA] ^C4Socket.completedReceive@b4000077c984f6a0(90)
04-12 18:57:31.812 8886 9036 I CouchbaseLite/REPLICATOR: {Repl#21479} {Coll#-1} activityLevel=busy: connectionState=2, savingChkpt=0
04-12 18:57:31.813 8886 9038 I CouchbaseLite/REPLICATOR: {N8litecore4repl6PullerE#21625}==> N8litecore4repl6PullerE {Repl#21479} @0xb4000077e99eecd0
04-12 18:57:31.814 8886 9047 D CouchbaseLite/NETWORK: [JAVA] CBLWebSocket@@0x79653fc{vC4Socket@xb4000077c984f6a0 <=> OkHttpSocket@0x2fb1cef(wss://stage.realtime-sync-gw.wdprapps.disney.com:443/park-platform-pub/_blipsync)}.coreAckReceive: 90
04-12 18:57:31.814 8886 9038 I CouchbaseLite/REPLICATOR: {N8litecore4repl6PullerE#21625} {Coll#0} Starting pull from remote seq '376872135'
04-12 18:57:31.815 8886 9038 I CouchbaseLite/REPLICATOR: {N8litecore4repl6PullerE#21625} {Coll#0} msg["revocations"]="true" due to enableAutoPurge()=1 or progressNotificationLevel()=0 > 0
04-12 18:57:31.819 8886 9038 I CouchbaseLite/NETWORK: SENDING: REQ #0 {
04-12 18:57:31.819 8886 9038 I CouchbaseLite/NETWORK: Profile: subChanges
04-12 18:57:31.819 8886 9038 I CouchbaseLite/NETWORK: since: 376872135
04-12 18:57:31.819 8886 9038 I CouchbaseLite/NETWORK: continuous: true
04-12 18:57:31.819 8886 9038 I CouchbaseLite/NETWORK: batch: 200
04-12 18:57:31.819 8886 9038 I CouchbaseLite/NETWORK: versioning: rev-trees
04-12 18:57:31.819 8886 9038 I CouchbaseLite/NETWORK: revocations: true
04-12 18:57:31.819 8886 9038 I CouchbaseLite/NETWORK: filter: sync_gateway/bychannel
04-12 18:57:31.819 8886 9038 I CouchbaseLite/NETWORK: channels: wdw.characters.1_0,wdw.blockouts.2_0.en_us,wdw.today.1_0,wdw.calendar.1_0,wdw.closedrestaurants.1_0,wdw.facilities.1_0.en_us,wdw.featured-happenings.1_0.en_us,wdw.categories.3_0.en_us,wdw.category-filters.2_0.en_us,wdw.category-list.2_0.en_us,wdw.facilitystatus.1_0,wdw.virtual-queue_content-page.1_0.en_us,wdw.search_content-page.1_0.en_us,wdw.mobile-network.1_0.en_us,wdw.dashboard.1_0.en_us,wdw.exp.1_0.en_us,wdw.feature-menu.7_36.en_us,wdw.experience.1_0.en_us,wdw.merlin.1_0.en_us,wdw.food-and-beverage.1_0.en_us,wdw.itinerary.1_0.en_us,wdw.feature-link-account.1_0.en_us,wdw.e-services.1_0.en_us,wdw.digital-pass.1_0.en_us,wdw.mobile-magic-access.1_0.en_us,wdw.photopass.1_0.en_us,wdw.commerce.1_0.en_us,wdw.forecastedwaittimes.1_0.en_us,wdw.permissions.2_0.en_us,wdw.gluetext.7_36.en_us,wdw.hub.1_0.en_us,wdw.extended-categories.1_0.en_us,wdw.actionsheet.7_36.en_us,wdw.checklist.1_0.en_us,wdw.userdata.1_0.en_us,wdw.analytics.1_0.en_us }
04-12 18:57:31.826 8886 9038 I CouchbaseLite/REPLICATOR: {N8litecore4repl6PullerE#21625} {Coll#0} activityLevel=busy: pendingResponseCount=1, _caughtUp=0, _pendingRevMessages=0, _activeIncomingRevs=0, _waitingRevMessages=0, _unfinishedIncomingRevs=0
04-12 18:57:31.827 8886 9038 V CouchbaseLite/REPLICATOR: {N8litecore4repl6PullerE#21625} {Coll#0} now busy
04-12 18:57:31.827 8886 9038 I CouchbaseLite/REPLICATOR: {Repl#21479} {Coll#-1} pushStatus=stopped, pullStatus=busy, progress=0/0/0
04-12 18:57:31.827 8886 9038 V CouchbaseLite/REPLICATOR: {Repl#21479} {Coll#-1} Replicator status collection-wise: pushStatus=stopped, pullStatus=busy, progress=0/0, docCount=0
04-12 18:57:31.829 8886 9038 I CouchbaseLite/REPLICATOR: {Repl#21479} {Coll#-1} activityLevel=busy: connectionState=2, savingChkpt=0
04-12 18:57:31.835 8886 9035 V CouchbaseLite/NETWORK: {N8litecore4blip6BLIPIOE#21591} Sending 'subChanges' REQ #0
04-12 18:57:31.836 8886 9035 V CouchbaseLite/NETWORK: {N8litecore4blip6BLIPIOE#21591} Requeuing REQ #0...
04-12 18:57:31.844 8886 9035 V CouchbaseLite/NETWORK: {N8litecore4blip6BLIPIOE#21591} Starting writeToWebSocket loop...
04-12 18:57:31.846 8886 9035 V CouchbaseLite/NETWORK: {N8litecore4blip6BLIPIOE#21591} Sending frame: REQ #2 ----, bytes 0--1087
04-12 18:57:31.849 8886 9033 I CouchbaseLite/NETWORK: RECEIVED: ERR #1 {
04-12 18:57:31.849 8886 9033 I CouchbaseLite/NETWORK: Error-Domain: HTTP
04-12 18:57:31.849 8886 9033 I CouchbaseLite/NETWORK: Error-Code: 404
04-12 18:57:31.849 8886 9033 I CouchbaseLite/NETWORK: BODY: missing }
04-12 18:57:31.851 8886 10541 D CouchbaseLite/NETWORK: [JAVA] OkHttpSocket@0x23b88ab.onBytes(98)
04-12 18:57:31.852 8886 10541 D CouchbaseLite/NETWORK: [JAVA] CBLWebSocket@@0x63f7b08{vC4Socket@xb4000077c98a8720 <=> OkHttpSocket@0x23b88ab(wss://stage.realtime-sync-gw.wdprapps.disney.com:443/park-platform-priv/_blipsync)}.remoteWrites: 98
04-12 18:57:31.852 8886 10541 D CouchbaseLite/NETWORK: [JAVA] vC4Socket@xb4000077c98a8720.sendToCore(98)
04-12 18:57:31.854 8886 9033 D CouchbaseLite/NETWORK: [JAVA] ^C4Socket.completedReceive@b4000077c977db30(47)
04-12 18:57:31.855 8886 9030 D CouchbaseLite/NETWORK: [JAVA] CBLWebSocket@@0xa73dafb{vC4Socket@xb4000077c977db30 <=> OkHttpSocket@0xf94748a(wss://stage.realtime-sync-gw.wdprapps.disney.com:443/park-platform-semipriv/_blipsync)}.coreAckReceive: 47
04-12 18:57:31.856 8886 9037 I CouchbaseLite/REPLICATOR: {N8litecore4repl6PullerE#21625} {Coll#0} activityLevel=busy: pendingResponseCount=1, _caughtUp=0, _pendingRevMessages=0, _activeIncomingRevs=0, _waitingRevMessages=0, _unfinishedIncomingRevs=0
04-12 18:57:31.863 8886 10541 V CouchbaseLite/NETWORK: {N8litecore4repl12C4SocketImplE#21502} Received 98-byte message
04-12 18:57:31.864 8886 9032 V CouchbaseLite/NETWORK: {N8litecore4blip6BLIPIOE#21605} Received frame: RES #1 ---C, length 96
04-12 18:57:31.866 8886 9032 V CouchbaseLite/NETWORK: {N8litecore4blip6BLIPIOE#21605} RES #1 has reached the end of its frames
04-12 18:57:31.870 8886 9032 V CouchbaseLite/NETWORK: {N8litecore4blip10ConnectionE#21498} Receiving RES #1 Z
04-12 18:57:31.894 8886 9033 V CouchbaseLite/NETWORK: {N8litecore4blip6BLIPIOE#21593} Received frame: RES #2 ----, length 5
04-12 18:57:31.894 8886 9033 V CouchbaseLite/NETWORK: {N8litecore4blip6BLIPIOE#21593} RES #2 has reached the end of its frames
04-12 18:57:31.900 8886 9032 V CouchbaseLite/NETWORK: {N8litecore4blip10ConnectionE#21498} Finished receiving RES #1 Z
04-12 18:57:31.902 8886 9035 V CouchbaseLite/NETWORK: {N8litecore4repl12C4SocketImplE#21481} Sending 1090-byte message
04-12 18:57:31.904 8886 9035 D CouchbaseLite/NETWORK: [JAVA] ^C4Socket.write@b4000077c984f6a0(1090)
04-12 18:57:31.907 8886 9048 D CouchbaseLite/NETWORK: [JAVA] CBLWebSocket@@0x79653fc{vC4Socket@xb4000077c984f6a0 <=> OkHttpSocket@0x2fb1cef(wss://stage.realtime-sync-gw.wdprapps.disney.com:443/park-platform-pub/_blipsync)}.coreWrites(1090)
04-12 18:57:31.907 8886 9048 D CouchbaseLite/NETWORK: [JAVA] OkHttpSocket@0x2fb1cef.write(1090)
04-12 18:57:31.908 8886 9048 D CouchbaseLite/NETWORK: [JAVA] vC4Socket@xb4000077c984f6a0.ackWriteToCore(1090)
04-12 18:57:31.911 8886 9038 I CouchbaseLite/REPLICATOR: {Repl#21499} {Coll#-1} Received remote checkpoint (rev='0-2'): {"local":7,"remote":45262888,"time":1712962450} of the default collection
04-12 18:57:31.912 8886 9033 V CouchbaseLite/NETWORK: {N8litecore4blip10ConnectionE#21485} Receiving RES #2
04-12 18:57:31.913 8886 9035 V CouchbaseLite/NETWORK: {N8litecore4blip6BLIPIOE#21591} Finished sending REQ #2
04-12 18:57:31.913 8886 9035 V CouchbaseLite/NETWORK: {N8litecore4blip6BLIPIOE#21591} ...Wrote 1090 bytes to WebSocket (writeable=1)
04-12 18:57:31.930 8886 9032 I CouchbaseLite/NETWORK: RECEIVED: RES #1 Z {
04-12 18:57:31.930 8886 9032 I CouchbaseLite/NETWORK: rev: 0-2
04-12 18:57:31.930 8886 9032 I CouchbaseLite/NETWORK: Content-Type: application/json
04-12 18:57:31.930 8886 9032 I CouchbaseLite/NETWORK: BODY: {"local":7,"remote":45262888,"time":1712962450} }
04-12 18:57:31.931 8886 9032 D CouchbaseLite/NETWORK: [JAVA] ^C4Socket.completedReceive@b4000077c98a8720(98)
04-12 18:57:31.932 8886 9038 I CouchbaseLite/REPLICATOR: {Repl#21499} {Coll#-1} activityLevel=busy: connectionState=2, savingChkpt=0
04-12 18:57:31.935 8886 9031 I CouchbaseLite/REPLICATOR: {N8litecore4repl6PusherE#21630}==> N8litecore4repl6PusherE {Repl#21499} @0xb4000077d9828520
04-12 18:57:31.936 8886 9031 I CouchbaseLite/REPLICATOR: {N8litecore4repl6PusherE#21630} {Coll#0} Starting continuous push from local seq #8
04-12 18:57:31.937 8886 9031 I CouchbaseLite/REPLICATOR: {N8litecore4repl21ReplicatorChangesFeedE#21631}==> N8litecore4repl21ReplicatorChangesFeedE 0xb4000077d98286a8 @0xb4000077d98286a8
04-12 18:57:31.938 8886 9031 V CouchbaseLite/REPLICATOR: {N8litecore4repl21ReplicatorChangesFeedE#21631} Starting DB observer
04-12 18:57:31.940 8886 9047 D CouchbaseLite/NETWORK: [JAVA] CBLWebSocket@@0x63f7b08{vC4Socket@xb4000077c98a8720 <=> OkHttpSocket@0x23b88ab(wss://stage.realtime-sync-gw.wdprapps.disney.com:443/park-platform-priv/_blipsync)}.coreAckReceive: 98
04-12 18:57:31.941 8886 9031 V CouchbaseLite/REPLICATOR: {N8litecore4repl21ReplicatorChangesFeedE#21631} Reading up to 200 local changes since #7
04-12 18:57:31.947 8886 9033 V CouchbaseLite/NETWORK: {N8litecore4blip10ConnectionE#21485} Finished receiving RES #2
04-12 18:57:31.948 8886 9033 I CouchbaseLite/NETWORK: RECEIVED: RES #2 { }
04-12 18:57:31.949 8886 9033 D CouchbaseLite/NETWORK: [JAVA] ^C4Socket.completedReceive@b4000077c977db30(7)
04-12 18:57:31.954 8886 9037 I CouchbaseLite/REPLICATOR: {N8litecore4repl6PullerE#21634}==> N8litecore4repl6PullerE {Repl#21499} @0xb4000077e997c850
04-12 18:57:31.954 8886 9037 I CouchbaseLite/REPLICATOR: {N8litecore4repl6PullerE#21634} {Coll#0} Starting pull from remote seq '45262888'
04-12 18:57:31.957 8886 9037 I CouchbaseLite/REPLICATOR: {N8litecore4repl6PullerE#21634} {Coll#0} msg["revocations"]="true" due to enableAutoPurge()=1 or progressNotificationLevel()=0 > 0
04-12 18:57:31.966 8886 9046 D CouchbaseLite/NETWORK: [JAVA] CBLWebSocket@@0xa73dafb{vC4Socket@xb4000077c977db30 <=> OkHttpSocket@0xf94748a(wss://stage.realtime-sync-gw.wdprapps.disney.com:443/park-platform-semipriv/_blipsync)}.coreAckReceive: 7
04-12 18:57:31.969 8886 9037 I CouchbaseLite/NETWORK: SENDING: REQ #0 {
04-12 18:57:31.969 8886 9037 I CouchbaseLite/NETWORK: Profile: subChanges
04-12 18:57:31.969 8886 9037 I CouchbaseLite/NETWORK: since: 45262888
04-12 18:57:31.969 8886 9037 I CouchbaseLite/NETWORK: continuous: true
04-12 18:57:31.969 8886 9037 I CouchbaseLite/NETWORK: batch: 200
04-12 18:57:31.969 8886 9037 I CouchbaseLite/NETWORK: versioning: rev-trees
04-12 18:57:31.969 8886 9037 I CouchbaseLite/NETWORK: revocations: true
04-12 18:57:31.969 8886 9037 I CouchbaseLite/NETWORK: filter: sync_gateway/bychannel
04-12 18:57:31.969 8886 9037 I CouchbaseLite/NETWORK: channels: {63B01F9F-BC25-4824-9104-70D27ED77981}.wdw.exp.1_0.en_us,{63B01F9F-BC25-4824-9104-70D27ED77981}.wdw.userdata.1_0.en_us }
04-12 18:57:31.970 8886 9037 I CouchbaseLite/REPLICATOR: {N8litecore4repl6PullerE#21634} {Coll#0} activityLevel=busy: pendingResponseCount=1, _caughtUp=0, _pendingRevMessages=0, _activeIncomingRevs=0, _waitingRevMessages=0, _unfinishedIncomingRevs=0
04-12 18:57:31.970 8886 9037 V CouchbaseLite/REPLICATOR: {N8litecore4repl6PullerE#21634} {Coll#0} now busy
04-12 18:57:31.978 8886 9038 V CouchbaseLite/NETWORK: {N8litecore4blip6BLIPIOE#21605} Sending 'subChanges' REQ #0
04-12 18:57:31.979 8886 9038 V CouchbaseLite/NETWORK: {N8litecore4blip6BLIPIOE#21605} Requeuing REQ #0...
04-12 18:57:31.989 8886 9038 V CouchbaseLite/NETWORK: {N8litecore4blip6BLIPIOE#21605} Starting writeToWebSocket loop...
04-12 18:57:31.998 8886 9033 V CouchbaseLite/NETWORK: {N8litecore4blip6BLIPIOE#21593} Received frame: REQ #1 --NC, length 61
04-12 18:57:32.013 8886 9035 I CouchbaseLite/REPLICATOR: {N8litecore4repl6PullerE#21594} {Coll#0} activityLevel=busy: pendingResponseCount=0, _caughtUp=0, _pendingRevMessages=0, _activeIncomingRevs=0, _waitingRevMessages=0, _unfinishedIncomingRevs=0
04-12 18:57:32.014 8886 9032 I CouchbaseLite/REPLICATOR: {Repl#21499} {Coll#-1} pushStatus=busy, pullStatus=busy, progress=0/0/0
04-12 18:57:32.023 8886 9032 V CouchbaseLite/REPLICATOR: {Repl#21499} {Coll#-1} Replicator status collection-wise: pushStatus=busy, pullStatus=busy, progress=0/0, docCount=0
04-12 18:57:32.026 8886 9031 I CouchbaseLite/REPLICATOR: {N8litecore4repl6PusherE#21630} {Coll#0} Found 0 changes up to #7
04-12 18:57:32.029 8886 9031 I CouchbaseLite/NETWORK: SENDING: REQ #0 UN {
04-12 18:57:32.029 8886 9031 I CouchbaseLite/NETWORK: Profile: proposeChanges
04-12 18:57:32.029 8886 9031 I CouchbaseLite/NETWORK: conflictIncludesRev: true
04-12 18:57:32.029 8886 9031 I CouchbaseLite/NETWORK: BODY: [] }
04-12 18:57:32.032 8886 9031 I CouchbaseLite/REPLICATOR: {N8litecore4repl6PusherE#21630} {Coll#0} activityLevel=busy: pendingResponseCount=0, caughtUp=0, changeLists=0, revsInFlight=0, blobsInFlight=0, awaitingReply=0, revsToSend=0, pushingDocs=0, pendingSequences=0
04-12 18:57:32.035 8886 9031 V CouchbaseLite/REPLICATOR: {N8litecore4repl6PusherE#21630} {Coll#0} now busy
04-12 18:57:32.043 8886 9038 V CouchbaseLite/NETWORK: {N8litecore4blip6BLIPIOE#21605} Sending frame: REQ #2 ----, bytes 0--261
04-12 18:57:32.043 8886 10542 D CouchbaseLite/NETWORK: [JAVA] OkHttpSocket@0x2fb1cef.onBytes(7)
04-12 18:57:32.047 8886 9038 V CouchbaseLite/NETWORK: {N8litecore4repl12C4SocketImplE#21502} Sending 264-byte message
04-12 18:57:32.050 8886 10542 D CouchbaseLite/NETWORK: [JAVA] CBLWebSocket@@0x79653fc{vC4Socket@xb4000077c984f6a0 <=> OkHttpSocket@0x2fb1cef(wss://stage.realtime-sync-gw.wdprapps.disney.com:443/park-platform-pub/_blipsync)}.remoteWrites: 7
04-12 18:57:32.051 8886 10542 D CouchbaseLite/NETWORK: [JAVA] vC4Socket@xb4000077c984f6a0.sendToCore(7)
04-12 18:57:32.052 8886 9033 V CouchbaseLite/NETWORK: {N8litecore4blip10ConnectionE#21485} Receiving 'changes' REQ #1 NZ
04-12 18:57:32.053 8886 9038 D CouchbaseLite/NETWORK: [JAVA] ^C4Socket.write@b4000077c98a8720(264)
04-12 18:57:32.055 8886 9050 D CouchbaseLite/NETWORK: [JAVA] CBLWebSocket@@0x63f7b08{vC4Socket@xb4000077c98a8720 <=> OkHttpSocket@0x23b88ab(wss://stage.realtime-sync-gw.wdprapps.disney.com:443/park-platform-priv/_blipsync)}.coreWrites(264)
04-12 18:57:32.055 8886 9050 D CouchbaseLite/NETWORK: [JAVA] OkHttpSocket@0x23b88ab.write(264)
04-12 18:57:32.057 8886 9050 D CouchbaseLite/NETWORK: [JAVA] vC4Socket@xb4000077c98a8720.ackWriteToCore(264)
04-12 18:57:32.069 8886 9032 I CouchbaseLite/REPLICATOR: {Repl#21499} {Coll#-1} activityLevel=busy: connectionState=2, savingChkpt=0
04-12 18:57:32.073 8886 9032 I CouchbaseLite/REPLICATOR: {Repl#21499} {Coll#-1} pushStatus=busy, pullStatus=busy, progress=0/0/0
04-12 18:57:32.076 8886 9038 V CouchbaseLite/NETWORK: {N8litecore4blip6BLIPIOE#21605} Finished sending REQ #2
04-12 18:57:32.076 8886 9038 V CouchbaseLite/NETWORK: {N8litecore4blip6BLIPIOE#21605} ...Wrote 264 bytes to WebSocket (writeable=1)
04-12 18:57:32.077 8886 9033 V CouchbaseLite/NETWORK: {N8litecore4blip10ConnectionE#21485} Finished receiving 'changes' REQ #1 NZ
04-12 18:57:32.078 8886 9033 I CouchbaseLite/NETWORK: RECEIVED: REQ #1 NZ {
04-12 18:57:32.078 8886 9033 I CouchbaseLite/NETWORK: Profile: changes
04-12 18:57:32.078 8886 9033 I CouchbaseLite/NETWORK: Content-Type: application/json
04-12 18:57:32.078 8886 9033 I CouchbaseLite/NETWORK: BODY: null }
04-12 18:57:32.079 8886 9032 V CouchbaseLite/REPLICATOR: {Repl#21499} {Coll#-1} Replicator status collection-wise: pushStatus=busy, pullStatus=busy, progress=0/0, docCount=0
04-12 18:57:32.080 8886 10542 V CouchbaseLite/NETWORK: {N8litecore4repl12C4SocketImplE#21481} Received 7-byte message
04-12 18:57:32.081 8886 9033 D CouchbaseLite/NETWORK: [JAVA] ^C4Socket.completedReceive@b4000077c977db30(63)
04-12 18:57:32.082 8886 10542 D CouchbaseLite/NETWORK: [JAVA] OkHttpSocket@0x2fb1cef.onBytes(63)
04-12 18:57:32.083 8886 10542 D CouchbaseLite/NETWORK: [JAVA] CBLWebSocket@@0x79653fc{vC4Socket@xb4000077c984f6a0 <=> OkHttpSocket@0x2fb1cef(wss://stage.realtime-sync-gw.wdprapps.disney.com:443/park-platform-pub/_blipsync)}.remoteWrites: 63
04-12 18:57:32.083 8886 10542 D CouchbaseLite/NETWORK: [JAVA] vC4Socket@xb4000077c984f6a0.sendToCore(63)
04-12 18:57:32.083 8886 10542 V CouchbaseLite/NETWORK: {N8litecore4repl12C4SocketImplE#21481} Received 63-byte message
04-12 18:57:32.084 8886 9030 D CouchbaseLite/NETWORK: [JAVA] CBLWebSocket@@0xa73dafb{vC4Socket@xb4000077c977db30 <=> OkHttpSocket@0xf94748a(wss://stage.realtime-sync-gw.wdprapps.disney.com:443/park-platform-semipriv/_blipsync)}.coreAckReceive: 63
04-12 18:57:32.085 8886 9038 V CouchbaseLite/NETWORK: {N8litecore4blip6BLIPIOE#21605} Sending 'proposeChanges' REQ #0 UN
04-12 18:57:32.086 8886 9038 V CouchbaseLite/NETWORK: {N8litecore4blip6BLIPIOE#21605} Requeuing REQ #0...
04-12 18:57:32.087 8886 9038 V CouchbaseLite/NETWORK: {N8litecore4blip6BLIPIOE#21605} Starting writeToWebSocket loop...
04-12 18:57:32.091 8886 9032 I CouchbaseLite/REPLICATOR: {Repl#21499} {Coll#-1} activityLevel=busy: connectionState=2, savingChkpt=0
04-12 18:57:32.097 8886 9032 V CouchbaseLite/NETWORK: {N8litecore4blip6BLIPIOE#21591} Received frame: RES #2 ----, length 5
04-12 18:57:32.099 8886 9032 V CouchbaseLite/NETWORK: {N8litecore4blip6BLIPIOE#21591} RES #2 has reached the end of its frames
04-12 18:57:32.104 8886 9031 V CouchbaseLite/REPLICATOR: {N8litecore4repl21ReplicatorChangesFeedE#21631} Asking DB observer for 200 new changes since sequence #7 ...
04-12 18:57:32.113 8886 9031 I CouchbaseLite/REPLICATOR: {N8litecore4repl21ReplicatorChangesFeedE#21631} No new observed changes...
04-12 18:57:32.121 8886 9038 V CouchbaseLite/NETWORK: {N8litecore4blip6BLIPIOE#21605} Sending frame: REQ #3 -UN-, bytes 0--54
04-12 18:57:32.125 8886 9038 V CouchbaseLite/NETWORK: {N8litecore4repl12C4SocketImplE#21502} Sending 57-byte message
04-12 18:57:32.127 8886 9032 V CouchbaseLite/NETWORK: {N8litecore4blip10ConnectionE#21478} Receiving RES #2
04-12 18:57:32.127 8886 9038 D CouchbaseLite/NETWORK: [JAVA] ^C4Socket.write@b4000077c98a8720(57)
04-12 18:57:32.129 8886 9035 I CouchbaseLite/REPLICATOR: {N8litecore4repl6PullerE#21634} {Coll#0} activityLevel=busy: pendingResponseCount=1, _caughtUp=0, _pendingRevMessages=0, _activeIncomingRevs=0, _waitingRevMessages=0, _unfinishedIncomingRevs=0
04-12 18:57:32.132 8886 9038 V CouchbaseLite/NETWORK: {N8litecore4blip6BLIPIOE#21605} Finished sending REQ #3 UN
04-12 18:57:32.132 8886 9048 D CouchbaseLite/NETWORK: [JAVA] CBLWebSocket@@0x63f7b08{vC4Socket@xb4000077c98a8720 <=> OkHttpSocket@0x23b88ab(wss://stage.realtime-sync-gw.wdprapps.disney.com:443/park-platform-priv/_blipsync)}.coreWrites(57)
04-12 18:57:32.132 8886 9038 V CouchbaseLite/NETWORK: {N8litecore4blip6BLIPIOE#21605} ...Wrote 57 bytes to WebSocket (writeable=1)
04-12 18:57:32.132 8886 9048 D CouchbaseLite/NETWORK: [JAVA] OkHttpSocket@0x23b88ab.write(57)
04-12 18:57:32.133 8886 9048 D CouchbaseLite/NETWORK: [JAVA] vC4Socket@xb4000077c98a8720.ackWriteToCore(57)
04-12 18:57:32.134 8886 9031 I CouchbaseLite/REPLICATOR: {N8litecore4repl6PusherE#21630} {Coll#0} Found 0 changes up to #7
04-12 18:57:32.136 8886 9033 I CouchbaseLite/REPLICATOR: {N8litecore4repl9RevFinderE#21639}==> N8litecore4repl9RevFinderE {Repl#21486} @0xb4000077c98cea70
04-12 18:57:32.139 8886 9033 V CouchbaseLite/REPLICATOR: {N8litecore4repl9RevFinderE#21639} {Coll#0} Handling 'changes' REQ#1
04-12 18:57:32.145 8886 9033 I CouchbaseLite/REPLICATOR: {N8litecore4repl9RevFinderE#21639} {Coll#0} Caught up with remote changes
04-12 18:57:32.146 8886 9033 V CouchbaseLite/REPLICATOR: {N8litecore4repl9RevFinderE#21639} {Coll#0} now idle
04-12 18:57:32.146 8886 9033 I CouchbaseLite/REPLICATOR: {N8litecore4repl6PullerE#21594} {Coll#0} activityLevel=idle: pendingResponseCount=0, _caughtUp=1, _pendingRevMessages=0, _activeIncomingRevs=0, _waitingRevMessages=0, _unfinishedIncomingRevs=0
04-12 18:57:32.146 8886 9033 V CouchbaseLite/REPLICATOR: {N8litecore4repl6PullerE#21594} {Coll#0} now idle
04-12 18:57:32.147 8886 9031 I CouchbaseLite/NETWORK: SENDING: REQ #0 UN {
04-12 18:57:32.147 8886 9031 I CouchbaseLite/NETWORK: Profile: proposeChanges
04-12 18:57:32.147 8886 9031 I CouchbaseLite/NETWORK: conflictIncludesRev: true
04-12 18:57:32.147 8886 9031 I CouchbaseLite/NETWORK: BODY: [] }
04-12 18:57:32.148 8886 9031 I CouchbaseLite/REPLICATOR: {N8litecore4repl6PusherE#21630} {Coll#0} Caught up, at lastSequence #7
04-12 18:57:32.148 8886 9031 I CouchbaseLite/REPLICATOR: {N8litecore4repl6PusherE#21630} {Coll#0} activityLevel=busy: pendingResponseCount=0, caughtUp=1, changeLists=0, revsInFlight=0, blobsInFlight=0, awaitingReply=0, revsToSend=0, pushingDocs=0, pendingSequences=0
04-12 18:57:32.149 8886 9031 V CouchbaseLite/REPLICATOR: {N8litecore4repl21ReplicatorChangesFeedE#21631} Asking DB observer for 200 new changes since sequence #7 ...
04-12 18:57:32.150 8886 9031 I CouchbaseLite/REPLICATOR: {N8litecore4repl21ReplicatorChangesFeedE#21631} No new observed changes...
04-12 18:57:32.151 8886 9031 I CouchbaseLite/REPLICATOR: {N8litecore4repl6PusherE#21630} {Coll#0} Found 0 changes up to #7
04-12 18:57:32.151 8886 9031 I CouchbaseLite/NETWORK: SENDING: REQ #0 UN {
04-12 18:57:32.151 8886 9031 I CouchbaseLite/NETWORK: Profile: proposeChanges
04-12 18:57:32.151 8886 9031 I CouchbaseLite/NETWORK: conflictIncludesRev: true
04-12 18:57:32.151 8886 9031 I CouchbaseLite/NETWORK: BODY: [] }
04-12 18:57:32.155 8886 9032 V CouchbaseLite/NETWORK: {N8litecore4blip10ConnectionE#21478} Finished receiving RES #2
04-12 18:57:32.156 8886 9032 I CouchbaseLite/NETWORK: RECEIVED: RES #2 { }
04-12 18:57:32.156 8886 9032 D CouchbaseLite/NETWORK: [JAVA] ^C4Socket.completedReceive@b4000077c984f6a0(7)
04-12 18:57:32.157 8886 9047 D CouchbaseLite/NETWORK: [JAVA] CBLWebSocket@@0x79653fc{vC4Socket@xb4000077c984f6a0 <=> OkHttpSocket@0x2fb1cef(wss://stage.realtime-sync-gw.wdprapps.disney.com:443/park-platform-pub/_blipsync)}.coreAckReceive: 7
04-12 18:57:32.158 8886 9038 V CouchbaseLite/NETWORK: {N8litecore4blip6BLIPIOE#21605} Sending 'proposeChanges' REQ #0 UN
04-12 18:57:32.159 8886 9038 V CouchbaseLite/NETWORK: {N8litecore4blip6BLIPIOE#21605} Requeuing REQ #0...
04-12 18:57:32.160 8886 9038 V CouchbaseLite/NETWORK: {N8litecore4blip6BLIPIOE#21605} Starting writeToWebSocket loop...
04-12 18:57:32.160 8886 9038 V CouchbaseLite/NETWORK: {N8litecore4blip6BLIPIOE#21605} Sending frame: REQ #4 -UN-, bytes 0--54
04-12 18:57:32.160 8886 9038 V CouchbaseLite/NETWORK: {N8litecore4repl12C4SocketImplE#21502} Sending 57-byte message
04-12 18:57:32.161 8886 9038 D CouchbaseLite/NETWORK: [JAVA] ^C4Socket.write@b4000077c98a8720(57)
04-12 18:57:32.161 8886 9038 V CouchbaseLite/NETWORK: {N8litecore4blip6BLIPIOE#21605} Finished sending REQ #4 UN
04-12 18:57:32.161 8886 9038 V CouchbaseLite/NETWORK: {N8litecore4blip6BLIPIOE#21605} ...Wrote 57 bytes to WebSocket (writeable=1)
04-12 18:57:32.162 8886 9046 D CouchbaseLite/NETWORK: [JAVA] CBLWebSocket@@0x63f7b08{vC4Socket@xb4000077c98a8720 <=> OkHttpSocket@0x23b88ab(wss://stage.realtime-sync-gw.wdprapps.disney.com:443/park-platform-priv/_blipsync)}.coreWrites(57)
04-12 18:57:32.162 8886 9046 D CouchbaseLite/NETWORK: [JAVA] OkHttpSocket@0x23b88ab.write(57)
04-12 18:57:32.163 8886 9046 D CouchbaseLite/NETWORK: [JAVA] vC4Socket@xb4000077c98a8720.ackWriteToCore(57)
04-12 18:57:32.164 8886 9035 I CouchbaseLite/REPLICATOR: {N8litecore4repl6PullerE#21625} {Coll#0} activityLevel=busy: pendingResponseCount=0, _caughtUp=0, _pendingRevMessages=0, _activeIncomingRevs=0, _waitingRevMessages=0, _unfinishedIncomingRevs=0
04-12 18:57:32.165 8886 9037 I CouchbaseLite/REPLICATOR: {Repl#21486} {Coll#-1} activityLevel=busy: connectionState=2, savingChkpt=0
04-12 18:57:32.166 8886 9037 I CouchbaseLite/REPLICATOR: {Repl#21486} {Coll#-1} pushStatus=stopped, pullStatus=busy, progress=0/0/0
04-12 18:57:32.167 8886 9031 I CouchbaseLite/REPLICATOR: {N8litecore4repl6PusherE#21630} {Coll#0} activityLevel=busy: pendingResponseCount=0, caughtUp=1, changeLists=0, revsInFlight=0, blobsInFlight=0, awaitingReply=0, revsToSend=0, pushingDocs=0, pendingSequences=0
04-12 18:57:32.168 8886 9031 I CouchbaseLite/REPLICATOR: {N8litecore4repl6PusherE#21630} {Coll#0} activityLevel=idle: pendingResponseCount=0, caughtUp=1, changeLists=0, revsInFlight=0, blobsInFlight=0, awaitingReply=0, revsToSend=0, pushingDocs=0, pendingSequences=0
04-12 18:57:32.168 8886 9031 V CouchbaseLite/REPLICATOR: {N8litecore4repl6PusherE#21630} {Coll#0} now idle
04-12 18:57:32.168 8886 9031 I CouchbaseLite/REPLICATOR: {Repl#21499} {Coll#-1} pushStatus=idle, pullStatus=busy, progress=0/0/0
04-12 18:57:32.168 8886 9031 V CouchbaseLite/REPLICATOR: {Repl#21499} {Coll#-1} Replicator status collection-wise: pushStatus=idle, pullStatus=busy, progress=0/0, docCount=0
04-12 18:57:32.169 8886 9031 I CouchbaseLite/REPLICATOR: {Repl#21499} {Coll#-1} activityLevel=busy: connectionState=2, savingChkpt=0
04-12 18:57:32.170 8886 9038 V CouchbaseLite/NETWORK: {N8litecore4blip6BLIPIOE#21605} Sending 'proposeChanges' REQ #0 UN
04-12 18:57:32.170 8886 9038 V CouchbaseLite/NETWORK: {N8litecore4blip6BLIPIOE#21605} Requeuing REQ #0...
04-12 18:57:32.171 8886 9038 V CouchbaseLite/NETWORK: {N8litecore4blip6BLIPIOE#21605} Starting writeToWebSocket loop...
04-12 18:57:32.172 8886 9032 V CouchbaseLite/NETWORK: {N8litecore4blip6BLIPIOE#21591} Received frame: REQ #1 --NC, length 61
04-12 18:57:32.174 8886 9032 V CouchbaseLite/NETWORK: {N8litecore4blip10ConnectionE#21478} Receiving 'changes' REQ #1 NZ
04-12 18:57:32.174 8886 9032 V CouchbaseLite/NETWORK: {N8litecore4blip10ConnectionE#21478} Finished receiving 'changes' REQ #1 NZ
04-12 18:57:32.175 8886 9032 I CouchbaseLite/NETWORK: RECEIVED: REQ #1 NZ {
04-12 18:57:32.175 8886 9032 I CouchbaseLite/NETWORK: Profile: changes
04-12 18:57:32.175 8886 9032 I CouchbaseLite/NETWORK: Content-Type: application/json
04-12 18:57:32.175 8886 9032 I CouchbaseLite/NETWORK: BODY: null }
04-12 18:57:32.175 8886 9035 I CouchbaseLite/REPLICATOR: {Repl#21479} {Coll#-1} activityLevel=busy: connectionState=2, savingChkpt=0
04-12 18:57:32.175 8886 9035 I CouchbaseLite/REPLICATOR: {N8litecore4repl9RevFinderE#21640}==> N8litecore4repl9RevFinderE {Repl#21479} @0xb4000077c989e3c0
04-12 18:57:32.176 8886 9035 V CouchbaseLite/REPLICATOR: {N8litecore4repl9RevFinderE#21640} {Coll#0} Handling 'changes' REQ#1
04-12 18:57:32.176 8886 9035 I CouchbaseLite/REPLICATOR: {N8litecore4repl9RevFinderE#21640} {Coll#0} Caught up with remote changes
04-12 18:57:32.177 8886 9035 V CouchbaseLite/REPLICATOR: {N8litecore4repl9RevFinderE#21640} {Coll#0} now idle
04-12 18:57:32.183 8886 9037 V CouchbaseLite/REPLICATOR: {Repl#21486} {Coll#-1} Replicator status collection-wise: pushStatus=stopped, pullStatus=busy, progress=0/0, docCount=0
04-12 18:57:32.185 8886 9038 V CouchbaseLite/NETWORK: {N8litecore4blip6BLIPIOE#21605} Sending frame: REQ #5 -UN-, bytes 0--54
04-12 18:57:32.185 8886 9032 D CouchbaseLite/NETWORK: [JAVA] ^C4Socket.completedReceive@b4000077c984f6a0(63)
04-12 18:57:32.186 8886 9038 V CouchbaseLite/NETWORK: {N8litecore4repl12C4SocketImplE#21502} Sending 57-byte message
04-12 18:57:32.187 8886 9038 D CouchbaseLite/NETWORK: [JAVA] ^C4Socket.write@b4000077c98a8720(57)
04-12 18:57:32.187 8886 9038 V CouchbaseLite/NETWORK: {N8litecore4blip6BLIPIOE#21605} Finished sending REQ #5 UN
04-12 18:57:32.187 8886 9038 V CouchbaseLite/NETWORK: {N8litecore4blip6BLIPIOE#21605} ...Wrote 57 bytes to WebSocket (writeable=1)
04-12 18:57:32.188 8886 9030 D CouchbaseLite/NETWORK: [JAVA] CBLWebSocket@@0x79653fc{vC4Socket@xb4000077c984f6a0 <=> OkHttpSocket@0x2fb1cef(wss://stage.realtime-sync-gw.wdprapps.disney.com:443/park-platform-pub/_blipsync)}.coreAckReceive: 63
04-12 18:57:32.190 8886 9048 D CouchbaseLite/NETWORK: [JAVA] CBLWebSocket@@0x63f7b08{vC4Socket@xb4000077c98a8720 <=> OkHttpSocket@0x23b88ab(wss://stage.realtime-sync-gw.wdprapps.disney.com:443/park-platform-priv/_blipsync)}.coreWrites(57)
04-12 18:57:32.190 8886 9048 D CouchbaseLite/NETWORK: [JAVA] OkHttpSocket@0x23b88ab.write(57)
04-12 18:57:32.191 8886 9048 D CouchbaseLite/NETWORK: [JAVA] vC4Socket@xb4000077c98a8720.ackWriteToCore(57)
04-12 18:57:32.198 8886 10541 D CouchbaseLite/NETWORK: [JAVA] OkHttpSocket@0x23b88ab.onBytes(7)
04-12 18:57:32.199 8886 10541 D CouchbaseLite/NETWORK: [JAVA] CBLWebSocket@@0x63f7b08{vC4Socket@xb4000077c98a8720 <=> OkHttpSocket@0x23b88ab(wss://stage.realtime-sync-gw.wdprapps.disney.com:443/park-platform-priv/_blipsync)}.remoteWrites: 7
04-12 18:57:32.199 8886 10541 D CouchbaseLite/NETWORK: [JAVA] vC4Socket@xb4000077c98a8720.sendToCore(7)
04-12 18:57:32.204 8886 9037 I CouchbaseLite/REPLICATOR: {Repl#21486} {Coll#-1} activityLevel=busy: connectionState=2, savingChkpt=0
04-12 18:57:32.209 8886 9037 I CouchbaseLite/REPLICATOR: {Repl#21486} {Coll#-1} pushStatus=stopped, pullStatus=idle, progress=0/0/0
04-12 18:57:32.210 8886 9033 I CouchbaseLite/REPLICATOR: {N8litecore4repl6PullerE#21625} {Coll#0} activityLevel=idle: pendingResponseCount=0, _caughtUp=1, _pendingRevMessages=0, _activeIncomingRevs=0, _waitingRevMessages=0, _unfinishedIncomingRevs=0
04-12 18:57:32.219 8886 9033 V CouchbaseLite/REPLICATOR: {N8litecore4repl6PullerE#21625} {Coll#0} now idle
04-12 18:57:32.221 8886 10541 V CouchbaseLite/NETWORK: {N8litecore4repl12C4SocketImplE#21502} Received 7-byte message
04-12 18:57:32.224 8886 9037 V CouchbaseLite/REPLICATOR: {Repl#21486} {Coll#-1} Replicator status collection-wise: pushStatus=stopped, pullStatus=idle, progress=0/0, docCount=0
04-12 18:57:32.225 8886 9037 I CouchbaseLite/REPLICATOR: {Repl#21486} {Coll#-1} activityLevel=idle: connectionState=2, savingChkpt=0
04-12 18:57:32.225 8886 9037 I CouchbaseLite/REPLICATOR: {Repl#21486} {Coll#-1} now idle
04-12 18:57:32.228 8886 9037 I CouchbaseLite/REPLICATOR: {C4Replicator#21487} State: idle, progress=0.00%
04-12 18:57:32.235 8886 9037 D CouchbaseLite/REPLICATOR: [JAVA] C4Replicator.statusChangedCallback(0x6390e353) C4CommonRepl{@0xb6ddc64/@xb4000077b97e98d0, @0x46365f7, SocketFactory{@URLEndpoint{url=wss://stage.realtime-sync-gw.wdprapps.disney.com/park-platform-semipriv}}'}: C4ReplicatorStatus{level=3,completed=0,total=0,#docs=0,domain=0,code=0,info=0}
04-12 18:57:32.235 8886 10541 D CouchbaseLite/NETWORK: [JAVA] OkHttpSocket@0x23b88ab.onBytes(63)
04-12 18:57:32.236 8886 10541 D CouchbaseLite/NETWORK: [JAVA] CBLWebSocket@@0x63f7b08{vC4Socket@xb4000077c98a8720 <=> OkHttpSocket@0x23b88ab(wss://stage.realtime-sync-gw.wdprapps.disney.com:443/park-platform-priv/_blipsync)}.remoteWrites: 63
04-12 18:57:32.236 8886 9046 I CouchbaseLite/REPLICATOR: [JAVA] status changed: (0, 0) @C4ReplicatorStatus{level=3,completed=0,total=0,#docs=0,domain=0,code=0,info=0} for Replicator{@0x46365f7(<*),Database{@@0x2e0afa2: 'finder-semi-private.73600.en_us'} => URLEndpoint{url=wss://stage.realtime-sync-gw.wdprapps.disney.com/park-platform-semipriv}}$C4CommonRepl{@0xb6ddc64/@xb4000077b97e98d0, @0x46365f7, SocketFactory{@URLEndpoint{url=wss://stage.realtime-sync-gw.wdprapps.disney.com/park-platform-semipriv}}'}
04-12 18:57:32.236 8886 10541 D CouchbaseLite/NETWORK: [JAVA] vC4Socket@xb4000077c98a8720.sendToCore(63)
04-12 18:57:32.237 8886 9046 D CouchbaseLite/NETWORK: [JAVA] Offline state change for com.couchbase.lite.internal.replicator.AndroidConnectivityObserver@900b53d: BUSY -> true
04-12 18:57:32.238 8886 9046 I CouchbaseLite/REPLICATOR: [JAVA] State changed BUSY => IDLE(0/0): null for Replicator{@0x46365f7(<*),Database{@@0x2e0afa2: 'finder-semi-private.73600.en_us'} => URLEndpoint{url=wss://stage.realtime-sync-gw.wdprapps.disney.com/park-platform-semipriv}}$C4CommonRepl{@0xb6ddc64/@xb4000077b97e98d0, @0x46365f7, SocketFactory{@URLEndpoint{url=wss://stage.realtime-sync-gw.wdprapps.disney.com/park-platform-semipriv}}'}
04-12 18:57:32.244 8886 9035 I CouchbaseLite/REPLICATOR: {Repl#21479} {Coll#-1} pushStatus=stopped, pullStatus=busy, progress=0/0/0
04-12 18:57:32.245 8886 9035 V CouchbaseLite/REPLICATOR: {Repl#21479} {Coll#-1} Replicator status collection-wise: pushStatus=stopped, pullStatus=busy, progress=0/0, docCount=0
04-12 18:57:32.247 8886 9038 V CouchbaseLite/NETWORK: {N8litecore4blip6BLIPIOE#21605} Received frame: RES #2 ----, length 5
04-12 18:57:32.248 8886 9038 V CouchbaseLite/NETWORK: {N8litecore4blip6BLIPIOE#21605} RES #2 has reached the end of its frames
04-12 18:57:32.252 8886 10541 V CouchbaseLite/NETWORK: {N8litecore4repl12C4SocketImplE#21502} Received 63-byte message
04-12 18:57:32.254 8886 9035 I CouchbaseLite/REPLICATOR: {Repl#21479} {Coll#-1} activityLevel=busy: connectionState=2, savingChkpt=0
04-12 18:57:32.255 8886 9035 I CouchbaseLite/REPLICATOR: {Repl#21479} {Coll#-1} pushStatus=stopped, pullStatus=idle, progress=0/0/0
04-12 18:57:32.263 8886 9035 V CouchbaseLite/REPLICATOR: {Repl#21479} {Coll#-1} Replicator status collection-wise: pushStatus=stopped, pullStatus=idle, progress=0/0, docCount=0
04-12 18:57:32.264 8886 9035 I CouchbaseLite/REPLICATOR: {Repl#21479} {Coll#-1} activityLevel=idle: connectionState=2, savingChkpt=0
04-12 18:57:32.264 8886 9035 I CouchbaseLite/REPLICATOR: {Repl#21479} {Coll#-1} now idle
04-12 18:57:32.267 8886 9035 I CouchbaseLite/REPLICATOR: {C4Replicator#21480} State: idle, progress=0.00%
04-12 18:57:32.267 8886 9035 D CouchbaseLite/REPLICATOR: [JAVA] C4Replicator.statusChangedCallback(0x10cb79f1) C4CommonRepl{@0x3c3d721/@xb4000077b9817450, @0x40fd188, SocketFactory{@URLEndpoint{url=wss://stage.realtime-sync-gw.wdprapps.disney.com/park-platform-pub/}}'}: C4ReplicatorStatus{level=3,completed=0,total=0,#docs=0,domain=0,code=0,info=0}
04-12 18:57:32.270 8886 9049 I CouchbaseLite/REPLICATOR: [JAVA] status changed: (0, 0) @C4ReplicatorStatus{level=3,completed=0,total=0,#docs=0,domain=0,code=0,info=0} for Replicator{@0x40fd188(<*),Database{@@0x5c116b6: 'finder.73600.en_us-stage'} => URLEndpoint{url=wss://stage.realtime-sync-gw.wdprapps.disney.com/park-platform-pub/}}$C4CommonRepl{@0x3c3d721/@xb4000077b9817450, @0x40fd188, SocketFactory{@URLEndpoint{url=wss://stage.realtime-sync-gw.wdprapps.disney.com/park-platform-pub/}}'}
04-12 18:57:32.270 8886 9049 D CouchbaseLite/NETWORK: [JAVA] Offline state change for com.couchbase.lite.internal.replicator.AndroidConnectivityObserver@6ffca91: BUSY -> true
04-12 18:57:32.271 8886 9049 I CouchbaseLite/REPLICATOR: [JAVA] State changed BUSY => IDLE(0/0): null for Replicator{@0x40fd188(<*),Database{@@0x5c116b6: 'finder.73600.en_us-stage'} => URLEndpoint{url=wss://stage.realtime-sync-gw.wdprapps.disney.com/park-platform-pub/}}$C4CommonRepl{@0x3c3d721/@xb4000077b9817450, @0x40fd188, SocketFactory{@URLEndpoint{url=wss://stage.realtime-sync-gw.wdprapps.disney.com/park-platform-pub/}}'}
04-12 18:57:32.287 8886 9038 V CouchbaseLite/NETWORK: {N8litecore4blip10ConnectionE#21498} Receiving RES #2
04-12 18:57:32.305 8886 9038 V CouchbaseLite/NETWORK: {N8litecore4blip10ConnectionE#21498} Finished receiving RES #2
04-12 18:57:32.309 8886 9038 I CouchbaseLite/NETWORK: RECEIVED: RES #2 { }
04-12 18:57:32.311 8886 9038 D CouchbaseLite/NETWORK: [JAVA] ^C4Socket.completedReceive@b4000077c98a8720(7)
04-12 18:57:32.313 8886 9048 D CouchbaseLite/NETWORK: [JAVA] CBLWebSocket@@0x63f7b08{vC4Socket@xb4000077c98a8720 <=> OkHttpSocket@0x23b88ab(wss://stage.realtime-sync-gw.wdprapps.disney.com:443/park-platform-priv/_blipsync)}.coreAckReceive: 7
04-12 18:57:32.322 8886 9033 I CouchbaseLite/REPLICATOR: {N8litecore4repl6PullerE#21634} {Coll#0} activityLevel=busy: pendingResponseCount=0, _caughtUp=0, _pendingRevMessages=0, _activeIncomingRevs=0, _waitingRevMessages=0, _unfinishedIncomingRevs=0
04-12 18:57:32.336 8886 9032 V CouchbaseLite/NETWORK: {N8litecore4blip6BLIPIOE#21605} Received frame: REQ #1 --NC, length 61
04-12 18:57:32.340 8886 9032 V CouchbaseLite/NETWORK: {N8litecore4blip10ConnectionE#21498} Receiving 'changes' REQ #1 NZ
04-12 18:57:32.342 8886 9032 V CouchbaseLite/NETWORK: {N8litecore4blip10ConnectionE#21498} Finished receiving 'changes' REQ #1 NZ
04-12 18:57:32.372 8886 9032 I CouchbaseLite/NETWORK: RECEIVED: REQ #1 NZ {
04-12 18:57:32.372 8886 9032 I CouchbaseLite/NETWORK: Profile: changes
04-12 18:57:32.372 8886 9032 I CouchbaseLite/NETWORK: Content-Type: application/json
04-12 18:57:32.372 8886 9032 I CouchbaseLite/NETWORK: BODY: null }
04-12 18:57:32.375 8886 9032 D CouchbaseLite/NETWORK: [JAVA] ^C4Socket.completedReceive@b4000077c98a8720(63)
04-12 18:57:32.381 8886 9035 I CouchbaseLite/REPLICATOR: {Repl#21499} {Coll#-1} activityLevel=busy: connectionState=2, savingChkpt=0
04-12 18:57:32.381 8886 9036 I CouchbaseLite/REPLICATOR: {N8litecore4repl9RevFinderE#21656}==> N8litecore4repl9RevFinderE {Repl#21499} @0xb4000077c9828020
04-12 18:57:32.382 8886 9036 V CouchbaseLite/REPLICATOR: {N8litecore4repl9RevFinderE#21656} {Coll#0} Handling 'changes' REQ#1
04-12 18:57:32.382 8886 9036 I CouchbaseLite/REPLICATOR: {N8litecore4repl9RevFinderE#21656} {Coll#0} Caught up with remote changes
04-12 18:57:32.383 8886 9036 V CouchbaseLite/REPLICATOR: {N8litecore4repl9RevFinderE#21656} {Coll#0} now idle
04-12 18:57:32.384 8886 9031 I CouchbaseLite/REPLICATOR: {N8litecore4repl6PullerE#21634} {Coll#0} activityLevel=idle: pendingResponseCount=0, _caughtUp=1, _pendingRevMessages=0, _activeIncomingRevs=0, _waitingRevMessages=0, _unfinishedIncomingRevs=0
04-12 18:57:32.385 8886 9031 V CouchbaseLite/REPLICATOR: {N8litecore4repl6PullerE#21634} {Coll#0} now idle
04-12 18:57:32.392 8886 9050 D CouchbaseLite/NETWORK: [JAVA] CBLWebSocket@@0x63f7b08{vC4Socket@xb4000077c98a8720 <=> OkHttpSocket@0x23b88ab(wss://stage.realtime-sync-gw.wdprapps.disney.com:443/park-platform-priv/_blipsync)}.coreAckReceive: 63
04-12 18:57:32.404 8886 9036 I CouchbaseLite/REPLICATOR: {Repl#21499} {Coll#-1} pushStatus=idle, pullStatus=busy, progress=0/0/0
04-12 18:57:32.406 8886 9036 V CouchbaseLite/REPLICATOR: {Repl#21499} {Coll#-1} Replicator status collection-wise: pushStatus=idle, pullStatus=busy, progress=0/0, docCount=0
04-12 18:57:32.407 8886 9036 I CouchbaseLite/REPLICATOR: {Repl#21499} {Coll#-1} activityLevel=busy: connectionState=2, savingChkpt=0
04-12 18:57:32.455 8886 9036 I CouchbaseLite/REPLICATOR: {Repl#21499} {Coll#-1} pushStatus=idle, pullStatus=idle, progress=0/0/0
04-12 18:57:32.462 8886 9036 V CouchbaseLite/REPLICATOR: {Repl#21499} {Coll#-1} Replicator status collection-wise: pushStatus=idle, pullStatus=idle, progress=0/0, docCount=0
04-12 18:57:32.463 8886 9036 I CouchbaseLite/REPLICATOR: {Repl#21499} {Coll#-1} activityLevel=idle: connectionState=2, savingChkpt=0
04-12 18:57:32.463 8886 9036 I CouchbaseLite/REPLICATOR: {Repl#21499} {Coll#-1} now idle
04-12 18:57:32.463 8886 9036 I CouchbaseLite/REPLICATOR: {C4Replicator#21501} State: idle, progress=0.00%
04-12 18:57:32.464 8886 9036 D CouchbaseLite/REPLICATOR: [JAVA] C4Replicator.statusChangedCallback(0x753023b3) C4CommonRepl{@0x8661800/@xb4000077b9824d50, @0xcc71e83, SocketFactory{@URLEndpoint{url=wss://stage.realtime-sync-gw.wdprapps.disney.com/park-platform-priv}}'}: C4ReplicatorStatus{level=3,completed=0,total=0,#docs=0,domain=0,code=0,info=0}
04-12 18:57:32.465 8886 9050 I CouchbaseLite/REPLICATOR: [JAVA] status changed: (0, 0) @C4ReplicatorStatus{level=3,completed=0,total=0,#docs=0,domain=0,code=0,info=0} for Replicator{@0xcc71e83(<*>),Database{@@0x97fb813: 'finder-private.73600.en_us'} => URLEndpoint{url=wss://stage.realtime-sync-gw.wdprapps.disney.com/park-platform-priv}}$C4CommonRepl{@0x8661800/@xb4000077b9824d50, @0xcc71e83, SocketFactory{@URLEndpoint{url=wss://stage.realtime-sync-gw.wdprapps.disney.com/park-platform-priv}}'}
04-12 18:57:32.465 8886 9050 D CouchbaseLite/NETWORK: [JAVA] Offline state change for com.couchbase.lite.internal.replicator.AndroidConnectivityObserver@d62528f: BUSY -> true
04-12 18:57:32.465 8886 9050 I CouchbaseLite/REPLICATOR: [JAVA] State changed BUSY => IDLE(0/0): null for Replicator{@0xcc71e83(<*>),Database{@@0x97fb813: 'finder-private.73600.en_us'} => URLEndpoint{url=wss://stage.realtime-sync-gw.wdprapps.disney.com/park-platform-priv}}$C4CommonRepl{@0x8661800/@xb4000077b9824d50, @0xcc71e83, SocketFactory{@URLEndpoint{url=wss://stage.realtime-sync-gw.wdprapps.disney.com/park-platform-priv}}'}
04-12 18:57:43.942 8886 8898 I CouchbaseLite/REPLICATOR: {C4Replicator#15430} Freeing C4BaseReplicator
04-12 18:57:43.947 8886 8898 D CouchbaseLite/REPLICATOR: [JAVA] C4CommonReplicator@0xb4000077b97f8190: Expected this peer to have been closed previously
04-12 18:57:43.947 8886 8898 D CouchbaseLite/REPLICATOR: java.lang.Exception: At:
04-12 18:57:43.947 8886 8898 D CouchbaseLite/REPLICATOR: at com.couchbase.lite.internal.core.C4NativePeer.logCall(SourceFile:218)
04-12 18:57:43.947 8886 8898 D CouchbaseLite/REPLICATOR: at com.couchbase.lite.internal.core.C4NativePeer.releasePeer(SourceFile:181)
04-12 18:57:43.947 8886 8898 D CouchbaseLite/REPLICATOR: at com.couchbase.lite.internal.core.C4Replicator.closePeer(SourceFile:696)
04-12 18:57:43.947 8886 8898 D CouchbaseLite/REPLICATOR: at com.couchbase.lite.internal.core.C4Replicator.finalize(SourceFile:683)
04-12 18:57:43.947 8886 8898 D CouchbaseLite/REPLICATOR: at java.lang.Daemons$FinalizerDaemon.doFinalize(Daemons.java:339)
04-12 18:57:43.947 8886 8898 D CouchbaseLite/REPLICATOR: at java.lang.Daemons$FinalizerDaemon.processReference(Daemons.java:324)
04-12 18:57:43.947 8886 8898 D CouchbaseLite/REPLICATOR: at java.lang.Daemons$FinalizerDaemon.runInternal(Daemons.java:300)
04-12 18:57:43.947 8886 8898 D CouchbaseLite/REPLICATOR: at java.lang.Daemons$Daemon.run(Daemons.java:145)
04-12 18:57:43.947 8886 8898 D CouchbaseLite/REPLICATOR: at java.lang.Thread.run(Thread.java:1012)
04-12 18:57:43.947 8886 8898 D CouchbaseLite/REPLICATOR: Caused by: java.lang.Exception: Created at:
04-12 18:57:43.947 8886 8898 D CouchbaseLite/REPLICATOR: at com.couchbase.lite.internal.core.C4NativePeer.updateHistory(SourceFile:210)
04-12 18:57:43.947 8886 8898 D CouchbaseLite/REPLICATOR: at com.couchbase.lite.internal.core.C4NativePeer.(SourceFile:58)
04-12 18:57:43.947 8886 8898 D CouchbaseLite/REPLICATOR: at com.couchbase.lite.internal.core.C4Replicator.(SourceFile:630)
04-12 18:57:43.947 8886 8898 D CouchbaseLite/REPLICATOR: at com.couchbase.lite.internal.core.C4Replicator$C4CommonReplicator.(SourceFile:304)
04-12 18:57:43.947 8886 8898 D CouchbaseLite/REPLICATOR: at com.couchbase.lite.internal.core.C4Replicator.createRemoteReplicator(SourceFile:473)
