04-12 18:57:13.135 8886 9418 D CouchbaseLite/NETWORK: [JAVA] CBLWebSocket@@0xe165695{vC4Socket@xb4000077c9848300 <=> OkHttpSocket@0x46f964c(wss://stage.realtime-sync-gw.wdprapps.disney.com:443/park-platform-pub/_blipsync)}.remoteWrites: 132
04-12 18:57:13.135 8886 9418 D CouchbaseLite/NETWORK: [JAVA] vC4Socket@xb4000077c9848300.sendToCore(132)
04-12 18:57:13.137 8886 9031 V CouchbaseLite/NETWORK: {N8litecore4blip6BLIPIOE#15533} Finished sending REQ #4
04-12 18:57:13.139 8886 9418 V CouchbaseLite/NETWORK: {N8litecore4repl12C4SocketImplE#15431} Received 132-byte message
04-12 18:57:13.141 8886 9418 D CouchbaseLite/NETWORK: [JAVA] OkHttpSocket@0x46f964c.onBytes(80)
04-12 18:57:13.141 8886 9418 D CouchbaseLite/NETWORK: [JAVA] CBLWebSocket@@0xe165695{vC4Socket@xb4000077c9848300 <=> OkHttpSocket@0x46f964c(wss://stage.realtime-sync-gw.wdprapps.disney.com:443/park-platform-pub/_blipsync)}.remoteWrites: 80
04-12 18:57:13.142 8886 9418 D CouchbaseLite/NETWORK: [JAVA] vC4Socket@xb4000077c9848300.sendToCore(80)
04-12 18:57:13.144 8886 9031 V CouchbaseLite/NETWORK: {N8litecore4blip6BLIPIOE#15533} ...Wrote 115 bytes to WebSocket (writeable=1)
04-12 18:57:13.147 8886 9037 I CouchbaseLite/REPLICATOR: {N8litecore4repl11IncomingRevE#19738}==> N8litecore4repl11IncomingRevE {Repl#15429} @0xb4000077c98c0580
04-12 18:57:13.148 8886 9037 V CouchbaseLite/REPLICATOR: {N8litecore4repl11IncomingRevE#19738} {Coll#0} Received revision 'wdw.facilities.1_0.en_us.tour.17122;entityType=tour:16886387;entityType=point-of-interest' #6227-53c23970e1de2302e3eccc54c01622e4 (seq '376872121')
04-12 18:57:13.153 8886 9037 V CouchbaseLite/REPLICATOR: {N8litecore4repl11IncomingRevE#19738} {Coll#0} _mayContainBlobChanges=0
04-12 18:57:13.155 8886 9037 V CouchbaseLite/REPLICATOR: {N8litecore4repl11IncomingRevE#19738} {Coll#0} _mayContainEncryptedProperties=0
04-12 18:57:13.155 8886 9037 I CouchbaseLite/REPLICATOR: {N8litecore4repl6PullerE#15560} {Coll#0} activityLevel=busy: pendingResponseCount=0, _caughtUp=1, _pendingRevMessages=3, _activeIncomingRevs=5, _waitingRevMessages=0, _unfinishedIncomingRevs=5
04-12 18:57:13.158 8886 9418 V CouchbaseLite/NETWORK: {N8litecore4repl12C4SocketImplE#15431} Received 80-byte message
04-12 18:57:13.294 8886 9418 D CouchbaseLite/NETWORK: [JAVA] OkHttpSocket@0x46f964c.onBytes(16)
04-12 18:57:13.295 8886 9418 D CouchbaseLite/NETWORK: [JAVA] CBLWebSocket@@0xe165695{vC4Socket@xb4000077c9848300 <=> OkHttpSocket@0x46f964c(wss://stage.realtime-sync-gw.wdprapps.disney.com:443/park-platform-pub/_blipsync)}.remoteWrites: 16
04-12 18:57:13.295 8886 9418 D CouchbaseLite/NETWORK: [JAVA] vC4Socket@xb4000077c9848300.sendToCore(16)
04-12 18:57:13.298 8886 9418 V CouchbaseLite/NETWORK: {N8litecore4repl12C4SocketImplE#15431} Received 16-byte message
04-12 18:57:13.335 8886 9031 I CouchbaseLite/REPLICATOR: {Repl#15429} {Coll#-1} pushStatus=stopped, pullStatus=busy, progress=2/10/2
04-12 18:57:13.336 8886 9031 V CouchbaseLite/REPLICATOR: {Repl#15429} {Coll#-1} Replicator status collection-wise: pushStatus=stopped, pullStatus=busy, progress=2/10, docCount=2
04-12 18:57:13.337 8886 9031 I CouchbaseLite/REPLICATOR: {Repl#15429} {Coll#-1} activityLevel=busy: connectionState=2, savingChkpt=1
04-12 18:57:13.337 8886 9031 V CouchbaseLite/REPLICATOR: {N8litecore4repl8InserterE#19277} {Coll#0} Inserting 4 revs:
04-12 18:57:13.389 8886 9031 V CouchbaseLite/REPLICATOR: {N8litecore4repl8InserterE#19277} {Coll#0} {'wdw.facilities.1_0.en_us.tour.18988416;entityType=tour (_default)' #6372-3662ddf1cd5bd3bc19f53dc30fcd808f <- 6371-60e631276c8aff059f4abdfd3f442465} seq 7598
04-12 18:57:13.399 8886 9031 V CouchbaseLite/REPLICATOR: {N8litecore4repl8InserterE#19277} {Coll#0} {'wdw.facilities.1_0.en_us.tour.18419537;entityType=tour:18398633;entityType=point-of-interest (_default)' #6257-5b6c23bedbd0062639001709c55e5cc9 <- 6256-7194a4e281864ecf9faa7f91270fa25a} seq 7599
04-12 18:57:13.404 8886 9031 V CouchbaseLite/REPLICATOR: {N8litecore4repl8InserterE#19277} {Coll#0} {'wdw.facilities.1_0.en_us.tour.16712;entityType=tour:16886395;entityType=point-of-interest (_default)' #6442-107f2ccce77fe5b495f47dc3ffeb586e <- 6441-e32cd59766039e512054ec1f038e2fb5} seq 7600
04-12 18:57:13.413 8886 9031 V CouchbaseLite/REPLICATOR: {N8litecore4repl8InserterE#19277} {Coll#0} {'wdw.facilities.1_0.en_us.tour.17122;entityType=tour:16886387;entityType=point-of-interest (_default)' #6227-53c23970e1de2302e3eccc54c01622e4 <- 6226-70d3a0f83d99cc57234e6446f15461f8} seq 7601
04-12 18:57:13.430 8886 9031 I CouchbaseLite/NETWORK: SENDING: RES #9 { }
04-12 18:57:13.430 8886 9031 I CouchbaseLite/NETWORK: SENDING: RES #10 { }
04-12 18:57:13.430 8886 9031 I CouchbaseLite/NETWORK: SENDING: RES #11 { }
04-12 18:57:13.430 8886 9031 I CouchbaseLite/NETWORK: SENDING: RES #12 { }
04-12 18:57:13.431 8886 9031 I CouchbaseLite/REPLICATOR: {N8litecore4repl8InserterE#19277} {Coll#0} Inserted 4 revs in 93.33ms ( 43/sec) of which 93.1% was commit
04-12 18:57:13.431 8886 9031 V CouchbaseLite/REPLICATOR: {N8litecore4repl8InserterE#19277} {Coll#0} now idle
04-12 18:57:14.575 8886 9037 V CouchbaseLite/NETWORK: {N8litecore4blip6BLIPIOE#15533} Sending RES #8
04-12 18:57:14.575 8886 9037 V CouchbaseLite/NETWORK: {N8litecore4blip6BLIPIOE#15533} Requeuing RES #8...
04-12 18:57:14.576 8886 9037 V CouchbaseLite/NETWORK: {N8litecore4blip6BLIPIOE#15533} Starting writeToWebSocket loop...
04-12 18:57:14.580 8886 9037 V CouchbaseLite/NETWORK: {N8litecore4blip6BLIPIOE#15533} Sending frame: RES #8 ----, bytes 0--4
04-12 18:57:14.582 8886 9037 V CouchbaseLite/NETWORK: {N8litecore4repl12C4SocketImplE#15431} Sending 7-byte message
04-12 18:57:14.583 8886 9037 D CouchbaseLite/NETWORK: [JAVA] ^C4Socket.write@b4000077c9848300(7)
04-12 18:57:14.584 8886 9037 V CouchbaseLite/NETWORK: {N8litecore4blip6BLIPIOE#15533} Finished sending RES #8
04-12 18:57:14.585 8886 9030 D CouchbaseLite/NETWORK: [JAVA] CBLWebSocket@@0xe165695{vC4Socket@xb4000077c9848300 <=> OkHttpSocket@0x46f964c(wss://stage.realtime-sync-gw.wdprapps.disney.com:443/park-platform-pub/_blipsync)}.coreWrites(7)
04-12 18:57:14.585 8886 9035 I CouchbaseLite/REPLICATOR: {N8litecore4repl11IncomingRevE#19937}==> N8litecore4repl11IncomingRevE {Repl#15429} @0xb4000077c9847f30
04-12 18:57:14.585 8886 9030 D CouchbaseLite/NETWORK: [JAVA] OkHttpSocket@0x46f964c.write(7)
04-12 18:57:14.585 8886 9035 V CouchbaseLite/REPLICATOR: {N8litecore4repl11IncomingRevE#19937} {Coll#0} Received revision 'wdw.facilities.1_0.en_us.tour.13438;entityType=tour:16886408;entityType=point-of-interest' #6641-c06f81104bc27cd25f9a9b125c5dda1a (seq '376872122')
04-12 18:57:14.585 8886 9035 V CouchbaseLite/REPLICATOR: {N8litecore4repl11IncomingRevE#19937} {Coll#0} _mayContainBlobChanges=0
04-12 18:57:14.586 8886 9035 V CouchbaseLite/REPLICATOR: {N8litecore4repl11IncomingRevE#19937} {Coll#0} _mayContainEncryptedProperties=0
04-12 18:57:14.586 8886 9030 D CouchbaseLite/NETWORK: [JAVA] vC4Socket@xb4000077c9848300.ackWriteToCore(7)
04-12 18:57:14.586 8886 9035 I CouchbaseLite/REPLICATOR: {N8litecore4repl6PullerE#15560} {Coll#0} activityLevel=busy: pendingResponseCount=0, _caughtUp=1, _pendingRevMessages=2, _activeIncomingRevs=6, _waitingRevMessages=0, _unfinishedIncomingRevs=6
04-12 18:57:14.594 8886 9037 V CouchbaseLite/NETWORK: {N8litecore4blip6BLIPIOE#15533} ...Wrote 7 bytes to WebSocket (writeable=1)
04-12 18:57:14.596 8886 9037 I CouchbaseLite/REPLICATOR: {Repl#15429} {Coll#-1} activityLevel=busy: connectionState=2, savingChkpt=1
04-12 18:57:14.811 8886 9035 V CouchbaseLite/REPLICATOR: {N8litecore4repl6PullerE#15560} {Coll#0} Now waiting for 3 'rev' messages; 9 known sequences pending
04-12 18:57:14.818 8886 9035 V CouchbaseLite/REPLICATOR: {N8litecore4repl6PullerE#15560} {Coll#0} (collection: 0) progress +0/+1, 0 docs -- now 2 / 11, 2 docs
04-12 18:57:14.819 8886 9035 I CouchbaseLite/REPLICATOR: {N8litecore4repl6PullerE#15560} {Coll#0} activityLevel=busy: pendingResponseCount=0, _caughtUp=1, _pendingRevMessages=3, _activeIncomingRevs=6, _waitingRevMessages=0, _unfinishedIncomingRevs=6
04-12 18:57:14.819 8886 9035 V CouchbaseLite/NETWORK: {N8litecore4blip6BLIPIOE#15533} Received frame: REQ #16 ---C, length 130
04-12 18:57:14.834 8886 9031 I CouchbaseLite/REPLICATOR: {Repl#15429} {Coll#-1} pushStatus=stopped, pullStatus=busy, progress=2/10/2
04-12 18:57:14.836 8886 9035 V CouchbaseLite/NETWORK: {N8litecore4blip10ConnectionE#15428} Receiving 'changes' REQ #16 Z
04-12 18:57:14.837 8886 9035 V CouchbaseLite/NETWORK: {N8litecore4blip10ConnectionE#15428} Finished receiving 'changes' REQ #16 Z
04-12 18:57:14.837 8886 9035 I CouchbaseLite/NETWORK: RECEIVED: REQ #16 Z {
04-12 18:57:14.837 8886 9035 I CouchbaseLite/NETWORK: Profile: changes
04-12 18:57:14.837 8886 9035 I CouchbaseLite/NETWORK: Content-Type: application/json
04-12 18:57:14.837 8886 9035 I CouchbaseLite/NETWORK: BODY: [[376872132,"wdw.facilities.1_0.en_us.tour.13438;entityType=tour","6073-d75f5292c2cb54f99a1684c3ec51e208"],[376872133,"wdw.facilities.1_0.en_us.tour.16247184;entityType=tour","6716-8fadd4524b45f8a1a58f3b8d11ca281a"],[376872135,"wdw.facilities.1_0.en_us.tour.16247184;entityType=tour:16886427;entityType=point-of-interest","6697-28158391f3e0da893227f4046cdac822"]] }
04-12 18:57:14.837 8886 9035 D CouchbaseLite/NETWORK: [JAVA] ^C4Socket.completedReceive@b4000077c9848300(132)
04-12 18:57:14.838 8886 9035 V CouchbaseLite/NETWORK: {N8litecore4blip6BLIPIOE#15533} Received frame: REQ #17 ---C, length 78
04-12 18:57:14.838 8886 9046 D CouchbaseLite/NETWORK: [JAVA] CBLWebSocket@@0xe165695{vC4Socket@xb4000077c9848300 <=> OkHttpSocket@0x46f964c(wss://stage.realtime-sync-gw.wdprapps.disney.com:443/park-platform-pub/_blipsync)}.coreAckReceive: 132
04-12 18:57:14.839 8886 9035 V CouchbaseLite/NETWORK: {N8litecore4blip10ConnectionE#15428} Receiving 'rev' REQ #17 Z
04-12 18:57:14.839 8886 9035 V CouchbaseLite/NETWORK: {N8litecore4blip10ConnectionE#15428} Finished receiving 'rev' REQ #17 Z
04-12 18:57:14.844 8886 9035 I CouchbaseLite/NETWORK: RECEIVED: REQ #17 Z {
04-12 18:57:14.844 8886 9035 I CouchbaseLite/NETWORK: id: wdw.facilities.1_0.en_us.tour.17122;entityType=tour
04-12 18:57:14.844 8886 9035 I CouchbaseLite/NETWORK: rev: 6225-ad608bc8781b67175986ae9f68aa3824
04-12 18:57:14.844 8886 9035 I CouchbaseLite/NETWORK: sequence: 376872128
04-12 18:57:14.844 8886 9035 I CouchbaseLite/NETWORK: history: 6224-dee492cbfbf0d59a2f14d487a4015cea
04-12 18:57:14.844 8886 9035 I CouchbaseLite/NETWORK: deltaSrc: 6224-dee492cbfbf0d59a2f14d487a4015cea
04-12 18:57:14.844 8886 9035 I CouchbaseLite/NETWORK: Content-Type: application/json
04-12 18:57:14.844 8886 9035 I CouchbaseLite/NETWORK: Profile: rev
04-12 18:57:14.844 8886 9035 I CouchbaseLite/NETWORK: BODY: {"lastUpdate":"2024-04-12T22:57:07.299761Z"} }
04-12 18:57:14.846 8886 9031 V CouchbaseLite/REPLICATOR: {Repl#15429} {Coll#-1} Replicator status collection-wise: pushStatus=stopped, pullStatus=busy, progress=2/10, docCount=2
04-12 18:57:14.846 8886 9031 I CouchbaseLite/REPLICATOR: {Repl#15429} {Coll#-1} activityLevel=busy: connectionState=2, savingChkpt=1
04-12 18:57:14.846 8886 9031 V CouchbaseLite/REPLICATOR: {N8litecore4repl8InserterE#19277} {Coll#0} Inserting 1 revs:
04-12 18:57:14.848 8886 9031 V CouchbaseLite/REPLICATOR: {N8litecore4repl8InserterE#19277} {Coll#0} {'wdw.facilities.1_0.en_us.tour.13438;entityType=tour:16886408;entityType=point-of-interest (_default)' #6641-c06f81104bc27cd25f9a9b125c5dda1a <- 6640-8fced4294dd13381988e479ed091583f} seq 7602
04-12 18:57:14.850 8886 9031 I CouchbaseLite/NETWORK: SENDING: RES #13 { }
04-12 18:57:14.850 8886 9031 I CouchbaseLite/REPLICATOR: {N8litecore4repl8InserterE#19277} {Coll#0} Inserted 1 revs in 4.02ms ( 249/sec) of which 95.5% was commit
04-12 18:57:14.852 8886 9035 D CouchbaseLite/NETWORK: [JAVA] ^C4Socket.completedReceive@b4000077c9848300(80)
04-12 18:57:14.859 8886 9048 D CouchbaseLite/NETWORK: [JAVA] CBLWebSocket@@0xe165695{vC4Socket@xb4000077c9848300 <=> OkHttpSocket@0x46f964c(wss://stage.realtime-sync-gw.wdprapps.disney.com:443/park-platform-pub/_blipsync)}.coreAckReceive: 80
04-12 18:57:14.862 8886 9035 V CouchbaseLite/NETWORK: {N8litecore4blip6BLIPIOE#15533} Received frame: RES #4 ----, length 14
04-12 18:57:14.863 8886 9035 V CouchbaseLite/NETWORK: {N8litecore4blip6BLIPIOE#15533} RES #4 has reached the end of its frames
04-12 18:57:14.863 8886 9035 V CouchbaseLite/NETWORK: {N8litecore4blip10ConnectionE#15428} Receiving RES #4
04-12 18:57:14.863 8886 9035 V CouchbaseLite/NETWORK: {N8litecore4blip10ConnectionE#15428} Finished receiving RES #4
04-12 18:57:14.864 8886 9035 I CouchbaseLite/NETWORK: RECEIVED: RES #4 {
04-12 18:57:14.864 8886 9035 I CouchbaseLite/NETWORK: rev: 0-42 }
04-12 18:57:14.864 8886 9035 D CouchbaseLite/NETWORK: [JAVA] ^C4Socket.completedReceive@b4000077c9848300(16)
04-12 18:57:14.867 8886 9039 D CouchbaseLite/NETWORK: [JAVA] CBLWebSocket@@0xe165695{vC4Socket@xb4000077c9848300 <=> OkHttpSocket@0x46f964c(wss://stage.realtime-sync-gw.wdprapps.disney.com:443/park-platform-pub/_blipsync)}.coreAckReceive: 16
04-12 18:57:16.568 8886 9037 I CouchbaseLite/REPLICATOR: {N8litecore4repl11IncomingRevE#20161}==> N8litecore4repl11IncomingRevE {Repl#15429} @0xb4000077c98bb6e0
04-12 18:57:16.569 8886 9037 V CouchbaseLite/REPLICATOR: {N8litecore4repl11IncomingRevE#20161} {Coll#0} Received revision 'wdw.facilities.1_0.en_us.tour.18988416;entityType=tour:17600189;entityType=point-of-interest' #6123-e05e1e0d72a4c97c770e12edd470cff5 (seq '376872123')
04-12 18:57:16.570 8886 9037 V CouchbaseLite/REPLICATOR: {N8litecore4repl11IncomingRevE#20161} {Coll#0} _mayContainBlobChanges=0
04-12 18:57:16.571 8886 9037 V CouchbaseLite/REPLICATOR: {N8litecore4repl11IncomingRevE#20161} {Coll#0} _mayContainEncryptedProperties=0
04-12 18:57:16.576 8886 9037 I CouchbaseLite/REPLICATOR: {N8litecore4repl6PullerE#15560} {Coll#0} activityLevel=busy: pendingResponseCount=0, _caughtUp=1, _pendingRevMessages=2, _activeIncomingRevs=7, _waitingRevMessages=0, _unfinishedIncomingRevs=7
04-12 18:57:16.578 8886 9037 I CouchbaseLite/REPLICATOR: {Repl#15429} {Coll#-1} pushStatus=stopped, pullStatus=busy, progress=2/11/2
04-12 18:57:16.579 8886 9037 V CouchbaseLite/REPLICATOR: {Repl#15429} {Coll#-1} Replicator status collection-wise: pushStatus=stopped, pullStatus=busy, progress=2/11, docCount=2
04-12 18:57:16.583 8886 9037 V CouchbaseLite/REPLICATOR: {Repl#15429} {Coll#-1} (collection: 4294967295) progress +0/+1, 0 docs -- now 2 / 11, 2 docs
04-12 18:57:16.586 8886 9037 I CouchbaseLite/REPLICATOR: {Repl#15429} {Coll#-1} activityLevel=busy: connectionState=2, savingChkpt=1
04-12 18:57:16.587 8886 9037 I CouchbaseLite/REPLICATOR: {C4Replicator#15430} State: busy, progress=18.18%
04-12 18:57:16.588 8886 9037 D CouchbaseLite/REPLICATOR: [JAVA] C4Replicator.statusChangedCallback(0x6b98c561) C4CommonRepl{@0xbb891ab/@xb4000077b97f8190, @0x89417fa, SocketFactory{@URLEndpoint{url=wss://stage.realtime-sync-gw.wdprapps.disney.com/park-platform-pub/}}'}: C4ReplicatorStatus{level=4,completed=2,total=11,#docs=2,domain=0,code=0,info=0}
04-12 18:57:16.590 8886 9030 I CouchbaseLite/REPLICATOR: [JAVA] status changed: (0, 0) @C4ReplicatorStatus{level=4,completed=2,total=11,#docs=2,domain=0,code=0,info=0} for Replicator{@0x89417fa(<*),Database{@@0x5c116b6: 'finder.73600.en_us-stage'} => URLEndpoint{url=wss://stage.realtime-sync-gw.wdprapps.disney.com/park-platform-pub/}}$C4CommonRepl{@0xbb891ab/@xb4000077b97f8190, @0x89417fa, SocketFactory{@URLEndpoint{url=wss://stage.realtime-sync-gw.wdprapps.disney.com/park-platform-pub/}}'}
04-12 18:57:16.590 8886 9030 D CouchbaseLite/NETWORK: [JAVA] Offline state change for com.couchbase.lite.internal.replicator.AndroidConnectivityObserver@fd135d9: BUSY -> true
04-12 18:57:16.591 8886 9030 I CouchbaseLite/REPLICATOR: [JAVA] State changed BUSY => BUSY(2/11): null for Replicator{@0x89417fa(<*),Database{@@0x5c116b6: 'finder.73600.en_us-stage'} => URLEndpoint{url=wss://stage.realtime-sync-gw.wdprapps.disney.com/park-platform-pub/}}$C4CommonRepl{@0xbb891ab/@xb4000077b97f8190, @0x89417fa, SocketFactory{@URLEndpoint{url=wss://stage.realtime-sync-gw.wdprapps.disney.com/park-platform-pub/}}'}
04-12 18:57:16.617 8886 9038 V CouchbaseLite/NETWORK: {N8litecore4blip6BLIPIOE#15533} Sending RES #9
04-12 18:57:16.617 8886 9038 V CouchbaseLite/NETWORK: {N8litecore4blip6BLIPIOE#15533} Requeuing RES #9...
04-12 18:57:16.617 8886 9038 V CouchbaseLite/NETWORK: {N8litecore4blip6BLIPIOE#15533} Starting writeToWebSocket loop...
04-12 18:57:16.618 8886 9038 V CouchbaseLite/NETWORK: {N8litecore4blip6BLIPIOE#15533} Sending frame: RES #9 ----, bytes 0--4
04-12 18:57:16.618 8886 9038 V CouchbaseLite/NETWORK: {N8litecore4repl12C4SocketImplE#15431} Sending 7-byte message
04-12 18:57:16.618 8886 9038 D CouchbaseLite/NETWORK: [JAVA] ^C4Socket.write@b4000077c9848300(7)
04-12 18:57:16.619 8886 9046 D CouchbaseLite/NETWORK: [JAVA] CBLWebSocket@@0xe165695{vC4Socket@xb4000077c9848300 <=> OkHttpSocket@0x46f964c(wss://stage.realtime-sync-gw.wdprapps.disney.com:443/park-platform-pub/_blipsync)}.coreWrites(7)
04-12 18:57:16.619 8886 9046 D CouchbaseLite/NETWORK: [JAVA] OkHttpSocket@0x46f964c.write(7)
04-12 18:57:16.619 8886 9046 D CouchbaseLite/NETWORK: [JAVA] vC4Socket@xb4000077c9848300.ackWriteToCore(7)
04-12 18:57:16.620 8886 9038 V CouchbaseLite/NETWORK: {N8litecore4blip6BLIPIOE#15533} Finished sending RES #9
04-12 18:57:16.621 8886 9038 V CouchbaseLite/NETWORK: {N8litecore4blip6BLIPIOE#15533} ...Wrote 7 bytes to WebSocket (writeable=1)
04-12 18:57:16.830 8886 9035 I CouchbaseLite/REPLICATOR: {N8litecore4repl11IncomingRevE#20208}==> N8litecore4repl11IncomingRevE {Repl#15429} @0xb4000077c98eb450
04-12 18:57:16.831 8886 9035 V CouchbaseLite/REPLICATOR: {N8litecore4repl11IncomingRevE#20208} {Coll#0} Received revision 'wdw.facilities.1_0.en_us.tour.18419537;entityType=tour' #6581-0090d9bc79efd529d2bf6db15f377b79 (seq '376872124')
04-12 18:57:16.831 8886 9035 V CouchbaseLite/REPLICATOR: {N8litecore4repl11IncomingRevE#20208} {Coll#0} _mayContainBlobChanges=0
04-12 18:57:16.832 8886 9035 V CouchbaseLite/REPLICATOR: {N8litecore4repl11IncomingRevE#20208} {Coll#0} _mayContainEncryptedProperties=0
04-12 18:57:16.832 8886 9035 I CouchbaseLite/REPLICATOR: {N8litecore4repl6PullerE#15560} {Coll#0} activityLevel=busy: pendingResponseCount=0, _caughtUp=1, _pendingRevMessages=1, _activeIncomingRevs=8, _waitingRevMessages=0, _unfinishedIncomingRevs=8
04-12 18:57:16.838 8886 9037 V CouchbaseLite/NETWORK: {N8litecore4blip6BLIPIOE#15533} Sending RES #10
04-12 18:57:16.838 8886 9037 V CouchbaseLite/NETWORK: {N8litecore4blip6BLIPIOE#15533} Requeuing RES #10...
04-12 18:57:16.839 8886 9037 V CouchbaseLite/NETWORK: {N8litecore4blip6BLIPIOE#15533} Starting writeToWebSocket loop...
04-12 18:57:16.839 8886 9037 V CouchbaseLite/NETWORK: {N8litecore4blip6BLIPIOE#15533} Sending frame: RES #10 ----, bytes 0--4
04-12 18:57:16.839 8886 9037 V CouchbaseLite/NETWORK: {N8litecore4repl12C4SocketImplE#15431} Sending 7-byte message
04-12 18:57:16.845 8886 9032 V CouchbaseLite/REPLICATOR: {N8litecore4repl8InserterE#19277} {Coll#0} Inserting 2 revs:
04-12 18:57:16.849 8886 9037 D CouchbaseLite/NETWORK: [JAVA] ^C4Socket.write@b4000077c9848300(7)
04-12 18:57:16.849 8886 9046 D CouchbaseLite/NETWORK: [JAVA] CBLWebSocket@@0xe165695{vC4Socket@xb4000077c9848300 <=> OkHttpSocket@0x46f964c(wss://stage.realtime-sync-gw.wdprapps.disney.com:443/park-platform-pub/_blipsync)}.coreWrites(7)
04-12 18:57:16.850 8886 9046 D CouchbaseLite/NETWORK: [JAVA] OkHttpSocket@0x46f964c.write(7)
04-12 18:57:16.850 8886 9046 D CouchbaseLite/NETWORK: [JAVA] vC4Socket@xb4000077c9848300.ackWriteToCore(7)
04-12 18:57:16.861 8886 9033 I CouchbaseLite/REPLICATOR: {Repl#15429} {Coll#-1} activityLevel=busy: connectionState=2, savingChkpt=1
04-12 18:57:16.867 8886 9037 V CouchbaseLite/NETWORK: {N8litecore4blip6BLIPIOE#15533} Finished sending RES #10
04-12 18:57:16.868 8886 9037 V CouchbaseLite/NETWORK: {N8litecore4blip6BLIPIOE#15533} ...Wrote 7 bytes to WebSocket (writeable=1)
04-12 18:57:16.891 8886 9032 V CouchbaseLite/REPLICATOR: {N8litecore4repl8InserterE#19277} {Coll#0} {'wdw.facilities.1_0.en_us.tour.18988416;entityType=tour:17600189;entityType=point-of-interest (_default)' #6123-e05e1e0d72a4c97c770e12edd470cff5 <- 6122-856cdd1e90596980f63d6c26bad261b0} seq 7603
04-12 18:57:16.917 8886 9032 V CouchbaseLite/REPLICATOR: {N8litecore4repl8InserterE#19277} {Coll#0} {'wdw.facilities.1_0.en_us.tour.18419537;entityType=tour (_default)' #6581-0090d9bc79efd529d2bf6db15f377b79 <- 6580-71470e1d76d920ab7b7a42e7d1cf999b} seq 7604
04-12 18:57:16.944 8886 9032 I CouchbaseLite/NETWORK: SENDING: RES #14 { }
04-12 18:57:16.945 8886 9032 I CouchbaseLite/NETWORK: SENDING: RES #15 { }
04-12 18:57:16.955 8886 9032 I CouchbaseLite/REPLICATOR: {N8litecore4repl8InserterE#19277} {Coll#0} Inserted 2 revs in 99.92ms ( 20/sec) of which 95.9% was commit
04-12 18:57:18.192 8886 9034 V CouchbaseLite/REPLICATOR: {N8litecore4repl9RevFinderE#15570} {Coll#0} now busy
04-12 18:57:18.192 8886 9034 V CouchbaseLite/REPLICATOR: {N8litecore4repl6PullerE#15560} 8 revs were provisionally handled; down to 0 active
04-12 18:57:18.192 8886 9034 I CouchbaseLite/REPLICATOR: {N8litecore4repl6PullerE#15560} {Coll#0} activityLevel=busy: pendingResponseCount=0, _caughtUp=1, _pendingRevMessages=1, _activeIncomingRevs=0, _waitingRevMessages=0, _unfinishedIncomingRevs=8
04-12 18:57:18.275 8886 9037 I CouchbaseLite/REPLICATOR: {Repl#15429} {Coll#-1} activityLevel=busy: connectionState=2, savingChkpt=1
04-12 18:57:18.300 8886 9038 V CouchbaseLite/NETWORK: {N8litecore4blip6BLIPIOE#15533} Sending RES #11
04-12 18:57:18.302 8886 9038 V CouchbaseLite/NETWORK: {N8litecore4blip6BLIPIOE#15533} Requeuing RES #11...
04-12 18:57:18.304 8886 9038 V CouchbaseLite/NETWORK: {N8litecore4blip6BLIPIOE#15533} Starting writeToWebSocket loop...
04-12 18:57:18.306 8886 9038 V CouchbaseLite/NETWORK: {N8litecore4blip6BLIPIOE#15533} Sending frame: RES #11 ----, bytes 0--4
04-12 18:57:18.308 8886 9038 V CouchbaseLite/NETWORK: {N8litecore4repl12C4SocketImplE#15431} Sending 7-byte message
04-12 18:57:18.311 8886 9038 D CouchbaseLite/NETWORK: [JAVA] ^C4Socket.write@b4000077c9848300(7)
04-12 18:57:18.317 8886 9048 D CouchbaseLite/NETWORK: [JAVA] CBLWebSocket@@0xe165695{vC4Socket@xb4000077c9848300 <=> OkHttpSocket@0x46f964c(wss://stage.realtime-sync-gw.wdprapps.disney.com:443/park-platform-pub/_blipsync)}.coreWrites(7)
04-12 18:57:18.317 8886 9048 D CouchbaseLite/NETWORK: [JAVA] OkHttpSocket@0x46f964c.write(7)
04-12 18:57:18.318 8886 9048 D CouchbaseLite/NETWORK: [JAVA] vC4Socket@xb4000077c9848300.ackWriteToCore(7)
04-12 18:57:18.339 8886 9038 V CouchbaseLite/NETWORK: {N8litecore4blip6BLIPIOE#15533} Finished sending RES #11
04-12 18:57:18.340 8886 9038 V CouchbaseLite/NETWORK: {N8litecore4blip6BLIPIOE#15533} ...Wrote 7 bytes to WebSocket (writeable=1)
04-12 18:57:18.500 8886 9031 V CouchbaseLite/REPLICATOR: {N8litecore4repl6PullerE#15560} {Coll#0} Checkpoint now at '376872124' (collection: 0
04-12 18:57:18.503 8886 9035 V CouchbaseLite/REPLICATOR: {N8litecore4repl9RevFinderE#15570} {Coll#0} Handling 'changes' REQ#16
04-12 18:57:18.504 8886 9035 I CouchbaseLite/REPLICATOR: {N8litecore4repl9RevFinderE#15570} {Coll#0} Received 3 changes (seq '376872132'..'376872135')
04-12 18:57:18.506 8886 9035 I CouchbaseLite/NETWORK: SENDING: RES #16 Z {
04-12 18:57:18.506 8886 9035 I CouchbaseLite/NETWORK: maxHistory: 50
04-12 18:57:18.506 8886 9035 I CouchbaseLite/NETWORK: blobs: true
04-12 18:57:18.506 8886 9035 I CouchbaseLite/NETWORK: BODY: [["6072-22cfd1db0f4194972c35746461697feb"],["6715-a8d8d6f210e31255915b202b65e09758"],["6696-bc2f64ea3d5fae405ba0982082357170"]] }
04-12 18:57:18.507 8886 9035 I CouchbaseLite/REPLICATOR: {N8litecore4repl9RevFinderE#15570} {Coll#0} Responded to 'changes' REQ#16 w/request for 3 revs in 0.002963 sec
04-12 18:57:18.509 8886 9031 V CouchbaseLite/REPLICATOR: {N8litecore4repl6PullerE#15560} {Coll#0} (collection: 0) progress +8/+0, 8 docs -- now 10 / 11, 10 docs
04-12 18:57:18.509 8886 9035 V CouchbaseLite/REPLICATOR: {N8litecore4repl9RevFinderE#15570} {Coll#0} now idle
04-12 18:57:18.516 8886 9035 I CouchbaseLite/REPLICATOR: {Repl#15429} {Coll#0} Saved remote checkpoint 'cp-EUIwC4qPpttqvSBmzfkR34rhris=' as rev='0-42'
04-12 18:57:18.519 8886 9035 I CouchbaseLite/REPLICATOR: {Repl#15429} {Coll#0} Saved local checkpoint 'cp-EUIwC4qPpttqvSBmzfkR34rhris=': {"time":1712962633,"remote":376872115}
04-12 18:57:18.519 8886 9035 I CouchbaseLite/REPLICATOR: {Repl#15429} {Coll#-1} activityLevel=busy: connectionState=2, savingChkpt=1
04-12 18:57:18.520 8886 9035 V CouchbaseLite/NETWORK: {N8litecore4blip6BLIPIOE#15533} Sending RES #12
04-12 18:57:18.522 8886 9035 V CouchbaseLite/NETWORK: {N8litecore4blip6BLIPIOE#15533} Requeuing RES #12...
04-12 18:57:18.522 8886 9035 V CouchbaseLite/NETWORK: {N8litecore4blip6BLIPIOE#15533} Starting writeToWebSocket loop...
04-12 18:57:18.524 8886 9035 V CouchbaseLite/NETWORK: {N8litecore4blip6BLIPIOE#15533} Sending frame: RES #12 ----, bytes 0--4
04-12 18:57:18.525 8886 9035 V CouchbaseLite/NETWORK: {N8litecore4repl12C4SocketImplE#15431} Sending 7-byte message
04-12 18:57:18.527 8886 9035 D CouchbaseLite/NETWORK: [JAVA] ^C4Socket.write@b4000077c9848300(7)
04-12 18:57:18.529 8886 9035 V CouchbaseLite/NETWORK: {N8litecore4blip6BLIPIOE#15533} Finished sending RES #12
04-12 18:57:18.529 8886 9046 D CouchbaseLite/NETWORK: [JAVA] CBLWebSocket@@0xe165695{vC4Socket@xb4000077c9848300 <=> OkHttpSocket@0x46f964c(wss://stage.realtime-sync-gw.wdprapps.disney.com:443/park-platform-pub/_blipsync)}.coreWrites(7)
04-12 18:57:18.529 8886 9035 V CouchbaseLite/NETWORK: {N8litecore4blip6BLIPIOE#15533} ...Wrote 7 bytes to WebSocket (writeable=1)
04-12 18:57:18.529 8886 9046 D CouchbaseLite/NETWORK: [JAVA] OkHttpSocket@0x46f964c.write(7)
04-12 18:57:18.531 8886 9046 D CouchbaseLite/NETWORK: [JAVA] vC4Socket@xb4000077c9848300.ackWriteToCore(7)
04-12 18:57:18.539 8886 9031 I CouchbaseLite/REPLICATOR: {N8litecore4repl6PullerE#15560} {Coll#0} activityLevel=busy: pendingResponseCount=0, _caughtUp=1, _pendingRevMessages=1, _activeIncomingRevs=0, _waitingRevMessages=0, _unfinishedIncomingRevs=0
04-12 18:57:20.075 8886 9032 I CouchbaseLite/REPLICATOR: {Repl#15429} {Coll#-1} pushStatus=stopped, pullStatus=busy, progress=2/11/2
04-12 18:57:20.076 8886 9032 V CouchbaseLite/REPLICATOR: {Repl#15429} {Coll#-1} Replicator status collection-wise: pushStatus=stopped, pullStatus=busy, progress=2/11, docCount=2
04-12 18:57:20.076 8886 9032 I CouchbaseLite/REPLICATOR: {Repl#15429} {Coll#-1} activityLevel=busy: connectionState=2, savingChkpt=1
04-12 18:57:20.106 8886 9038 V CouchbaseLite/NETWORK: {N8litecore4blip6BLIPIOE#15533} Sending RES #13
04-12 18:57:20.107 8886 9038 V CouchbaseLite/NETWORK: {N8litecore4blip6BLIPIOE#15533} Requeuing RES #13...
04-12 18:57:20.108 8886 9038 V CouchbaseLite/NETWORK: {N8litecore4blip6BLIPIOE#15533} Starting writeToWebSocket loop...
04-12 18:57:20.110 8886 9038 V CouchbaseLite/NETWORK: {N8litecore4blip6BLIPIOE#15533} Sending frame: RES #13 ----, bytes 0--4
04-12 18:57:20.111 8886 9038 V CouchbaseLite/NETWORK: {N8litecore4repl12C4SocketImplE#15431} Sending 7-byte message
04-12 18:57:20.113 8886 9038 D CouchbaseLite/NETWORK: [JAVA] ^C4Socket.write@b4000077c9848300(7)
04-12 18:57:20.114 8886 9049 D CouchbaseLite/NETWORK: [JAVA] CBLWebSocket@@0xe165695{vC4Socket@xb4000077c9848300 <=> OkHttpSocket@0x46f964c(wss://stage.realtime-sync-gw.wdprapps.disney.com:443/park-platform-pub/_blipsync)}.coreWrites(7)
04-12 18:57:20.114 8886 9049 D CouchbaseLite/NETWORK: [JAVA] OkHttpSocket@0x46f964c.write(7)
04-12 18:57:20.114 8886 9038 V CouchbaseLite/NETWORK: {N8litecore4blip6BLIPIOE#15533} Finished sending RES #13
04-12 18:57:20.114 8886 9049 D CouchbaseLite/NETWORK: [JAVA] vC4Socket@xb4000077c9848300.ackWriteToCore(7)
04-12 18:57:20.115 8886 9038 V CouchbaseLite/NETWORK: {N8litecore4blip6BLIPIOE#15533} ...Wrote 7 bytes to WebSocket (writeable=1)
04-12 18:57:20.136 8886 9033 V CouchbaseLite/REPLICATOR: {N8litecore4repl11IncomingRevE#20208} {Coll#0} Received revision 'wdw.facilities.1_0.en_us.tour.17122;entityType=tour' #6225-ad608bc8781b67175986ae9f68aa3824 (seq '376872128')
04-12 18:57:20.137 8886 9033 V CouchbaseLite/REPLICATOR: {N8litecore4repl11IncomingRevE#20208} {Coll#0} _mayContainBlobChanges=0
04-12 18:57:20.138 8886 9033 V CouchbaseLite/REPLICATOR: {N8litecore4repl11IncomingRevE#20208} {Coll#0} _mayContainEncryptedProperties=0
04-12 18:57:20.138 8886 9033 I CouchbaseLite/REPLICATOR: {N8litecore4repl6PullerE#15560} {Coll#0} activityLevel=busy: pendingResponseCount=0, _caughtUp=1, _pendingRevMessages=0, _activeIncomingRevs=1, _waitingRevMessages=0, _unfinishedIncomingRevs=1
04-12 18:57:20.401 8886 9035 I CouchbaseLite/REPLICATOR: {Repl#15429} {Coll#-1} pushStatus=stopped, pullStatus=busy, progress=2/11/2
04-12 18:57:20.409 8886 9035 V CouchbaseLite/REPLICATOR: {Repl#15429} {Coll#-1} Replicator status collection-wise: pushStatus=stopped, pullStatus=busy, progress=2/11, docCount=2
04-12 18:57:20.409 8886 9035 I CouchbaseLite/REPLICATOR: {Repl#15429} {Coll#-1} activityLevel=busy: connectionState=2, savingChkpt=1
04-12 18:57:20.409 8886 9035 V CouchbaseLite/NETWORK: {N8litecore4blip6BLIPIOE#15533} Sending RES #14
04-12 18:57:20.410 8886 9035 V CouchbaseLite/NETWORK: {N8litecore4blip6BLIPIOE#15533} Requeuing RES #14...
04-12 18:57:20.410 8886 9035 V CouchbaseLite/NETWORK: {N8litecore4blip6BLIPIOE#15533} Starting writeToWebSocket loop...
04-12 18:57:20.410 8886 9035 V CouchbaseLite/NETWORK: {N8litecore4blip6BLIPIOE#15533} Sending frame: RES #14 ----, bytes 0--4
04-12 18:57:20.410 8886 9035 V CouchbaseLite/NETWORK: {N8litecore4repl12C4SocketImplE#15431} Sending 7-byte message
04-12 18:57:20.415 8886 9035 D CouchbaseLite/NETWORK: [JAVA] ^C4Socket.write@b4000077c9848300(7)
04-12 18:57:20.416 8886 9039 D CouchbaseLite/NETWORK: [JAVA] CBLWebSocket@@0xe165695{vC4Socket@xb4000077c9848300 <=> OkHttpSocket@0x46f964c(wss://stage.realtime-sync-gw.wdprapps.disney.com:443/park-platform-pub/_blipsync)}.coreWrites(7)
04-12 18:57:20.416 8886 9039 D CouchbaseLite/NETWORK: [JAVA] OkHttpSocket@0x46f964c.write(7)
04-12 18:57:20.416 8886 9039 D CouchbaseLite/NETWORK: [JAVA] vC4Socket@xb4000077c9848300.ackWriteToCore(7)
04-12 18:57:20.424 8886 9035 V CouchbaseLite/NETWORK: {N8litecore4blip6BLIPIOE#15533} Finished sending RES #14
04-12 18:57:20.424 8886 9035 V CouchbaseLite/NETWORK: {N8litecore4blip6BLIPIOE#15533} ...Wrote 7 bytes to WebSocket (writeable=1)
04-12 18:57:20.426 8886 9031 V CouchbaseLite/REPLICATOR: {N8litecore4repl6PullerE#15560} {Coll#0} Now waiting for 3 'rev' messages; 4 known sequences pending
04-12 18:57:20.430 8886 9031 V CouchbaseLite/REPLICATOR: {N8litecore4repl6PullerE#15560} {Coll#0} (collection: 0) progress +0/+3, 0 docs -- now 10 / 14, 10 docs
04-12 18:57:20.433 8886 9031 I CouchbaseLite/REPLICATOR: {N8litecore4repl6PullerE#15560} {Coll#0} activityLevel=busy: pendingResponseCount=0, _caughtUp=1, _pendingRevMessages=3, _activeIncomingRevs=1, _waitingRevMessages=0, _unfinishedIncomingRevs=1
04-12 18:57:20.437 8886 9031 V CouchbaseLite/REPLICATOR: {N8litecore4repl8InserterE#19277} {Coll#0} Inserting 1 revs:
04-12 18:57:20.455 8886 9031 V CouchbaseLite/REPLICATOR: {N8litecore4repl8InserterE#19277} {Coll#0} {'wdw.facilities.1_0.en_us.tour.17122;entityType=tour (_default)' #6225-ad608bc8781b67175986ae9f68aa3824 <- 6224-dee492cbfbf0d59a2f14d487a4015cea} seq 7605
04-12 18:57:20.461 8886 9031 I CouchbaseLite/NETWORK: SENDING: RES #17 { }
04-12 18:57:20.462 8886 9031 I CouchbaseLite/REPLICATOR: {N8litecore4repl8InserterE#19277} {Coll#0} Inserted 1 revs in 24.34ms ( 41/sec) of which 99.0% was commit
04-12 18:57:20.534 8886 9036 I CouchbaseLite/REPLICATOR: {Repl#15429} {Coll#-1} pushStatus=stopped, pullStatus=busy, progress=10/11/10
04-12 18:57:20.535 8886 9036 V CouchbaseLite/REPLICATOR: {Repl#15429} {Coll#-1} Replicator status collection-wise: pushStatus=stopped, pullStatus=busy, progress=10/11, docCount=10
04-12 18:57:20.535 8886 9036 V CouchbaseLite/REPLICATOR: {Repl#15429} {Coll#-1} (collection: 4294967295) progress +8/+0, 8 docs -- now 10 / 11, 10 docs
04-12 18:57:20.536 8886 9037 V CouchbaseLite/NETWORK: {N8litecore4blip6BLIPIOE#15533} Sending RES #15
04-12 18:57:20.537 8886 9037 V CouchbaseLite/NETWORK: {N8litecore4blip6BLIPIOE#15533} Requeuing RES #15...
04-12 18:57:20.537 8886 9037 V CouchbaseLite/NETWORK: {N8litecore4blip6BLIPIOE#15533} Starting writeToWebSocket loop...
04-12 18:57:20.539 8886 9037 V CouchbaseLite/NETWORK: {N8litecore4blip6BLIPIOE#15533} Sending frame: RES #15 ----, bytes 0--4
04-12 18:57:20.540 8886 9037 V CouchbaseLite/NETWORK: {N8litecore4repl12C4SocketImplE#15431} Sending 7-byte message
04-12 18:57:20.541 8886 9037 D CouchbaseLite/NETWORK: [JAVA] ^C4Socket.write@b4000077c9848300(7)
04-12 18:57:20.542 8886 9049 D CouchbaseLite/NETWORK: [JAVA] CBLWebSocket@@0xe165695{vC4Socket@xb4000077c9848300 <=> OkHttpSocket@0x46f964c(wss://stage.realtime-sync-gw.wdprapps.disney.com:443/park-platform-pub/_blipsync)}.coreWrites(7)
04-12 18:57:20.542 8886 9049 D CouchbaseLite/NETWORK: [JAVA] OkHttpSocket@0x46f964c.write(7)
04-12 18:57:20.542 8886 9036 I CouchbaseLite/REPLICATOR: {Repl#15429} {Coll#-1} activityLevel=busy: connectionState=2, savingChkpt=1
04-12 18:57:20.542 8886 9049 D CouchbaseLite/NETWORK: [JAVA] vC4Socket@xb4000077c9848300.ackWriteToCore(7)
04-12 18:57:20.542 8886 9036 I CouchbaseLite/REPLICATOR: {C4Replicator#15430} State: busy, progress=90.91%
04-12 18:57:20.543 8886 9036 D CouchbaseLite/REPLICATOR: [JAVA] C4Replicator.statusChangedCallback(0x6b98c561) C4CommonRepl{@0xbb891ab/@xb4000077b97f8190, @0x89417fa, SocketFactory{@URLEndpoint{url=wss://stage.realtime-sync-gw.wdprapps.disney.com/park-platform-pub/}}'}: C4ReplicatorStatus{level=4,completed=10,total=11,#docs=10,domain=0,code=0,info=0}
04-12 18:57:20.543 8886 9047 I CouchbaseLite/REPLICATOR: [JAVA] status changed: (0, 0) @C4ReplicatorStatus{level=4,completed=10,total=11,#docs=10,domain=0,code=0,info=0} for Replicator{@0x89417fa(<*),Database{@@0x5c116b6: 'finder.73600.en_us-stage'} => URLEndpoint{url=wss://stage.realtime-sync-gw.wdprapps.disney.com/park-platform-pub/}}$C4CommonRepl{@0xbb891ab/@xb4000077b97f8190, @0x89417fa, SocketFactory{@URLEndpoint{url=wss://stage.realtime-sync-gw.wdprapps.disney.com/park-platform-pub/}}'}
04-12 18:57:20.543 8886 9047 D CouchbaseLite/NETWORK: [JAVA] Offline state change for com.couchbase.lite.internal.replicator.AndroidConnectivityObserver@fd135d9: BUSY -> true
04-12 18:57:20.544 8886 9047 I CouchbaseLite/REPLICATOR: [JAVA] State changed BUSY => BUSY(10/11): null for Replicator{@0x89417fa(<*),Database{@@0x5c116b6: 'finder.73600.en_us-stage'} => URLEndpoint{url=wss://stage.realtime-sync-gw.wdprapps.disney.com/park-platform-pub/}}$C4CommonRepl{@0xbb891ab/@xb4000077b97f8190, @0x89417fa, SocketFactory{@URLEndpoint{url=wss://stage.realtime-sync-gw.wdprapps.disney.com/park-platform-pub/}}'}
04-12 18:57:20.550 8886 9036 V CouchbaseLite/REPLICATOR: {N8litecore4repl6PullerE#15560} 1 revs were provisionally handled; down to 0 active
04-12 18:57:20.550 8886 9036 I CouchbaseLite/REPLICATOR: {N8litecore4repl6PullerE#15560} {Coll#0} activityLevel=busy: pendingResponseCount=0, _caughtUp=1, _pendingRevMessages=3, _activeIncomingRevs=0, _waitingRevMessages=0, _unfinishedIncomingRevs=1
04-12 18:57:20.553 8886 9037 V CouchbaseLite/NETWORK: {N8litecore4blip6BLIPIOE#15533} Finished sending RES #15
04-12 18:57:20.554 8886 9037 V CouchbaseLite/NETWORK: {N8litecore4blip6BLIPIOE#15533} ...Wrote 7 bytes to WebSocket (writeable=1)
04-12 18:57:20.585 8886 9032 V CouchbaseLite/REPLICATOR: {Repl#15429} {Coll#0} Saving remote checkpoint 'cp-EUIwC4qPpttqvSBmzfkR34rhris=' over rev='0-42': {"time":1712962640,"remote":376872124} ...
04-12 18:57:20.586 8886 9034 V CouchbaseLite/REPLICATOR: {N8litecore4repl6PullerE#15560} {Coll#0} Checkpoint now at '376872128' (collection: 0
04-12 18:57:20.587 8886 9034 V CouchbaseLite/REPLICATOR: {N8litecore4repl6PullerE#15560} {Coll#0} (collection: 0) progress +1/+0, 1 docs -- now 11 / 14, 11 docs
04-12 18:57:20.587 8886 9034 I CouchbaseLite/REPLICATOR: {N8litecore4repl6PullerE#15560} {Coll#0} activityLevel=busy: pendingResponseCount=0, _caughtUp=1, _pendingRevMessages=3, _activeIncomingRevs=0, _waitingRevMessages=0, _unfinishedIncomingRevs=0
04-12 18:57:20.588 8886 9032 I CouchbaseLite/NETWORK: SENDING: REQ #0 {
04-12 18:57:20.588 8886 9032 I CouchbaseLite/NETWORK: Profile: setCheckpoint
04-12 18:57:20.588 8886 9032 I CouchbaseLite/NETWORK: client: cp-EUIwC4qPpttqvSBmzfkR34rhris=
04-12 18:57:20.588 8886 9032 I CouchbaseLite/NETWORK: rev: 0-42
04-12 18:57:20.588 8886 9032 I CouchbaseLite/NETWORK: BODY: {"time":1712962640,"remote":376872124} }
04-12 18:57:20.589 8886 9034 V CouchbaseLite/NETWORK: {N8litecore4blip6BLIPIOE#15533} Sending RES #16 Z
04-12 18:57:20.590 8886 9034 V CouchbaseLite/NETWORK: {N8litecore4blip6BLIPIOE#15533} Requeuing RES #16...
04-12 18:57:20.591 8886 9034 V CouchbaseLite/NETWORK: {N8litecore4blip6BLIPIOE#15533} Starting writeToWebSocket loop...
04-12 18:57:20.595 8886 9032 I CouchbaseLite/REPLICATOR: {Repl#15429} {Coll#-1} activityLevel=busy: connectionState=2, savingChkpt=1
04-12 18:57:20.597 8886 9034 V CouchbaseLite/NETWORK: {N8litecore4blip6BLIPIOE#15533} Sending frame: RES #16 ---C, bytes 0--97
04-12 18:57:20.597 8886 9034 V CouchbaseLite/NETWORK: {N8litecore4repl12C4SocketImplE#15431} Sending 100-byte message
04-12 18:57:20.598 8886 9034 D CouchbaseLite/NETWORK: [JAVA] ^C4Socket.write@b4000077c9848300(100)
04-12 18:57:20.598 8886 9046 D CouchbaseLite/NETWORK: [JAVA] CBLWebSocket@@0xe165695{vC4Socket@xb4000077c9848300 <=> OkHttpSocket@0x46f964c(wss://stage.realtime-sync-gw.wdprapps.disney.com:443/park-platform-pub/_blipsync)}.coreWrites(100)
04-12 18:57:20.599 8886 9046 D CouchbaseLite/NETWORK: [JAVA] OkHttpSocket@0x46f964c.write(100)
04-12 18:57:20.599 8886 9046 D CouchbaseLite/NETWORK: [JAVA] vC4Socket@xb4000077c9848300.ackWriteToCore(100)
04-12 18:57:20.601 8886 9034 V CouchbaseLite/NETWORK: {N8litecore4blip6BLIPIOE#15533} Finished sending RES #16 Z
04-12 18:57:20.602 8886 9034 V CouchbaseLite/NETWORK: {N8litecore4blip6BLIPIOE#15533} ...Wrote 100 bytes to WebSocket (writeable=1)
04-12 18:57:20.810 8886 9418 D CouchbaseLite/NETWORK: [JAVA] OkHttpSocket@0x46f964c.onBytes(75)
04-12 18:57:20.810 8886 9418 D CouchbaseLite/NETWORK: [JAVA] CBLWebSocket@@0xe165695{vC4Socket@xb4000077c9848300 <=> OkHttpSocket@0x46f964c(wss://stage.realtime-sync-gw.wdprapps.disney.com:443/park-platform-pub/_blipsync)}.remoteWrites: 75
04-12 18:57:20.811 8886 9418 D CouchbaseLite/NETWORK: [JAVA] vC4Socket@xb4000077c9848300.sendToCore(75)
04-12 18:57:20.811 8886 9418 V CouchbaseLite/NETWORK: {N8litecore4repl12C4SocketImplE#15431} Received 75-byte message
04-12 18:57:20.811 8886 9418 D CouchbaseLite/NETWORK: [JAVA] OkHttpSocket@0x46f964c.onBytes(81)
04-12 18:57:20.811 8886 9418 D CouchbaseLite/NETWORK: [JAVA] CBLWebSocket@@0xe165695{vC4Socket@xb4000077c9848300 <=> OkHttpSocket@0x46f964c(wss://stage.realtime-sync-gw.wdprapps.disney.com:443/park-platform-pub/_blipsync)}.remoteWrites: 81
04-12 18:57:20.811 8886 9418 D CouchbaseLite/NETWORK: [JAVA] vC4Socket@xb4000077c9848300.sendToCore(81)
04-12 18:57:20.811 8886 9418 V CouchbaseLite/NETWORK: {N8litecore4repl12C4SocketImplE#15431} Received 81-byte message
04-12 18:57:20.811 8886 9418 D CouchbaseLite/NETWORK: [JAVA] OkHttpSocket@0x46f964c.onBytes(77)
04-12 18:57:20.812 8886 9418 D CouchbaseLite/NETWORK: [JAVA] CBLWebSocket@@0xe165695{vC4Socket@xb4000077c9848300 <=> OkHttpSocket@0x46f964c(wss://stage.realtime-sync-gw.wdprapps.disney.com:443/park-platform-pub/_blipsync)}.remoteWrites: 77
04-12 18:57:20.812 8886 9418 D CouchbaseLite/NETWORK: [JAVA] vC4Socket@xb4000077c9848300.sendToCore(77)
04-12 18:57:20.812 8886 9418 V CouchbaseLite/NETWORK: {N8litecore4repl12C4SocketImplE#15431} Received 77-byte message
04-12 18:57:22.427 8886 9033 V CouchbaseLite/NETWORK: {N8litecore4blip6BLIPIOE#15533} Sending RES #17
04-12 18:57:22.428 8886 9033 V CouchbaseLite/NETWORK: {N8litecore4blip6BLIPIOE#15533} Requeuing RES #17...
04-12 18:57:22.428 8886 9033 V CouchbaseLite/NETWORK: {N8litecore4blip6BLIPIOE#15533} Starting writeToWebSocket loop...
04-12 18:57:22.431 8886 9033 V CouchbaseLite/NETWORK: {N8litecore4blip6BLIPIOE#15533} Sending frame: RES #17 ----, bytes 0--4
04-12 18:57:22.432 8886 9033 V CouchbaseLite/NETWORK: {N8litecore4repl12C4SocketImplE#15431} Sending 7-byte message
04-12 18:57:22.445 8886 9033 D CouchbaseLite/NETWORK: [JAVA] ^C4Socket.write@b4000077c9848300(7)
04-12 18:57:22.451 8886 9030 D CouchbaseLite/NETWORK: [JAVA] CBLWebSocket@@0xe165695{vC4Socket@xb4000077c9848300 <=> OkHttpSocket@0x46f964c(wss://stage.realtime-sync-gw.wdprapps.disney.com:443/park-platform-pub/_blipsync)}.coreWrites(7)
04-12 18:57:22.451 8886 9030 D CouchbaseLite/NETWORK: [JAVA] OkHttpSocket@0x46f964c.write(7)
04-12 18:57:22.452 8886 9030 D CouchbaseLite/NETWORK: [JAVA] vC4Socket@xb4000077c9848300.ackWriteToCore(7)
04-12 18:57:22.476 8886 9033 V CouchbaseLite/NETWORK: {N8litecore4blip6BLIPIOE#15533} Finished sending RES #17
04-12 18:57:22.478 8886 9033 V CouchbaseLite/NETWORK: {N8litecore4blip6BLIPIOE#15533} ...Wrote 7 bytes to WebSocket (writeable=1)
04-12 18:57:22.526 8886 9035 I CouchbaseLite/REPLICATOR: {Repl#15429} {Coll#-1} pushStatus=stopped, pullStatus=busy, progress=10/14/10
04-12 18:57:22.544 8886 9035 V CouchbaseLite/REPLICATOR: {Repl#15429} {Coll#-1} Replicator status collection-wise: pushStatus=stopped, pullStatus=busy, progress=10/14, docCount=10
04-12 18:57:22.544 8886 9035 V CouchbaseLite/REPLICATOR: {Repl#15429} {Coll#-1} (collection: 4294967295) progress +0/+3, 0 docs -- now 10 / 14, 10 docs
04-12 18:57:22.545 8886 9035 I CouchbaseLite/REPLICATOR: {Repl#15429} {Coll#-1} activityLevel=busy: connectionState=2, savingChkpt=1
04-12 18:57:22.546 8886 9035 I CouchbaseLite/REPLICATOR: {C4Replicator#15430} State: busy, progress=71.43%
04-12 18:57:22.546 8886 9035 D CouchbaseLite/REPLICATOR: [JAVA] C4Replicator.statusChangedCallback(0x6b98c561) C4CommonRepl{@0xbb891ab/@xb4000077b97f8190, @0x89417fa, SocketFactory{@URLEndpoint{url=wss://stage.realtime-sync-gw.wdprapps.disney.com/park-platform-pub/}}'}: C4ReplicatorStatus{level=4,completed=10,total=14,#docs=10,domain=0,code=0,info=0}
04-12 18:57:22.548 8886 9039 I CouchbaseLite/REPLICATOR: [JAVA] status changed: (0, 0) @C4ReplicatorStatus{level=4,completed=10,total=14,#docs=10,domain=0,code=0,info=0} for Replicator{@0x89417fa(<*),Database{@@0x5c116b6: 'finder.73600.en_us-stage'} => URLEndpoint{url=wss://stage.realtime-sync-gw.wdprapps.disney.com/park-platform-pub/}}$C4CommonRepl{@0xbb891ab/@xb4000077b97f8190, @0x89417fa, SocketFactory{@URLEndpoint{url=wss://stage.realtime-sync-gw.wdprapps.disney.com/park-platform-pub/}}'}
04-12 18:57:22.548 8886 9039 D CouchbaseLite/NETWORK: [JAVA] Offline state change for com.couchbase.lite.internal.replicator.AndroidConnectivityObserver@fd135d9: BUSY -> true
04-12 18:57:22.550 8886 9039 I CouchbaseLite/REPLICATOR: [JAVA] State changed BUSY => BUSY(10/14): null for Replicator{@0x89417fa(<*),Database{@@0x5c116b6: 'finder.73600.en_us-stage'} => URLEndpoint{url=wss://stage.realtime-sync-gw.wdprapps.disney.com/park-platform-pub/}}$C4CommonRepl{@0xbb891ab/@xb4000077b97f8190, @0x89417fa, SocketFactory{@URLEndpoint{url=wss://stage.realtime-sync-gw.wdprapps.disney.com/park-platform-pub/}}'}
04-12 18:57:22.652 8886 9038 V CouchbaseLite/NETWORK: {N8litecore4blip6BLIPIOE#15533} Sending 'setCheckpoint' REQ #0
04-12 18:57:22.655 8886 9038 V CouchbaseLite/NETWORK: {N8litecore4blip6BLIPIOE#15533} Requeuing REQ #0...
04-12 18:57:22.655 8886 9038 V CouchbaseLite/NETWORK: {N8litecore4blip6BLIPIOE#15533} Starting writeToWebSocket loop...
04-12 18:57:22.657 8886 9038 V CouchbaseLite/NETWORK: {N8litecore4blip6BLIPIOE#15533} Sending frame: REQ #5 ----, bytes 0--112
04-12 18:57:22.658 8886 9038 V CouchbaseLite/NETWORK: {N8litecore4repl12C4SocketImplE#15431} Sending 115-byte message
04-12 18:57:22.659 8886 9038 D CouchbaseLite/NETWORK: [JAVA] ^C4Socket.write@b4000077c9848300(115)
04-12 18:57:22.661 8886 9049 D CouchbaseLite/NETWORK: [JAVA] CBLWebSocket@@0xe165695{vC4Socket@xb4000077c9848300 <=> OkHttpSocket@0x46f964c(wss://stage.realtime-sync-gw.wdprapps.disney.com:443/park-platform-pub/_blipsync)}.coreWrites(115)
04-12 18:57:22.661 8886 9049 D CouchbaseLite/NETWORK: [JAVA] OkHttpSocket@0x46f964c.write(115)
04-12 18:57:22.661 8886 9049 D CouchbaseLite/NETWORK: [JAVA] vC4Socket@xb4000077c9848300.ackWriteToCore(115)
04-12 18:57:22.661 8886 9038 V CouchbaseLite/NETWORK: {N8litecore4blip6BLIPIOE#15533} Finished sending REQ #5
04-12 18:57:22.662 8886 9038 V CouchbaseLite/NETWORK: {N8litecore4blip6BLIPIOE#15533} ...Wrote 115 bytes to WebSocket (writeable=1)
04-12 18:57:22.736 8886 9033 I CouchbaseLite/REPLICATOR: {Repl#15429} {Coll#-1} pushStatus=stopped, pullStatus=busy, progress=11/14/11
04-12 18:57:22.736 8886 9033 V CouchbaseLite/REPLICATOR: {Repl#15429} {Coll#-1} Replicator status collection-wise: pushStatus=stopped, pullStatus=busy, progress=11/14, docCount=11
04-12 18:57:22.736 8886 9033 V CouchbaseLite/REPLICATOR: {Repl#15429} {Coll#-1} (collection: 4294967295) progress +1/+0, 1 docs -- now 11 / 14, 11 docs
04-12 18:57:22.748 8886 9033 I CouchbaseLite/REPLICATOR: {Repl#15429} {Coll#-1} activityLevel=busy: connectionState=2, savingChkpt=1
04-12 18:57:22.752 8886 9033 I CouchbaseLite/REPLICATOR: {C4Replicator#15430} State: busy, progress=78.57%
04-12 18:57:22.753 8886 9033 D CouchbaseLite/REPLICATOR: [JAVA] C4Replicator.statusChangedCallback(0x6b98c561) C4CommonRepl{@0xbb891ab/@xb4000077b97f8190, @0x89417fa, SocketFactory{@URLEndpoint{url=wss://stage.realtime-sync-gw.wdprapps.disney.com/park-platform-pub/}}'}: C4ReplicatorStatus{level=4,completed=11,total=14,#docs=11,domain=0,code=0,info=0}
04-12 18:57:22.753 8886 9033 V CouchbaseLite/NETWORK: {N8litecore4blip6BLIPIOE#15533} Received frame: REQ #18 ---C, length 73
04-12 18:57:22.753 8886 9047 I CouchbaseLite/REPLICATOR: [JAVA] status changed: (0, 0) @C4ReplicatorStatus{level=4,completed=11,total=14,#docs=11,domain=0,code=0,info=0} for Replicator{@0x89417fa(<*),Database{@@0x5c116b6: 'finder.73600.en_us-stage'} => URLEndpoint{url=wss://stage.realtime-sync-gw.wdprapps.disney.com/park-platform-pub/}}$C4CommonRepl{@0xbb891ab/@xb4000077b97f8190, @0x89417fa, SocketFactory{@URLEndpoint{url=wss://stage.realtime-sync-gw.wdprapps.disney.com/park-platform-pub/}}'}
04-12 18:57:22.753 8886 9047 D CouchbaseLite/NETWORK: [JAVA] Offline state change for com.couchbase.lite.internal.replicator.AndroidConnectivityObserver@fd135d9: BUSY -> true
04-12 18:57:22.754 8886 9047 I CouchbaseLite/REPLICATOR: [JAVA] State changed BUSY => BUSY(11/14): null for Replicator{@0x89417fa(<*),Database{@@0x5c116b6: 'finder.73600.en_us-stage'} => URLEndpoint{url=wss://stage.realtime-sync-gw.wdprapps.disney.com/park-platform-pub/}}$C4CommonRepl{@0xbb891ab/@xb4000077b97f8190, @0x89417fa, SocketFactory{@URLEndpoint{url=wss://stage.realtime-sync-gw.wdprapps.disney.com/park-platform-pub/}}'}
04-12 18:57:22.755 8886 9033 V CouchbaseLite/NETWORK: {N8litecore4blip10ConnectionE#15428} Receiving 'rev' REQ #18 Z
04-12 18:57:22.755 8886 9033 V CouchbaseLite/NETWORK: {N8litecore4blip10ConnectionE#15428} Finished receiving 'rev' REQ #18 Z
04-12 18:57:22.756 8886 9033 I CouchbaseLite/NETWORK: RECEIVED: REQ #18 Z {
04-12 18:57:22.756 8886 9033 I CouchbaseLite/NETWORK: id: wdw.facilities.1_0.en_us.tour.13438;entityType=tour
04-12 18:57:22.756 8886 9033 I CouchbaseLite/NETWORK: rev: 6073-d75f5292c2cb54f99a1684c3ec51e208
04-12 18:57:22.756 8886 9033 I CouchbaseLite/NETWORK: sequence: 376872132
04-12 18:57:22.756 8886 9033 I CouchbaseLite/NETWORK: history: 6072-22cfd1db0f4194972c35746461697feb
04-12 18:57:22.756 8886 9033 I CouchbaseLite/NETWORK: deltaSrc: 6072-22cfd1db0f4194972c35746461697feb
04-12 18:57:22.756 8886 9033 I CouchbaseLite/NETWORK: Content-Type: application/json
04-12 18:57:22.756 8886 9033 I CouchbaseLite/NETWORK: Profile: rev
04-12 18:57:22.756 8886 9033 I CouchbaseLite/NETWORK: BODY: {"lastUpdate":"2024-04-12T22:57:07.301224Z"} }
04-12 18:57:22.756 8886 9033 D CouchbaseLite/NETWORK: [JAVA] ^C4Socket.completedReceive@b4000077c9848300(75)
04-12 18:57:22.757 8886 9046 D CouchbaseLite/NETWORK: [JAVA] CBLWebSocket@@0xe165695{vC4Socket@xb4000077c9848300 <=> OkHttpSocket@0x46f964c(wss://stage.realtime-sync-gw.wdprapps.disney.com:443/park-platform-pub/_blipsync)}.coreAckReceive: 75
04-12 18:57:22.774 8886 9033 V CouchbaseLite/NETWORK: {N8litecore4blip6BLIPIOE#15533} Received frame: REQ #19 ---C, length 79
04-12 18:57:22.778 8886 9033 V CouchbaseLite/NETWORK: {N8litecore4blip10ConnectionE#15428} Receiving 'rev' REQ #19 Z
04-12 18:57:22.780 8886 9033 V CouchbaseLite/NETWORK: {N8litecore4blip10ConnectionE#15428} Finished receiving 'rev' REQ #19 Z
04-12 18:57:22.782 8886 9033 I CouchbaseLite/NETWORK: RECEIVED: REQ #19 Z {
04-12 18:57:22.782 8886 9033 I CouchbaseLite/NETWORK: history: 6715-a8d8d6f210e31255915b202b65e09758
04-12 18:57:22.782 8886 9033 I CouchbaseLite/NETWORK: deltaSrc: 6715-a8d8d6f210e31255915b202b65e09758
04-12 18:57:22.782 8886 9033 I CouchbaseLite/NETWORK: Content-Type: application/json
04-12 18:57:22.782 8886 9033 I CouchbaseLite/NETWORK: Profile: rev
04-12 18:57:22.782 8886 9033 I CouchbaseLite/NETWORK: id: wdw.facilities.1_0.en_us.tour.16247184;entityType=tour
04-12 18:57:22.782 8886 9033 I CouchbaseLite/NETWORK: rev: 6716-8fadd4524b45f8a1a58f3b8d11ca281a
04-12 18:57:22.782 8886 9033 I CouchbaseLite/NETWORK: sequence: 376872133
04-12 18:57:22.782 8886 9033 I CouchbaseLite/NETWORK: BODY: {"lastUpdate":"2024-04-12T22:57:07.304378Z"} }
04-12 18:57:22.783 8886 9033 D CouchbaseLite/NETWORK: [JAVA] ^C4Socket.completedReceive@b4000077c9848300(81)
