04-12 18:58:39.298 8886 10543 D CouchbaseLite/NETWORK: [JAVA] CBLWebSocket@@0x1c16ddf{vC4Socket@xb4000077c9932790 <=> OkHttpSocket@0xfcc8c83(wss://stage.realtime-sync-gw.wdprapps.disney.com:443/park-platform-priv/_blipsync)}.remoteWrites: 7
04-12 18:58:39.298 8886 10543 D CouchbaseLite/NETWORK: [JAVA] vC4Socket@xb4000077c9932790.sendToCore(7)
04-12 18:58:39.300 8886 9034 I CouchbaseLite/REPLICATOR: {N8litecore4repl6PullerE#28523} {Coll#0} activityLevel=idle: pendingResponseCount=0, _caughtUp=1, _pendingRevMessages=0, _activeIncomingRevs=0, _waitingRevMessages=0, _unfinishedIncomingRevs=0
04-12 18:58:39.301 8886 9034 V CouchbaseLite/REPLICATOR: {N8litecore4repl6PullerE#28523} {Coll#0} now idle
04-12 18:58:39.302 8886 9034 I CouchbaseLite/REPLICATOR: {Repl#28450} {Coll#-1} pushStatus=stopped, pullStatus=idle, progress=0/0/0
04-12 18:58:39.303 8886 9035 I CouchbaseLite/REPLICATOR: {N8litecore4repl9RevFinderE#28563} {Coll#0} Caught up with remote changes
04-12 18:58:39.303 8886 9035 V CouchbaseLite/REPLICATOR: {N8litecore4repl9RevFinderE#28563} {Coll#0} now idle
04-12 18:58:39.303 8886 9035 I CouchbaseLite/REPLICATOR: {N8litecore4repl6PullerE#28540} {Coll#0} activityLevel=idle: pendingResponseCount=0, _caughtUp=1, _pendingRevMessages=0, _activeIncomingRevs=0, _waitingRevMessages=0, _unfinishedIncomingRevs=0
04-12 18:58:39.304 8886 9035 V CouchbaseLite/REPLICATOR: {N8litecore4repl6PullerE#28540} {Coll#0} now idle
04-12 18:58:39.304 8886 9035 I CouchbaseLite/REPLICATOR: {Repl#28443} {Coll#-1} pushStatus=stopped, pullStatus=busy, progress=0/0/0
04-12 18:58:39.304 8886 9035 V CouchbaseLite/REPLICATOR: {Repl#28443} {Coll#-1} Replicator status collection-wise: pushStatus=stopped, pullStatus=busy, progress=0/0, docCount=0
04-12 18:58:39.304 8886 9035 I CouchbaseLite/REPLICATOR: {Repl#28443} {Coll#-1} activityLevel=busy: connectionState=2, savingChkpt=0
04-12 18:58:39.304 8886 9035 I CouchbaseLite/REPLICATOR: {Repl#28443} {Coll#-1} pushStatus=stopped, pullStatus=idle, progress=0/0/0
04-12 18:58:39.305 8886 9035 V CouchbaseLite/REPLICATOR: {Repl#28443} {Coll#-1} Replicator status collection-wise: pushStatus=stopped, pullStatus=idle, progress=0/0, docCount=0
04-12 18:58:39.305 8886 9035 I CouchbaseLite/REPLICATOR: {Repl#28443} {Coll#-1} activityLevel=idle: connectionState=2, savingChkpt=0
04-12 18:58:39.305 8886 9035 I CouchbaseLite/REPLICATOR: {Repl#28443} {Coll#-1} now idle
04-12 18:58:39.305 8886 9035 I CouchbaseLite/REPLICATOR: {C4Replicator#28444} State: idle, progress=0.00%
04-12 18:58:39.306 8886 9034 V CouchbaseLite/REPLICATOR: {Repl#28450} {Coll#-1} Replicator status collection-wise: pushStatus=stopped, pullStatus=idle, progress=0/0, docCount=0
04-12 18:58:39.307 8886 9034 I CouchbaseLite/REPLICATOR: {Repl#28450} {Coll#-1} activityLevel=idle: connectionState=2, savingChkpt=0
04-12 18:58:39.308 8886 9034 I CouchbaseLite/REPLICATOR: {Repl#28450} {Coll#-1} now idle
04-12 18:58:39.309 8886 9034 I CouchbaseLite/REPLICATOR: {C4Replicator#28451} State: idle, progress=0.00%
04-12 18:58:39.310 8886 9034 D CouchbaseLite/REPLICATOR: [JAVA] C4Replicator.statusChangedCallback(0x63e3e2d0) C4CommonRepl{@0xecf3879/@xb4000077b97cfd90, @0xa810140, SocketFactory{@URLEndpoint{url=wss://stage.realtime-sync-gw.wdprapps.disney.com/park-platform-semipriv}}'}: C4ReplicatorStatus{level=3,completed=0,total=0,#docs=0,domain=0,code=0,info=0}
04-12 18:58:39.311 8886 10543 V CouchbaseLite/NETWORK: {N8litecore4repl12C4SocketImplE#28460} Received 7-byte message
04-12 18:58:39.311 8886 9048 I CouchbaseLite/REPLICATOR: [JAVA] status changed: (0, 0) @C4ReplicatorStatus{level=3,completed=0,total=0,#docs=0,domain=0,code=0,info=0} for Replicator{@0xa810140(<*),Database{@@0x2e0afa2: 'finder-semi-private.73600.en_us'} => URLEndpoint{url=wss://stage.realtime-sync-gw.wdprapps.disney.com/park-platform-semipriv}}$C4CommonRepl{@0xecf3879/@xb4000077b97cfd90, @0xa810140, SocketFactory{@URLEndpoint{url=wss://stage.realtime-sync-gw.wdprapps.disney.com/park-platform-semipriv}}'}
04-12 18:58:39.311 8886 9048 D CouchbaseLite/NETWORK: [JAVA] Offline state change for com.couchbase.lite.internal.replicator.AndroidConnectivityObserver@3231e9: BUSY -> true
04-12 18:58:39.312 8886 9048 I CouchbaseLite/REPLICATOR: [JAVA] State changed BUSY => IDLE(0/0): null for Replicator{@0xa810140(<*),Database{@@0x2e0afa2: 'finder-semi-private.73600.en_us'} => URLEndpoint{url=wss://stage.realtime-sync-gw.wdprapps.disney.com/park-platform-semipriv}}$C4CommonRepl{@0xecf3879/@xb4000077b97cfd90, @0xa810140, SocketFactory{@URLEndpoint{url=wss://stage.realtime-sync-gw.wdprapps.disney.com/park-platform-semipriv}}'}
04-12 18:58:39.312 8886 10543 D CouchbaseLite/NETWORK: [JAVA] OkHttpSocket@0xfcc8c83.onBytes(63)
04-12 18:58:39.314 8886 9033 V CouchbaseLite/REPLICATOR: {N8litecore4repl9RevFinderE#28562} {Coll#0} now idle
04-12 18:58:39.315 8886 10543 D CouchbaseLite/NETWORK: [JAVA] CBLWebSocket@@0x1c16ddf{vC4Socket@xb4000077c9932790 <=> OkHttpSocket@0xfcc8c83(wss://stage.realtime-sync-gw.wdprapps.disney.com:443/park-platform-priv/_blipsync)}.remoteWrites: 63
04-12 18:58:39.315 8886 9038 V CouchbaseLite/NETWORK: {N8litecore4blip6BLIPIOE#28518} Received frame: RES #2 ----, length 5
04-12 18:58:39.315 8886 10543 D CouchbaseLite/NETWORK: [JAVA] vC4Socket@xb4000077c9932790.sendToCore(63)
04-12 18:58:39.315 8886 9038 V CouchbaseLite/NETWORK: {N8litecore4blip6BLIPIOE#28518} RES #2 has reached the end of its frames
04-12 18:58:39.316 8886 9038 V CouchbaseLite/NETWORK: {N8litecore4blip10ConnectionE#28457} Receiving RES #2
04-12 18:58:39.316 8886 9035 D CouchbaseLite/REPLICATOR: [JAVA] C4Replicator.statusChangedCallback(0x26236f4e) C4CommonRepl{@0xe439d27/@xb4000077b97d2790, @0x19673e6, SocketFactory{@URLEndpoint{url=wss://stage.realtime-sync-gw.wdprapps.disney.com/park-platform-pub/}}'}: C4ReplicatorStatus{level=3,completed=0,total=0,#docs=0,domain=0,code=0,info=0}
04-12 18:58:39.316 8886 9038 V CouchbaseLite/NETWORK: {N8litecore4blip10ConnectionE#28457} Finished receiving RES #2
04-12 18:58:39.317 8886 10543 V CouchbaseLite/NETWORK: {N8litecore4repl12C4SocketImplE#28460} Received 63-byte message
04-12 18:58:39.318 8886 9039 I CouchbaseLite/REPLICATOR: [JAVA] status changed: (0, 0) @C4ReplicatorStatus{level=3,completed=0,total=0,#docs=0,domain=0,code=0,info=0} for Replicator{@0x19673e6(<*),Database{@@0x5c116b6: 'finder.73600.en_us-stage'} => URLEndpoint{url=wss://stage.realtime-sync-gw.wdprapps.disney.com/park-platform-pub/}}$C4CommonRepl{@0xe439d27/@xb4000077b97d2790, @0x19673e6, SocketFactory{@URLEndpoint{url=wss://stage.realtime-sync-gw.wdprapps.disney.com/park-platform-pub/}}'}
04-12 18:58:39.318 8886 9039 D CouchbaseLite/NETWORK: [JAVA] Offline state change for com.couchbase.lite.internal.replicator.AndroidConnectivityObserver@80619be: BUSY -> true
04-12 18:58:39.319 8886 9039 I CouchbaseLite/REPLICATOR: [JAVA] State changed BUSY => IDLE(0/0): null for Replicator{@0x19673e6(<*),Database{@@0x5c116b6: 'finder.73600.en_us-stage'} => URLEndpoint{url=wss://stage.realtime-sync-gw.wdprapps.disney.com/park-platform-pub/}}$C4CommonRepl{@0xe439d27/@xb4000077b97d2790, @0x19673e6, SocketFactory{@URLEndpoint{url=wss://stage.realtime-sync-gw.wdprapps.disney.com/park-platform-pub/}}'}
04-12 18:58:39.319 8886 9031 I CouchbaseLite/REPLICATOR: {N8litecore4repl6PullerE#28546} {Coll#0} activityLevel=busy: pendingResponseCount=0, _caughtUp=0, _pendingRevMessages=0, _activeIncomingRevs=0, _waitingRevMessages=0, _unfinishedIncomingRevs=0
04-12 18:58:39.320 8886 9038 I CouchbaseLite/NETWORK: RECEIVED: RES #2 { }
04-12 18:58:39.321 8886 9033 I CouchbaseLite/REPLICATOR: {Repl#28450} {Coll#-1} pushStatus=stopped, pullStatus=idle, progress=0/0/0
04-12 18:58:39.321 8886 9038 D CouchbaseLite/NETWORK: [JAVA] ^C4Socket.completedReceive@b4000077c9932790(7)
04-12 18:58:39.321 8886 9033 V CouchbaseLite/REPLICATOR: {Repl#28450} {Coll#-1} Replicator status collection-wise: pushStatus=stopped, pullStatus=idle, progress=0/0, docCount=0
04-12 18:58:39.321 8886 9033 I CouchbaseLite/REPLICATOR: {Repl#28450} {Coll#-1} activityLevel=idle: connectionState=2, savingChkpt=0
04-12 18:58:39.322 8886 9046 D CouchbaseLite/NETWORK: [JAVA] CBLWebSocket@@0x1c16ddf{vC4Socket@xb4000077c9932790 <=> OkHttpSocket@0xfcc8c83(wss://stage.realtime-sync-gw.wdprapps.disney.com:443/park-platform-priv/_blipsync)}.coreAckReceive: 7
04-12 18:58:39.322 8886 9038 V CouchbaseLite/NETWORK: {N8litecore4blip6BLIPIOE#28518} Received frame: REQ #1 --NC, length 61
04-12 18:58:39.330 8886 9038 V CouchbaseLite/NETWORK: {N8litecore4blip10ConnectionE#28457} Receiving 'changes' REQ #1 NZ
04-12 18:58:39.331 8886 9038 V CouchbaseLite/NETWORK: {N8litecore4blip10ConnectionE#28457} Finished receiving 'changes' REQ #1 NZ
04-12 18:58:39.332 8886 9038 I CouchbaseLite/NETWORK: RECEIVED: REQ #1 NZ {
04-12 18:58:39.332 8886 9038 I CouchbaseLite/NETWORK: Profile: changes
04-12 18:58:39.332 8886 9038 I CouchbaseLite/NETWORK: Content-Type: application/json
04-12 18:58:39.332 8886 9038 I CouchbaseLite/NETWORK: BODY: null }
04-12 18:58:39.333 8886 9036 I CouchbaseLite/REPLICATOR: {Repl#28458} {Coll#-1} activityLevel=busy: connectionState=2, savingChkpt=0
04-12 18:58:39.333 8886 9038 D CouchbaseLite/NETWORK: [JAVA] ^C4Socket.completedReceive@b4000077c9932790(63)
04-12 18:58:39.333 8886 9034 I CouchbaseLite/REPLICATOR: {N8litecore4repl9RevFinderE#28564}==> N8litecore4repl9RevFinderE {Repl#28458} @0xb4000077c98e9d30
04-12 18:58:39.334 8886 9050 D CouchbaseLite/NETWORK: [JAVA] CBLWebSocket@@0x1c16ddf{vC4Socket@xb4000077c9932790 <=> OkHttpSocket@0xfcc8c83(wss://stage.realtime-sync-gw.wdprapps.disney.com:443/park-platform-priv/_blipsync)}.coreAckReceive: 63
04-12 18:58:39.334 8886 9034 V CouchbaseLite/REPLICATOR: {N8litecore4repl9RevFinderE#28564} {Coll#0} Handling 'changes' REQ#1
04-12 18:58:39.334 8886 9034 I CouchbaseLite/REPLICATOR: {N8litecore4repl9RevFinderE#28564} {Coll#0} Caught up with remote changes
04-12 18:58:39.334 8886 9034 V CouchbaseLite/REPLICATOR: {N8litecore4repl9RevFinderE#28564} {Coll#0} now idle
04-12 18:58:39.335 8886 9032 I CouchbaseLite/REPLICATOR: {N8litecore4repl6PullerE#28546} {Coll#0} activityLevel=idle: pendingResponseCount=0, _caughtUp=1, _pendingRevMessages=0, _activeIncomingRevs=0, _waitingRevMessages=0, _unfinishedIncomingRevs=0
04-12 18:58:39.337 8886 9032 V CouchbaseLite/REPLICATOR: {N8litecore4repl6PullerE#28546} {Coll#0} now idle
04-12 18:58:39.338 8886 9034 I CouchbaseLite/REPLICATOR: {Repl#28458} {Coll#-1} pushStatus=idle, pullStatus=busy, progress=0/0/0
04-12 18:58:39.339 8886 9034 V CouchbaseLite/REPLICATOR: {Repl#28458} {Coll#-1} Replicator status collection-wise: pushStatus=idle, pullStatus=busy, progress=0/0, docCount=0
04-12 18:58:39.339 8886 9034 I CouchbaseLite/REPLICATOR: {Repl#28458} {Coll#-1} activityLevel=busy: connectionState=2, savingChkpt=0
04-12 18:58:39.340 8886 9034 I CouchbaseLite/REPLICATOR: {Repl#28458} {Coll#-1} pushStatus=idle, pullStatus=idle, progress=0/0/0
04-12 18:58:39.341 8886 9034 V CouchbaseLite/REPLICATOR: {Repl#28458} {Coll#-1} Replicator status collection-wise: pushStatus=idle, pullStatus=idle, progress=0/0, docCount=0
04-12 18:58:39.342 8886 9034 I CouchbaseLite/REPLICATOR: {Repl#28458} {Coll#-1} activityLevel=idle: connectionState=2, savingChkpt=0
04-12 18:58:39.342 8886 9034 I CouchbaseLite/REPLICATOR: {Repl#28458} {Coll#-1} now idle
04-12 18:58:39.343 8886 9034 I CouchbaseLite/REPLICATOR: {C4Replicator#28459} State: idle, progress=0.00%
04-12 18:58:39.344 8886 9034 D CouchbaseLite/REPLICATOR: [JAVA] C4Replicator.statusChangedCallback(0x5b25b4bc) C4CommonRepl{@0x8855222/@xb4000077b97a93d0, @0xc5a0204, SocketFactory{@URLEndpoint{url=wss://stage.realtime-sync-gw.wdprapps.disney.com/park-platform-priv}}'}: C4ReplicatorStatus{level=3,completed=0,total=0,#docs=0,domain=0,code=0,info=0}
04-12 18:58:39.345 8886 9047 I CouchbaseLite/REPLICATOR: [JAVA] status changed: (0, 0) @C4ReplicatorStatus{level=3,completed=0,total=0,#docs=0,domain=0,code=0,info=0} for Replicator{@0xc5a0204(<*>),Database{@@0x97fb813: 'finder-private.73600.en_us'} => URLEndpoint{url=wss://stage.realtime-sync-gw.wdprapps.disney.com/park-platform-priv}}$C4CommonRepl{@0x8855222/@xb4000077b97a93d0, @0xc5a0204, SocketFactory{@URLEndpoint{url=wss://stage.realtime-sync-gw.wdprapps.disney.com/park-platform-priv}}'}
04-12 18:58:39.345 8886 9047 D CouchbaseLite/NETWORK: [JAVA] Offline state change for com.couchbase.lite.internal.replicator.AndroidConnectivityObserver@43ad8c9: BUSY -> true
04-12 18:58:39.346 8886 9047 I CouchbaseLite/REPLICATOR: [JAVA] State changed BUSY => IDLE(0/0): null for Replicator{@0xc5a0204(<*>),Database{@@0x97fb813: 'finder-private.73600.en_us'} => URLEndpoint{url=wss://stage.realtime-sync-gw.wdprapps.disney.com/park-platform-priv}}$C4CommonRepl{@0x8855222/@xb4000077b97a93d0, @0xc5a0204, SocketFactory{@URLEndpoint{url=wss://stage.realtime-sync-gw.wdprapps.disney.com/park-platform-priv}}'}
04-12 18:58:45.476 8886 8886 I CouchbaseLite/REPLICATOR: [JAVA] Replicator{@0x19673e6(<*),Database{@@0x5c116b6: 'finder.73600.en_us-stage'} => URLEndpoint{url=wss://stage.realtime-sync-gw.wdprapps.disney.com/park-platform-pub/}}$C4CommonRepl{@0xe439d27/@xb4000077b97d2790, @0x19673e6, SocketFactory{@URLEndpoint{url=wss://stage.realtime-sync-gw.wdprapps.disney.com/park-platform-pub/}}'}: Replicator is stopping (C4CommonRepl{@0xe439d27/@xb4000077b97d2790, @0x19673e6, SocketFactory{@URLEndpoint{url=wss://stage.realtime-sync-gw.wdprapps.disney.com/park-platform-pub/}}'})
04-12 18:58:45.477 8886 8886 I CouchbaseLite/REPLICATOR: [JAVA] Replicator{@0xa810140(<*),Database{@@0x2e0afa2: 'finder-semi-private.73600.en_us'} => URLEndpoint{url=wss://stage.realtime-sync-gw.wdprapps.disney.com/park-platform-semipriv}}$C4CommonRepl{@0xecf3879/@xb4000077b97cfd90, @0xa810140, SocketFactory{@URLEndpoint{url=wss://stage.realtime-sync-gw.wdprapps.disney.com/park-platform-semipriv}}'}: Replicator is stopping (C4CommonRepl{@0xecf3879/@xb4000077b97cfd90, @0xa810140, SocketFactory{@URLEndpoint{url=wss://stage.realtime-sync-gw.wdprapps.disney.com/park-platform-semipriv}}'})
04-12 18:58:45.477 8886 8886 I CouchbaseLite/REPLICATOR: [JAVA] Replicator{@0xc5a0204(<*>),Database{@@0x97fb813: 'finder-private.73600.en_us'} => URLEndpoint{url=wss://stage.realtime-sync-gw.wdprapps.disney.com/park-platform-priv}}$C4CommonRepl{@0x8855222/@xb4000077b97a93d0, @0xc5a0204, SocketFactory{@URLEndpoint{url=wss://stage.realtime-sync-gw.wdprapps.disney.com/park-platform-priv}}'}: Replicator is stopping (C4CommonRepl{@0x8855222/@xb4000077b97a93d0, @0xc5a0204, SocketFactory{@URLEndpoint{url=wss://stage.realtime-sync-gw.wdprapps.disney.com/park-platform-priv}}'})
04-12 18:58:45.482 8886 9033 I CouchbaseLite/REPLICATOR: {Repl#28450} {Coll#-1} Told to stop!
04-12 18:58:45.483 8886 9033 I CouchbaseLite/NETWORK: {N8litecore4blip10ConnectionE#28449} Closing with code 1000, msg ''
04-12 18:58:45.483 8886 9033 I CouchbaseLite/REPLICATOR: {Repl#28450} {Coll#-1} activityLevel=busy: connectionState=3, savingChkpt=0
04-12 18:58:45.487 8886 9031 I CouchbaseLite/REPLICATOR: {Repl#28443} {Coll#-1} Told to stop!
04-12 18:58:45.488 8886 9031 I CouchbaseLite/NETWORK: {N8litecore4blip10ConnectionE#28442} Closing with code 1000, msg ''
04-12 18:58:45.490 8886 9033 I CouchbaseLite/REPLICATOR: {Repl#28450} {Coll#-1} now busy
04-12 18:58:45.490 8886 9033 I CouchbaseLite/REPLICATOR: {C4Replicator#28451} State: busy, progress=0.00%
04-12 18:58:45.491 8886 9033 D CouchbaseLite/REPLICATOR: [JAVA] C4Replicator.statusChangedCallback(0x63e3e2d0) C4CommonRepl{@0xecf3879/@xb4000077b97cfd90, @0xa810140, SocketFactory{@URLEndpoint{url=wss://stage.realtime-sync-gw.wdprapps.disney.com/park-platform-semipriv}}'}: C4ReplicatorStatus{level=4,completed=0,total=0,#docs=0,domain=0,code=0,info=0}
04-12 18:58:45.491 8886 9031 I CouchbaseLite/REPLICATOR: {Repl#28443} {Coll#-1} activityLevel=busy: connectionState=3, savingChkpt=0
04-12 18:58:45.491 8886 9031 I CouchbaseLite/REPLICATOR: {Repl#28443} {Coll#-1} now busy
04-12 18:58:45.492 8886 9049 I CouchbaseLite/REPLICATOR: [JAVA] status changed: (0, 0) @C4ReplicatorStatus{level=4,completed=0,total=0,#docs=0,domain=0,code=0,info=0} for Replicator{@0xa810140(<*),Database{@@0x2e0afa2: 'finder-semi-private.73600.en_us'} => URLEndpoint{url=wss://stage.realtime-sync-gw.wdprapps.disney.com/park-platform-semipriv}}$C4CommonRepl{@0xecf3879/@xb4000077b97cfd90, @0xa810140, SocketFactory{@URLEndpoint{url=wss://stage.realtime-sync-gw.wdprapps.disney.com/park-platform-semipriv}}'}
04-12 18:58:45.492 8886 9031 I CouchbaseLite/REPLICATOR: {C4Replicator#28444} State: busy, progress=0.00%
04-12 18:58:45.492 8886 9049 D CouchbaseLite/NETWORK: [JAVA] Offline state change for com.couchbase.lite.internal.replicator.AndroidConnectivityObserver@3231e9: IDLE -> true
04-12 18:58:45.492 8886 9031 D CouchbaseLite/REPLICATOR: [JAVA] C4Replicator.statusChangedCallback(0x26236f4e) C4CommonRepl{@0xe439d27/@xb4000077b97d2790, @0x19673e6, SocketFactory{@URLEndpoint{url=wss://stage.realtime-sync-gw.wdprapps.disney.com/park-platform-pub/}}'}: C4ReplicatorStatus{level=4,completed=0,total=0,#docs=0,domain=0,code=0,info=0}
04-12 18:58:45.492 8886 9038 I CouchbaseLite/NETWORK: {N8litecore4repl12C4SocketImplE#28445} Requesting close with status=1000, message=''
04-12 18:58:45.493 8886 9046 I CouchbaseLite/REPLICATOR: [JAVA] status changed: (0, 0) @C4ReplicatorStatus{level=4,completed=0,total=0,#docs=0,domain=0,code=0,info=0} for Replicator{@0x19673e6(<*),Database{@@0x5c116b6: 'finder.73600.en_us-stage'} => URLEndpoint{url=wss://stage.realtime-sync-gw.wdprapps.disney.com/park-platform-pub/}}$C4CommonRepl{@0xe439d27/@xb4000077b97d2790, @0x19673e6, SocketFactory{@URLEndpoint{url=wss://stage.realtime-sync-gw.wdprapps.disney.com/park-platform-pub/}}'}
04-12 18:58:45.493 8886 9046 D CouchbaseLite/NETWORK: [JAVA] Offline state change for com.couchbase.lite.internal.replicator.AndroidConnectivityObserver@80619be: IDLE -> true
04-12 18:58:45.493 8886 9046 I CouchbaseLite/REPLICATOR: [JAVA] State changed IDLE => BUSY(0/0): null for Replicator{@0x19673e6(<*),Database{@@0x5c116b6: 'finder.73600.en_us-stage'} => URLEndpoint{url=wss://stage.realtime-sync-gw.wdprapps.disney.com/park-platform-pub/}}$C4CommonRepl{@0xe439d27/@xb4000077b97d2790, @0x19673e6, SocketFactory{@URLEndpoint{url=wss://stage.realtime-sync-gw.wdprapps.disney.com/park-platform-pub/}}'}
04-12 18:58:45.494 8886 9032 I CouchbaseLite/REPLICATOR: {Repl#28458} {Coll#-1} Told to stop!
04-12 18:58:45.494 8886 9032 I CouchbaseLite/NETWORK: {N8litecore4blip10ConnectionE#28457} Closing with code 1000, msg ''
04-12 18:58:45.495 8886 9038 D CouchbaseLite/NETWORK: [JAVA] ^C4Socket.requestClose@b4000077c99337c0(1000): 'null'
04-12 18:58:45.495 8886 9048 D CouchbaseLite/NETWORK: [JAVA] CBLWebSocket@@0xf7a7db1{vC4Socket@xb4000077c99337c0 <=> OkHttpSocket@0xc15b858(wss://stage.realtime-sync-gw.wdprapps.disney.com:443/park-platform-pub/_blipsync)}.coreRequestsClose: CloseStatus{6:1000, null}
04-12 18:58:45.496 8886 9048 D CouchbaseLite/NETWORK: [JAVA] OkHttpSocket@0xc15b858.close: CloseStatus{6:1000, null}
04-12 18:58:45.496 8886 9032 I CouchbaseLite/REPLICATOR: {Repl#28458} {Coll#-1} activityLevel=busy: connectionState=3, savingChkpt=0
04-12 18:58:45.496 8886 9037 I CouchbaseLite/NETWORK: {N8litecore4repl12C4SocketImplE#28452} Requesting close with status=1000, message=''
04-12 18:58:45.497 8886 9038 I CouchbaseLite/NETWORK: {N8litecore4repl12C4SocketImplE#28460} Requesting close with status=1000, message=''
04-12 18:58:45.497 8886 9037 D CouchbaseLite/NETWORK: [JAVA] ^C4Socket.requestClose@b4000077c98a66c0(1000): 'null'
04-12 18:58:45.497 8886 9038 D CouchbaseLite/NETWORK: [JAVA] ^C4Socket.requestClose@b4000077c9932790(1000): 'null'
04-12 18:58:45.500 8886 9047 D CouchbaseLite/NETWORK: [JAVA] CBLWebSocket@@0xe33037a{vC4Socket@xb4000077c98a66c0 <=> OkHttpSocket@0x9f303a5(wss://stage.realtime-sync-gw.wdprapps.disney.com:443/park-platform-semipriv/_blipsync)}.coreRequestsClose: CloseStatus{6:1000, null}
04-12 18:58:45.500 8886 9047 D CouchbaseLite/NETWORK: [JAVA] OkHttpSocket@0x9f303a5.close: CloseStatus{6:1000, null}
04-12 18:58:45.500 8886 9047 D CouchbaseLite/NETWORK: [JAVA] CBLWebSocket@@0x1c16ddf{vC4Socket@xb4000077c9932790 <=> OkHttpSocket@0xfcc8c83(wss://stage.realtime-sync-gw.wdprapps.disney.com:443/park-platform-priv/_blipsync)}.coreRequestsClose: CloseStatus{6:1000, null}
04-12 18:58:45.500 8886 9047 D CouchbaseLite/NETWORK: [JAVA] OkHttpSocket@0xfcc8c83.close: CloseStatus{6:1000, null}
04-12 18:58:45.504 8886 9049 I CouchbaseLite/REPLICATOR: [JAVA] State changed IDLE => BUSY(0/0): null for Replicator{@0xa810140(<*),Database{@@0x2e0afa2: 'finder-semi-private.73600.en_us'} => URLEndpoint{url=wss://stage.realtime-sync-gw.wdprapps.disney.com/park-platform-semipriv}}$C4CommonRepl{@0xecf3879/@xb4000077b97cfd90, @0xa810140, SocketFactory{@URLEndpoint{url=wss://stage.realtime-sync-gw.wdprapps.disney.com/park-platform-semipriv}}'}
04-12 18:58:45.527 8886 9032 I CouchbaseLite/REPLICATOR: {Repl#28458} {Coll#-1} now busy
04-12 18:58:45.531 8886 9032 I CouchbaseLite/REPLICATOR: {C4Replicator#28459} State: busy, progress=0.00%
04-12 18:58:45.531 8886 9032 D CouchbaseLite/REPLICATOR: [JAVA] C4Replicator.statusChangedCallback(0x5b25b4bc) C4CommonRepl{@0x8855222/@xb4000077b97a93d0, @0xc5a0204, SocketFactory{@URLEndpoint{url=wss://stage.realtime-sync-gw.wdprapps.disney.com/park-platform-priv}}'}: C4ReplicatorStatus{level=4,completed=0,total=0,#docs=0,domain=0,code=0,info=0}
04-12 18:58:45.532 8886 9030 I CouchbaseLite/REPLICATOR: [JAVA] status changed: (0, 0) @C4ReplicatorStatus{level=4,completed=0,total=0,#docs=0,domain=0,code=0,info=0} for Replicator{@0xc5a0204(<*>),Database{@@0x97fb813: 'finder-private.73600.en_us'} => URLEndpoint{url=wss://stage.realtime-sync-gw.wdprapps.disney.com/park-platform-priv}}$C4CommonRepl{@0x8855222/@xb4000077b97a93d0, @0xc5a0204, SocketFactory{@URLEndpoint{url=wss://stage.realtime-sync-gw.wdprapps.disney.com/park-platform-priv}}'}
04-12 18:58:45.532 8886 9030 D CouchbaseLite/NETWORK: [JAVA] Offline state change for com.couchbase.lite.internal.replicator.AndroidConnectivityObserver@43ad8c9: IDLE -> true
04-12 18:58:45.532 8886 9030 I CouchbaseLite/REPLICATOR: [JAVA] State changed IDLE => BUSY(0/0): null for Replicator{@0xc5a0204(<*>),Database{@@0x97fb813: 'finder-private.73600.en_us'} => URLEndpoint{url=wss://stage.realtime-sync-gw.wdprapps.disney.com/park-platform-priv}}$C4CommonRepl{@0x8855222/@xb4000077b97a93d0, @0xc5a0204, SocketFactory{@URLEndpoint{url=wss://stage.realtime-sync-gw.wdprapps.disney.com/park-platform-priv}}'}
04-12 18:58:45.620 8886 10542 D CouchbaseLite/NETWORK: [JAVA] OkHttpSocket@0xc15b858.onClosing(1000): ''
04-12 18:58:45.620 8886 10542 D CouchbaseLite/NETWORK: [JAVA] CBLWebSocket@@0xf7a7db1{vC4Socket@xb4000077c99337c0 <=> OkHttpSocket@0xc15b858(wss://stage.realtime-sync-gw.wdprapps.disney.com:443/park-platform-pub/_blipsync)}.remoteRequestsClose: CloseStatus{0:1000, }
04-12 18:58:45.620 8886 10542 D CouchbaseLite/NETWORK: [JAVA] StateMachine@0x3ca6e6e: transition OPEN => CLOSING
04-12 18:58:45.620 8886 10542 D CouchbaseLite/NETWORK: [JAVA] vC4Socket@xb4000077c99337c0.requestCoreClose(1000): ''
04-12 18:58:45.626 8886 10542 V CouchbaseLite/NETWORK: {N8litecore4repl12C4SocketImplE#28445} Calling requestClose when the socket is pending close
04-12 18:58:45.627 8886 10542 D CouchbaseLite/NETWORK: [JAVA] OkHttpSocket@0xc15b858.onClosed(1000): ''
04-12 18:58:45.628 8886 10542 D CouchbaseLite/NETWORK: [JAVA] CBLWebSocket@@0xf7a7db1{vC4Socket@xb4000077c99337c0 <=> OkHttpSocket@0xc15b858(wss://stage.realtime-sync-gw.wdprapps.disney.com:443/park-platform-pub/_blipsync)}.remoteClosed: CloseStatus{6:1000, }
04-12 18:58:45.629 8886 10542 D CouchbaseLite/NETWORK: [JAVA] StateMachine@0x3ca6e6e: transition CLOSING => CLOSED
04-12 18:58:45.629 8886 10542 D CouchbaseLite/NETWORK: [JAVA] vC4Socket@xb4000077c99337c0.closeCore(1, 0): ''
04-12 18:58:45.629 8886 10542 I CouchbaseLite/NETWORK: {N8litecore4repl12C4SocketImplE#28445} WebSocket closed normally
04-12 18:58:45.629 8886 10542 I CouchbaseLite/NETWORK: {N8litecore4repl12C4SocketImplE#28445} sent 1158 bytes, rcvd 160, in 6.650 sec (174/sec, 24/sec)
04-12 18:58:45.633 8886 9034 I CouchbaseLite/NETWORK: {N8litecore4blip10ConnectionE#28442} Closed with WebSocket/HTTP status 1000:
04-12 18:58:45.634 8886 10543 D CouchbaseLite/NETWORK: [JAVA] OkHttpSocket@0xfcc8c83.onClosing(1000): ''
04-12 18:58:45.635 8886 10543 D CouchbaseLite/NETWORK: [JAVA] CBLWebSocket@@0x1c16ddf{vC4Socket@xb4000077c9932790 <=> OkHttpSocket@0xfcc8c83(wss://stage.realtime-sync-gw.wdprapps.disney.com:443/park-platform-priv/_blipsync)}.remoteRequestsClose: CloseStatus{0:1000, }
04-12 18:58:45.635 8886 10543 D CouchbaseLite/NETWORK: [JAVA] StateMachine@0x84fea2c: transition OPEN => CLOSING
04-12 18:58:45.635 8886 10543 D CouchbaseLite/NETWORK: [JAVA] vC4Socket@xb4000077c9932790.requestCoreClose(1000): ''
04-12 18:58:45.635 8886 10543 V CouchbaseLite/NETWORK: {N8litecore4repl12C4SocketImplE#28460} Calling requestClose when the socket is pending close
04-12 18:58:45.635 8886 10543 D CouchbaseLite/NETWORK: [JAVA] OkHttpSocket@0xfcc8c83.onClosed(1000): ''
04-12 18:58:45.635 8886 10543 D CouchbaseLite/NETWORK: [JAVA] CBLWebSocket@@0x1c16ddf{vC4Socket@xb4000077c9932790 <=> OkHttpSocket@0xfcc8c83(wss://stage.realtime-sync-gw.wdprapps.disney.com:443/park-platform-priv/_blipsync)}.remoteClosed: CloseStatus{6:1000, }
04-12 18:58:45.635 8886 10543 D CouchbaseLite/NETWORK: [JAVA] StateMachine@0x84fea2c: transition CLOSING => CLOSED
04-12 18:58:45.635 8886 10543 D CouchbaseLite/NETWORK: [JAVA] vC4Socket@xb4000077c9932790.closeCore(1, 0): ''
04-12 18:58:45.635 8886 10543 I CouchbaseLite/NETWORK: {N8litecore4repl12C4SocketImplE#28460} WebSocket closed normally
04-12 18:58:45.635 8886 10543 I CouchbaseLite/NETWORK: {N8litecore4repl12C4SocketImplE#28460} sent 503 bytes, rcvd 168, in 6.631 sec (76/sec, 25/sec)
04-12 18:58:45.637 8886 9033 I CouchbaseLite/NETWORK: {N8litecore4blip10ConnectionE#28457} Closed with WebSocket/HTTP status 1000:
04-12 18:58:45.637 8886 9032 I CouchbaseLite/REPLICATOR: {Repl#28458} {Coll#-1} Connection closed with WebSocket/HTTP status 1000: "" (state=3->0)
04-12 18:58:45.637 8886 9032 I CouchbaseLite/REPLICATOR: {Repl#28458} {Coll#-1} activityLevel=stopped: connectionState=0, savingChkpt=0
04-12 18:58:45.638 8886 10541 D CouchbaseLite/NETWORK: [JAVA] OkHttpSocket@0x9f303a5.onClosing(1000): ''
04-12 18:58:45.638 8886 10541 D CouchbaseLite/NETWORK: [JAVA] CBLWebSocket@@0xe33037a{vC4Socket@xb4000077c98a66c0 <=> OkHttpSocket@0x9f303a5(wss://stage.realtime-sync-gw.wdprapps.disney.com:443/park-platform-semipriv/_blipsync)}.remoteRequestsClose: CloseStatus{0:1000, }
04-12 18:58:45.638 8886 10541 D CouchbaseLite/NETWORK: [JAVA] StateMachine@0x123d72b: transition OPEN => CLOSING
04-12 18:58:45.638 8886 10541 D CouchbaseLite/NETWORK: [JAVA] vC4Socket@xb4000077c98a66c0.requestCoreClose(1000): ''
04-12 18:58:45.638 8886 9032 I CouchbaseLite/REPLICATOR: {Repl#28458} {Coll#-1} now stopped
04-12 18:58:45.639 8886 9032 I CouchbaseLite/REPLICATOR: {C4Replicator#28459} State: stopped, progress=0.00%
04-12 18:58:45.639 8886 9032 D CouchbaseLite/REPLICATOR: [JAVA] C4Replicator.statusChangedCallback(0x5b25b4bc) C4CommonRepl{@0x8855222/@xb4000077b97a93d0, @0xc5a0204, SocketFactory{@URLEndpoint{url=wss://stage.realtime-sync-gw.wdprapps.disney.com/park-platform-priv}}'}: C4ReplicatorStatus{level=0,completed=0,total=0,#docs=0,domain=0,code=0,info=0}
04-12 18:58:45.639 8886 9039 I CouchbaseLite/REPLICATOR: [JAVA] status changed: (0, 0) @C4ReplicatorStatus{level=0,completed=0,total=0,#docs=0,domain=0,code=0,info=0} for Replicator{@0xc5a0204(<*>),Database{@@0x97fb813: 'finder-private.73600.en_us'} => URLEndpoint{url=wss://stage.realtime-sync-gw.wdprapps.disney.com/park-platform-priv}}$C4CommonRepl{@0x8855222/@xb4000077b97a93d0, @0xc5a0204, SocketFactory{@URLEndpoint{url=wss://stage.realtime-sync-gw.wdprapps.disney.com/park-platform-priv}}'}
04-12 18:58:45.640 8886 9031 I CouchbaseLite/REPLICATOR: {N8litecore4repl6PusherE#28544} {Coll#0} activityLevel=stopped: pendingResponseCount=0, caughtUp=1, changeLists=0, revsInFlight=0, blobsInFlight=0, awaitingReply=0, revsToSend=0, pushingDocs=0, pendingSequences=0
04-12 18:58:45.640 8886 9031 V CouchbaseLite/REPLICATOR: {N8litecore4repl6PusherE#28544} {Coll#0} now stopped
04-12 18:58:45.643 8886 9039 D CouchbaseLite/NETWORK: [JAVA] Offline state change for com.couchbase.lite.internal.replicator.AndroidConnectivityObserver@43ad8c9: BUSY -> true
04-12 18:58:45.643 8886 9039 I CouchbaseLite/REPLICATOR: [JAVA] State changed BUSY => STOPPED(0/0): null for Replicator{@0xc5a0204(<*>),Database{@@0x97fb813: 'finder-private.73600.en_us'} => URLEndpoint{url=wss://stage.realtime-sync-gw.wdprapps.disney.com/park-platform-priv}}$C4CommonRepl{@0x8855222/@xb4000077b97a93d0, @0xc5a0204, SocketFactory{@URLEndpoint{url=wss://stage.realtime-sync-gw.wdprapps.disney.com/park-platform-priv}}'}
04-12 18:58:45.654 8886 9034 I CouchbaseLite/REPLICATOR: {Repl#28443} {Coll#-1} Connection closed with WebSocket/HTTP status 1000: "" (state=3->0)
04-12 18:58:45.657 8886 9034 I CouchbaseLite/REPLICATOR: {Repl#28443} {Coll#-1} activityLevel=stopped: connectionState=0, savingChkpt=0
04-12 18:58:45.659 8886 9035 I CouchbaseLite/REPLICATOR: {N8litecore4repl6PullerE#28546} {Coll#0} activityLevel=stopped: pendingResponseCount=0, _caughtUp=1, _pendingRevMessages=0, _activeIncomingRevs=0, _waitingRevMessages=0, _unfinishedIncomingRevs=0
04-12 18:58:45.661 8886 8886 I CouchbaseLite/REPLICATOR: [JAVA] Replicator is starting
04-12 18:58:45.661 8886 8886 D CouchbaseLite/REPLICATOR: [JAVA] Replication options: {headers={User-Agent=CouchbaseLite/3.1.6-vf002-50983 (Java; Android 13; Pixel 7 Pro) EE/debug, Commit/cddb9521ab@e80006cb3780 Core/3.1.6 (50971)}, maxRetryInterval=300, maxRetries=9, acceptParentDomainCookies=false, auth={password=r7JQaAsQhxT682iv, type=Basic, username=DPECP-MOBILE.WDW.ANDROID-STAGE}, heartbeat=300, onlySelfSignedServer=false, autoPurge=true}
04-12 18:58:45.662 8886 8886 D CouchbaseLite/REPLICATOR: [JAVA] Setting c4 replicator @0x3615d14 for replicator @0x82d6681
04-12 18:58:45.666 8886 9035 V CouchbaseLite/REPLICATOR: {N8litecore4repl6PullerE#28546} {Coll#0} now stopped
04-12 18:58:45.666 8886 9035 I CouchbaseLite/REPLICATOR: BLIP sent 5 msgs (503 bytes), rcvd 1 msgs (168 bytes) in 6.662 sec. Max outbox depth was 1, avg 1.00
04-12 18:58:45.670 8886 9038 I CouchbaseLite/REPLICATOR: {N8litecore4repl6PullerE#28540} {Coll#0} activityLevel=stopped: pendingResponseCount=0, _caughtUp=1, _pendingRevMessages=0, _activeIncomingRevs=0, _waitingRevMessages=0, _unfinishedIncomingRevs=0
04-12 18:58:45.670 8886 9038 V CouchbaseLite/REPLICATOR: {N8litecore4repl6PullerE#28540} {Coll#0} now stopped
04-12 18:58:45.670 8886 9034 I CouchbaseLite/REPLICATOR: {Repl#28443} {Coll#-1} now stopped
04-12 18:58:45.671 8886 10541 V CouchbaseLite/NETWORK: {N8litecore4repl12C4SocketImplE#28452} Calling requestClose when the socket is pending close
04-12 18:58:45.672 8886 10541 D CouchbaseLite/NETWORK: [JAVA] OkHttpSocket@0x9f303a5.onClosed(1000): ''
04-12 18:58:45.672 8886 10541 D CouchbaseLite/NETWORK: [JAVA] CBLWebSocket@@0xe33037a{vC4Socket@xb4000077c98a66c0 <=> OkHttpSocket@0x9f303a5(wss://stage.realtime-sync-gw.wdprapps.disney.com:443/park-platform-semipriv/_blipsync)}.remoteClosed: CloseStatus{6:1000, }
04-12 18:58:45.673 8886 10541 D CouchbaseLite/NETWORK: [JAVA] StateMachine@0x123d72b: transition CLOSING => CLOSED
04-12 18:58:45.673 8886 10541 D CouchbaseLite/NETWORK: [JAVA] vC4Socket@xb4000077c98a66c0.closeCore(1, 0): ''
04-12 18:58:45.673 8886 10541 I CouchbaseLite/NETWORK: {N8litecore4repl12C4SocketImplE#28452} WebSocket closed normally
04-12 18:58:45.673 8886 10541 I CouchbaseLite/NETWORK: {N8litecore4repl12C4SocketImplE#28452} sent 274 bytes, rcvd 117, in 6.654 sec (41/sec, 18/sec)
04-12 18:58:45.673 8886 9033 I CouchbaseLite/NETWORK: {N8litecore4blip10ConnectionE#28449} Closed with WebSocket/HTTP status 1000:
04-12 18:58:45.674 8886 9032 I CouchbaseLite/REPLICATOR: {Repl#28450} {Coll#-1} Connection closed with WebSocket/HTTP status 1000: "" (state=3->0)
04-12 18:58:45.674 8886 9032 I CouchbaseLite/REPLICATOR: {Repl#28450} {Coll#-1} activityLevel=stopped: connectionState=0, savingChkpt=0
04-12 18:58:45.675 8886 9032 I CouchbaseLite/REPLICATOR: {Repl#28450} {Coll#-1} now stopped
04-12 18:58:45.681 8886 9036 I CouchbaseLite/REPLICATOR: {N8litecore4repl6PullerE#28523} {Coll#0} activityLevel=stopped: pendingResponseCount=0, _caughtUp=1, _pendingRevMessages=0, _activeIncomingRevs=0, _waitingRevMessages=0, _unfinishedIncomingRevs=0
04-12 18:58:45.690 8886 9032 I CouchbaseLite/REPLICATOR: {C4Replicator#28451} State: stopped, progress=0.00%
04-12 18:58:45.691 8886 9032 D CouchbaseLite/REPLICATOR: [JAVA] C4Replicator.statusChangedCallback(0x63e3e2d0) C4CommonRepl{@0xecf3879/@xb4000077b97cfd90, @0xa810140, SocketFactory{@URLEndpoint{url=wss://stage.realtime-sync-gw.wdprapps.disney.com/park-platform-semipriv}}'}: C4ReplicatorStatus{level=0,completed=0,total=0,#docs=0,domain=0,code=0,info=0}
04-12 18:58:45.691 8886 9049 I CouchbaseLite/REPLICATOR: [JAVA] status changed: (0, 0) @C4ReplicatorStatus{level=0,completed=0,total=0,#docs=0,domain=0,code=0,info=0} for Replicator{@0xa810140(<*),Database{@@0x2e0afa2: 'finder-semi-private.73600.en_us'} => URLEndpoint{url=wss://stage.realtime-sync-gw.wdprapps.disney.com/park-platform-semipriv}}$C4CommonRepl{@0xecf3879/@xb4000077b97cfd90, @0xa810140, SocketFactory{@URLEndpoint{url=wss://stage.realtime-sync-gw.wdprapps.disney.com/park-platform-semipriv}}'}
04-12 18:58:45.692 8886 9049 D CouchbaseLite/NETWORK: [JAVA] Offline state change for com.couchbase.lite.internal.replicator.AndroidConnectivityObserver@3231e9: BUSY -> true
04-12 18:58:45.692 8886 9049 I CouchbaseLite/REPLICATOR: [JAVA] State changed BUSY => STOPPED(0/0): null for Replicator{@0xa810140(<*),Database{@@0x2e0afa2: 'finder-semi-private.73600.en_us'} => URLEndpoint{url=wss://stage.realtime-sync-gw.wdprapps.disney.com/park-platform-semipriv}}$C4CommonRepl{@0xecf3879/@xb4000077b97cfd90, @0xa810140, SocketFactory{@URLEndpoint{url=wss://stage.realtime-sync-gw.wdprapps.disney.com/park-platform-semipriv}}'}
04-12 18:58:45.693 8886 9034 I CouchbaseLite/REPLICATOR: {C4Replicator#28444} State: stopped, progress=0.00%
04-12 18:58:45.694 8886 9034 D CouchbaseLite/REPLICATOR: [JAVA] C4Replicator.statusChangedCallback(0x26236f4e) C4CommonRepl{@0xe439d27/@xb4000077b97d2790, @0x19673e6, SocketFactory{@URLEndpoint{url=wss://stage.realtime-sync-gw.wdprapps.disney.com/park-platform-pub/}}'}: C4ReplicatorStatus{level=0,completed=0,total=0,#docs=0,domain=0,code=0,info=0}
04-12 18:58:45.694 8886 9030 I CouchbaseLite/REPLICATOR: [JAVA] status changed: (0, 0) @C4ReplicatorStatus{level=0,completed=0,total=0,#docs=0,domain=0,code=0,info=0} for Replicator{@0x19673e6(<*),Database{@@0x5c116b6: 'finder.73600.en_us-stage'} => URLEndpoint{url=wss://stage.realtime-sync-gw.wdprapps.disney.com/park-platform-pub/}}$C4CommonRepl{@0xe439d27/@xb4000077b97d2790, @0x19673e6, SocketFactory{@URLEndpoint{url=wss://stage.realtime-sync-gw.wdprapps.disney.com/park-platform-pub/}}'}
04-12 18:58:45.694 8886 9030 D CouchbaseLite/NETWORK: [JAVA] Offline state change for com.couchbase.lite.internal.replicator.AndroidConnectivityObserver@80619be: BUSY -> true
04-12 18:58:45.694 8886 9030 I CouchbaseLite/REPLICATOR: [JAVA] State changed BUSY => STOPPED(0/0): null for Replicator{@0x19673e6(<*),Database{@@0x5c116b6: 'finder.73600.en_us-stage'} => URLEndpoint{url=wss://stage.realtime-sync-gw.wdprapps.disney.com/park-platform-pub/}}$C4CommonRepl{@0xe439d27/@xb4000077b97d2790, @0x19673e6, SocketFactory{@URLEndpoint{url=wss://stage.realtime-sync-gw.wdprapps.disney.com/park-platform-pub/}}'}
04-12 18:58:45.695 8886 9036 V CouchbaseLite/REPLICATOR: {N8litecore4repl6PullerE#28523} {Coll#0} now stopped
04-12 18:58:45.697 8886 9036 I CouchbaseLite/REPLICATOR: BLIP sent 2 msgs (274 bytes), rcvd 1 msgs (117 bytes) in 6.677 sec. Max outbox depth was 1, avg 1.00
04-12 18:58:45.698 8886 9037 I CouchbaseLite/REPLICATOR: BLIP sent 2 msgs (1158 bytes), rcvd 1 msgs (160 bytes) in 6.716 sec. Max outbox depth was 1, avg 1.00
04-12 18:58:45.706 8886 8886 I CouchbaseLite/NETWORK: {N8litecore4blip10ConnectionE#29108}==> N8litecore4blip10ConnectionE ->wss://stage.realtime-sync-gw.wdprapps.disney.com/park-platform-pub/_blipsync @0xb40000775981a0a0
04-12 18:58:45.706 8886 8886 I CouchbaseLite/NETWORK: {N8litecore4blip10ConnectionE#29108} Opening connection...
04-12 18:58:45.706 8886 8886 I CouchbaseLite/REPLICATOR: {Repl#29109}==> N8litecore4repl10ReplicatorE /data/data/com.disney.wdw.android.debug/files/finder.73600.en_us-stage.cblite2/ ->wss://stage.realtime-sync-gw.wdprapps.disney.com/park-platform-pub/_blipsync @0xb4000077e9ade6a0
04-12 18:58:45.706 8886 8886 I CouchbaseLite/REPLICATOR: {Repl#29109} {Coll#-1} {{Coll#0} "_default": {"Push": disabled, "Pull": continuous}}
04-12 18:58:45.706 8886 8886 I CouchbaseLite/REPLICATOR: Options={acceptParentDomainCookies:false, auth:{password:"********", type:"Basic", username:"DPECP-MOBILE.WDW.ANDROID-STAGE"}, autoPurge:true, headers:{User-Agent:"CouchbaseLite/3.1.6-vf002-50983 (Java; Android 13; Pixel 7 Pro) EE/debug, Commit/cddb9521ab@e80006cb3780 Core/3.1.6 (50971)"}, heartbeat:300, maxRetries:9, maxRetryInterval:300, onlySelfSignedServer:false}
04-12 18:58:45.706 8886 8886 V CouchbaseLite/REPLICATOR: {Repl#29109} {Coll#-1} Remote-DB ID 1 found for target
04-12 18:58:45.706 8886 8886 I CouchbaseLite/REPLICATOR: {C4Replicator#29110}==> N8litecore18C4RemoteReplicatorE 0xb4000077b97d66a0 @0xb4000077b97d66a0
04-12 18:58:45.706 8886 8886 V CouchbaseLite/REPLICATOR: {C4Replicator#29110} C4RemoteRepl 0xb4000077b97d66a0 created Repl 0xb4000077e9ade6a0
04-12 18:58:45.706 8886 8886 I CouchbaseLite/REPLICATOR: {C4Replicator#29110} Starting Replicator {Repl#29109} with config: {{{Coll#0} "_default": {"Push": disabled, "Pull": continuous}}
04-12 18:58:45.706 8886 8886 I CouchbaseLite/REPLICATOR: Options={acceptParentDomainCookies:false, auth:{password:"********", type:"Basic", username:"DPECP-MOBILE.WDW.ANDROID-STAGE"}, autoPurge:true, headers:{User-Agent:"CouchbaseLite/3.1.6-vf002-50983 (Java; Android 13; Pixel 7 Pro) EE/debug, Commit/cddb9521ab@e80006cb3780 Core/3.1.6 (50971)"}, heartbeat:300, maxRetries:9, maxRetryInterval:300, onlySelfSignedServer:false}}
04-12 18:58:45.707 8886 8886 I CouchbaseLite/REPLICATOR: [JAVA] State changed STOPPED => CONNECTING(0/0): null for Replicator{@0x82d6681(<*),Database{@@0x5c116b6: 'finder.73600.en_us-stage'} => URLEndpoint{url=wss://stage.realtime-sync-gw.wdprapps.disney.com/park-platform-pub/}}$C4CommonRepl{@0x3615d14/@xb4000077b97d6690, @0x82d6681, SocketFactory{@URLEndpoint{url=wss://stage.realtime-sync-gw.wdprapps.disney.com/park-platform-pub/}}'}
04-12 18:58:45.708 8886 8886 I CouchbaseLite/REPLICATOR: [JAVA] Replicator is starting
04-12 18:58:45.708 8886 8886 D CouchbaseLite/REPLICATOR: [JAVA] Replication options: {headers={User-Agent=CouchbaseLite/3.1.6-vf002-50983 (Java; Android 13; Pixel 7 Pro) EE/debug, Commit/cddb9521ab@e80006cb3780 Core/3.1.6 (50971)}, maxRetryInterval=300, maxRetries=9, acceptParentDomainCookies=false, auth={password=K8ynstages73eHBgT612, type=Basic, username=MOBILE.WDW.ANDROID-SPRIV-STAGE}, heartbeat=300, onlySelfSignedServer=false, autoPurge=true}
04-12 18:58:45.709 8886 9050 I CouchbaseLite/REPLICATOR: [JAVA] status changed: (0, 0) @C4ReplicatorStatus{level=2,completed=0,total=0,#docs=0,domain=0,code=0,info=0} for Replicator{@0x82d6681(<*),Database{@@0x5c116b6: 'finder.73600.en_us-stage'} => URLEndpoint{url=wss://stage.realtime-sync-gw.wdprapps.disney.com/park-platform-pub/}}$C4CommonRepl{@0x3615d14/@xb4000077b97d6690, @0x82d6681, SocketFactory{@URLEndpoint{url=wss://stage.realtime-sync-gw.wdprapps.disney.com/park-platform-pub/}}'}
04-12 18:58:45.709 8886 9050 D CouchbaseLite/NETWORK: [JAVA] Offline state change for com.couchbase.lite.internal.replicator.AndroidConnectivityObserver@a8fb16b: CONNECTING -> true
04-12 18:58:45.709 8886 8886 D CouchbaseLite/REPLICATOR: [JAVA] Setting c4 replicator @0xaff54c8 for replicator @0xf58deba
04-12 18:58:45.709 8886 9050 I CouchbaseLite/REPLICATOR: [JAVA] State changed CONNECTING => CONNECTING(0/0): null for Replicator{@0x82d6681(<*),Database{@@0x5c116b6: 'finder.73600.en_us-stage'} => URLEndpoint{url=wss://stage.realtime-sync-gw.wdprapps.disney.com/park-platform-pub/}}$C4CommonRepl{@0x3615d14/@xb4000077b97d6690, @0x82d6681, SocketFactory{@URLEndpoint{url=wss://stage.realtime-sync-gw.wdprapps.disney.com/park-platform-pub/}}'}
04-12 18:58:45.709 8886 9038 I CouchbaseLite/NETWORK: {N8litecore4repl12C4SocketImplE#29111}==> N8litecore4repl12C4SocketImplE wss://stage.realtime-sync-gw.wdprapps.disney.com/park-platform-pub/_blipsync @0xb4000077c97f9308
04-12 18:58:45.714 8886 9038 I CouchbaseLite/NETWORK: {N8litecore4repl12C4SocketImplE#29111} Connecting...
04-12 18:58:45.715 8886 9038 D CouchbaseLite/NETWORK: [JAVA] ^C4Socket.open@b4000077c97f9460: null@1809ba84
04-12 18:58:45.723 8886 9031 I CouchbaseLite/REPLICATOR: {Repl#29109} {Coll#0} Scanning for pre-existing conflicts...
04-12 18:58:45.726 8886 8886 I CouchbaseLite/NETWORK: {N8litecore4blip10ConnectionE#29114}==> N8litecore4blip10ConnectionE ->wss://stage.realtime-sync-gw.wdprapps.disney.com/park-platform-semipriv/_blipsync @0xb40000775984a7c0
04-12 18:58:45.726 8886 8886 I CouchbaseLite/NETWORK: {N8litecore4blip10ConnectionE#29114} Opening connection...
04-12 18:58:45.726 8886 8886 I CouchbaseLite/REPLICATOR: {Repl#29115}==> N8litecore4repl10ReplicatorE /data/data/com.disney.wdw.android.debug/files/finder-semi-private.73600.en_us.cblite2/ ->wss://stage.realtime-sync-gw.wdprapps.disney.com/park-platform-semipriv/_blipsync @0xb4000077e9af88f0
04-12 18:58:45.726 8886 9038 D CouchbaseLite/NETWORK: [JAVA] OkHttpSocket@0x523cb5b.init: CBLWebSocket@@0xb957ff8{vC4Socket@xb4000077c97f9460 <=> OkHttpSocket@0x523cb5b(wss://stage.realtime-sync-gw.wdprapps.disney.com:443/park-platform-pub/_blipsync)}
04-12 18:58:45.726 8886 8886 I CouchbaseLite/REPLICATOR: {Repl#29115} {Coll#-1} {{Coll#0} "_default": {"Push": disabled, "Pull": continuous}}
04-12 18:58:45.726 8886 8886 I CouchbaseLite/REPLICATOR: Options={acceptParentDomainCookies:false, auth:{password:"********", type:"Basic", username:"MOBILE.WDW.ANDROID-SPRIV-STAGE"}, autoPurge:true, headers:{User-Agent:"CouchbaseLite/3.1.6-vf002-50983 (Java; Android 13; Pixel 7 Pro) EE/debug, Commit/cddb9521ab@e80006cb3780 Core/3.1.6 (50971)"}, heartbeat:300, maxRetries:9, maxRetryInterval:300, onlySelfSignedServer:false}
04-12 18:58:45.727 8886 9038 D CouchbaseLite/NETWORK: [JAVA] vC4Socket@xb4000077c97f9460.init: CBLWebSocket@@0xb957ff8{vC4Socket@xb4000077c97f9460 <=> OkHttpSocket@0x523cb5b(wss://stage.realtime-sync-gw.wdprapps.disney.com:443/park-platform-pub/_blipsync)}
04-12 18:58:45.727 8886 8886 V CouchbaseLite/REPLICATOR: {Repl#29115} {Coll#-1} Remote-DB ID 1 found for target
04-12 18:58:45.727 8886 8886 I CouchbaseLite/REPLICATOR: {C4Replicator#29116}==> N8litecore18C4RemoteReplicatorE 0xb4000077b97dc8a0 @0xb4000077b97dc8a0
04-12 18:58:45.727 8886 8886 V CouchbaseLite/REPLICATOR: {C4Replicator#29116} C4RemoteRepl 0xb4000077b97dc8a0 created Repl 0xb4000077e9af88f0
04-12 18:58:45.727 8886 8886 I CouchbaseLite/REPLICATOR: {C4Replicator#29116} Starting Replicator {Repl#29115} with config: {{{Coll#0} "_default": {"Push": disabled, "Pull": continuous}}
04-12 18:58:45.727 8886 8886 I CouchbaseLite/REPLICATOR: Options={acceptParentDomainCookies:false, auth:{password:"********", type:"Basic", username:"MOBILE.WDW.ANDROID-SPRIV-STAGE"}, autoPurge:true, headers:{User-Agent:"CouchbaseLite/3.1.6-vf002-50983 (Java; Android 13; Pixel 7 Pro) EE/debug, Commit/cddb9521ab@e80006cb3780 Core/3.1.6 (50971)"}, heartbeat:300, maxRetries:9, maxRetryInterval:300, onlySelfSignedServer:false}}
04-12 18:58:45.728 8886 8886 I CouchbaseLite/REPLICATOR: [JAVA] State changed STOPPED => CONNECTING(0/0): null for Replicator{@0xf58deba(<*),Database{@@0x2e0afa2: 'finder-semi-private.73600.en_us'} => URLEndpoint{url=wss://stage.realtime-sync-gw.wdprapps.disney.com/park-platform-semipriv}}$C4CommonRepl{@0xaff54c8/@xb4000077b97dc890, @0xf58deba, SocketFactory{@URLEndpoint{url=wss://stage.realtime-sync-gw.wdprapps.disney.com/park-platform-semipriv}}'}
04-12 18:58:45.729 8886 9046 D CouchbaseLite/NETWORK: [JAVA] CBLWebSocket@@0xb957ff8{vC4Socket@xb4000077c97f9460 <=> OkHttpSocket@0x523cb5b(wss://stage.realtime-sync-gw.wdprapps.disney.com:443/park-platform-pub/_blipsync)}.coreRequestedOpen
04-12 18:58:45.729 8886 9046 D CouchbaseLite/NETWORK: [JAVA] StateMachine@0xd753cd1: transition UNOPENED => OPENING
04-12 18:58:45.729 8886 9048 I CouchbaseLite/REPLICATOR: [JAVA] status changed: (0, 0) @C4ReplicatorStatus{level=2,completed=0,total=0,#docs=0,domain=0,code=0,info=0} for Replicator{@0xf58deba(<*),Database{@@0x2e0afa2: 'finder-semi-private.73600.en_us'} => URLEndpoint{url=wss://stage.realtime-sync-gw.wdprapps.disney.com/park-platform-semipriv}}$C4CommonRepl{@0xaff54c8/@xb4000077b97dc890, @0xf58deba, SocketFactory{@URLEndpoint{url=wss://stage.realtime-sync-gw.wdprapps.disney.com/park-platform-semipriv}}'}
04-12 18:58:45.729 8886 9046 D CouchbaseLite/NETWORK: [JAVA] OkHttpSocket@0x523cb5b.open: wss://stage.realtime-sync-gw.wdprapps.disney.com:443/park-platform-pub/_blipsync, {headers={User-Agent=CouchbaseLite/3.1.6-vf002-50983 (Java; Android 13; Pixel 7 Pro) EE/debug, Commit/cddb9521ab@e80006cb3780 Core/3.1.6 (50971)}, acceptParentDomainCookies=false, maxRetries=9, maxRetryInterval=300, auth={password=r7JQaAsQhxT682iv, type=Basic, username=DPECP-MOBILE.WDW.ANDROID-STAGE}, heartbeat=300, onlySelfSignedServer=false, WS-Protocols=BLIP_3+CBMobile_3,BLIP_3+CBMobile_2, autoPurge=true}
04-12 18:58:45.729 8886 9048 D CouchbaseLite/NETWORK: [JAVA] Offline state change for com.couchbase.lite.internal.replicator.AndroidConnectivityObserver@e18c336: CONNECTING -> true
04-12 18:58:45.729 8886 8886 I CouchbaseLite/REPLICATOR: [JAVA] Replicator is starting
04-12 18:58:45.730 8886 8886 D CouchbaseLite/REPLICATOR: [JAVA] Replication options: {headers={User-Agent=CouchbaseLite/3.1.6-vf002-50983 (Java; Android 13; Pixel 7 Pro) EE/debug, Commit/cddb9521ab@e80006cb3780 Core/3.1.6 (50971)}, maxRetryInterval=300, maxRetries=9, acceptParentDomainCookies=false, heartbeat=300, onlySelfSignedServer=false, cookies=SyncGatewaySession=caac7ee0f4b92d40fdd90fc04b4d1ce8fa347518, autoPurge=true}
04-12 18:58:45.730 8886 9048 I CouchbaseLite/REPLICATOR: [JAVA] State changed CONNECTING => CONNECTING(0/0): null for Replicator{@0xf58deba(<*),Database{@@0x2e0afa2: 'finder-semi-private.73600.en_us'} => URLEndpoint{url=wss://stage.realtime-sync-gw.wdprapps.disney.com/park-platform-semipriv}}$C4CommonRepl{@0xaff54c8/@xb4000077b97dc890, @0xf58deba, SocketFactory{@URLEndpoint{url=wss://stage.realtime-sync-gw.wdprapps.disney.com/park-platform-semipriv}}'}
04-12 18:58:45.730 8886 8886 D CouchbaseLite/REPLICATOR: [JAVA] Setting c4 replicator @0xf3fd50d for replicator @0x59ea3a4
04-12 18:58:45.730 8886 9035 I CouchbaseLite/NETWORK: {N8litecore4repl12C4SocketImplE#29117}==> N8litecore4repl12C4SocketImplE wss://stage.realtime-sync-gw.wdprapps.disney.com/park-platform-semipriv/_blipsync @0xb4000077c99245e8
04-12 18:58:45.730 8886 9035 I CouchbaseLite/NETWORK: {N8litecore4repl12C4SocketImplE#29117} Connecting...
04-12 18:58:45.732 8886 9035 D CouchbaseLite/NETWORK: [JAVA] ^C4Socket.open@b4000077c9924740: null@45e0f046
04-12 18:58:45.734 8886 9035 D CouchbaseLite/NETWORK: [JAVA] OkHttpSocket@0x625dcc2.init: CBLWebSocket@@0x76e4ad3{vC4Socket@xb4000077c9924740 <=> OkHttpSocket@0x625dcc2(wss://stage.realtime-sync-gw.wdprapps.disney.com:443/park-platform-semipriv/_blipsync)}
04-12 18:58:45.734 8886 9035 D CouchbaseLite/NETWORK: [JAVA] vC4Socket@xb4000077c9924740.init: CBLWebSocket@@0x76e4ad3{vC4Socket@xb4000077c9924740 <=> OkHttpSocket@0x625dcc2(wss://stage.realtime-sync-gw.wdprapps.disney.com:443/park-platform-semipriv/_blipsync)}
04-12 18:58:45.734 8886 9039 D CouchbaseLite/NETWORK: [JAVA] CBLWebSocket@@0x76e4ad3{vC4Socket@xb4000077c9924740 <=> OkHttpSocket@0x625dcc2(wss://stage.realtime-sync-gw.wdprapps.disney.com:443/park-platform-semipriv/_blipsync)}.coreRequestedOpen
04-12 18:58:45.734 8886 9039 D CouchbaseLite/NETWORK: [JAVA] StateMachine@0x6f45610: transition UNOPENED => OPENING
04-12 18:58:45.734 8886 8886 I CouchbaseLite/NETWORK: {N8litecore4blip10ConnectionE#29120}==> N8litecore4blip10ConnectionE ->wss://stage.realtime-sync-gw.wdprapps.disney.com/park-platform-priv/_blipsync @0xb400007759857a20
04-12 18:58:45.734 8886 9039 D CouchbaseLite/NETWORK: [JAVA] OkHttpSocket@0x625dcc2.open: wss://stage.realtime-sync-gw.wdprapps.disney.com:443/park-platform-semipriv/_blipsync, {headers={User-Agent=CouchbaseLite/3.1.6-vf002-50983 (Java; Android 13; Pixel 7 Pro) EE/debug, Commit/cddb9521ab@e80006cb3780 Core/3.1.6 (50971)}, acceptParentDomainCookies=false, maxRetries=9, maxRetryInterval=300, auth={password=K8ynstages73eHBgT612, type=Basic, username=MOBILE.WDW.ANDROID-SPRIV-STAGE}, heartbeat=300, onlySelfSignedServer=false, WS-Protocols=BLIP_3+CBMobile_3,BLIP_3+CBMobile_2, autoPurge=true}
04-12 18:58:45.734 8886 8886 I CouchbaseLite/NETWORK: {N8litecore4blip10ConnectionE#29120} Opening connection...
04-12 18:58:45.735 8886 8886 I CouchbaseLite/REPLICATOR: {Repl#29121}==> N8litecore4repl10ReplicatorE /data/data/com.disney.wdw.android.debug/files/finder-private.73600.en_us.cblite2/ ->wss://stage.realtime-sync-gw.wdprapps.disney.com/park-platform-priv/_blipsync @0xb4000077e9aee960
04-12 18:58:45.735 8886 8886 I CouchbaseLite/REPLICATOR: {Repl#29121} {Coll#-1} {{Coll#0} "_default": {"Push": continuous, "Pull": continuous}}
