04-12 18:58:12.520 8886 10541 D CouchbaseLite/NETWORK: [JAVA] OkHttpSocket@0x23b88ab.onClosed(1000): ''
04-12 18:58:12.520 8886 10541 D CouchbaseLite/NETWORK: [JAVA] CBLWebSocket@@0x63f7b08{vC4Socket@xb4000077c98a8720 <=> OkHttpSocket@0x23b88ab(wss://stage.realtime-sync-gw.wdprapps.disney.com:443/park-platform-priv/_blipsync)}.remoteClosed: CloseStatus{6:1000, }
04-12 18:58:12.520 8886 10541 D CouchbaseLite/NETWORK: [JAVA] StateMachine@0xb8d7f52: transition CLOSING => CLOSED
04-12 18:58:12.521 8886 10541 D CouchbaseLite/NETWORK: [JAVA] vC4Socket@xb4000077c98a8720.closeCore(1, 0): ''
04-12 18:58:12.521 8886 10541 I CouchbaseLite/NETWORK: {N8litecore4repl12C4SocketImplE#21502} WebSocket closed normally
04-12 18:58:12.521 8886 10541 I CouchbaseLite/NETWORK: {N8litecore4repl12C4SocketImplE#21502} sent 503 bytes, rcvd 168, in 40.901 sec (12/sec, 4/sec)
04-12 18:58:12.522 8886 9034 I CouchbaseLite/NETWORK: {N8litecore4blip10ConnectionE#21498} Closed with WebSocket/HTTP status 1000:
04-12 18:58:12.522 8886 9034 I CouchbaseLite/REPLICATOR: {Repl#21499} {Coll#-1} Connection closed with WebSocket/HTTP status 1000: "" (state=3->0)
04-12 18:58:12.523 8886 9034 I CouchbaseLite/REPLICATOR: {Repl#21499} {Coll#-1} activityLevel=stopped: connectionState=0, savingChkpt=0
04-12 18:58:12.524 8886 9034 I CouchbaseLite/REPLICATOR: {Repl#21499} {Coll#-1} now stopped
04-12 18:58:12.524 8886 9034 I CouchbaseLite/REPLICATOR: {C4Replicator#21501} State: stopped, progress=0.00%
04-12 18:58:12.525 8886 9038 I CouchbaseLite/REPLICATOR: {N8litecore4repl6PusherE#21630} {Coll#0} activityLevel=stopped: pendingResponseCount=0, caughtUp=1, changeLists=0, revsInFlight=0, blobsInFlight=0, awaitingReply=0, revsToSend=0, pushingDocs=0, pendingSequences=0
04-12 18:58:12.526 8886 9038 V CouchbaseLite/REPLICATOR: {N8litecore4repl6PusherE#21630} {Coll#0} now stopped
04-12 18:58:12.526 8886 9036 I CouchbaseLite/REPLICATOR: {N8litecore4repl6PullerE#21634} {Coll#0} activityLevel=stopped: pendingResponseCount=0, _caughtUp=1, _pendingRevMessages=0, _activeIncomingRevs=0, _waitingRevMessages=0, _unfinishedIncomingRevs=0
04-12 18:58:12.527 8886 9036 V CouchbaseLite/REPLICATOR: {N8litecore4repl6PullerE#21634} {Coll#0} now stopped
04-12 18:58:12.528 8886 9034 D CouchbaseLite/REPLICATOR: [JAVA] C4Replicator.statusChangedCallback(0x753023b3) C4CommonRepl{@0x8661800/@xb4000077b9824d50, @0xcc71e83, SocketFactory{@URLEndpoint{url=wss://stage.realtime-sync-gw.wdprapps.disney.com/park-platform-priv}}'}: C4ReplicatorStatus{level=0,completed=0,total=0,#docs=0,domain=0,code=0,info=0}
04-12 18:58:12.530 8886 9046 I CouchbaseLite/REPLICATOR: [JAVA] status changed: (0, 0) @C4ReplicatorStatus{level=0,completed=0,total=0,#docs=0,domain=0,code=0,info=0} for Replicator{@0xcc71e83(<*>),Database{@@0x97fb813: 'finder-private.73600.en_us'} => URLEndpoint{url=wss://stage.realtime-sync-gw.wdprapps.disney.com/park-platform-priv}}$C4CommonRepl{@0x8661800/@xb4000077b9824d50, @0xcc71e83, SocketFactory{@URLEndpoint{url=wss://stage.realtime-sync-gw.wdprapps.disney.com/park-platform-priv}}'}
04-12 18:58:12.530 8886 10543 V CouchbaseLite/NETWORK: {N8litecore4repl12C4SocketImplE#21489} Calling requestClose when the socket is pending close
04-12 18:58:12.530 8886 9046 D CouchbaseLite/NETWORK: [JAVA] Offline state change for com.couchbase.lite.internal.replicator.AndroidConnectivityObserver@d62528f: BUSY -> true
04-12 18:58:12.531 8886 10543 D CouchbaseLite/NETWORK: [JAVA] OkHttpSocket@0xf94748a.onClosed(1000): ''
04-12 18:58:12.531 8886 9046 I CouchbaseLite/REPLICATOR: [JAVA] State changed BUSY => STOPPED(0/0): null for Replicator{@0xcc71e83(<*>),Database{@@0x97fb813: 'finder-private.73600.en_us'} => URLEndpoint{url=wss://stage.realtime-sync-gw.wdprapps.disney.com/park-platform-priv}}$C4CommonRepl{@0x8661800/@xb4000077b9824d50, @0xcc71e83, SocketFactory{@URLEndpoint{url=wss://stage.realtime-sync-gw.wdprapps.disney.com/park-platform-priv}}'}
04-12 18:58:12.531 8886 10543 D CouchbaseLite/NETWORK: [JAVA] CBLWebSocket@@0xa73dafb{vC4Socket@xb4000077c977db30 <=> OkHttpSocket@0xf94748a(wss://stage.realtime-sync-gw.wdprapps.disney.com:443/park-platform-semipriv/_blipsync)}.remoteClosed: CloseStatus{6:1000, }
04-12 18:58:12.531 8886 10543 D CouchbaseLite/NETWORK: [JAVA] StateMachine@0xd9b2bd7: transition CLOSING => CLOSED
04-12 18:58:12.532 8886 10543 D CouchbaseLite/NETWORK: [JAVA] vC4Socket@xb4000077c977db30.closeCore(1, 0): ''
04-12 18:58:12.532 8886 10543 I CouchbaseLite/NETWORK: {N8litecore4repl12C4SocketImplE#21489} WebSocket closed normally
04-12 18:58:12.532 8886 10543 I CouchbaseLite/NETWORK: {N8litecore4repl12C4SocketImplE#21489} sent 274 bytes, rcvd 117, in 40.985 sec (7/sec, 3/sec)
04-12 18:58:12.532 8886 9035 I CouchbaseLite/NETWORK: {N8litecore4blip10ConnectionE#21485} Closed with WebSocket/HTTP status 1000:
04-12 18:58:12.533 8886 9035 I CouchbaseLite/REPLICATOR: {Repl#21486} {Coll#-1} Connection closed with WebSocket/HTTP status 1000: "" (state=3->0)
04-12 18:58:12.534 8886 9035 I CouchbaseLite/REPLICATOR: {Repl#21486} {Coll#-1} activityLevel=stopped: connectionState=0, savingChkpt=0
04-12 18:58:12.534 8886 9035 I CouchbaseLite/REPLICATOR: {Repl#21486} {Coll#-1} now stopped
04-12 18:58:12.535 8886 9031 I CouchbaseLite/REPLICATOR: {N8litecore4repl6PullerE#21594} {Coll#0} activityLevel=stopped: pendingResponseCount=0, _caughtUp=1, _pendingRevMessages=0, _activeIncomingRevs=0, _waitingRevMessages=0, _unfinishedIncomingRevs=0
04-12 18:58:12.536 8886 9031 V CouchbaseLite/REPLICATOR: {N8litecore4repl6PullerE#21594} {Coll#0} now stopped
04-12 18:58:12.603 8886 9035 I CouchbaseLite/REPLICATOR: {C4Replicator#21487} State: stopped, progress=0.00%
04-12 18:58:12.609 8886 9038 I CouchbaseLite/REPLICATOR: BLIP sent 5 msgs (503 bytes), rcvd 1 msgs (168 bytes) in 40.989 sec. Max outbox depth was 1, avg 1.00
04-12 18:58:12.622 8886 9032 I CouchbaseLite/REPLICATOR: {C4Replicator#21480} State: stopped, progress=0.00%
04-12 18:58:12.628 8886 9035 D CouchbaseLite/REPLICATOR: [JAVA] C4Replicator.statusChangedCallback(0x6390e353) C4CommonRepl{@0xb6ddc64/@xb4000077b97e98d0, @0x46365f7, SocketFactory{@URLEndpoint{url=wss://stage.realtime-sync-gw.wdprapps.disney.com/park-platform-semipriv}}'}: C4ReplicatorStatus{level=0,completed=0,total=0,#docs=0,domain=0,code=0,info=0}
04-12 18:58:12.630 8886 9035 I CouchbaseLite/REPLICATOR: BLIP sent 2 msgs (274 bytes), rcvd 1 msgs (117 bytes) in 41.083 sec. Max outbox depth was 1, avg 1.00
04-12 18:58:12.631 8886 9050 I CouchbaseLite/REPLICATOR: [JAVA] status changed: (0, 0) @C4ReplicatorStatus{level=0,completed=0,total=0,#docs=0,domain=0,code=0,info=0} for Replicator{@0x46365f7(<*),Database{@@0x2e0afa2: 'finder-semi-private.73600.en_us'} => URLEndpoint{url=wss://stage.realtime-sync-gw.wdprapps.disney.com/park-platform-semipriv}}$C4CommonRepl{@0xb6ddc64/@xb4000077b97e98d0, @0x46365f7, SocketFactory{@URLEndpoint{url=wss://stage.realtime-sync-gw.wdprapps.disney.com/park-platform-semipriv}}'}
04-12 18:58:12.636 8886 9050 D CouchbaseLite/NETWORK: [JAVA] Offline state change for com.couchbase.lite.internal.replicator.AndroidConnectivityObserver@900b53d: BUSY -> true
04-12 18:58:12.637 8886 9050 I CouchbaseLite/REPLICATOR: [JAVA] State changed BUSY => STOPPED(0/0): null for Replicator{@0x46365f7(<*),Database{@@0x2e0afa2: 'finder-semi-private.73600.en_us'} => URLEndpoint{url=wss://stage.realtime-sync-gw.wdprapps.disney.com/park-platform-semipriv}}$C4CommonRepl{@0xb6ddc64/@xb4000077b97e98d0, @0x46365f7, SocketFactory{@URLEndpoint{url=wss://stage.realtime-sync-gw.wdprapps.disney.com/park-platform-semipriv}}'}
04-12 18:58:12.644 8886 9032 D CouchbaseLite/REPLICATOR: [JAVA] C4Replicator.statusChangedCallback(0x10cb79f1) C4CommonRepl{@0x3c3d721/@xb4000077b9817450, @0x40fd188, SocketFactory{@URLEndpoint{url=wss://stage.realtime-sync-gw.wdprapps.disney.com/park-platform-pub/}}'}: C4ReplicatorStatus{level=0,completed=0,total=0,#docs=0,domain=0,code=0,info=0}
04-12 18:58:12.645 8886 9030 I CouchbaseLite/REPLICATOR: [JAVA] status changed: (0, 0) @C4ReplicatorStatus{level=0,completed=0,total=0,#docs=0,domain=0,code=0,info=0} for Replicator{@0x40fd188(<*),Database{@@0x5c116b6: 'finder.73600.en_us-stage'} => URLEndpoint{url=wss://stage.realtime-sync-gw.wdprapps.disney.com/park-platform-pub/}}$C4CommonRepl{@0x3c3d721/@xb4000077b9817450, @0x40fd188, SocketFactory{@URLEndpoint{url=wss://stage.realtime-sync-gw.wdprapps.disney.com/park-platform-pub/}}'}
04-12 18:58:12.645 8886 9030 D CouchbaseLite/NETWORK: [JAVA] Offline state change for com.couchbase.lite.internal.replicator.AndroidConnectivityObserver@6ffca91: BUSY -> true
04-12 18:58:12.645 8886 9030 I CouchbaseLite/REPLICATOR: [JAVA] State changed BUSY => STOPPED(0/0): null for Replicator{@0x40fd188(<*),Database{@@0x5c116b6: 'finder.73600.en_us-stage'} => URLEndpoint{url=wss://stage.realtime-sync-gw.wdprapps.disney.com/park-platform-pub/}}$C4CommonRepl{@0x3c3d721/@xb4000077b9817450, @0x40fd188, SocketFactory{@URLEndpoint{url=wss://stage.realtime-sync-gw.wdprapps.disney.com/park-platform-pub/}}'}
04-12 18:58:12.647 8886 9034 I CouchbaseLite/REPLICATOR: BLIP sent 2 msgs (1158 bytes), rcvd 1 msgs (160 bytes) in 41.111 sec. Max outbox depth was 1, avg 1.00
04-12 18:58:13.802 8886 8886 I CouchbaseLite/REPLICATOR: [JAVA] Replicator is starting
04-12 18:58:13.802 8886 8886 D CouchbaseLite/REPLICATOR: [JAVA] Replication options: {headers={User-Agent=CouchbaseLite/3.1.6-vf002-50983 (Java; Android 13; Pixel 7 Pro) EE/debug, Commit/cddb9521ab@e80006cb3780 Core/3.1.6 (50971)}, maxRetryInterval=300, maxRetries=9, acceptParentDomainCookies=false, auth={password=r7JQaAsQhxT682iv, type=Basic, username=DPECP-MOBILE.WDW.ANDROID-STAGE}, heartbeat=300, onlySelfSignedServer=false, autoPurge=true}
04-12 18:58:13.803 8886 8886 D CouchbaseLite/REPLICATOR: [JAVA] Setting c4 replicator @0xa0dbcd0 for replicator @0x87bb582
04-12 18:58:13.817 8886 8886 I CouchbaseLite/NETWORK: {N8litecore4blip10ConnectionE#26271}==> N8litecore4blip10ConnectionE ->wss://stage.realtime-sync-gw.wdprapps.disney.com/park-platform-pub/_blipsync @0xb400007759882470
04-12 18:58:13.817 8886 8886 I CouchbaseLite/NETWORK: {N8litecore4blip10ConnectionE#26271} Opening connection...
04-12 18:58:13.817 8886 8886 I CouchbaseLite/REPLICATOR: {Repl#26272}==> N8litecore4repl10ReplicatorE /data/data/com.disney.wdw.android.debug/files/finder.73600.en_us-stage.cblite2/ ->wss://stage.realtime-sync-gw.wdprapps.disney.com/park-platform-pub/_blipsync @0xb4000077e992ada0
04-12 18:58:13.817 8886 8886 I CouchbaseLite/REPLICATOR: {Repl#26272} {Coll#-1} {{Coll#0} "_default": {"Push": disabled, "Pull": continuous}}
04-12 18:58:13.817 8886 8886 I CouchbaseLite/REPLICATOR: Options={acceptParentDomainCookies:false, auth:{password:"********", type:"Basic", username:"DPECP-MOBILE.WDW.ANDROID-STAGE"}, autoPurge:true, headers:{User-Agent:"CouchbaseLite/3.1.6-vf002-50983 (Java; Android 13; Pixel 7 Pro) EE/debug, Commit/cddb9521ab@e80006cb3780 Core/3.1.6 (50971)"}, heartbeat:300, maxRetries:9, maxRetryInterval:300, onlySelfSignedServer:false}
04-12 18:58:13.818 8886 8886 V CouchbaseLite/REPLICATOR: {Repl#26272} {Coll#-1} Remote-DB ID 1 found for target
04-12 18:58:13.818 8886 8886 I CouchbaseLite/REPLICATOR: {C4Replicator#26273}==> N8litecore18C4RemoteReplicatorE 0xb4000077b980e4e0 @0xb4000077b980e4e0
04-12 18:58:13.818 8886 8886 V CouchbaseLite/REPLICATOR: {C4Replicator#26273} C4RemoteRepl 0xb4000077b980e4e0 created Repl 0xb4000077e992ada0
04-12 18:58:13.818 8886 8886 I CouchbaseLite/REPLICATOR: {C4Replicator#26273} Starting Replicator {Repl#26272} with config: {{{Coll#0} "_default": {"Push": disabled, "Pull": continuous}}
04-12 18:58:13.818 8886 8886 I CouchbaseLite/REPLICATOR: Options={acceptParentDomainCookies:false, auth:{password:"********", type:"Basic", username:"DPECP-MOBILE.WDW.ANDROID-STAGE"}, autoPurge:true, headers:{User-Agent:"CouchbaseLite/3.1.6-vf002-50983 (Java; Android 13; Pixel 7 Pro) EE/debug, Commit/cddb9521ab@e80006cb3780 Core/3.1.6 (50971)"}, heartbeat:300, maxRetries:9, maxRetryInterval:300, onlySelfSignedServer:false}}
04-12 18:58:13.819 8886 8886 I CouchbaseLite/REPLICATOR: [JAVA] State changed STOPPED => CONNECTING(0/0): null for Replicator{@0x87bb582(<*),Database{@@0x5c116b6: 'finder.73600.en_us-stage'} => URLEndpoint{url=wss://stage.realtime-sync-gw.wdprapps.disney.com/park-platform-pub/}}$C4CommonRepl{@0xa0dbcd0/@xb4000077b980e4d0, @0x87bb582, SocketFactory{@URLEndpoint{url=wss://stage.realtime-sync-gw.wdprapps.disney.com/park-platform-pub/}}'}
04-12 18:58:13.819 8886 9047 I CouchbaseLite/REPLICATOR: [JAVA] status changed: (0, 0) @C4ReplicatorStatus{level=2,completed=0,total=0,#docs=0,domain=0,code=0,info=0} for Replicator{@0x87bb582(<*),Database{@@0x5c116b6: 'finder.73600.en_us-stage'} => URLEndpoint{url=wss://stage.realtime-sync-gw.wdprapps.disney.com/park-platform-pub/}}$C4CommonRepl{@0xa0dbcd0/@xb4000077b980e4d0, @0x87bb582, SocketFactory{@URLEndpoint{url=wss://stage.realtime-sync-gw.wdprapps.disney.com/park-platform-pub/}}'}
04-12 18:58:13.819 8886 9047 D CouchbaseLite/NETWORK: [JAVA] Offline state change for com.couchbase.lite.internal.replicator.AndroidConnectivityObserver@b908332: CONNECTING -> true
04-12 18:58:13.820 8886 9047 I CouchbaseLite/REPLICATOR: [JAVA] State changed CONNECTING => CONNECTING(0/0): null for Replicator{@0x87bb582(<*),Database{@@0x5c116b6: 'finder.73600.en_us-stage'} => URLEndpoint{url=wss://stage.realtime-sync-gw.wdprapps.disney.com/park-platform-pub/}}$C4CommonRepl{@0xa0dbcd0/@xb4000077b980e4d0, @0x87bb582, SocketFactory{@URLEndpoint{url=wss://stage.realtime-sync-gw.wdprapps.disney.com/park-platform-pub/}}'}
04-12 18:58:13.820 8886 8886 I CouchbaseLite/REPLICATOR: [JAVA] Replicator is starting
04-12 18:58:13.820 8886 9034 I CouchbaseLite/NETWORK: {N8litecore4repl12C4SocketImplE#26274}==> N8litecore4repl12C4SocketImplE wss://stage.realtime-sync-gw.wdprapps.disney.com/park-platform-pub/_blipsync @0xb4000077c989b7f8
04-12 18:58:13.820 8886 8886 D CouchbaseLite/REPLICATOR: [JAVA] Replication options: {headers={User-Agent=CouchbaseLite/3.1.6-vf002-50983 (Java; Android 13; Pixel 7 Pro) EE/debug, Commit/cddb9521ab@e80006cb3780 Core/3.1.6 (50971)}, maxRetryInterval=300, maxRetries=9, acceptParentDomainCookies=false, auth={password=K8ynstages73eHBgT612, type=Basic, username=MOBILE.WDW.ANDROID-SPRIV-STAGE}, heartbeat=300, onlySelfSignedServer=false, autoPurge=true}
04-12 18:58:13.821 8886 9034 I CouchbaseLite/NETWORK: {N8litecore4repl12C4SocketImplE#26274} Connecting...
04-12 18:58:13.821 8886 8886 D CouchbaseLite/REPLICATOR: [JAVA] Setting c4 replicator @0xc71e9df for replicator @0x3f3a239
04-12 18:58:13.822 8886 9034 D CouchbaseLite/NETWORK: [JAVA] ^C4Socket.open@b4000077c989b950: null@651ce46e
04-12 18:58:13.827 8886 9032 I CouchbaseLite/REPLICATOR: {Repl#26272} {Coll#0} Scanning for pre-existing conflicts...
04-12 18:58:13.829 8886 9034 D CouchbaseLite/NETWORK: [JAVA] OkHttpSocket@0xd31468a.init: CBLWebSocket@@0xa3544fb{vC4Socket@xb4000077c989b950 <=> OkHttpSocket@0xd31468a(wss://stage.realtime-sync-gw.wdprapps.disney.com:443/park-platform-pub/_blipsync)}
04-12 18:58:13.829 8886 9034 D CouchbaseLite/NETWORK: [JAVA] vC4Socket@xb4000077c989b950.init: CBLWebSocket@@0xa3544fb{vC4Socket@xb4000077c989b950 <=> OkHttpSocket@0xd31468a(wss://stage.realtime-sync-gw.wdprapps.disney.com:443/park-platform-pub/_blipsync)}
04-12 18:58:13.830 8886 9049 D CouchbaseLite/NETWORK: [JAVA] CBLWebSocket@@0xa3544fb{vC4Socket@xb4000077c989b950 <=> OkHttpSocket@0xd31468a(wss://stage.realtime-sync-gw.wdprapps.disney.com:443/park-platform-pub/_blipsync)}.coreRequestedOpen
04-12 18:58:13.830 8886 9049 D CouchbaseLite/NETWORK: [JAVA] StateMachine@0x8d50918: transition UNOPENED => OPENING
04-12 18:58:13.831 8886 9049 D CouchbaseLite/NETWORK: [JAVA] OkHttpSocket@0xd31468a.open: wss://stage.realtime-sync-gw.wdprapps.disney.com:443/park-platform-pub/_blipsync, {headers={User-Agent=CouchbaseLite/3.1.6-vf002-50983 (Java; Android 13; Pixel 7 Pro) EE/debug, Commit/cddb9521ab@e80006cb3780 Core/3.1.6 (50971)}, acceptParentDomainCookies=false, maxRetries=9, maxRetryInterval=300, auth={password=r7JQaAsQhxT682iv, type=Basic, username=DPECP-MOBILE.WDW.ANDROID-STAGE}, heartbeat=300, onlySelfSignedServer=false, WS-Protocols=BLIP_3+CBMobile_3,BLIP_3+CBMobile_2, autoPurge=true}
04-12 18:58:13.860 8886 8886 I CouchbaseLite/NETWORK: {N8litecore4blip10ConnectionE#26278}==> N8litecore4blip10ConnectionE ->wss://stage.realtime-sync-gw.wdprapps.disney.com/park-platform-semipriv/_blipsync @0xb40000775986d2f0
04-12 18:58:13.860 8886 8886 I CouchbaseLite/NETWORK: {N8litecore4blip10ConnectionE#26278} Opening connection...
04-12 18:58:13.860 8886 8886 I CouchbaseLite/REPLICATOR: {Repl#26279}==> N8litecore4repl10ReplicatorE /data/data/com.disney.wdw.android.debug/files/finder-semi-private.73600.en_us.cblite2/ ->wss://stage.realtime-sync-gw.wdprapps.disney.com/park-platform-semipriv/_blipsync @0xb4000077e9a8d490
04-12 18:58:13.860 8886 8886 I CouchbaseLite/REPLICATOR: {Repl#26279} {Coll#-1} {{Coll#0} "_default": {"Push": disabled, "Pull": continuous}}
04-12 18:58:13.860 8886 8886 I CouchbaseLite/REPLICATOR: Options={acceptParentDomainCookies:false, auth:{password:"********", type:"Basic", username:"MOBILE.WDW.ANDROID-SPRIV-STAGE"}, autoPurge:true, headers:{User-Agent:"CouchbaseLite/3.1.6-vf002-50983 (Java; Android 13; Pixel 7 Pro) EE/debug, Commit/cddb9521ab@e80006cb3780 Core/3.1.6 (50971)"}, heartbeat:300, maxRetries:9, maxRetryInterval:300, onlySelfSignedServer:false}
04-12 18:58:13.862 8886 8886 V CouchbaseLite/REPLICATOR: {Repl#26279} {Coll#-1} Remote-DB ID 1 found for target
04-12 18:58:13.862 8886 8886 I CouchbaseLite/REPLICATOR: {C4Replicator#26281}==> N8litecore18C4RemoteReplicatorE 0xb4000077b979dc20 @0xb4000077b979dc20
04-12 18:58:13.863 8886 8886 V CouchbaseLite/REPLICATOR: {C4Replicator#26281} C4RemoteRepl 0xb4000077b979dc20 created Repl 0xb4000077e9a8d490
04-12 18:58:13.863 8886 8886 I CouchbaseLite/REPLICATOR: {C4Replicator#26281} Starting Replicator {Repl#26279} with config: {{{Coll#0} "_default": {"Push": disabled, "Pull": continuous}}
04-12 18:58:13.863 8886 8886 I CouchbaseLite/REPLICATOR: Options={acceptParentDomainCookies:false, auth:{password:"********", type:"Basic", username:"MOBILE.WDW.ANDROID-SPRIV-STAGE"}, autoPurge:true, headers:{User-Agent:"CouchbaseLite/3.1.6-vf002-50983 (Java; Android 13; Pixel 7 Pro) EE/debug, Commit/cddb9521ab@e80006cb3780 Core/3.1.6 (50971)"}, heartbeat:300, maxRetries:9, maxRetryInterval:300, onlySelfSignedServer:false}}
04-12 18:58:13.864 8886 8886 I CouchbaseLite/REPLICATOR: [JAVA] State changed STOPPED => CONNECTING(0/0): null for Replicator{@0x3f3a239(<*),Database{@@0x2e0afa2: 'finder-semi-private.73600.en_us'} => URLEndpoint{url=wss://stage.realtime-sync-gw.wdprapps.disney.com/park-platform-semipriv}}$C4CommonRepl{@0xc71e9df/@xb4000077b979dc10, @0x3f3a239, SocketFactory{@URLEndpoint{url=wss://stage.realtime-sync-gw.wdprapps.disney.com/park-platform-semipriv}}'}
04-12 18:58:13.864 8886 9037 I CouchbaseLite/NETWORK: {N8litecore4repl12C4SocketImplE#26282}==> N8litecore4repl12C4SocketImplE wss://stage.realtime-sync-gw.wdprapps.disney.com/park-platform-semipriv/_blipsync @0xb4000077c98d1b28
04-12 18:58:13.864 8886 9039 I CouchbaseLite/REPLICATOR: [JAVA] status changed: (0, 0) @C4ReplicatorStatus{level=2,completed=0,total=0,#docs=0,domain=0,code=0,info=0} for Replicator{@0x3f3a239(<*),Database{@@0x2e0afa2: 'finder-semi-private.73600.en_us'} => URLEndpoint{url=wss://stage.realtime-sync-gw.wdprapps.disney.com/park-platform-semipriv}}$C4CommonRepl{@0xc71e9df/@xb4000077b979dc10, @0x3f3a239, SocketFactory{@URLEndpoint{url=wss://stage.realtime-sync-gw.wdprapps.disney.com/park-platform-semipriv}}'}
04-12 18:58:13.864 8886 9037 I CouchbaseLite/NETWORK: {N8litecore4repl12C4SocketImplE#26282} Connecting...
04-12 18:58:13.864 8886 9039 D CouchbaseLite/NETWORK: [JAVA] Offline state change for com.couchbase.lite.internal.replicator.AndroidConnectivityObserver@80c1ce2: CONNECTING -> true
04-12 18:58:13.865 8886 9037 D CouchbaseLite/NETWORK: [JAVA] ^C4Socket.open@b4000077c98d1c80: null@16c39f28
04-12 18:58:13.865 8886 9039 I CouchbaseLite/REPLICATOR: [JAVA] State changed CONNECTING => CONNECTING(0/0): null for Replicator{@0x3f3a239(<*),Database{@@0x2e0afa2: 'finder-semi-private.73600.en_us'} => URLEndpoint{url=wss://stage.realtime-sync-gw.wdprapps.disney.com/park-platform-semipriv}}$C4CommonRepl{@0xc71e9df/@xb4000077b979dc10, @0x3f3a239, SocketFactory{@URLEndpoint{url=wss://stage.realtime-sync-gw.wdprapps.disney.com/park-platform-semipriv}}'}
04-12 18:58:13.866 8886 9037 D CouchbaseLite/NETWORK: [JAVA] OkHttpSocket@0x7248ba9.init: CBLWebSocket@@0xad3252e{vC4Socket@xb4000077c98d1c80 <=> OkHttpSocket@0x7248ba9(wss://stage.realtime-sync-gw.wdprapps.disney.com:443/park-platform-semipriv/_blipsync)}
04-12 18:58:13.866 8886 9037 D CouchbaseLite/NETWORK: [JAVA] vC4Socket@xb4000077c98d1c80.init: CBLWebSocket@@0xad3252e{vC4Socket@xb4000077c98d1c80 <=> OkHttpSocket@0x7248ba9(wss://stage.realtime-sync-gw.wdprapps.disney.com:443/park-platform-semipriv/_blipsync)}
04-12 18:58:13.867 8886 8886 I CouchbaseLite/REPLICATOR: [JAVA] Replicator is starting
04-12 18:58:13.867 8886 9048 D CouchbaseLite/NETWORK: [JAVA] CBLWebSocket@@0xad3252e{vC4Socket@xb4000077c98d1c80 <=> OkHttpSocket@0x7248ba9(wss://stage.realtime-sync-gw.wdprapps.disney.com:443/park-platform-semipriv/_blipsync)}.coreRequestedOpen
04-12 18:58:13.867 8886 9048 D CouchbaseLite/NETWORK: [JAVA] StateMachine@0x5113965: transition UNOPENED => OPENING
04-12 18:58:13.867 8886 9048 D CouchbaseLite/NETWORK: [JAVA] OkHttpSocket@0x7248ba9.open: wss://stage.realtime-sync-gw.wdprapps.disney.com:443/park-platform-semipriv/_blipsync, {headers={User-Agent=CouchbaseLite/3.1.6-vf002-50983 (Java; Android 13; Pixel 7 Pro) EE/debug, Commit/cddb9521ab@e80006cb3780 Core/3.1.6 (50971)}, acceptParentDomainCookies=false, maxRetries=9, maxRetryInterval=300, auth={password=K8ynstages73eHBgT612, type=Basic, username=MOBILE.WDW.ANDROID-SPRIV-STAGE}, heartbeat=300, onlySelfSignedServer=false, WS-Protocols=BLIP_3+CBMobile_3,BLIP_3+CBMobile_2, autoPurge=true}
04-12 18:58:13.867 8886 8886 D CouchbaseLite/REPLICATOR: [JAVA] Replication options: {headers={User-Agent=CouchbaseLite/3.1.6-vf002-50983 (Java; Android 13; Pixel 7 Pro) EE/debug, Commit/cddb9521ab@e80006cb3780 Core/3.1.6 (50971)}, maxRetryInterval=300, maxRetries=9, acceptParentDomainCookies=false, heartbeat=300, onlySelfSignedServer=false, cookies=SyncGatewaySession=caac7ee0f4b92d40fdd90fc04b4d1ce8fa347518, autoPurge=true}
04-12 18:58:13.869 8886 8886 D CouchbaseLite/REPLICATOR: [JAVA] Setting c4 replicator @0xf0663a for replicator @0xbf0025c
04-12 18:58:13.900 8886 8886 I CouchbaseLite/NETWORK: {N8litecore4blip10ConnectionE#26287}==> N8litecore4blip10ConnectionE ->wss://stage.realtime-sync-gw.wdprapps.disney.com/park-platform-priv/_blipsync @0xb400007759895ca0
04-12 18:58:13.900 8886 8886 I CouchbaseLite/NETWORK: {N8litecore4blip10ConnectionE#26287} Opening connection...
04-12 18:58:13.900 8886 8886 I CouchbaseLite/REPLICATOR: {Repl#26288}==> N8litecore4repl10ReplicatorE /data/data/com.disney.wdw.android.debug/files/finder-private.73600.en_us.cblite2/ ->wss://stage.realtime-sync-gw.wdprapps.disney.com/park-platform-priv/_blipsync @0xb4000077e99d8b30
04-12 18:58:13.901 8886 8886 I CouchbaseLite/REPLICATOR: {Repl#26288} {Coll#-1} {{Coll#0} "_default": {"Push": continuous, "Pull": continuous}}
04-12 18:58:13.901 8886 8886 I CouchbaseLite/REPLICATOR: Options={acceptParentDomainCookies:false, autoPurge:true, cookies:"SyncGatewaySession=caac7ee0f4b92d40fdd90fc04b4d1ce8fa347518", headers:{User-Agent:"CouchbaseLite/3.1.6-vf002-50983 (Java; Android 13; Pixel 7 Pro) EE/debug, Commit/cddb9521ab@e80006cb3780 Core/3.1.6 (50971)"}, heartbeat:300, maxRetries:9, maxRetryInterval:300, onlySelfSignedServer:false}
04-12 18:58:13.901 8886 8886 V CouchbaseLite/REPLICATOR: {Repl#26288} {Coll#-1} Remote-DB ID 1 found for target
04-12 18:58:13.901 8886 8886 I CouchbaseLite/REPLICATOR: {C4Replicator#26290}==> N8litecore18C4RemoteReplicatorE 0xb4000077b983fa20 @0xb4000077b983fa20
04-12 18:58:13.901 8886 8886 V CouchbaseLite/REPLICATOR: {C4Replicator#26290} C4RemoteRepl 0xb4000077b983fa20 created Repl 0xb4000077e99d8b30
04-12 18:58:13.901 8886 8886 I CouchbaseLite/REPLICATOR: {C4Replicator#26290} Starting Replicator {Repl#26288} with config: {{{Coll#0} "_default": {"Push": continuous, "Pull": continuous}}
04-12 18:58:13.901 8886 8886 I CouchbaseLite/REPLICATOR: Options={acceptParentDomainCookies:false, autoPurge:true, cookies:"SyncGatewaySession=caac7ee0f4b92d40fdd90fc04b4d1ce8fa347518", headers:{User-Agent:"CouchbaseLite/3.1.6-vf002-50983 (Java; Android 13; Pixel 7 Pro) EE/debug, Commit/cddb9521ab@e80006cb3780 Core/3.1.6 (50971)"}, heartbeat:300, maxRetries:9, maxRetryInterval:300, onlySelfSignedServer:false}}
04-12 18:58:13.902 8886 8886 I CouchbaseLite/REPLICATOR: [JAVA] State changed STOPPED => CONNECTING(0/0): null for Replicator{@0xbf0025c(<*>),Database{@@0x97fb813: 'finder-private.73600.en_us'} => URLEndpoint{url=wss://stage.realtime-sync-gw.wdprapps.disney.com/park-platform-priv}}$C4CommonRepl{@0xf0663a/@xb4000077b983fa10, @0xbf0025c, SocketFactory{@URLEndpoint{url=wss://stage.realtime-sync-gw.wdprapps.disney.com/park-platform-priv}}'}
04-12 18:58:13.902 8886 9046 I CouchbaseLite/REPLICATOR: [JAVA] status changed: (0, 0) @C4ReplicatorStatus{level=2,completed=0,total=0,#docs=0,domain=0,code=0,info=0} for Replicator{@0xbf0025c(<*>),Database{@@0x97fb813: 'finder-private.73600.en_us'} => URLEndpoint{url=wss://stage.realtime-sync-gw.wdprapps.disney.com/park-platform-priv}}$C4CommonRepl{@0xf0663a/@xb4000077b983fa10, @0xbf0025c, SocketFactory{@URLEndpoint{url=wss://stage.realtime-sync-gw.wdprapps.disney.com/park-platform-priv}}'}
04-12 18:58:13.902 8886 9038 I CouchbaseLite/NETWORK: {N8litecore4repl12C4SocketImplE#26291}==> N8litecore4repl12C4SocketImplE wss://stage.realtime-sync-gw.wdprapps.disney.com/park-platform-priv/_blipsync @0xb4000077c98c1828
04-12 18:58:13.902 8886 9046 D CouchbaseLite/NETWORK: [JAVA] Offline state change for com.couchbase.lite.internal.replicator.AndroidConnectivityObserver@1b7899a: CONNECTING -> true
04-12 18:58:13.903 8886 9046 I CouchbaseLite/REPLICATOR: [JAVA] State changed CONNECTING => CONNECTING(0/0): null for Replicator{@0xbf0025c(<*>),Database{@@0x97fb813: 'finder-private.73600.en_us'} => URLEndpoint{url=wss://stage.realtime-sync-gw.wdprapps.disney.com/park-platform-priv}}$C4CommonRepl{@0xf0663a/@xb4000077b983fa10, @0xbf0025c, SocketFactory{@URLEndpoint{url=wss://stage.realtime-sync-gw.wdprapps.disney.com/park-platform-priv}}'}
04-12 18:58:13.903 8886 9038 I CouchbaseLite/NETWORK: {N8litecore4repl12C4SocketImplE#26291} Connecting...
04-12 18:58:13.903 8886 9038 D CouchbaseLite/NETWORK: [JAVA] ^C4Socket.open@b4000077c98c1980: null@308363f5
04-12 18:58:13.905 8886 9038 D CouchbaseLite/NETWORK: [JAVA] OkHttpSocket@0xe2eb2cb.init: CBLWebSocket@@0x85e2aa8{vC4Socket@xb4000077c98c1980 <=> OkHttpSocket@0xe2eb2cb(wss://stage.realtime-sync-gw.wdprapps.disney.com:443/park-platform-priv/_blipsync)}
04-12 18:58:13.905 8886 9038 D CouchbaseLite/NETWORK: [JAVA] vC4Socket@xb4000077c98c1980.init: CBLWebSocket@@0x85e2aa8{vC4Socket@xb4000077c98c1980 <=> OkHttpSocket@0xe2eb2cb(wss://stage.realtime-sync-gw.wdprapps.disney.com:443/park-platform-priv/_blipsync)}
04-12 18:58:13.907 8886 9050 D CouchbaseLite/NETWORK: [JAVA] CBLWebSocket@@0x85e2aa8{vC4Socket@xb4000077c98c1980 <=> OkHttpSocket@0xe2eb2cb(wss://stage.realtime-sync-gw.wdprapps.disney.com:443/park-platform-priv/_blipsync)}.coreRequestedOpen
04-12 18:58:13.907 8886 9050 D CouchbaseLite/NETWORK: [JAVA] StateMachine@0xcf3b0a7: transition UNOPENED => OPENING
04-12 18:58:13.907 8886 9050 D CouchbaseLite/NETWORK: [JAVA] OkHttpSocket@0xe2eb2cb.open: wss://stage.realtime-sync-gw.wdprapps.disney.com:443/park-platform-priv/_blipsync, {headers={User-Agent=CouchbaseLite/3.1.6-vf002-50983 (Java; Android 13; Pixel 7 Pro) EE/debug, Commit/cddb9521ab@e80006cb3780 Core/3.1.6 (50971)}, acceptParentDomainCookies=false, maxRetries=9, maxRetryInterval=300, heartbeat=300, onlySelfSignedServer=false, WS-Protocols=BLIP_3+CBMobile_3,BLIP_3+CBMobile_2, autoPurge=true, cookies=SyncGatewaySession=caac7ee0f4b92d40fdd90fc04b4d1ce8fa347518}
04-12 18:58:13.910 8886 9035 I CouchbaseLite/REPLICATOR: {Repl#26279} {Coll#0} Scanning for pre-existing conflicts...
04-12 18:58:13.912 8886 9037 I CouchbaseLite/REPLICATOR: {Repl#26288} {Coll#0} Scanning for pre-existing conflicts...
04-12 18:58:13.912 8886 9035 I CouchbaseLite/REPLICATOR: {Repl#26279} {Coll#0} Found 0 conflicted docs in 0.048 sec
04-12 18:58:13.916 8886 9037 I CouchbaseLite/REPLICATOR: {Repl#26288} {Coll#0} Found 0 conflicted docs in 0.012 sec
04-12 18:58:13.941 8886 9035 I CouchbaseLite/REPLICATOR: {Repl#26279} {Coll#0} No local checkpoint 'cp-SHpbnSwgcB4cOJXwvdZ39kOvanE='
04-12 18:58:13.961 8886 9037 I CouchbaseLite/REPLICATOR: {Repl#26288} {Coll#0} Read local checkpoint 'cp-GeXYPlhmWYlGsECdqGVkCOk9Wpc=': {"time":1712962450,"local":7,"remote":45262888}
04-12 18:58:13.966 8886 9037 I CouchbaseLite/REPLICATOR: {Repl#26288} {Coll#-1} activityLevel=connecting: connectionState=1, savingChkpt=0
04-12 18:58:13.967 8886 9035 I CouchbaseLite/REPLICATOR: {Repl#26279} {Coll#-1} activityLevel=connecting: connectionState=1, savingChkpt=0
04-12 18:58:14.013 8886 9032 I CouchbaseLite/REPLICATOR: {Repl#26272} {Coll#0} Found 0 conflicted docs in 0.189 sec
04-12 18:58:14.023 8886 9032 I CouchbaseLite/REPLICATOR: {Repl#26272} {Coll#0} Read local checkpoint 'cp-EUIwC4qPpttqvSBmzfkR34rhris=': {"time":1712962648,"remote":376872135}
04-12 18:58:14.023 8886 9032 I CouchbaseLite/REPLICATOR: {Repl#26272} {Coll#-1} activityLevel=connecting: connectionState=1, savingChkpt=0
04-12 18:58:14.099 8886 10541 D CouchbaseLite/NETWORK: [JAVA] Extended trust check: 4, GENERIC, stage.realtime-sync-gw.wdprapps.disney.com
04-12 18:58:14.118 8886 10542 D CouchbaseLite/NETWORK: [JAVA] Extended trust check: 4, GENERIC, stage.realtime-sync-gw.wdprapps.disney.com
04-12 18:58:14.121 8886 10543 D CouchbaseLite/NETWORK: [JAVA] Extended trust check: 4, GENERIC, stage.realtime-sync-gw.wdprapps.disney.com
04-12 18:58:14.515 8886 10542 D CouchbaseLite/NETWORK: [JAVA] OkHttpSocket@0xe2eb2cb.onOpen: Response{protocol=http/1.1, code=101, message=Switching Protocols, url=https://stage.realtime-sync-gw.wdprapps.disney.com/park-platform-priv/_blipsync}
04-12 18:58:14.515 8886 10542 D CouchbaseLite/NETWORK: [JAVA] CBLWebSocket@@0x85e2aa8{vC4Socket@xb4000077c98c1980 <=> OkHttpSocket@0xe2eb2cb(wss://stage.realtime-sync-gw.wdprapps.disney.com:443/park-platform-priv/_blipsync)}.remoteOpened: {Server=Couchbase Sync Gateway/3.1.3 EE, Connection=Upgrade, Sec-Websocket-Protocol=BLIP_3+CBMobile_3, Upgrade=websocket, Date=Fri, 12 Apr 2024 22:58:12 GMT, Sec-Websocket-Accept=FWdPlX4qRaDrKNVHy30LD7pwRcE=}
04-12 18:58:14.515 8886 10542 D CouchbaseLite/NETWORK: [JAVA] StateMachine@0xcf3b0a7: transition OPENING => OPEN
04-12 18:58:14.515 8886 10542 D CouchbaseLite/NETWORK: [JAVA] vC4Socket@xb4000077c98c1980.ackOpenToCore
04-12 18:58:14.515 8886 10542 I CouchbaseLite/NETWORK: {N8litecore4repl12C4SocketImplE#26291} Got HTTP response (status 101)
04-12 18:58:14.524 8886 9037 I CouchbaseLite/REPLICATOR: {Repl#26288} {Coll#-1} activityLevel=connecting: connectionState=1, savingChkpt=0
04-12 18:58:14.532 8886 10542 I CouchbaseLite/NETWORK: {N8litecore4repl12C4SocketImplE#26291} Connected!
04-12 18:58:14.532 8886 10542 I CouchbaseLite/NETWORK: {N8litecore4blip10ConnectionE#26287} Connected!
04-12 18:58:14.533 8886 9032 I CouchbaseLite/NETWORK: {N8litecore4blip6BLIPIOE#26330}==> N8litecore4blip6BLIPIOE ->wss://stage.realtime-sync-gw.wdprapps.disney.com/park-platform-priv/_blipsync @0xb4000077e9a87160
04-12 18:58:14.533 8886 9032 V CouchbaseLite/NETWORK: {N8litecore4blip6BLIPIOE#26330} WebSocket is hungry!
04-12 18:58:14.533 8886 9032 V CouchbaseLite/NETWORK: {N8litecore4blip6BLIPIOE#26330} Starting writeToWebSocket loop...
04-12 18:58:14.534 8886 9032 V CouchbaseLite/NETWORK: {N8litecore4blip6BLIPIOE#26330} ...Wrote 0 bytes to WebSocket (writeable=1)
04-12 18:58:14.540 8886 10543 D CouchbaseLite/NETWORK: [JAVA] OkHttpSocket@0x7248ba9.onOpen: Response{protocol=http/1.1, code=101, message=Switching Protocols, url=https://stage.realtime-sync-gw.wdprapps.disney.com/park-platform-semipriv/_blipsync}
04-12 18:58:14.540 8886 10543 D CouchbaseLite/NETWORK: [JAVA] CBLWebSocket@@0xad3252e{vC4Socket@xb4000077c98d1c80 <=> OkHttpSocket@0x7248ba9(wss://stage.realtime-sync-gw.wdprapps.disney.com:443/park-platform-semipriv/_blipsync)}.remoteOpened: {Server=Couchbase Sync Gateway/3.1.3 EE, Connection=Upgrade, Sec-Websocket-Protocol=BLIP_3+CBMobile_3, Upgrade=websocket, Date=Fri, 12 Apr 2024 22:58:12 GMT, Sec-Websocket-Accept=wgP3vsDbmX91qfiUgFSJGznYuvk=}
04-12 18:58:14.540 8886 10543 D CouchbaseLite/NETWORK: [JAVA] StateMachine@0x5113965: transition OPENING => OPEN
04-12 18:58:14.541 8886 10543 D CouchbaseLite/NETWORK: [JAVA] vC4Socket@xb4000077c98d1c80.ackOpenToCore
04-12 18:58:14.546 8886 10543 I CouchbaseLite/NETWORK: {N8litecore4repl12C4SocketImplE#26282} Got HTTP response (status 101)
04-12 18:58:14.548 8886 9034 I CouchbaseLite/REPLICATOR: {Repl#26279} {Coll#-1} activityLevel=connecting: connectionState=1, savingChkpt=0
04-12 18:58:14.549 8886 9033 I CouchbaseLite/REPLICATOR: {Repl#26288} {Coll#-1} Connected!
04-12 18:58:14.550 8886 9033 V CouchbaseLite/REPLICATOR: {Repl#26288} {Coll#-1} Requesting remote checkpoint 'cp-GeXYPlhmWYlGsECdqGVkCOk9Wpc=' of the default collection
04-12 18:58:14.550 8886 9033 I CouchbaseLite/NETWORK: SENDING: REQ #0 {
04-12 18:58:14.550 8886 9033 I CouchbaseLite/NETWORK: Profile: getCheckpoint
04-12 18:58:14.550 8886 9033 I CouchbaseLite/NETWORK: client: cp-GeXYPlhmWYlGsECdqGVkCOk9Wpc= }
04-12 18:58:14.550 8886 9033 I CouchbaseLite/REPLICATOR: {Repl#26288} {Coll#-1} activityLevel=busy: connectionState=2, savingChkpt=0
04-12 18:58:14.551 8886 9033 I CouchbaseLite/REPLICATOR: {Repl#26288} {Coll#-1} now busy
04-12 18:58:14.551 8886 9033 I CouchbaseLite/REPLICATOR: {C4Replicator#26290} State: busy, progress=0.00%
04-12 18:58:14.551 8886 10543 I CouchbaseLite/NETWORK: {N8litecore4repl12C4SocketImplE#26282} Connected!
04-12 18:58:14.552 8886 9033 D CouchbaseLite/REPLICATOR: [JAVA] C4Replicator.statusChangedCallback(0x529a5528) C4CommonRepl{@0xf0663a/@xb4000077b983fa10, @0xbf0025c, SocketFactory{@URLEndpoint{url=wss://stage.realtime-sync-gw.wdprapps.disney.com/park-platform-priv}}'}: C4ReplicatorStatus{level=4,completed=0,total=0,#docs=0,domain=0,code=0,info=0}
04-12 18:58:14.553 8886 9050 I CouchbaseLite/REPLICATOR: [JAVA] status changed: (0, 0) @C4ReplicatorStatus{level=4,completed=0,total=0,#docs=0,domain=0,code=0,info=0} for Replicator{@0xbf0025c(<*>),Database{@@0x97fb813: 'finder-private.73600.en_us'} => URLEndpoint{url=wss://stage.realtime-sync-gw.wdprapps.disney.com/park-platform-priv}}$C4CommonRepl{@0xf0663a/@xb4000077b983fa10, @0xbf0025c, SocketFactory{@URLEndpoint{url=wss://stage.realtime-sync-gw.wdprapps.disney.com/park-platform-priv}}'}
04-12 18:58:14.553 8886 9050 D CouchbaseLite/NETWORK: [JAVA] Offline state change for com.couchbase.lite.internal.replicator.AndroidConnectivityObserver@1b7899a: CONNECTING -> true
04-12 18:58:14.553 8886 9036 V CouchbaseLite/NETWORK: {N8litecore4blip6BLIPIOE#26330} Sending 'getCheckpoint' REQ #0
04-12 18:58:14.554 8886 9036 V CouchbaseLite/NETWORK: {N8litecore4blip6BLIPIOE#26330} Requeuing REQ #0...
04-12 18:58:14.554 8886 9050 I CouchbaseLite/REPLICATOR: [JAVA] State changed CONNECTING => BUSY(0/0): null for Replicator{@0xbf0025c(<*>),Database{@@0x97fb813: 'finder-private.73600.en_us'} => URLEndpoint{url=wss://stage.realtime-sync-gw.wdprapps.disney.com/park-platform-priv}}$C4CommonRepl{@0xf0663a/@xb4000077b983fa10, @0xbf0025c, SocketFactory{@URLEndpoint{url=wss://stage.realtime-sync-gw.wdprapps.disney.com/park-platform-priv}}'}
04-12 18:58:14.554 8886 9036 V CouchbaseLite/NETWORK: {N8litecore4blip6BLIPIOE#26330} Starting writeToWebSocket loop...
04-12 18:58:14.555 8886 9036 V CouchbaseLite/NETWORK: {N8litecore4blip6BLIPIOE#26330} Sending frame: REQ #1 ----, bytes 0--65
04-12 18:58:14.555 8886 9036 V CouchbaseLite/NETWORK: {N8litecore4repl12C4SocketImplE#26291} Sending 68-byte message
04-12 18:58:14.556 8886 9036 D CouchbaseLite/NETWORK: [JAVA] ^C4Socket.write@b4000077c98c1980(68)
04-12 18:58:14.556 8886 9036 V CouchbaseLite/NETWORK: {N8litecore4blip6BLIPIOE#26330} Finished sending REQ #1
04-12 18:58:14.557 8886 9047 D CouchbaseLite/NETWORK: [JAVA] CBLWebSocket@@0x85e2aa8{vC4Socket@xb4000077c98c1980 <=> OkHttpSocket@0xe2eb2cb(wss://stage.realtime-sync-gw.wdprapps.disney.com:443/park-platform-priv/_blipsync)}.coreWrites(68)
04-12 18:58:14.557 8886 9047 D CouchbaseLite/NETWORK: [JAVA] OkHttpSocket@0xe2eb2cb.write(68)
04-12 18:58:14.559 8886 9047 D CouchbaseLite/NETWORK: [JAVA] vC4Socket@xb4000077c98c1980.ackWriteToCore(68)
04-12 18:58:14.563 8886 9036 V CouchbaseLite/NETWORK: {N8litecore4blip6BLIPIOE#26330} ...Wrote 68 bytes to WebSocket (writeable=1)
04-12 18:58:14.564 8886 10543 I CouchbaseLite/NETWORK: {N8litecore4blip10ConnectionE#26278} Connected!
04-12 18:58:14.564 8886 9031 I CouchbaseLite/REPLICATOR: {Repl#26288} {Coll#-1} activityLevel=busy: connectionState=2, savingChkpt=0
04-12 18:58:14.565 8886 9038 I CouchbaseLite/REPLICATOR: {Repl#26279} {Coll#-1} Connected!
04-12 18:58:14.566 8886 9038 V CouchbaseLite/REPLICATOR: {Repl#26279} {Coll#-1} Requesting remote checkpoint 'cp-SHpbnSwgcB4cOJXwvdZ39kOvanE=' of the default collection
04-12 18:58:14.566 8886 9038 I CouchbaseLite/NETWORK: SENDING: REQ #0 {
04-12 18:58:14.566 8886 9038 I CouchbaseLite/NETWORK: Profile: getCheckpoint
04-12 18:58:14.566 8886 9038 I CouchbaseLite/NETWORK: client: cp-SHpbnSwgcB4cOJXwvdZ39kOvanE= }
04-12 18:58:14.567 8886 9037 I CouchbaseLite/NETWORK: {N8litecore4blip6BLIPIOE#26332}==> N8litecore4blip6BLIPIOE ->wss://stage.realtime-sync-gw.wdprapps.disney.com/park-platform-semipriv/_blipsync @0xb4000077e9a07540
04-12 18:58:14.568 8886 9037 V CouchbaseLite/NETWORK: {N8litecore4blip6BLIPIOE#26332} WebSocket is hungry!
04-12 18:58:14.569 8886 9037 V CouchbaseLite/NETWORK: {N8litecore4blip6BLIPIOE#26332} Starting writeToWebSocket loop...
04-12 18:58:14.569 8886 9037 V CouchbaseLite/NETWORK: {N8litecore4blip6BLIPIOE#26332} ...Wrote 0 bytes to WebSocket (writeable=1)
04-12 18:58:14.573 8886 9032 I CouchbaseLite/REPLICATOR: {N8litecore4repl6PullerE#26333}==> N8litecore4repl6PullerE {Repl#26279} @0xb4000077e9a04a20
04-12 18:58:14.574 8886 9032 I CouchbaseLite/REPLICATOR: {N8litecore4repl6PullerE#26333} {Coll#0} Starting pull from remote seq ''
04-12 18:58:14.578 8886 9038 I CouchbaseLite/REPLICATOR: {Repl#26279} {Coll#-1} activityLevel=busy: connectionState=2, savingChkpt=0
04-12 18:58:14.578 8886 9038 I CouchbaseLite/REPLICATOR: {Repl#26279} {Coll#-1} now busy
04-12 18:58:14.579 8886 9038 I CouchbaseLite/REPLICATOR: {C4Replicator#26281} State: busy, progress=0.00%
04-12 18:58:14.579 8886 9038 D CouchbaseLite/REPLICATOR: [JAVA] C4Replicator.statusChangedCallback(0x1c0cc2b9) C4CommonRepl{@0xc71e9df/@xb4000077b979dc10, @0x3f3a239, SocketFactory{@URLEndpoint{url=wss://stage.realtime-sync-gw.wdprapps.disney.com/park-platform-semipriv}}'}: C4ReplicatorStatus{level=4,completed=0,total=0,#docs=0,domain=0,code=0,info=0}
04-12 18:58:14.579 8886 9032 I CouchbaseLite/REPLICATOR: {N8litecore4repl6PullerE#26333} {Coll#0} msg["revocations"]="true" due to enableAutoPurge()=1 or progressNotificationLevel()=0 > 0
04-12 18:58:14.581 8886 9032 I CouchbaseLite/NETWORK: SENDING: REQ #0 {
04-12 18:58:14.581 8886 9032 I CouchbaseLite/NETWORK: Profile: subChanges
04-12 18:58:14.581 8886 9032 I CouchbaseLite/NETWORK: continuous: true
04-12 18:58:14.581 8886 9032 I CouchbaseLite/NETWORK: batch: 200
04-12 18:58:14.581 8886 9032 I CouchbaseLite/NETWORK: versioning: rev-trees
04-12 18:58:14.581 8886 9032 I CouchbaseLite/NETWORK: activeOnly: true
04-12 18:58:14.581 8886 9032 I CouchbaseLite/NETWORK: revocations: true
04-12 18:58:14.581 8886 9032 I CouchbaseLite/NETWORK: filter: sync_gateway/bychannel
04-12 18:58:14.581 8886 9032 I CouchbaseLite/NETWORK: channels: wMDX-484976ec-55c1-4950-83f8-ff90775027b6.wdw.exp.1_0.en_us }
04-12 18:58:14.581 8886 9032 I CouchbaseLite/REPLICATOR: {N8litecore4repl6PullerE#26333} {Coll#0} activityLevel=busy: pendingResponseCount=1, _caughtUp=0, _pendingRevMessages=0, _activeIncomingRevs=0, _waitingRevMessages=0, _unfinishedIncomingRevs=0
04-12 18:58:14.582 8886 9049 I CouchbaseLite/REPLICATOR: [JAVA] status changed: (0, 0) @C4ReplicatorStatus{level=4,completed=0,total=0,#docs=0,domain=0,code=0,info=0} for Replicator{@0x3f3a239(<*),Database{@@0x2e0afa2: 'finder-semi-private.73600.en_us'} => URLEndpoint{url=wss://stage.realtime-sync-gw.wdprapps.disney.com/park-platform-semipriv}}$C4CommonRepl{@0xc71e9df/@xb4000077b979dc10, @0x3f3a239, SocketFactory{@URLEndpoint{url=wss://stage.realtime-sync-gw.wdprapps.disney.com/park-platform-semipriv}}'}
04-12 18:58:14.582 8886 9049 D CouchbaseLite/NETWORK: [JAVA] Offline state change for com.couchbase.lite.internal.replicator.AndroidConnectivityObserver@80c1ce2: CONNECTING -> true
04-12 18:58:14.582 8886 9049 I CouchbaseLite/REPLICATOR: [JAVA] State changed CONNECTING => BUSY(0/0): null for Replicator{@0x3f3a239(<*),Database{@@0x2e0afa2: 'finder-semi-private.73600.en_us'} => URLEndpoint{url=wss://stage.realtime-sync-gw.wdprapps.disney.com/park-platform-semipriv}}$C4CommonRepl{@0xc71e9df/@xb4000077b979dc10, @0x3f3a239, SocketFactory{@URLEndpoint{url=wss://stage.realtime-sync-gw.wdprapps.disney.com/park-platform-semipriv}}'}
04-12 18:58:14.582 8886 9032 V CouchbaseLite/REPLICATOR: {N8litecore4repl6PullerE#26333} {Coll#0} now busy
04-12 18:58:14.583 8886 9032 I CouchbaseLite/REPLICATOR: {Repl#26279} {Coll#-1} pushStatus=stopped, pullStatus=busy, progress=0/0/0
04-12 18:58:14.584 8886 9034 V CouchbaseLite/NETWORK: {N8litecore4blip6BLIPIOE#26332} Sending 'getCheckpoint' REQ #0
04-12 18:58:14.584 8886 9034 V CouchbaseLite/NETWORK: {N8litecore4blip6BLIPIOE#26332} Requeuing REQ #0...
04-12 18:58:14.587 8886 9034 V CouchbaseLite/NETWORK: {N8litecore4blip6BLIPIOE#26332} Starting writeToWebSocket loop...
04-12 18:58:14.589 8886 9032 V CouchbaseLite/REPLICATOR: {Repl#26279} {Coll#-1} Replicator status collection-wise: pushStatus=stopped, pullStatus=busy, progress=0/0, docCount=0
04-12 18:58:14.590 8886 9034 V CouchbaseLite/NETWORK: {N8litecore4blip6BLIPIOE#26332} Sending frame: REQ #1 ----, bytes 0--65
04-12 18:58:14.590 8886 9034 V CouchbaseLite/NETWORK: {N8litecore4repl12C4SocketImplE#26282} Sending 68-byte message
04-12 18:58:14.590 8886 9034 D CouchbaseLite/NETWORK: [JAVA] ^C4Socket.write@b4000077c98d1c80(68)
04-12 18:58:14.591 8886 9034 V CouchbaseLite/NETWORK: {N8litecore4blip6BLIPIOE#26332} Finished sending REQ #1
04-12 18:58:14.591 8886 9034 V CouchbaseLite/NETWORK: {N8litecore4blip6BLIPIOE#26332} ...Wrote 68 bytes to WebSocket (writeable=1)
04-12 18:58:14.591 8886 9048 D CouchbaseLite/NETWORK: [JAVA] CBLWebSocket@@0xad3252e{vC4Socket@xb4000077c98d1c80 <=> OkHttpSocket@0x7248ba9(wss://stage.realtime-sync-gw.wdprapps.disney.com:443/park-platform-semipriv/_blipsync)}.coreWrites(68)
04-12 18:58:14.591 8886 9034 V CouchbaseLite/NETWORK: {N8litecore4blip6BLIPIOE#26332} Sending 'subChanges' REQ #0
04-12 18:58:14.592 8886 9048 D CouchbaseLite/NETWORK: [JAVA] OkHttpSocket@0x7248ba9.write(68)
04-12 18:58:14.592 8886 9034 V CouchbaseLite/NETWORK: {N8litecore4blip6BLIPIOE#26332} Requeuing REQ #0...
04-12 18:58:14.592 8886 9048 D CouchbaseLite/NETWORK: [JAVA] vC4Socket@xb4000077c98d1c80.ackWriteToCore(68)
04-12 18:58:14.598 8886 9034 V CouchbaseLite/NETWORK: {N8litecore4blip6BLIPIOE#26332} Starting writeToWebSocket loop...
04-12 18:58:14.599 8886 9032 I CouchbaseLite/REPLICATOR: {Repl#26279} {Coll#-1} activityLevel=busy: connectionState=2, savingChkpt=0
04-12 18:58:14.599 8886 9032 I CouchbaseLite/REPLICATOR: {Repl#26279} {Coll#-1} activityLevel=busy: connectionState=2, savingChkpt=0
04-12 18:58:14.601 8886 10541 D CouchbaseLite/NETWORK: [JAVA] OkHttpSocket@0xd31468a.onOpen: Response{protocol=http/1.1, code=101, message=Switching Protocols, url=https://stage.realtime-sync-gw.wdprapps.disney.com/park-platform-pub/_blipsync}
04-12 18:58:14.602 8886 10541 D CouchbaseLite/NETWORK: [JAVA] CBLWebSocket@@0xa3544fb{vC4Socket@xb4000077c989b950 <=> OkHttpSocket@0xd31468a(wss://stage.realtime-sync-gw.wdprapps.disney.com:443/park-platform-pub/_blipsync)}.remoteOpened: {Server=Couchbase Sync Gateway/3.1.3 EE, Connection=Upgrade, Sec-Websocket-Protocol=BLIP_3+CBMobile_3, Upgrade=websocket, Date=Fri, 12 Apr 2024 22:58:12 GMT, Sec-Websocket-Accept=mGAIV6zFW6ODBY1fKlv8/zf4IQo=}
04-12 18:58:14.606 8886 10541 D CouchbaseLite/NETWORK: [JAVA] StateMachine@0x8d50918: transition OPENING => OPEN
04-12 18:58:14.607 8886 10541 D CouchbaseLite/NETWORK: [JAVA] vC4Socket@xb4000077c989b950.ackOpenToCore
04-12 18:58:14.607 8886 10541 I CouchbaseLite/NETWORK: {N8litecore4repl12C4SocketImplE#26274} Got HTTP response (status 101)
04-12 18:58:14.608 8886 10541 I CouchbaseLite/NETWORK: {N8litecore4repl12C4SocketImplE#26274} Connected!
04-12 18:58:14.609 8886 9037 I CouchbaseLite/REPLICATOR: {Repl#26272} {Coll#-1} activityLevel=connecting: connectionState=1, savingChkpt=0
04-12 18:58:14.611 8886 10541 I CouchbaseLite/NETWORK: {N8litecore4blip10ConnectionE#26271} Connected!
04-12 18:58:14.611 8886 9035 I CouchbaseLite/REPLICATOR: {Repl#26272} {Coll#-1} Connected!
04-12 18:58:14.616 8886 9035 V CouchbaseLite/REPLICATOR: {Repl#26272} {Coll#-1} Requesting remote checkpoint 'cp-EUIwC4qPpttqvSBmzfkR34rhris=' of the default collection
04-12 18:58:14.617 8886 9033 I CouchbaseLite/NETWORK: {N8litecore4blip6BLIPIOE#26339}==> N8litecore4blip6BLIPIOE ->wss://stage.realtime-sync-gw.wdprapps.disney.com/park-platform-pub/_blipsync @0xb4000077e9a02bf0
04-12 18:58:14.617 8886 9033 V CouchbaseLite/NETWORK: {N8litecore4blip6BLIPIOE#26339} WebSocket is hungry!
04-12 18:58:14.617 8886 9033 V CouchbaseLite/NETWORK: {N8litecore4blip6BLIPIOE#26339} Starting writeToWebSocket loop...
04-12 18:58:14.618 8886 9033 V CouchbaseLite/NETWORK: {N8litecore4blip6BLIPIOE#26339} ...Wrote 0 bytes to WebSocket (writeable=1)
04-12 18:58:14.618 8886 9035 I CouchbaseLite/NETWORK: SENDING: REQ #0 {
04-12 18:58:14.618 8886 9035 I CouchbaseLite/NETWORK: Profile: getCheckpoint
04-12 18:58:14.618 8886 9035 I CouchbaseLite/NETWORK: client: cp-EUIwC4qPpttqvSBmzfkR34rhris= }
04-12 18:58:14.619 8886 9038 I CouchbaseLite/REPLICATOR: {N8litecore4repl6PullerE#26333} {Coll#0} activityLevel=busy: pendingResponseCount=1, _caughtUp=0, _pendingRevMessages=0, _activeIncomingRevs=0, _waitingRevMessages=0, _unfinishedIncomingRevs=0
04-12 18:58:14.622 8886 9034 V CouchbaseLite/NETWORK: {N8litecore4blip6BLIPIOE#26332} Sending frame: REQ #2 ----, bytes 0--203
04-12 18:58:14.622 8886 9034 V CouchbaseLite/NETWORK: {N8litecore4repl12C4SocketImplE#26282} Sending 206-byte message
04-12 18:58:14.623 8886 9036 V CouchbaseLite/NETWORK: {N8litecore4blip6BLIPIOE#26339} Sending 'getCheckpoint' REQ #0
04-12 18:58:14.623 8886 9034 D CouchbaseLite/NETWORK: [JAVA] ^C4Socket.write@b4000077c98d1c80(206)
04-12 18:58:14.624 8886 9036 V CouchbaseLite/NETWORK: {N8litecore4blip6BLIPIOE#26339} Requeuing REQ #0...
04-12 18:58:14.625 8886 9036 V CouchbaseLite/NETWORK: {N8litecore4blip6BLIPIOE#26339} Starting writeToWebSocket loop...
04-12 18:58:14.625 8886 9046 D CouchbaseLite/NETWORK: [JAVA] CBLWebSocket@@0xad3252e{vC4Socket@xb4000077c98d1c80 <=> OkHttpSocket@0x7248ba9(wss://stage.realtime-sync-gw.wdprapps.disney.com:443/park-platform-semipriv/_blipsync)}.coreWrites(206)
04-12 18:58:14.625 8886 9046 D CouchbaseLite/NETWORK: [JAVA] OkHttpSocket@0x7248ba9.write(206)
04-12 18:58:14.626 8886 9046 D CouchbaseLite/NETWORK: [JAVA] vC4Socket@xb4000077c98d1c80.ackWriteToCore(206)
04-12 18:58:14.626 8886 9036 V CouchbaseLite/NETWORK: {N8litecore4blip6BLIPIOE#26339} Sending frame: REQ #1 ----, bytes 0--65
04-12 18:58:14.627 8886 9036 V CouchbaseLite/NETWORK: {N8litecore4repl12C4SocketImplE#26274} Sending 68-byte message
04-12 18:58:14.628 8886 9035 I CouchbaseLite/REPLICATOR: {Repl#26272} {Coll#-1} activityLevel=busy: connectionState=2, savingChkpt=0
04-12 18:58:14.628 8886 9036 D CouchbaseLite/NETWORK: [JAVA] ^C4Socket.write@b4000077c989b950(68)
04-12 18:58:14.629 8886 9035 I CouchbaseLite/REPLICATOR: {Repl#26272} {Coll#-1} now busy
04-12 18:58:14.629 8886 9050 D CouchbaseLite/NETWORK: [JAVA] CBLWebSocket@@0xa3544fb{vC4Socket@xb4000077c989b950 <=> OkHttpSocket@0xd31468a(wss://stage.realtime-sync-gw.wdprapps.disney.com:443/park-platform-pub/_blipsync)}.coreWrites(68)
04-12 18:58:14.630 8886 9050 D CouchbaseLite/NETWORK: [JAVA] OkHttpSocket@0xd31468a.write(68)
04-12 18:58:14.630 8886 9050 D CouchbaseLite/NETWORK: [JAVA] vC4Socket@xb4000077c989b950.ackWriteToCore(68)
04-12 18:58:14.635 8886 9035 I CouchbaseLite/REPLICATOR: {C4Replicator#26273} State: busy, progress=0.00%
04-12 18:58:14.636 8886 9035 D CouchbaseLite/REPLICATOR: [JAVA] C4Replicator.statusChangedCallback(0x5f329f24) C4CommonRepl{@0xa0dbcd0/@xb4000077b980e4d0, @0x87bb582, SocketFactory{@URLEndpoint{url=wss://stage.realtime-sync-gw.wdprapps.disney.com/park-platform-pub/}}'}: C4ReplicatorStatus{level=4,completed=0,total=0,#docs=0,domain=0,code=0,info=0}
04-12 18:58:14.637 8886 9034 V CouchbaseLite/NETWORK: {N8litecore4blip6BLIPIOE#26332} Finished sending REQ #2
04-12 18:58:14.638 8886 9034 V CouchbaseLite/NETWORK: {N8litecore4blip6BLIPIOE#26332} ...Wrote 206 bytes to WebSocket (writeable=1)
