04-12 18:58:19.646 8886 9038 V CouchbaseLite/NETWORK: {N8litecore4blip6BLIPIOE#26726} Sending frame: REQ #1 ----, bytes 0--65
04-12 18:58:19.646 8886 9038 V CouchbaseLite/NETWORK: {N8litecore4repl12C4SocketImplE#26668} Sending 68-byte message
04-12 18:58:19.647 8886 9038 D CouchbaseLite/NETWORK: [JAVA] ^C4Socket.write@b4000077c990f350(68)
04-12 18:58:19.647 8886 9038 V CouchbaseLite/NETWORK: {N8litecore4blip6BLIPIOE#26726} Finished sending REQ #1
04-12 18:58:19.647 8886 9039 D CouchbaseLite/NETWORK: [JAVA] CBLWebSocket@@0x838b3b2{vC4Socket@xb4000077c990f350 <=> OkHttpSocket@0xf6cf1bd(wss://stage.realtime-sync-gw.wdprapps.disney.com:443/park-platform-pub/_blipsync)}.coreWrites(68)
04-12 18:58:19.648 8886 9038 V CouchbaseLite/NETWORK: {N8litecore4blip6BLIPIOE#26726} ...Wrote 68 bytes to WebSocket (writeable=1)
04-12 18:58:19.648 8886 9039 D CouchbaseLite/NETWORK: [JAVA] OkHttpSocket@0xf6cf1bd.write(68)
04-12 18:58:19.650 8886 9039 D CouchbaseLite/NETWORK: [JAVA] vC4Socket@xb4000077c990f350.ackWriteToCore(68)
04-12 18:58:19.674 8886 10542 D CouchbaseLite/NETWORK: [JAVA] OkHttpSocket@0xf6cfdae.onOpen: Response{protocol=http/1.1, code=101, message=Switching Protocols, url=https://stage.realtime-sync-gw.wdprapps.disney.com/park-platform-semipriv/_blipsync}
04-12 18:58:19.674 8886 10542 D CouchbaseLite/NETWORK: [JAVA] CBLWebSocket@@0x947374f{vC4Socket@xb4000077c9881470 <=> OkHttpSocket@0xf6cfdae(wss://stage.realtime-sync-gw.wdprapps.disney.com:443/park-platform-semipriv/_blipsync)}.remoteOpened: {Server=Couchbase Sync Gateway/3.1.3 EE, Connection=Upgrade, Sec-Websocket-Protocol=BLIP_3+CBMobile_3, Upgrade=websocket, Date=Fri, 12 Apr 2024 22:58:17 GMT, Sec-Websocket-Accept=1H8KjyNYwEM3jXXvNIUUrZabyPk=}
04-12 18:58:19.674 8886 10542 D CouchbaseLite/NETWORK: [JAVA] StateMachine@0xc46cedc: transition OPENING => OPEN
04-12 18:58:19.675 8886 10542 D CouchbaseLite/NETWORK: [JAVA] vC4Socket@xb4000077c9881470.ackOpenToCore
04-12 18:58:19.675 8886 10542 I CouchbaseLite/NETWORK: {N8litecore4repl12C4SocketImplE#26675} Got HTTP response (status 101)
04-12 18:58:19.676 8886 9036 I CouchbaseLite/REPLICATOR: {Repl#26673} {Coll#-1} activityLevel=connecting: connectionState=1, savingChkpt=0
04-12 18:58:19.679 8886 10542 I CouchbaseLite/NETWORK: {N8litecore4repl12C4SocketImplE#26675} Connected!
04-12 18:58:19.679 8886 10542 I CouchbaseLite/NETWORK: {N8litecore4blip10ConnectionE#26672} Connected!
04-12 18:58:19.680 8886 9034 I CouchbaseLite/REPLICATOR: {Repl#26673} {Coll#-1} Connected!
04-12 18:58:19.680 8886 9034 V CouchbaseLite/REPLICATOR: {Repl#26673} {Coll#-1} Requesting remote checkpoint 'cp-SHpbnSwgcB4cOJXwvdZ39kOvanE=' of the default collection
04-12 18:58:19.681 8886 9031 I CouchbaseLite/NETWORK: {N8litecore4blip6BLIPIOE#26730}==> N8litecore4blip6BLIPIOE ->wss://stage.realtime-sync-gw.wdprapps.disney.com/park-platform-semipriv/_blipsync @0xb4000077e9abe120
04-12 18:58:19.681 8886 9031 V CouchbaseLite/NETWORK: {N8litecore4blip6BLIPIOE#26730} WebSocket is hungry!
04-12 18:58:19.683 8886 9031 V CouchbaseLite/NETWORK: {N8litecore4blip6BLIPIOE#26730} Starting writeToWebSocket loop...
04-12 18:58:19.683 8886 9031 V CouchbaseLite/NETWORK: {N8litecore4blip6BLIPIOE#26730} ...Wrote 0 bytes to WebSocket (writeable=1)
04-12 18:58:19.685 8886 9034 I CouchbaseLite/NETWORK: SENDING: REQ #0 {
04-12 18:58:19.685 8886 9034 I CouchbaseLite/NETWORK: Profile: getCheckpoint
04-12 18:58:19.685 8886 9034 I CouchbaseLite/NETWORK: client: cp-SHpbnSwgcB4cOJXwvdZ39kOvanE= }
04-12 18:58:19.686 8886 9034 I CouchbaseLite/REPLICATOR: {Repl#26673} {Coll#-1} activityLevel=busy: connectionState=2, savingChkpt=0
04-12 18:58:19.687 8886 9034 I CouchbaseLite/REPLICATOR: {Repl#26673} {Coll#-1} now busy
04-12 18:58:19.687 8886 9034 I CouchbaseLite/REPLICATOR: {C4Replicator#26674} State: busy, progress=0.00%
04-12 18:58:19.688 8886 9037 V CouchbaseLite/NETWORK: {N8litecore4blip6BLIPIOE#26730} Sending 'getCheckpoint' REQ #0
04-12 18:58:19.688 8886 9034 D CouchbaseLite/REPLICATOR: [JAVA] C4Replicator.statusChangedCallback(0x6f1578c3) C4CommonRepl{@0xcf70b26/@xb4000077b982c610, @0xf1f2a68, SocketFactory{@URLEndpoint{url=wss://stage.realtime-sync-gw.wdprapps.disney.com/park-platform-semipriv}}'}: C4ReplicatorStatus{level=4,completed=0,total=0,#docs=0,domain=0,code=0,info=0}
04-12 18:58:19.689 8886 9037 V CouchbaseLite/NETWORK: {N8litecore4blip6BLIPIOE#26730} Requeuing REQ #0...
04-12 18:58:19.689 8886 9047 I CouchbaseLite/REPLICATOR: [JAVA] status changed: (0, 0) @C4ReplicatorStatus{level=4,completed=0,total=0,#docs=0,domain=0,code=0,info=0} for Replicator{@0xf1f2a68(<*),Database{@@0x2e0afa2: 'finder-semi-private.73600.en_us'} => URLEndpoint{url=wss://stage.realtime-sync-gw.wdprapps.disney.com/park-platform-semipriv}}$C4CommonRepl{@0xcf70b26/@xb4000077b982c610, @0xf1f2a68, SocketFactory{@URLEndpoint{url=wss://stage.realtime-sync-gw.wdprapps.disney.com/park-platform-semipriv}}'}
04-12 18:58:19.690 8886 9047 D CouchbaseLite/NETWORK: [JAVA] Offline state change for com.couchbase.lite.internal.replicator.AndroidConnectivityObserver@3e59b75: CONNECTING -> true
04-12 18:58:19.690 8886 9047 I CouchbaseLite/REPLICATOR: [JAVA] State changed CONNECTING => BUSY(0/0): null for Replicator{@0xf1f2a68(<*),Database{@@0x2e0afa2: 'finder-semi-private.73600.en_us'} => URLEndpoint{url=wss://stage.realtime-sync-gw.wdprapps.disney.com/park-platform-semipriv}}$C4CommonRepl{@0xcf70b26/@xb4000077b982c610, @0xf1f2a68, SocketFactory{@URLEndpoint{url=wss://stage.realtime-sync-gw.wdprapps.disney.com/park-platform-semipriv}}'}
04-12 18:58:19.693 8886 9037 V CouchbaseLite/NETWORK: {N8litecore4blip6BLIPIOE#26730} Starting writeToWebSocket loop...
04-12 18:58:19.696 8886 9032 I CouchbaseLite/REPLICATOR: {N8litecore4repl6PullerE#26732}==> N8litecore4repl6PullerE {Repl#26673} @0xb4000077e9ab8f30
04-12 18:58:19.697 8886 9032 I CouchbaseLite/REPLICATOR: {N8litecore4repl6PullerE#26732} {Coll#0} Starting pull from remote seq ''
04-12 18:58:19.697 8886 9032 I CouchbaseLite/REPLICATOR: {N8litecore4repl6PullerE#26732} {Coll#0} msg["revocations"]="true" due to enableAutoPurge()=1 or progressNotificationLevel()=0 > 0
04-12 18:58:19.698 8886 9032 I CouchbaseLite/NETWORK: SENDING: REQ #0 {
04-12 18:58:19.698 8886 9032 I CouchbaseLite/NETWORK: Profile: subChanges
04-12 18:58:19.698 8886 9032 I CouchbaseLite/NETWORK: continuous: true
04-12 18:58:19.698 8886 9032 I CouchbaseLite/NETWORK: batch: 200
04-12 18:58:19.698 8886 9032 I CouchbaseLite/NETWORK: versioning: rev-trees
04-12 18:58:19.698 8886 9032 I CouchbaseLite/NETWORK: activeOnly: true
04-12 18:58:19.698 8886 9032 I CouchbaseLite/NETWORK: revocations: true
04-12 18:58:19.698 8886 9032 I CouchbaseLite/NETWORK: filter: sync_gateway/bychannel
04-12 18:58:19.698 8886 9032 I CouchbaseLite/NETWORK: channels: wMDX-484976ec-55c1-4950-83f8-ff90775027b6.wdw.exp.1_0.en_us }
04-12 18:58:19.699 8886 9032 I CouchbaseLite/REPLICATOR: {N8litecore4repl6PullerE#26732} {Coll#0} activityLevel=busy: pendingResponseCount=1, _caughtUp=0, _pendingRevMessages=0, _activeIncomingRevs=0, _waitingRevMessages=0, _unfinishedIncomingRevs=0
04-12 18:58:19.700 8886 9032 V CouchbaseLite/REPLICATOR: {N8litecore4repl6PullerE#26732} {Coll#0} now busy
04-12 18:58:19.702 8886 9034 I CouchbaseLite/REPLICATOR: {Repl#26673} {Coll#-1} activityLevel=busy: connectionState=2, savingChkpt=0
04-12 18:58:19.702 8886 9034 I CouchbaseLite/REPLICATOR: {Repl#26673} {Coll#-1} pushStatus=stopped, pullStatus=busy, progress=0/0/0
04-12 18:58:19.702 8886 9034 V CouchbaseLite/REPLICATOR: {Repl#26673} {Coll#-1} Replicator status collection-wise: pushStatus=stopped, pullStatus=busy, progress=0/0, docCount=0
04-12 18:58:19.703 8886 9034 I CouchbaseLite/REPLICATOR: {Repl#26673} {Coll#-1} activityLevel=busy: connectionState=2, savingChkpt=0
04-12 18:58:19.703 8886 9037 V CouchbaseLite/NETWORK: {N8litecore4blip6BLIPIOE#26730} Sending frame: REQ #1 ----, bytes 0--65
04-12 18:58:19.704 8886 9037 V CouchbaseLite/NETWORK: {N8litecore4repl12C4SocketImplE#26675} Sending 68-byte message
04-12 18:58:19.705 8886 9037 D CouchbaseLite/NETWORK: [JAVA] ^C4Socket.write@b4000077c9881470(68)
04-12 18:58:19.708 8886 9037 V CouchbaseLite/NETWORK: {N8litecore4blip6BLIPIOE#26730} Finished sending REQ #1
04-12 18:58:19.708 8886 9049 D CouchbaseLite/NETWORK: [JAVA] CBLWebSocket@@0x947374f{vC4Socket@xb4000077c9881470 <=> OkHttpSocket@0xf6cfdae(wss://stage.realtime-sync-gw.wdprapps.disney.com:443/park-platform-semipriv/_blipsync)}.coreWrites(68)
04-12 18:58:19.708 8886 9049 D CouchbaseLite/NETWORK: [JAVA] OkHttpSocket@0xf6cfdae.write(68)
04-12 18:58:19.710 8886 9037 V CouchbaseLite/NETWORK: {N8litecore4blip6BLIPIOE#26730} ...Wrote 68 bytes to WebSocket (writeable=1)
04-12 18:58:19.710 8886 9049 D CouchbaseLite/NETWORK: [JAVA] vC4Socket@xb4000077c9881470.ackWriteToCore(68)
04-12 18:58:19.711 8886 9037 V CouchbaseLite/NETWORK: {N8litecore4blip6BLIPIOE#26730} Sending 'subChanges' REQ #0
04-12 18:58:19.711 8886 9037 V CouchbaseLite/NETWORK: {N8litecore4blip6BLIPIOE#26730} Requeuing REQ #0...
04-12 18:58:19.711 8886 9037 V CouchbaseLite/NETWORK: {N8litecore4blip6BLIPIOE#26730} Starting writeToWebSocket loop...
04-12 18:58:19.712 8886 9037 V CouchbaseLite/NETWORK: {N8litecore4blip6BLIPIOE#26730} Sending frame: REQ #2 ----, bytes 0--203
04-12 18:58:19.712 8886 9037 V CouchbaseLite/NETWORK: {N8litecore4repl12C4SocketImplE#26675} Sending 206-byte message
04-12 18:58:19.712 8886 9037 D CouchbaseLite/NETWORK: [JAVA] ^C4Socket.write@b4000077c9881470(206)
04-12 18:58:19.714 8886 9030 D CouchbaseLite/NETWORK: [JAVA] CBLWebSocket@@0x947374f{vC4Socket@xb4000077c9881470 <=> OkHttpSocket@0xf6cfdae(wss://stage.realtime-sync-gw.wdprapps.disney.com:443/park-platform-semipriv/_blipsync)}.coreWrites(206)
04-12 18:58:19.714 8886 10543 D CouchbaseLite/NETWORK: [JAVA] OkHttpSocket@0xfd79ce0.onBytes(98)
04-12 18:58:19.714 8886 9030 D CouchbaseLite/NETWORK: [JAVA] OkHttpSocket@0xf6cfdae.write(206)
04-12 18:58:19.715 8886 9030 D CouchbaseLite/NETWORK: [JAVA] vC4Socket@xb4000077c9881470.ackWriteToCore(206)
04-12 18:58:19.715 8886 10543 D CouchbaseLite/NETWORK: [JAVA] CBLWebSocket@@0x5da3b99{vC4Socket@xb4000077c98f0910 <=> OkHttpSocket@0xfd79ce0(wss://stage.realtime-sync-gw.wdprapps.disney.com:443/park-platform-priv/_blipsync)}.remoteWrites: 98
04-12 18:58:19.715 8886 10543 D CouchbaseLite/NETWORK: [JAVA] vC4Socket@xb4000077c98f0910.sendToCore(98)
04-12 18:58:19.718 8886 9036 I CouchbaseLite/REPLICATOR: {N8litecore4repl6PullerE#26732} {Coll#0} activityLevel=busy: pendingResponseCount=1, _caughtUp=0, _pendingRevMessages=0, _activeIncomingRevs=0, _waitingRevMessages=0, _unfinishedIncomingRevs=0
04-12 18:58:19.720 8886 9037 V CouchbaseLite/NETWORK: {N8litecore4blip6BLIPIOE#26730} Finished sending REQ #2
04-12 18:58:19.724 8886 9037 V CouchbaseLite/NETWORK: {N8litecore4blip6BLIPIOE#26730} ...Wrote 206 bytes to WebSocket (writeable=1)
04-12 18:58:19.724 8886 10543 V CouchbaseLite/NETWORK: {N8litecore4repl12C4SocketImplE#26682} Received 98-byte message
04-12 18:58:19.725 8886 9031 V CouchbaseLite/NETWORK: {N8litecore4blip6BLIPIOE#26724} Received frame: RES #1 ---C, length 96
04-12 18:58:19.725 8886 9031 V CouchbaseLite/NETWORK: {N8litecore4blip6BLIPIOE#26724} RES #1 has reached the end of its frames
04-12 18:58:19.733 8886 9031 V CouchbaseLite/NETWORK: {N8litecore4blip10ConnectionE#26679} Receiving RES #1 Z
04-12 18:58:19.737 8886 9031 V CouchbaseLite/NETWORK: {N8litecore4blip10ConnectionE#26679} Finished receiving RES #1 Z
04-12 18:58:19.738 8886 9031 I CouchbaseLite/NETWORK: RECEIVED: RES #1 Z {
04-12 18:58:19.738 8886 9031 I CouchbaseLite/NETWORK: Content-Type: application/json
04-12 18:58:19.738 8886 9031 I CouchbaseLite/NETWORK: rev: 0-2
04-12 18:58:19.738 8886 9031 I CouchbaseLite/NETWORK: BODY: {"local":7,"remote":45262888,"time":1712962450} }
04-12 18:58:19.739 8886 9035 I CouchbaseLite/REPLICATOR: {Repl#26680} {Coll#-1} Received remote checkpoint (rev='0-2'): {"local":7,"remote":45262888,"time":1712962450} of the default collection
04-12 18:58:19.739 8886 9031 D CouchbaseLite/NETWORK: [JAVA] ^C4Socket.completedReceive@b4000077c98f0910(98)
04-12 18:58:19.739 8886 9032 I CouchbaseLite/REPLICATOR: {N8litecore4repl6PusherE#26734}==> N8litecore4repl6PusherE {Repl#26680} @0xb4000077d980b6a0
04-12 18:58:19.739 8886 9032 I CouchbaseLite/REPLICATOR: {N8litecore4repl6PusherE#26734} {Coll#0} Starting continuous push from local seq #8
04-12 18:58:19.740 8886 9032 I CouchbaseLite/REPLICATOR: {N8litecore4repl21ReplicatorChangesFeedE#26735}==> N8litecore4repl21ReplicatorChangesFeedE 0xb4000077d980b828 @0xb4000077d980b828
04-12 18:58:19.740 8886 9046 D CouchbaseLite/NETWORK: [JAVA] CBLWebSocket@@0x5da3b99{vC4Socket@xb4000077c98f0910 <=> OkHttpSocket@0xfd79ce0(wss://stage.realtime-sync-gw.wdprapps.disney.com:443/park-platform-priv/_blipsync)}.coreAckReceive: 98
04-12 18:58:19.740 8886 9032 V CouchbaseLite/REPLICATOR: {N8litecore4repl21ReplicatorChangesFeedE#26735} Starting DB observer
04-12 18:58:19.747 8886 9032 V CouchbaseLite/REPLICATOR: {N8litecore4repl21ReplicatorChangesFeedE#26735} Reading up to 200 local changes since #7
04-12 18:58:19.752 8886 9033 I CouchbaseLite/REPLICATOR: {N8litecore4repl6PullerE#26737}==> N8litecore4repl6PullerE {Repl#26680} @0xb4000077e9a17c50
04-12 18:58:19.753 8886 9033 I CouchbaseLite/REPLICATOR: {N8litecore4repl6PullerE#26737} {Coll#0} Starting pull from remote seq '45262888'
04-12 18:58:19.755 8886 9035 I CouchbaseLite/REPLICATOR: {Repl#26680} {Coll#-1} activityLevel=busy: connectionState=2, savingChkpt=0
04-12 18:58:19.755 8886 9033 I CouchbaseLite/REPLICATOR: {N8litecore4repl6PullerE#26737} {Coll#0} msg["revocations"]="true" due to enableAutoPurge()=1 or progressNotificationLevel()=0 > 0
04-12 18:58:19.756 8886 9033 I CouchbaseLite/NETWORK: SENDING: REQ #0 {
04-12 18:58:19.756 8886 9033 I CouchbaseLite/NETWORK: Profile: subChanges
04-12 18:58:19.756 8886 9033 I CouchbaseLite/NETWORK: since: 45262888
04-12 18:58:19.756 8886 9033 I CouchbaseLite/NETWORK: continuous: true
04-12 18:58:19.756 8886 9033 I CouchbaseLite/NETWORK: batch: 200
04-12 18:58:19.756 8886 9033 I CouchbaseLite/NETWORK: versioning: rev-trees
04-12 18:58:19.756 8886 9033 I CouchbaseLite/NETWORK: revocations: true
04-12 18:58:19.756 8886 9033 I CouchbaseLite/NETWORK: filter: sync_gateway/bychannel
04-12 18:58:19.756 8886 9033 I CouchbaseLite/NETWORK: channels: {63B01F9F-BC25-4824-9104-70D27ED77981}.wdw.exp.1_0.en_us,{63B01F9F-BC25-4824-9104-70D27ED77981}.wdw.userdata.1_0.en_us }
04-12 18:58:19.757 8886 9032 I CouchbaseLite/REPLICATOR: {N8litecore4repl6PusherE#26734} {Coll#0} Found 0 changes up to #7
04-12 18:58:19.758 8886 9032 I CouchbaseLite/NETWORK: SENDING: REQ #0 UN {
04-12 18:58:19.758 8886 9032 I CouchbaseLite/NETWORK: Profile: proposeChanges
04-12 18:58:19.758 8886 9032 I CouchbaseLite/NETWORK: conflictIncludesRev: true
04-12 18:58:19.758 8886 9032 I CouchbaseLite/NETWORK: BODY: [] }
04-12 18:58:19.758 8886 9032 I CouchbaseLite/REPLICATOR: {N8litecore4repl6PusherE#26734} {Coll#0} activityLevel=busy: pendingResponseCount=0, caughtUp=0, changeLists=0, revsInFlight=0, blobsInFlight=0, awaitingReply=0, revsToSend=0, pushingDocs=0, pendingSequences=0
04-12 18:58:19.758 8886 9032 V CouchbaseLite/REPLICATOR: {N8litecore4repl6PusherE#26734} {Coll#0} now busy
04-12 18:58:19.758 8886 9032 V CouchbaseLite/NETWORK: {N8litecore4blip6BLIPIOE#26724} Sending 'subChanges' REQ #0
04-12 18:58:19.759 8886 9032 V CouchbaseLite/NETWORK: {N8litecore4blip6BLIPIOE#26724} Requeuing REQ #0...
04-12 18:58:19.760 8886 9032 V CouchbaseLite/NETWORK: {N8litecore4blip6BLIPIOE#26724} Starting writeToWebSocket loop...
04-12 18:58:19.761 8886 9032 V CouchbaseLite/NETWORK: {N8litecore4blip6BLIPIOE#26724} Sending frame: REQ #2 ----, bytes 0--261
04-12 18:58:19.762 8886 9032 V CouchbaseLite/NETWORK: {N8litecore4repl12C4SocketImplE#26682} Sending 264-byte message
04-12 18:58:19.762 8886 9038 V CouchbaseLite/REPLICATOR: {N8litecore4repl21ReplicatorChangesFeedE#26735} Asking DB observer for 200 new changes since sequence #7 ...
04-12 18:58:19.763 8886 9032 D CouchbaseLite/NETWORK: [JAVA] ^C4Socket.write@b4000077c98f0910(264)
04-12 18:58:19.763 8886 9038 I CouchbaseLite/REPLICATOR: {N8litecore4repl21ReplicatorChangesFeedE#26735} No new observed changes...
04-12 18:58:19.763 8886 9038 I CouchbaseLite/REPLICATOR: {N8litecore4repl6PusherE#26734} {Coll#0} Found 0 changes up to #7
04-12 18:58:19.763 8886 9038 I CouchbaseLite/NETWORK: SENDING: REQ #0 UN {
04-12 18:58:19.763 8886 9038 I CouchbaseLite/NETWORK: Profile: proposeChanges
04-12 18:58:19.763 8886 9038 I CouchbaseLite/NETWORK: conflictIncludesRev: true
04-12 18:58:19.763 8886 9038 I CouchbaseLite/NETWORK: BODY: [] }
04-12 18:58:19.764 8886 9038 I CouchbaseLite/REPLICATOR: {N8litecore4repl6PusherE#26734} {Coll#0} Caught up, at lastSequence #7
04-12 18:58:19.764 8886 9038 I CouchbaseLite/REPLICATOR: {N8litecore4repl6PusherE#26734} {Coll#0} activityLevel=busy: pendingResponseCount=0, caughtUp=1, changeLists=0, revsInFlight=0, blobsInFlight=0, awaitingReply=0, revsToSend=0, pushingDocs=0, pendingSequences=0
04-12 18:58:19.764 8886 9038 V CouchbaseLite/REPLICATOR: {N8litecore4repl21ReplicatorChangesFeedE#26735} Asking DB observer for 200 new changes since sequence #7 ...
04-12 18:58:19.765 8886 9038 I CouchbaseLite/REPLICATOR: {N8litecore4repl21ReplicatorChangesFeedE#26735} No new observed changes...
04-12 18:58:19.765 8886 9050 D CouchbaseLite/NETWORK: [JAVA] CBLWebSocket@@0x5da3b99{vC4Socket@xb4000077c98f0910 <=> OkHttpSocket@0xfd79ce0(wss://stage.realtime-sync-gw.wdprapps.disney.com:443/park-platform-priv/_blipsync)}.coreWrites(264)
04-12 18:58:19.765 8886 9050 D CouchbaseLite/NETWORK: [JAVA] OkHttpSocket@0xfd79ce0.write(264)
04-12 18:58:19.766 8886 9050 D CouchbaseLite/NETWORK: [JAVA] vC4Socket@xb4000077c98f0910.ackWriteToCore(264)
04-12 18:58:19.768 8886 9038 I CouchbaseLite/REPLICATOR: {N8litecore4repl6PusherE#26734} {Coll#0} Found 0 changes up to #7
04-12 18:58:19.768 8886 10541 D CouchbaseLite/NETWORK: [JAVA] OkHttpSocket@0xf6cf1bd.onBytes(90)
04-12 18:58:19.769 8886 10541 D CouchbaseLite/NETWORK: [JAVA] CBLWebSocket@@0x838b3b2{vC4Socket@xb4000077c990f350 <=> OkHttpSocket@0xf6cf1bd(wss://stage.realtime-sync-gw.wdprapps.disney.com:443/park-platform-pub/_blipsync)}.remoteWrites: 90
04-12 18:58:19.769 8886 10541 D CouchbaseLite/NETWORK: [JAVA] vC4Socket@xb4000077c990f350.sendToCore(90)
04-12 18:58:19.781 8886 9033 I CouchbaseLite/REPLICATOR: {N8litecore4repl6PullerE#26737} {Coll#0} activityLevel=busy: pendingResponseCount=1, _caughtUp=0, _pendingRevMessages=0, _activeIncomingRevs=0, _waitingRevMessages=0, _unfinishedIncomingRevs=0
04-12 18:58:19.781 8886 9033 V CouchbaseLite/REPLICATOR: {N8litecore4repl6PullerE#26737} {Coll#0} now busy
04-12 18:58:19.781 8886 9033 I CouchbaseLite/REPLICATOR: {N8litecore4repl6PullerE#26737} {Coll#0} activityLevel=busy: pendingResponseCount=1, _caughtUp=0, _pendingRevMessages=0, _activeIncomingRevs=0, _waitingRevMessages=0, _unfinishedIncomingRevs=0
04-12 18:58:19.781 8886 9036 I CouchbaseLite/REPLICATOR: {Repl#26680} {Coll#-1} pushStatus=busy, pullStatus=busy, progress=0/0/0
04-12 18:58:19.781 8886 9036 V CouchbaseLite/REPLICATOR: {Repl#26680} {Coll#-1} Replicator status collection-wise: pushStatus=busy, pullStatus=busy, progress=0/0, docCount=0
04-12 18:58:19.782 8886 9036 I CouchbaseLite/REPLICATOR: {Repl#26680} {Coll#-1} activityLevel=busy: connectionState=2, savingChkpt=0
04-12 18:58:19.782 8886 9038 I CouchbaseLite/NETWORK: SENDING: REQ #0 UN {
04-12 18:58:19.782 8886 9038 I CouchbaseLite/NETWORK: Profile: proposeChanges
04-12 18:58:19.782 8886 9038 I CouchbaseLite/NETWORK: conflictIncludesRev: true
04-12 18:58:19.782 8886 9038 I CouchbaseLite/NETWORK: BODY: [] }
04-12 18:58:19.783 8886 9032 V CouchbaseLite/NETWORK: {N8litecore4blip6BLIPIOE#26724} Finished sending REQ #2
04-12 18:58:19.784 8886 9032 V CouchbaseLite/NETWORK: {N8litecore4blip6BLIPIOE#26724} ...Wrote 264 bytes to WebSocket (writeable=1)
04-12 18:58:19.785 8886 9032 V CouchbaseLite/NETWORK: {N8litecore4blip6BLIPIOE#26724} Sending 'proposeChanges' REQ #0 UN
04-12 18:58:19.785 8886 9032 V CouchbaseLite/NETWORK: {N8litecore4blip6BLIPIOE#26724} Requeuing REQ #0...
04-12 18:58:19.786 8886 10541 V CouchbaseLite/NETWORK: {N8litecore4repl12C4SocketImplE#26668} Received 90-byte message
04-12 18:58:19.786 8886 9038 I CouchbaseLite/REPLICATOR: {N8litecore4repl6PusherE#26734} {Coll#0} activityLevel=busy: pendingResponseCount=0, caughtUp=1, changeLists=0, revsInFlight=0, blobsInFlight=0, awaitingReply=0, revsToSend=0, pushingDocs=0, pendingSequences=0
04-12 18:58:19.787 8886 9038 I CouchbaseLite/REPLICATOR: {N8litecore4repl6PusherE#26734} {Coll#0} activityLevel=idle: pendingResponseCount=0, caughtUp=1, changeLists=0, revsInFlight=0, blobsInFlight=0, awaitingReply=0, revsToSend=0, pushingDocs=0, pendingSequences=0
04-12 18:58:19.788 8886 9038 V CouchbaseLite/REPLICATOR: {N8litecore4repl6PusherE#26734} {Coll#0} now idle
04-12 18:58:19.797 8886 9032 V CouchbaseLite/NETWORK: {N8litecore4blip6BLIPIOE#26724} Starting writeToWebSocket loop...
04-12 18:58:19.801 8886 9032 V CouchbaseLite/NETWORK: {N8litecore4blip6BLIPIOE#26724} Sending frame: REQ #3 -UN-, bytes 0--54
04-12 18:58:19.801 8886 9032 V CouchbaseLite/NETWORK: {N8litecore4repl12C4SocketImplE#26682} Sending 57-byte message
04-12 18:58:19.802 8886 9037 V CouchbaseLite/NETWORK: {N8litecore4blip6BLIPIOE#26726} Received frame: RES #1 ---C, length 88
04-12 18:58:19.802 8886 9037 V CouchbaseLite/NETWORK: {N8litecore4blip6BLIPIOE#26726} RES #1 has reached the end of its frames
04-12 18:58:19.802 8886 9032 D CouchbaseLite/NETWORK: [JAVA] ^C4Socket.write@b4000077c98f0910(57)
04-12 18:58:19.803 8886 9039 D CouchbaseLite/NETWORK: [JAVA] CBLWebSocket@@0x5da3b99{vC4Socket@xb4000077c98f0910 <=> OkHttpSocket@0xfd79ce0(wss://stage.realtime-sync-gw.wdprapps.disney.com:443/park-platform-priv/_blipsync)}.coreWrites(57)
04-12 18:58:19.803 8886 9039 D CouchbaseLite/NETWORK: [JAVA] OkHttpSocket@0xfd79ce0.write(57)
04-12 18:58:19.803 8886 9039 D CouchbaseLite/NETWORK: [JAVA] vC4Socket@xb4000077c98f0910.ackWriteToCore(57)
04-12 18:58:19.805 8886 9037 V CouchbaseLite/NETWORK: {N8litecore4blip10ConnectionE#26665} Receiving RES #1 Z
04-12 18:58:19.806 8886 9037 V CouchbaseLite/NETWORK: {N8litecore4blip10ConnectionE#26665} Finished receiving RES #1 Z
04-12 18:58:19.806 8886 9037 I CouchbaseLite/NETWORK: RECEIVED: RES #1 Z {
04-12 18:58:19.806 8886 9037 I CouchbaseLite/NETWORK: rev: 0-45
04-12 18:58:19.806 8886 9037 I CouchbaseLite/NETWORK: Content-Type: application/json
04-12 18:58:19.806 8886 9037 I CouchbaseLite/NETWORK: BODY: {"remote":376872135,"time":1712962648} }
04-12 18:58:19.808 8886 9032 V CouchbaseLite/NETWORK: {N8litecore4blip6BLIPIOE#26724} Finished sending REQ #3 UN
04-12 18:58:19.808 8886 9037 D CouchbaseLite/NETWORK: [JAVA] ^C4Socket.completedReceive@b4000077c990f350(90)
04-12 18:58:19.808 8886 9032 V CouchbaseLite/NETWORK: {N8litecore4blip6BLIPIOE#26724} ...Wrote 57 bytes to WebSocket (writeable=1)
04-12 18:58:19.809 8886 9047 D CouchbaseLite/NETWORK: [JAVA] CBLWebSocket@@0x838b3b2{vC4Socket@xb4000077c990f350 <=> OkHttpSocket@0xf6cf1bd(wss://stage.realtime-sync-gw.wdprapps.disney.com:443/park-platform-pub/_blipsync)}.coreAckReceive: 90
04-12 18:58:19.809 8886 9032 V CouchbaseLite/NETWORK: {N8litecore4blip6BLIPIOE#26724} Sending 'proposeChanges' REQ #0 UN
04-12 18:58:19.810 8886 9032 V CouchbaseLite/NETWORK: {N8litecore4blip6BLIPIOE#26724} Requeuing REQ #0...
04-12 18:58:19.810 8886 9032 V CouchbaseLite/NETWORK: {N8litecore4blip6BLIPIOE#26724} Starting writeToWebSocket loop...
04-12 18:58:19.811 8886 9035 I CouchbaseLite/REPLICATOR: {Repl#26680} {Coll#-1} pushStatus=busy, pullStatus=busy, progress=0/0/0
04-12 18:58:19.812 8886 9031 I CouchbaseLite/REPLICATOR: {Repl#26666} {Coll#-1} Received remote checkpoint (rev='0-45'): {"remote":376872135,"time":1712962648} of the default collection
04-12 18:58:19.813 8886 9031 I CouchbaseLite/REPLICATOR: {Repl#26666} {Coll#-1} activityLevel=busy: connectionState=2, savingChkpt=0
04-12 18:58:19.814 8886 9032 V CouchbaseLite/NETWORK: {N8litecore4blip6BLIPIOE#26724} Sending frame: REQ #4 -UN-, bytes 0--54
04-12 18:58:19.814 8886 9035 V CouchbaseLite/REPLICATOR: {Repl#26680} {Coll#-1} Replicator status collection-wise: pushStatus=busy, pullStatus=busy, progress=0/0, docCount=0
04-12 18:58:19.815 8886 9035 I CouchbaseLite/REPLICATOR: {Repl#26680} {Coll#-1} activityLevel=busy: connectionState=2, savingChkpt=0
04-12 18:58:19.817 8886 9035 I CouchbaseLite/REPLICATOR: {Repl#26680} {Coll#-1} pushStatus=idle, pullStatus=busy, progress=0/0/0
04-12 18:58:19.817 8886 9035 V CouchbaseLite/REPLICATOR: {Repl#26680} {Coll#-1} Replicator status collection-wise: pushStatus=idle, pullStatus=busy, progress=0/0, docCount=0
04-12 18:58:19.818 8886 9035 I CouchbaseLite/REPLICATOR: {Repl#26680} {Coll#-1} activityLevel=busy: connectionState=2, savingChkpt=0
04-12 18:58:19.819 8886 9032 V CouchbaseLite/NETWORK: {N8litecore4repl12C4SocketImplE#26682} Sending 57-byte message
04-12 18:58:19.820 8886 9034 I CouchbaseLite/REPLICATOR: {N8litecore4repl6PullerE#26740}==> N8litecore4repl6PullerE {Repl#26666} @0xb4000077e9a4dad0
04-12 18:58:19.820 8886 9032 D CouchbaseLite/NETWORK: [JAVA] ^C4Socket.write@b4000077c98f0910(57)
04-12 18:58:19.820 8886 9034 I CouchbaseLite/REPLICATOR: {N8litecore4repl6PullerE#26740} {Coll#0} Starting pull from remote seq '376872135'
04-12 18:58:19.821 8886 9049 D CouchbaseLite/NETWORK: [JAVA] CBLWebSocket@@0x5da3b99{vC4Socket@xb4000077c98f0910 <=> OkHttpSocket@0xfd79ce0(wss://stage.realtime-sync-gw.wdprapps.disney.com:443/park-platform-priv/_blipsync)}.coreWrites(57)
04-12 18:58:19.821 8886 9049 D CouchbaseLite/NETWORK: [JAVA] OkHttpSocket@0xfd79ce0.write(57)
04-12 18:58:19.821 8886 9049 D CouchbaseLite/NETWORK: [JAVA] vC4Socket@xb4000077c98f0910.ackWriteToCore(57)
04-12 18:58:19.821 8886 9034 I CouchbaseLite/REPLICATOR: {N8litecore4repl6PullerE#26740} {Coll#0} msg["revocations"]="true" due to enableAutoPurge()=1 or progressNotificationLevel()=0 > 0
04-12 18:58:19.822 8886 9034 I CouchbaseLite/NETWORK: SENDING: REQ #0 {
04-12 18:58:19.822 8886 9034 I CouchbaseLite/NETWORK: Profile: subChanges
04-12 18:58:19.822 8886 9034 I CouchbaseLite/NETWORK: since: 376872135
04-12 18:58:19.822 8886 9034 I CouchbaseLite/NETWORK: continuous: true
04-12 18:58:19.822 8886 9034 I CouchbaseLite/NETWORK: batch: 200
04-12 18:58:19.822 8886 9034 I CouchbaseLite/NETWORK: versioning: rev-trees
04-12 18:58:19.822 8886 9034 I CouchbaseLite/NETWORK: revocations: true
04-12 18:58:19.822 8886 9034 I CouchbaseLite/NETWORK: filter: sync_gateway/bychannel
04-12 18:58:19.822 8886 9034 I CouchbaseLite/NETWORK: channels: wdw.characters.1_0,wdw.blockouts.2_0.en_us,wdw.today.1_0,wdw.calendar.1_0,wdw.closedrestaurants.1_0,wdw.facilities.1_0.en_us,wdw.featured-happenings.1_0.en_us,wdw.categories.3_0.en_us,wdw.category-filters.2_0.en_us,wdw.category-list.2_0.en_us,wdw.facilitystatus.1_0,wdw.virtual-queue_content-page.1_0.en_us,wdw.search_content-page.1_0.en_us,wdw.mobile-network.1_0.en_us,wdw.dashboard.1_0.en_us,wdw.exp.1_0.en_us,wdw.feature-menu.7_36.en_us,wdw.experience.1_0.en_us,wdw.merlin.1_0.en_us,wdw.food-and-beverage.1_0.en_us,wdw.itinerary.1_0.en_us,wdw.feature-link-account.1_0.en_us,wdw.e-services.1_0.en_us,wdw.digital-pass.1_0.en_us,wdw.mobile-magic-access.1_0.en_us,wdw.photopass.1_0.en_us,wdw.commerce.1_0.en_us,wdw.forecastedwaittimes.1_0.en_us,wdw.permissions.2_0.en_us,wdw.gluetext.7_36.en_us,wdw.hub.1_0.en_us,wdw.extended-categories.1_0.en_us,wdw.actionsheet.7_36.en_us,wdw.checklist.1_0.en_us,wdw.userdata.1_0.en_us,wdw.analytics.1_0.en_us }
04-12 18:58:19.824 8886 9038 V CouchbaseLite/NETWORK: {N8litecore4blip6BLIPIOE#26726} Sending 'subChanges' REQ #0
04-12 18:58:19.826 8886 9038 V CouchbaseLite/NETWORK: {N8litecore4blip6BLIPIOE#26726} Requeuing REQ #0...
04-12 18:58:19.827 8886 9038 V CouchbaseLite/NETWORK: {N8litecore4blip6BLIPIOE#26726} Starting writeToWebSocket loop...
04-12 18:58:19.829 8886 9038 V CouchbaseLite/NETWORK: {N8litecore4blip6BLIPIOE#26726} Sending frame: REQ #2 ----, bytes 0--1087
04-12 18:58:19.830 8886 9038 V CouchbaseLite/NETWORK: {N8litecore4repl12C4SocketImplE#26668} Sending 1090-byte message
04-12 18:58:19.831 8886 9034 I CouchbaseLite/REPLICATOR: {N8litecore4repl6PullerE#26740} {Coll#0} activityLevel=busy: pendingResponseCount=1, _caughtUp=0, _pendingRevMessages=0, _activeIncomingRevs=0, _waitingRevMessages=0, _unfinishedIncomingRevs=0
04-12 18:58:19.831 8886 9038 D CouchbaseLite/NETWORK: [JAVA] ^C4Socket.write@b4000077c990f350(1090)
04-12 18:58:19.832 8886 9034 V CouchbaseLite/REPLICATOR: {N8litecore4repl6PullerE#26740} {Coll#0} now busy
04-12 18:58:19.833 8886 9030 D CouchbaseLite/NETWORK: [JAVA] CBLWebSocket@@0x838b3b2{vC4Socket@xb4000077c990f350 <=> OkHttpSocket@0xf6cf1bd(wss://stage.realtime-sync-gw.wdprapps.disney.com:443/park-platform-pub/_blipsync)}.coreWrites(1090)
04-12 18:58:19.833 8886 9030 D CouchbaseLite/NETWORK: [JAVA] OkHttpSocket@0xf6cf1bd.write(1090)
04-12 18:58:19.834 8886 9030 D CouchbaseLite/NETWORK: [JAVA] vC4Socket@xb4000077c990f350.ackWriteToCore(1090)
04-12 18:58:19.836 8886 9034 I CouchbaseLite/REPLICATOR: {Repl#26666} {Coll#-1} pushStatus=stopped, pullStatus=busy, progress=0/0/0
04-12 18:58:19.837 8886 10542 D CouchbaseLite/NETWORK: [JAVA] OkHttpSocket@0xf6cfdae.onBytes(47)
04-12 18:58:19.837 8886 9034 V CouchbaseLite/REPLICATOR: {Repl#26666} {Coll#-1} Replicator status collection-wise: pushStatus=stopped, pullStatus=busy, progress=0/0, docCount=0
04-12 18:58:19.837 8886 10542 D CouchbaseLite/NETWORK: [JAVA] CBLWebSocket@@0x947374f{vC4Socket@xb4000077c9881470 <=> OkHttpSocket@0xf6cfdae(wss://stage.realtime-sync-gw.wdprapps.disney.com:443/park-platform-semipriv/_blipsync)}.remoteWrites: 47
04-12 18:58:19.837 8886 10542 D CouchbaseLite/NETWORK: [JAVA] vC4Socket@xb4000077c9881470.sendToCore(47)
04-12 18:58:19.838 8886 9032 V CouchbaseLite/NETWORK: {N8litecore4blip6BLIPIOE#26724} Finished sending REQ #4 UN
04-12 18:58:19.838 8886 9032 V CouchbaseLite/NETWORK: {N8litecore4blip6BLIPIOE#26724} ...Wrote 57 bytes to WebSocket (writeable=1)
04-12 18:58:19.839 8886 9032 V CouchbaseLite/NETWORK: {N8litecore4blip6BLIPIOE#26724} Sending 'proposeChanges' REQ #0 UN
04-12 18:58:19.839 8886 9032 V CouchbaseLite/NETWORK: {N8litecore4blip6BLIPIOE#26724} Requeuing REQ #0...
04-12 18:58:19.840 8886 9032 V CouchbaseLite/NETWORK: {N8litecore4blip6BLIPIOE#26724} Starting writeToWebSocket loop...
04-12 18:58:19.841 8886 9032 V CouchbaseLite/NETWORK: {N8litecore4blip6BLIPIOE#26724} Sending frame: REQ #5 -UN-, bytes 0--54
04-12 18:58:19.842 8886 9032 V CouchbaseLite/NETWORK: {N8litecore4repl12C4SocketImplE#26682} Sending 57-byte message
04-12 18:58:19.847 8886 9032 D CouchbaseLite/NETWORK: [JAVA] ^C4Socket.write@b4000077c98f0910(57)
04-12 18:58:19.847 8886 10542 V CouchbaseLite/NETWORK: {N8litecore4repl12C4SocketImplE#26675} Received 47-byte message
04-12 18:58:19.848 8886 9046 D CouchbaseLite/NETWORK: [JAVA] CBLWebSocket@@0x5da3b99{vC4Socket@xb4000077c98f0910 <=> OkHttpSocket@0xfd79ce0(wss://stage.realtime-sync-gw.wdprapps.disney.com:443/park-platform-priv/_blipsync)}.coreWrites(57)
04-12 18:58:19.851 8886 9034 I CouchbaseLite/REPLICATOR: {Repl#26666} {Coll#-1} activityLevel=busy: connectionState=2, savingChkpt=0
04-12 18:58:19.851 8886 9046 D CouchbaseLite/NETWORK: [JAVA] OkHttpSocket@0xfd79ce0.write(57)
04-12 18:58:19.851 8886 9046 D CouchbaseLite/NETWORK: [JAVA] vC4Socket@xb4000077c98f0910.ackWriteToCore(57)
04-12 18:58:19.853 8886 9036 I CouchbaseLite/REPLICATOR: {N8litecore4repl6PullerE#26740} {Coll#0} activityLevel=busy: pendingResponseCount=1, _caughtUp=0, _pendingRevMessages=0, _activeIncomingRevs=0, _waitingRevMessages=0, _unfinishedIncomingRevs=0
04-12 18:58:19.854 8886 9038 V CouchbaseLite/NETWORK: {N8litecore4blip6BLIPIOE#26726} Finished sending REQ #2
04-12 18:58:19.855 8886 9038 V CouchbaseLite/NETWORK: {N8litecore4blip6BLIPIOE#26726} ...Wrote 1090 bytes to WebSocket (writeable=1)
04-12 18:58:19.856 8886 9033 V CouchbaseLite/NETWORK: {N8litecore4blip6BLIPIOE#26730} Received frame: ERR #1 ----, length 45
04-12 18:58:19.858 8886 9033 V CouchbaseLite/NETWORK: {N8litecore4blip6BLIPIOE#26730} RES #1 has reached the end of its frames
04-12 18:58:19.863 8886 9032 V CouchbaseLite/NETWORK: {N8litecore4blip6BLIPIOE#26724} Finished sending REQ #5 UN
04-12 18:58:19.864 8886 9032 V CouchbaseLite/NETWORK: {N8litecore4blip6BLIPIOE#26724} ...Wrote 57 bytes to WebSocket (writeable=1)
04-12 18:58:19.877 8886 9033 V CouchbaseLite/NETWORK: {N8litecore4blip10ConnectionE#26672} Receiving ERR #1
04-12 18:58:19.883 8886 9033 V CouchbaseLite/NETWORK: {N8litecore4blip10ConnectionE#26672} Finished receiving ERR #1
04-12 18:58:19.885 8886 10542 D CouchbaseLite/NETWORK: [JAVA] OkHttpSocket@0xf6cfdae.onBytes(7)
04-12 18:58:19.885 8886 10542 D CouchbaseLite/NETWORK: [JAVA] CBLWebSocket@@0x947374f{vC4Socket@xb4000077c9881470 <=> OkHttpSocket@0xf6cfdae(wss://stage.realtime-sync-gw.wdprapps.disney.com:443/park-platform-semipriv/_blipsync)}.remoteWrites: 7
04-12 18:58:19.886 8886 10542 D CouchbaseLite/NETWORK: [JAVA] vC4Socket@xb4000077c9881470.sendToCore(7)
04-12 18:58:19.886 8886 10542 V CouchbaseLite/NETWORK: {N8litecore4repl12C4SocketImplE#26675} Received 7-byte message
04-12 18:58:19.886 8886 9031 I CouchbaseLite/REPLICATOR: {Repl#26673} {Coll#-1} No remote checkpoint 'cp-SHpbnSwgcB4cOJXwvdZ39kOvanE=' of the default collection
04-12 18:58:19.887 8886 9031 I CouchbaseLite/REPLICATOR: {Repl#26673} {Coll#-1} activityLevel=busy: connectionState=2, savingChkpt=0
04-12 18:58:19.893 8886 9033 I CouchbaseLite/NETWORK: RECEIVED: ERR #1 {
04-12 18:58:19.893 8886 9033 I CouchbaseLite/NETWORK: Error-Domain: HTTP
04-12 18:58:19.893 8886 9033 I CouchbaseLite/NETWORK: Error-Code: 404
04-12 18:58:19.893 8886 9033 I CouchbaseLite/NETWORK: BODY: missing }
04-12 18:58:19.893 8886 10543 D CouchbaseLite/NETWORK: [JAVA] OkHttpSocket@0xfd79ce0.onBytes(7)
04-12 18:58:19.893 8886 10543 D CouchbaseLite/NETWORK: [JAVA] CBLWebSocket@@0x5da3b99{vC4Socket@xb4000077c98f0910 <=> OkHttpSocket@0xfd79ce0(wss://stage.realtime-sync-gw.wdprapps.disney.com:443/park-platform-priv/_blipsync)}.remoteWrites: 7
04-12 18:58:19.893 8886 10543 D CouchbaseLite/NETWORK: [JAVA] vC4Socket@xb4000077c98f0910.sendToCore(7)
04-12 18:58:19.894 8886 9033 D CouchbaseLite/NETWORK: [JAVA] ^C4Socket.completedReceive@b4000077c9881470(47)
04-12 18:58:19.895 8886 9039 D CouchbaseLite/NETWORK: [JAVA] CBLWebSocket@@0x947374f{vC4Socket@xb4000077c9881470 <=> OkHttpSocket@0xf6cfdae(wss://stage.realtime-sync-gw.wdprapps.disney.com:443/park-platform-semipriv/_blipsync)}.coreAckReceive: 47
04-12 18:58:19.900 8886 10542 D CouchbaseLite/NETWORK: [JAVA] OkHttpSocket@0xf6cfdae.onBytes(63)
04-12 18:58:19.900 8886 10543 V CouchbaseLite/NETWORK: {N8litecore4repl12C4SocketImplE#26682} Received 7-byte message
04-12 18:58:19.900 8886 10542 D CouchbaseLite/NETWORK: [JAVA] CBLWebSocket@@0x947374f{vC4Socket@xb4000077c9881470 <=> OkHttpSocket@0xf6cfdae(wss://stage.realtime-sync-gw.wdprapps.disney.com:443/park-platform-semipriv/_blipsync)}.remoteWrites: 63
04-12 18:58:19.900 8886 10542 D CouchbaseLite/NETWORK: [JAVA] vC4Socket@xb4000077c9881470.sendToCore(63)
04-12 18:58:19.900 8886 10542 V CouchbaseLite/NETWORK: {N8litecore4repl12C4SocketImplE#26675} Received 63-byte message
04-12 18:58:19.901 8886 9033 V CouchbaseLite/NETWORK: {N8litecore4blip6BLIPIOE#26730} Received frame: RES #2 ----, length 5
04-12 18:58:19.901 8886 10543 D CouchbaseLite/NETWORK: [JAVA] OkHttpSocket@0xfd79ce0.onBytes(63)
04-12 18:58:19.901 8886 10543 D CouchbaseLite/NETWORK: [JAVA] CBLWebSocket@@0x5da3b99{vC4Socket@xb4000077c98f0910 <=> OkHttpSocket@0xfd79ce0(wss://stage.realtime-sync-gw.wdprapps.disney.com:443/park-platform-priv/_blipsync)}.remoteWrites: 63
04-12 18:58:19.901 8886 10543 D CouchbaseLite/NETWORK: [JAVA] vC4Socket@xb4000077c98f0910.sendToCore(63)
04-12 18:58:19.902 8886 10543 V CouchbaseLite/NETWORK: {N8litecore4repl12C4SocketImplE#26682} Received 63-byte message
04-12 18:58:19.902 8886 9036 V CouchbaseLite/NETWORK: {N8litecore4blip6BLIPIOE#26724} Received frame: RES #2 ----, length 5
04-12 18:58:19.902 8886 9036 V CouchbaseLite/NETWORK: {N8litecore4blip6BLIPIOE#26724} RES #2 has reached the end of its frames
04-12 18:58:19.904 8886 9036 V CouchbaseLite/NETWORK: {N8litecore4blip10ConnectionE#26679} Receiving RES #2
04-12 18:58:19.905 8886 9036 V CouchbaseLite/NETWORK: {N8litecore4blip10ConnectionE#26679} Finished receiving RES #2
04-12 18:58:19.905 8886 9033 V CouchbaseLite/NETWORK: {N8litecore4blip6BLIPIOE#26730} RES #2 has reached the end of its frames
04-12 18:58:19.906 8886 9036 I CouchbaseLite/NETWORK: RECEIVED: RES #2 { }
04-12 18:58:19.907 8886 9038 I CouchbaseLite/REPLICATOR: {N8litecore4repl6PullerE#26737} {Coll#0} activityLevel=busy: pendingResponseCount=0, _caughtUp=0, _pendingRevMessages=0, _activeIncomingRevs=0, _waitingRevMessages=0, _unfinishedIncomingRevs=0
04-12 18:58:19.908 8886 9036 D CouchbaseLite/NETWORK: [JAVA] ^C4Socket.completedReceive@b4000077c98f0910(7)
04-12 18:58:19.909 8886 9049 D CouchbaseLite/NETWORK: [JAVA] CBLWebSocket@@0x5da3b99{vC4Socket@xb4000077c98f0910 <=> OkHttpSocket@0xfd79ce0(wss://stage.realtime-sync-gw.wdprapps.disney.com:443/park-platform-priv/_blipsync)}.coreAckReceive: 7
04-12 18:58:19.910 8886 9033 V CouchbaseLite/NETWORK: {N8litecore4blip10ConnectionE#26672} Receiving RES #2
04-12 18:58:19.910 8886 9033 V CouchbaseLite/NETWORK: {N8litecore4blip10ConnectionE#26672} Finished receiving RES #2
04-12 18:58:19.911 8886 9036 V CouchbaseLite/NETWORK: {N8litecore4blip6BLIPIOE#26724} Received frame: REQ #1 --NC, length 61
04-12 18:58:19.912 8886 9033 I CouchbaseLite/NETWORK: RECEIVED: RES #2 { }
04-12 18:58:19.913 8886 9033 D CouchbaseLite/NETWORK: [JAVA] ^C4Socket.completedReceive@b4000077c9881470(7)
04-12 18:58:19.914 8886 9033 V CouchbaseLite/NETWORK: {N8litecore4blip6BLIPIOE#26730} Received frame: REQ #1 --NC, length 61
04-12 18:58:19.914 8886 9030 D CouchbaseLite/NETWORK: [JAVA] CBLWebSocket@@0x947374f{vC4Socket@xb4000077c9881470 <=> OkHttpSocket@0xf6cfdae(wss://stage.realtime-sync-gw.wdprapps.disney.com:443/park-platform-semipriv/_blipsync)}.coreAckReceive: 7
04-12 18:58:19.919 8886 9037 I CouchbaseLite/REPLICATOR: {N8litecore4repl6PullerE#26732} {Coll#0} activityLevel=busy: pendingResponseCount=0, _caughtUp=0, _pendingRevMessages=0, _activeIncomingRevs=0, _waitingRevMessages=0, _unfinishedIncomingRevs=0
04-12 18:58:19.923 8886 9036 V CouchbaseLite/NETWORK: {N8litecore4blip10ConnectionE#26679} Receiving 'changes' REQ #1 NZ
04-12 18:58:19.928 8886 9036 V CouchbaseLite/NETWORK: {N8litecore4blip10ConnectionE#26679} Finished receiving 'changes' REQ #1 NZ
04-12 18:58:19.931 8886 9033 V CouchbaseLite/NETWORK: {N8litecore4blip10ConnectionE#26672} Receiving 'changes' REQ #1 NZ
04-12 18:58:19.934 8886 9033 V CouchbaseLite/NETWORK: {N8litecore4blip10ConnectionE#26672} Finished receiving 'changes' REQ #1 NZ
04-12 18:58:19.934 8886 9033 I CouchbaseLite/NETWORK: RECEIVED: REQ #1 NZ {
04-12 18:58:19.934 8886 9033 I CouchbaseLite/NETWORK: Profile: changes
04-12 18:58:19.934 8886 9033 I CouchbaseLite/NETWORK: Content-Type: application/json
04-12 18:58:19.934 8886 9033 I CouchbaseLite/NETWORK: BODY: null }
04-12 18:58:19.935 8886 9034 I CouchbaseLite/REPLICATOR: {Repl#26673} {Coll#-1} activityLevel=busy: connectionState=2, savingChkpt=0
04-12 18:58:19.935 8886 9033 D CouchbaseLite/NETWORK: [JAVA] ^C4Socket.completedReceive@b4000077c9881470(63)
04-12 18:58:19.935 8886 9046 D CouchbaseLite/NETWORK: [JAVA] CBLWebSocket@@0x947374f{vC4Socket@xb4000077c9881470 <=> OkHttpSocket@0xf6cfdae(wss://stage.realtime-sync-gw.wdprapps.disney.com:443/park-platform-semipriv/_blipsync)}.coreAckReceive: 63
04-12 18:58:19.936 8886 9034 I CouchbaseLite/REPLICATOR: {N8litecore4repl9RevFinderE#26752}==> N8litecore4repl9RevFinderE {Repl#26673} @0xb4000077c98b9d70
04-12 18:58:19.937 8886 9034 V CouchbaseLite/REPLICATOR: {N8litecore4repl9RevFinderE#26752} {Coll#0} Handling 'changes' REQ#1
04-12 18:58:19.938 8886 9036 I CouchbaseLite/NETWORK: RECEIVED: REQ #1 NZ {
04-12 18:58:19.938 8886 9036 I CouchbaseLite/NETWORK: Profile: changes
04-12 18:58:19.938 8886 9036 I CouchbaseLite/NETWORK: Content-Type: application/json
04-12 18:58:19.938 8886 9036 I CouchbaseLite/NETWORK: BODY: null }
04-12 18:58:19.939 8886 9036 D CouchbaseLite/NETWORK: [JAVA] ^C4Socket.completedReceive@b4000077c98f0910(63)
04-12 18:58:19.940 8886 9050 D CouchbaseLite/NETWORK: [JAVA] CBLWebSocket@@0x5da3b99{vC4Socket@xb4000077c98f0910 <=> OkHttpSocket@0xfd79ce0(wss://stage.realtime-sync-gw.wdprapps.disney.com:443/park-platform-priv/_blipsync)}.coreAckReceive: 63
04-12 18:58:19.941 8886 9032 I CouchbaseLite/REPLICATOR: {Repl#26680} {Coll#-1} activityLevel=busy: connectionState=2, savingChkpt=0
04-12 18:58:19.942 8886 9031 I CouchbaseLite/REPLICATOR: {N8litecore4repl9RevFinderE#26753}==> N8litecore4repl9RevFinderE {Repl#26680} @0xb4000077c9901870
04-12 18:58:19.943 8886 9031 V CouchbaseLite/REPLICATOR: {N8litecore4repl9RevFinderE#26753} {Coll#0} Handling 'changes' REQ#1
04-12 18:58:19.944 8886 9034 I CouchbaseLite/REPLICATOR: {N8litecore4repl9RevFinderE#26752} {Coll#0} Caught up with remote changes
04-12 18:58:19.944 8886 9034 V CouchbaseLite/REPLICATOR: {N8litecore4repl9RevFinderE#26752} {Coll#0} now idle
04-12 18:58:19.945 8886 9037 I CouchbaseLite/REPLICATOR: {N8litecore4repl6PullerE#26732} {Coll#0} activityLevel=idle: pendingResponseCount=0, _caughtUp=1, _pendingRevMessages=0, _activeIncomingRevs=0, _waitingRevMessages=0, _unfinishedIncomingRevs=0
04-12 18:58:19.945 8886 9037 V CouchbaseLite/REPLICATOR: {N8litecore4repl6PullerE#26732} {Coll#0} now idle
04-12 18:58:19.945 8886 9031 I CouchbaseLite/REPLICATOR: {N8litecore4repl9RevFinderE#26753} {Coll#0} Caught up with remote changes
04-12 18:58:19.946 8886 9034 I CouchbaseLite/REPLICATOR: {Repl#26673} {Coll#-1} pushStatus=stopped, pullStatus=busy, progress=0/0/0
04-12 18:58:19.947 8886 9031 V CouchbaseLite/REPLICATOR: {N8litecore4repl9RevFinderE#26753} {Coll#0} now idle
04-12 18:58:19.947 8886 9031 I CouchbaseLite/REPLICATOR: {Repl#26680} {Coll#-1} pushStatus=idle, pullStatus=busy, progress=0/0/0
04-12 18:58:19.952 8886 9033 I CouchbaseLite/REPLICATOR: {N8litecore4repl6PullerE#26737} {Coll#0} activityLevel=idle: pendingResponseCount=0, _caughtUp=1, _pendingRevMessages=0, _activeIncomingRevs=0, _waitingRevMessages=0, _unfinishedIncomingRevs=0
04-12 18:58:19.952 8886 9033 V CouchbaseLite/REPLICATOR: {N8litecore4repl6PullerE#26737} {Coll#0} now idle
04-12 18:58:19.952 8886 9031 V CouchbaseLite/REPLICATOR: {Repl#26680} {Coll#-1} Replicator status collection-wise: pushStatus=idle, pullStatus=busy, progress=0/0, docCount=0
04-12 18:58:19.953 8886 9031 I CouchbaseLite/REPLICATOR: {Repl#26680} {Coll#-1} activityLevel=busy: connectionState=2, savingChkpt=0
04-12 18:58:19.953 8886 9031 I CouchbaseLite/REPLICATOR: {Repl#26680} {Coll#-1} pushStatus=idle, pullStatus=idle, progress=0/0/0
04-12 18:58:19.954 8886 9031 V CouchbaseLite/REPLICATOR: {Repl#26680} {Coll#-1} Replicator status collection-wise: pushStatus=idle, pullStatus=idle, progress=0/0, docCount=0
04-12 18:58:19.954 8886 9031 I CouchbaseLite/REPLICATOR: {Repl#26680} {Coll#-1} activityLevel=idle: connectionState=2, savingChkpt=0
04-12 18:58:19.955 8886 9031 I CouchbaseLite/REPLICATOR: {Repl#26680} {Coll#-1} now idle
04-12 18:58:19.955 8886 9031 I CouchbaseLite/REPLICATOR: {C4Replicator#26681} State: idle, progress=0.00%
04-12 18:58:19.957 8886 9034 V CouchbaseLite/REPLICATOR: {Repl#26673} {Coll#-1} Replicator status collection-wise: pushStatus=stopped, pullStatus=busy, progress=0/0, docCount=0
04-12 18:58:19.957 8886 9034 I CouchbaseLite/REPLICATOR: {Repl#26673} {Coll#-1} activityLevel=busy: connectionState=2, savingChkpt=0
04-12 18:58:19.958 8886 9034 I CouchbaseLite/REPLICATOR: {Repl#26673} {Coll#-1} pushStatus=stopped, pullStatus=idle, progress=0/0/0
04-12 18:58:19.961 8886 10541 D CouchbaseLite/NETWORK: [JAVA] OkHttpSocket@0xf6cf1bd.onBytes(7)
04-12 18:58:19.962 8886 10541 D CouchbaseLite/NETWORK: [JAVA] CBLWebSocket@@0x838b3b2{vC4Socket@xb4000077c990f350 <=> OkHttpSocket@0xf6cf1bd(wss://stage.realtime-sync-gw.wdprapps.disney.com:443/park-platform-pub/_blipsync)}.remoteWrites: 7
04-12 18:58:19.962 8886 10541 D CouchbaseLite/NETWORK: [JAVA] vC4Socket@xb4000077c990f350.sendToCore(7)
04-12 18:58:19.962 8886 9034 V CouchbaseLite/REPLICATOR: {Repl#26673} {Coll#-1} Replicator status collection-wise: pushStatus=stopped, pullStatus=idle, progress=0/0, docCount=0
04-12 18:58:19.963 8886 9031 D CouchbaseLite/REPLICATOR: [JAVA] C4Replicator.statusChangedCallback(0x3aed9ce1) C4CommonRepl{@0xf9f070a/@xb4000077b97e6610, @0x94f62ac, SocketFactory{@URLEndpoint{url=wss://stage.realtime-sync-gw.wdprapps.disney.com/park-platform-priv}}'}: C4ReplicatorStatus{level=3,completed=0,total=0,#docs=0,domain=0,code=0,info=0}
04-12 18:58:19.963 8886 9034 I CouchbaseLite/REPLICATOR: {Repl#26673} {Coll#-1} activityLevel=idle: connectionState=2, savingChkpt=0
04-12 18:58:19.964 8886 9049 I CouchbaseLite/REPLICATOR: [JAVA] status changed: (0, 0) @C4ReplicatorStatus{level=3,completed=0,total=0,#docs=0,domain=0,code=0,info=0} for Replicator{@0x94f62ac(<*>),Database{@@0x97fb813: 'finder-private.73600.en_us'} => URLEndpoint{url=wss://stage.realtime-sync-gw.wdprapps.disney.com/park-platform-priv}}$C4CommonRepl{@0xf9f070a/@xb4000077b97e6610, @0x94f62ac, SocketFactory{@URLEndpoint{url=wss://stage.realtime-sync-gw.wdprapps.disney.com/park-platform-priv}}'}
04-12 18:58:19.964 8886 9049 D CouchbaseLite/NETWORK: [JAVA] Offline state change for com.couchbase.lite.internal.replicator.AndroidConnectivityObserver@7554be5: BUSY -> true
04-12 18:58:19.964 8886 9049 I CouchbaseLite/REPLICATOR: [JAVA] State changed BUSY => IDLE(0/0): null for Replicator{@0x94f62ac(<*>),Database{@@0x97fb813: 'finder-private.73600.en_us'} => URLEndpoint{url=wss://stage.realtime-sync-gw.wdprapps.disney.com/park-platform-priv}}$C4CommonRepl{@0xf9f070a/@xb4000077b97e6610, @0x94f62ac, SocketFactory{@URLEndpoint{url=wss://stage.realtime-sync-gw.wdprapps.disney.com/park-platform-priv}}'}
04-12 18:58:19.973 8886 10541 V CouchbaseLite/NETWORK: {N8litecore4repl12C4SocketImplE#26668} Received 7-byte message
04-12 18:58:19.974 8886 9038 V CouchbaseLite/NETWORK: {N8litecore4blip6BLIPIOE#26726} Received frame: RES #2 ----, length 5
04-12 18:58:19.975 8886 10541 D CouchbaseLite/NETWORK: [JAVA] OkHttpSocket@0xf6cf1bd.onBytes(63)
04-12 18:58:19.975 8886 9038 V CouchbaseLite/NETWORK: {N8litecore4blip6BLIPIOE#26726} RES #2 has reached the end of its frames
04-12 18:58:19.975 8886 10541 D CouchbaseLite/NETWORK: [JAVA] CBLWebSocket@@0x838b3b2{vC4Socket@xb4000077c990f350 <=> OkHttpSocket@0xf6cf1bd(wss://stage.realtime-sync-gw.wdprapps.disney.com:443/park-platform-pub/_blipsync)}.remoteWrites: 63
04-12 18:58:19.975 8886 10541 D CouchbaseLite/NETWORK: [JAVA] vC4Socket@xb4000077c990f350.sendToCore(63)
04-12 18:58:19.977 8886 10541 V CouchbaseLite/NETWORK: {N8litecore4repl12C4SocketImplE#26668} Received 63-byte message
04-12 18:58:19.977 8886 9034 I CouchbaseLite/REPLICATOR: {Repl#26673} {Coll#-1} now idle
04-12 18:58:19.978 8886 9034 I CouchbaseLite/REPLICATOR: {C4Replicator#26674} State: idle, progress=0.00%
04-12 18:58:19.979 8886 9038 V CouchbaseLite/NETWORK: {N8litecore4blip10ConnectionE#26665} Receiving RES #2
04-12 18:58:19.979 8886 9034 D CouchbaseLite/REPLICATOR: [JAVA] C4Replicator.statusChangedCallback(0x6f1578c3) C4CommonRepl{@0xcf70b26/@xb4000077b982c610, @0xf1f2a68, SocketFactory{@URLEndpoint{url=wss://stage.realtime-sync-gw.wdprapps.disney.com/park-platform-semipriv}}'}: C4ReplicatorStatus{level=3,completed=0,total=0,#docs=0,domain=0,code=0,info=0}
04-12 18:58:19.981 8886 9030 I CouchbaseLite/REPLICATOR: [JAVA] status changed: (0, 0) @C4ReplicatorStatus{level=3,completed=0,total=0,#docs=0,domain=0,code=0,info=0} for Replicator{@0xf1f2a68(<*),Database{@@0x2e0afa2: 'finder-semi-private.73600.en_us'} => URLEndpoint{url=wss://stage.realtime-sync-gw.wdprapps.disney.com/park-platform-semipriv}}$C4CommonRepl{@0xcf70b26/@xb4000077b982c610, @0xf1f2a68, SocketFactory{@URLEndpoint{url=wss://stage.realtime-sync-gw.wdprapps.disney.com/park-platform-semipriv}}'}
04-12 18:58:19.981 8886 9030 D CouchbaseLite/NETWORK: [JAVA] Offline state change for com.couchbase.lite.internal.replicator.AndroidConnectivityObserver@3e59b75: BUSY -> true
04-12 18:58:19.981 8886 9038 V CouchbaseLite/NETWORK: {N8litecore4blip10ConnectionE#26665} Finished receiving RES #2
04-12 18:58:19.982 8886 9030 I CouchbaseLite/REPLICATOR: [JAVA] State changed BUSY => IDLE(0/0): null for Replicator{@0xf1f2a68(<*),Database{@@0x2e0afa2: 'finder-semi-private.73600.en_us'} => URLEndpoint{url=wss://stage.realtime-sync-gw.wdprapps.disney.com/park-platform-semipriv}}$C4CommonRepl{@0xcf70b26/@xb4000077b982c610, @0xf1f2a68, SocketFactory{@URLEndpoint{url=wss://stage.realtime-sync-gw.wdprapps.disney.com/park-platform-semipriv}}'}
04-12 18:58:19.985 8886 9038 I CouchbaseLite/NETWORK: RECEIVED: RES #2 { }
04-12 18:58:19.986 8886 9038 D CouchbaseLite/NETWORK: [JAVA] ^C4Socket.completedReceive@b4000077c990f350(7)
04-12 18:58:19.987 8886 9037 I CouchbaseLite/REPLICATOR: {N8litecore4repl6PullerE#26740} {Coll#0} activityLevel=busy: pendingResponseCount=0, _caughtUp=0, _pendingRevMessages=0, _activeIncomingRevs=0, _waitingRevMessages=0, _unfinishedIncomingRevs=0
04-12 18:58:19.989 8886 9047 D CouchbaseLite/NETWORK: [JAVA] CBLWebSocket@@0x838b3b2{vC4Socket@xb4000077c990f350 <=> OkHttpSocket@0xf6cf1bd(wss://stage.realtime-sync-gw.wdprapps.disney.com:443/park-platform-pub/_blipsync)}.coreAckReceive: 7
04-12 18:58:19.990 8886 9033 V CouchbaseLite/NETWORK: {N8litecore4blip6BLIPIOE#26726} Received frame: REQ #1 --NC, length 61
04-12 18:58:20.017 8886 9033 V CouchbaseLite/NETWORK: {N8litecore4blip10ConnectionE#26665} Receiving 'changes' REQ #1 NZ
