04-12 18:56:41.296 8886 9037 I CouchbaseLite/REPLICATOR: {Repl#15429} {Coll#-1} activityLevel=connecting: connectionState=1, savingChkpt=0
04-12 18:56:41.302 8886 9418 I CouchbaseLite/NETWORK: {N8litecore4blip10ConnectionE#15428} Connected!
04-12 18:56:41.305 8886 9032 I CouchbaseLite/REPLICATOR: {Repl#15429} {Coll#-1} Connected!
04-12 18:56:41.306 8886 9032 V CouchbaseLite/REPLICATOR: {Repl#15429} {Coll#-1} Requesting remote checkpoint 'cp-EUIwC4qPpttqvSBmzfkR34rhris=' of the default collection
04-12 18:56:41.306 8886 9032 I CouchbaseLite/NETWORK: SENDING: REQ #0 {
04-12 18:56:41.306 8886 9032 I CouchbaseLite/NETWORK: Profile: getCheckpoint
04-12 18:56:41.306 8886 9032 I CouchbaseLite/NETWORK: client: cp-EUIwC4qPpttqvSBmzfkR34rhris= }
04-12 18:56:41.306 8886 9032 I CouchbaseLite/REPLICATOR: {Repl#15429} {Coll#-1} activityLevel=busy: connectionState=2, savingChkpt=0
04-12 18:56:41.307 8886 9032 I CouchbaseLite/REPLICATOR: {Repl#15429} {Coll#-1} now busy
04-12 18:56:41.307 8886 9032 I CouchbaseLite/REPLICATOR: {C4Replicator#15430} State: busy, progress=0.00%
04-12 18:56:41.308 8886 9032 D CouchbaseLite/REPLICATOR: [JAVA] C4Replicator.statusChangedCallback(0x6b98c561) C4CommonRepl{@0xbb891ab/@xb4000077b97f8190, @0x89417fa, SocketFactory{@URLEndpoint{url=wss://stage.realtime-sync-gw.wdprapps.disney.com/park-platform-pub/}}'}: C4ReplicatorStatus{level=4,completed=0,total=0,#docs=0,domain=0,code=0,info=0}
04-12 18:56:41.308 8886 9038 I CouchbaseLite/NETWORK: {N8litecore4blip6BLIPIOE#15533}==> N8litecore4blip6BLIPIOE ->wss://stage.realtime-sync-gw.wdprapps.disney.com/park-platform-pub/_blipsync @0xb4000077e9950db0
04-12 18:56:41.309 8886 9038 V CouchbaseLite/NETWORK: {N8litecore4blip6BLIPIOE#15533} WebSocket is hungry!
04-12 18:56:41.309 8886 9038 V CouchbaseLite/NETWORK: {N8litecore4blip6BLIPIOE#15533} Starting writeToWebSocket loop...
04-12 18:56:41.309 8886 9038 V CouchbaseLite/NETWORK: {N8litecore4blip6BLIPIOE#15533} ...Wrote 0 bytes to WebSocket (writeable=1)
04-12 18:56:41.310 8886 9038 V CouchbaseLite/NETWORK: {N8litecore4blip6BLIPIOE#15533} Sending 'getCheckpoint' REQ #0
04-12 18:56:41.310 8886 9038 V CouchbaseLite/NETWORK: {N8litecore4blip6BLIPIOE#15533} Requeuing REQ #0...
04-12 18:56:41.310 8886 9038 V CouchbaseLite/NETWORK: {N8litecore4blip6BLIPIOE#15533} Starting writeToWebSocket loop...
04-12 18:56:41.312 8886 9038 V CouchbaseLite/NETWORK: {N8litecore4blip6BLIPIOE#15533} Sending frame: REQ #1 ----, bytes 0--65
04-12 18:56:41.312 8886 9038 V CouchbaseLite/NETWORK: {N8litecore4repl12C4SocketImplE#15431} Sending 68-byte message
04-12 18:56:41.313 8886 9038 D CouchbaseLite/NETWORK: [JAVA] ^C4Socket.write@b4000077c9848300(68)
04-12 18:56:41.313 8886 9038 V CouchbaseLite/NETWORK: {N8litecore4blip6BLIPIOE#15533} Finished sending REQ #1
04-12 18:56:41.313 8886 9038 V CouchbaseLite/NETWORK: {N8litecore4blip6BLIPIOE#15533} ...Wrote 68 bytes to WebSocket (writeable=1)
04-12 18:56:41.346 8886 9036 I CouchbaseLite/REPLICATOR: {Repl#15429} {Coll#-1} activityLevel=busy: connectionState=2, savingChkpt=0
04-12 18:56:41.356 8886 9030 I CouchbaseLite/REPLICATOR: [JAVA] status changed: (0, 0) @C4ReplicatorStatus{level=4,completed=0,total=0,#docs=0,domain=0,code=0,info=0} for Replicator{@0x89417fa(<*),Database{@@0x5c116b6: 'finder.73600.en_us-stage'} => URLEndpoint{url=wss://stage.realtime-sync-gw.wdprapps.disney.com/park-platform-pub/}}$C4CommonRepl{@0xbb891ab/@xb4000077b97f8190, @0x89417fa, SocketFactory{@URLEndpoint{url=wss://stage.realtime-sync-gw.wdprapps.disney.com/park-platform-pub/}}'}
04-12 18:56:41.356 8886 9030 D CouchbaseLite/NETWORK: [JAVA] Offline state change for com.couchbase.lite.internal.replicator.AndroidConnectivityObserver@fd135d9: CONNECTING -> true
04-12 18:56:41.357 8886 9030 I CouchbaseLite/REPLICATOR: [JAVA] State changed CONNECTING => BUSY(0/0): null for Replicator{@0x89417fa(<*),Database{@@0x5c116b6: 'finder.73600.en_us-stage'} => URLEndpoint{url=wss://stage.realtime-sync-gw.wdprapps.disney.com/park-platform-pub/}}$C4CommonRepl{@0xbb891ab/@xb4000077b97f8190, @0x89417fa, SocketFactory{@URLEndpoint{url=wss://stage.realtime-sync-gw.wdprapps.disney.com/park-platform-pub/}}'}
04-12 18:56:41.357 8886 9047 D CouchbaseLite/NETWORK: [JAVA] CBLWebSocket@@0xe165695{vC4Socket@xb4000077c9848300 <=> OkHttpSocket@0x46f964c(wss://stage.realtime-sync-gw.wdprapps.disney.com:443/park-platform-pub/_blipsync)}.coreWrites(68)
04-12 18:56:41.357 8886 9047 D CouchbaseLite/NETWORK: [JAVA] OkHttpSocket@0x46f964c.write(68)
04-12 18:56:41.358 8886 9047 D CouchbaseLite/NETWORK: [JAVA] vC4Socket@xb4000077c9848300.ackWriteToCore(68)
04-12 18:56:41.433 8886 9420 D CouchbaseLite/NETWORK: [JAVA] OkHttpSocket@0x5971b5a.onBytes(98)
04-12 18:56:41.434 8886 9420 D CouchbaseLite/NETWORK: [JAVA] CBLWebSocket@@0xd48418b{vC4Socket@xb4000077c9829670 <=> OkHttpSocket@0x5971b5a(wss://stage.realtime-sync-gw.wdprapps.disney.com:443/park-platform-priv/_blipsync)}.remoteWrites: 98
04-12 18:56:41.434 8886 9420 D CouchbaseLite/NETWORK: [JAVA] vC4Socket@xb4000077c9829670.sendToCore(98)
04-12 18:56:41.446 8886 9811 D CouchbaseLite/NETWORK: [JAVA] OkHttpSocket@0xd0bc34d.onOpen: Response{protocol=http/1.1, code=101, message=Switching Protocols, url=https://stage.realtime-sync-gw.wdprapps.disney.com/park-platform-semipriv/_blipsync}
04-12 18:56:41.446 8886 9811 D CouchbaseLite/NETWORK: [JAVA] CBLWebSocket@@0xe11ce02{vC4Socket@xb4000077c98b52a0 <=> OkHttpSocket@0xd0bc34d(wss://stage.realtime-sync-gw.wdprapps.disney.com:443/park-platform-semipriv/_blipsync)}.remoteOpened: {Server=Couchbase Sync Gateway/3.1.3 EE, Connection=Upgrade, Sec-Websocket-Protocol=BLIP_3+CBMobile_3, Upgrade=websocket, Date=Fri, 12 Apr 2024 22:56:39 GMT, Sec-Websocket-Accept=OCRsolMQaCOeSmxmVtIOYqNYAGg=}
04-12 18:56:41.446 8886 9811 D CouchbaseLite/NETWORK: [JAVA] StateMachine@0x1e58313: transition OPENING => OPEN
04-12 18:56:41.446 8886 9811 D CouchbaseLite/NETWORK: [JAVA] vC4Socket@xb4000077c98b52a0.ackOpenToCore
04-12 18:56:41.452 8886 9420 V CouchbaseLite/NETWORK: {N8litecore4repl12C4SocketImplE#15445} Received 98-byte message
04-12 18:56:41.462 8886 9811 I CouchbaseLite/NETWORK: {N8litecore4repl12C4SocketImplE#15438} Got HTTP response (status 101)
04-12 18:56:41.462 8886 9811 I CouchbaseLite/NETWORK: {N8litecore4repl12C4SocketImplE#15438} Connected!
04-12 18:56:41.462 8886 9811 I CouchbaseLite/NETWORK: {N8litecore4blip10ConnectionE#15435} Connected!
04-12 18:56:41.463 8886 9037 I CouchbaseLite/REPLICATOR: {Repl#15436} {Coll#-1} activityLevel=connecting: connectionState=1, savingChkpt=0
04-12 18:56:41.463 8886 9034 I CouchbaseLite/NETWORK: {N8litecore4blip6BLIPIOE#15549}==> N8litecore4blip6BLIPIOE ->wss://stage.realtime-sync-gw.wdprapps.disney.com/park-platform-semipriv/_blipsync @0xb4000077e99d1f60
04-12 18:56:41.463 8886 9034 V CouchbaseLite/NETWORK: {N8litecore4blip6BLIPIOE#15549} WebSocket is hungry!
04-12 18:56:41.463 8886 9034 V CouchbaseLite/NETWORK: {N8litecore4blip6BLIPIOE#15549} Starting writeToWebSocket loop...
04-12 18:56:41.463 8886 9034 V CouchbaseLite/NETWORK: {N8litecore4blip6BLIPIOE#15549} ...Wrote 0 bytes to WebSocket (writeable=1)
04-12 18:56:41.465 8886 9037 I CouchbaseLite/REPLICATOR: {Repl#15436} {Coll#-1} Connected!
04-12 18:56:41.466 8886 9037 V CouchbaseLite/REPLICATOR: {Repl#15436} {Coll#-1} Requesting remote checkpoint 'cp-SHpbnSwgcB4cOJXwvdZ39kOvanE=' of the default collection
04-12 18:56:41.466 8886 9037 I CouchbaseLite/NETWORK: SENDING: REQ #0 {
04-12 18:56:41.466 8886 9037 I CouchbaseLite/NETWORK: Profile: getCheckpoint
04-12 18:56:41.466 8886 9037 I CouchbaseLite/NETWORK: client: cp-SHpbnSwgcB4cOJXwvdZ39kOvanE= }
04-12 18:56:41.466 8886 9037 I CouchbaseLite/REPLICATOR: {Repl#15436} {Coll#-1} activityLevel=busy: connectionState=2, savingChkpt=0
04-12 18:56:41.466 8886 9037 I CouchbaseLite/REPLICATOR: {Repl#15436} {Coll#-1} now busy
04-12 18:56:41.467 8886 9037 I CouchbaseLite/REPLICATOR: {C4Replicator#15437} State: busy, progress=0.00%
04-12 18:56:41.467 8886 9037 D CouchbaseLite/REPLICATOR: [JAVA] C4Replicator.statusChangedCallback(0x167b68cb) C4CommonRepl{@0x9523b9e/@xb4000077b97e9e10, @0xe411820, SocketFactory{@URLEndpoint{url=wss://stage.realtime-sync-gw.wdprapps.disney.com/park-platform-semipriv}}'}: C4ReplicatorStatus{level=4,completed=0,total=0,#docs=0,domain=0,code=0,info=0}
04-12 18:56:41.467 8886 9036 V CouchbaseLite/NETWORK: {N8litecore4blip6BLIPIOE#15549} Sending 'getCheckpoint' REQ #0
04-12 18:56:41.467 8886 9048 I CouchbaseLite/REPLICATOR: [JAVA] status changed: (0, 0) @C4ReplicatorStatus{level=4,completed=0,total=0,#docs=0,domain=0,code=0,info=0} for Replicator{@0xe411820(<*),Database{@@0x2e0afa2: 'finder-semi-private.73600.en_us'} => URLEndpoint{url=wss://stage.realtime-sync-gw.wdprapps.disney.com/park-platform-semipriv}}$C4CommonRepl{@0x9523b9e/@xb4000077b97e9e10, @0xe411820, SocketFactory{@URLEndpoint{url=wss://stage.realtime-sync-gw.wdprapps.disney.com/park-platform-semipriv}}'}
04-12 18:56:41.468 8886 9048 D CouchbaseLite/NETWORK: [JAVA] Offline state change for com.couchbase.lite.internal.replicator.AndroidConnectivityObserver@b25cb38: CONNECTING -> true
04-12 18:56:41.471 8886 9036 V CouchbaseLite/NETWORK: {N8litecore4blip6BLIPIOE#15549} Requeuing REQ #0...
04-12 18:56:41.471 8886 9048 I CouchbaseLite/REPLICATOR: [JAVA] State changed CONNECTING => BUSY(0/0): null for Replicator{@0xe411820(<*),Database{@@0x2e0afa2: 'finder-semi-private.73600.en_us'} => URLEndpoint{url=wss://stage.realtime-sync-gw.wdprapps.disney.com/park-platform-semipriv}}$C4CommonRepl{@0x9523b9e/@xb4000077b97e9e10, @0xe411820, SocketFactory{@URLEndpoint{url=wss://stage.realtime-sync-gw.wdprapps.disney.com/park-platform-semipriv}}'}
04-12 18:56:41.471 8886 9036 V CouchbaseLite/NETWORK: {N8litecore4blip6BLIPIOE#15549} Starting writeToWebSocket loop...
04-12 18:56:41.474 8886 9038 I CouchbaseLite/REPLICATOR: {N8litecore4repl6PullerE#15550}==> N8litecore4repl6PullerE {Repl#15436} @0xb4000077e999b840
04-12 18:56:41.475 8886 9038 I CouchbaseLite/REPLICATOR: {N8litecore4repl6PullerE#15550} {Coll#0} Starting pull from remote seq ''
04-12 18:56:41.475 8886 9038 I CouchbaseLite/REPLICATOR: {N8litecore4repl6PullerE#15550} {Coll#0} msg["revocations"]="true" due to enableAutoPurge()=1 or progressNotificationLevel()=0 > 0
04-12 18:56:41.475 8886 9038 I CouchbaseLite/NETWORK: SENDING: REQ #0 {
04-12 18:56:41.475 8886 9038 I CouchbaseLite/NETWORK: Profile: subChanges
04-12 18:56:41.475 8886 9038 I CouchbaseLite/NETWORK: continuous: true
04-12 18:56:41.475 8886 9038 I CouchbaseLite/NETWORK: batch: 200
04-12 18:56:41.475 8886 9038 I CouchbaseLite/NETWORK: versioning: rev-trees
04-12 18:56:41.475 8886 9038 I CouchbaseLite/NETWORK: activeOnly: true
04-12 18:56:41.475 8886 9038 I CouchbaseLite/NETWORK: revocations: true
04-12 18:56:41.475 8886 9038 I CouchbaseLite/NETWORK: filter: sync_gateway/bychannel
04-12 18:56:41.475 8886 9038 I CouchbaseLite/NETWORK: channels: wMDX-484976ec-55c1-4950-83f8-ff90775027b6.wdw.exp.1_0.en_us }
04-12 18:56:41.475 8886 9038 I CouchbaseLite/REPLICATOR: {N8litecore4repl6PullerE#15550} {Coll#0} activityLevel=busy: pendingResponseCount=1, _caughtUp=0, _pendingRevMessages=0, _activeIncomingRevs=0, _waitingRevMessages=0, _unfinishedIncomingRevs=0
04-12 18:56:41.475 8886 9038 V CouchbaseLite/REPLICATOR: {N8litecore4repl6PullerE#15550} {Coll#0} now busy
04-12 18:56:41.476 8886 9038 I CouchbaseLite/REPLICATOR: {Repl#15436} {Coll#-1} pushStatus=stopped, pullStatus=busy, progress=0/0/0
04-12 18:56:41.476 8886 9038 V CouchbaseLite/REPLICATOR: {Repl#15436} {Coll#-1} Replicator status collection-wise: pushStatus=stopped, pullStatus=busy, progress=0/0, docCount=0
04-12 18:56:41.476 8886 9038 I CouchbaseLite/REPLICATOR: {Repl#15436} {Coll#-1} activityLevel=busy: connectionState=2, savingChkpt=0
04-12 18:56:41.476 8886 9033 V CouchbaseLite/NETWORK: {N8litecore4blip6BLIPIOE#15531} Received frame: RES #1 ---C, length 96
04-12 18:56:41.476 8886 9033 V CouchbaseLite/NETWORK: {N8litecore4blip6BLIPIOE#15531} RES #1 has reached the end of its frames
04-12 18:56:41.477 8886 9033 V CouchbaseLite/NETWORK: {N8litecore4blip10ConnectionE#15442} Receiving RES #1 Z
04-12 18:56:41.477 8886 9033 V CouchbaseLite/NETWORK: {N8litecore4blip10ConnectionE#15442} Finished receiving RES #1 Z
04-12 18:56:41.478 8886 9033 I CouchbaseLite/NETWORK: RECEIVED: RES #1 Z {
04-12 18:56:41.478 8886 9033 I CouchbaseLite/NETWORK: rev: 0-2
04-12 18:56:41.478 8886 9033 I CouchbaseLite/NETWORK: Content-Type: application/json
04-12 18:56:41.478 8886 9033 I CouchbaseLite/NETWORK: BODY: {"local":7,"remote":45262888,"time":1712962450} }
04-12 18:56:41.478 8886 9033 D CouchbaseLite/NETWORK: [JAVA] ^C4Socket.completedReceive@b4000077c9829670(98)
04-12 18:56:41.479 8886 9031 I CouchbaseLite/REPLICATOR: {Repl#15443} {Coll#-1} Received remote checkpoint (rev='0-2'): {"local":7,"remote":45262888,"time":1712962450} of the default collection
04-12 18:56:41.479 8886 9046 D CouchbaseLite/NETWORK: [JAVA] CBLWebSocket@@0xd48418b{vC4Socket@xb4000077c9829670 <=> OkHttpSocket@0x5971b5a(wss://stage.realtime-sync-gw.wdprapps.disney.com:443/park-platform-priv/_blipsync)}.coreAckReceive: 98
04-12 18:56:41.479 8886 9034 I CouchbaseLite/REPLICATOR: {N8litecore4repl6PusherE#15552}==> N8litecore4repl6PusherE {Repl#15443} @0xb4000077d98071e0
04-12 18:56:41.479 8886 9034 I CouchbaseLite/REPLICATOR: {N8litecore4repl6PusherE#15552} {Coll#0} Starting continuous push from local seq #8
04-12 18:56:41.479 8886 9034 I CouchbaseLite/REPLICATOR: {N8litecore4repl21ReplicatorChangesFeedE#15553}==> N8litecore4repl21ReplicatorChangesFeedE 0xb4000077d9807368 @0xb4000077d9807368
04-12 18:56:41.479 8886 9034 V CouchbaseLite/REPLICATOR: {N8litecore4repl21ReplicatorChangesFeedE#15553} Starting DB observer
04-12 18:56:41.481 8886 9031 I CouchbaseLite/REPLICATOR: {Repl#15443} {Coll#-1} activityLevel=busy: connectionState=2, savingChkpt=0
04-12 18:56:41.483 8886 9037 I CouchbaseLite/REPLICATOR: {N8litecore4repl6PullerE#15555}==> N8litecore4repl6PullerE {Repl#15443} @0xb4000077e99a4ae0
04-12 18:56:41.484 8886 9037 I CouchbaseLite/REPLICATOR: {N8litecore4repl6PullerE#15555} {Coll#0} Starting pull from remote seq '45262888'
04-12 18:56:41.486 8886 9034 V CouchbaseLite/REPLICATOR: {N8litecore4repl21ReplicatorChangesFeedE#15553} Reading up to 200 local changes since #7
04-12 18:56:41.489 8886 9036 V CouchbaseLite/NETWORK: {N8litecore4blip6BLIPIOE#15549} Sending frame: REQ #1 ----, bytes 0--65
04-12 18:56:41.489 8886 9036 V CouchbaseLite/NETWORK: {N8litecore4repl12C4SocketImplE#15438} Sending 68-byte message
04-12 18:56:41.491 8886 9038 I CouchbaseLite/REPLICATOR: {Repl#15436} {Coll#-1} activityLevel=busy: connectionState=2, savingChkpt=0
04-12 18:56:41.491 8886 9037 I CouchbaseLite/REPLICATOR: {N8litecore4repl6PullerE#15555} {Coll#0} msg["revocations"]="true" due to enableAutoPurge()=1 or progressNotificationLevel()=0 > 0
04-12 18:56:41.491 8886 9037 I CouchbaseLite/NETWORK: SENDING: REQ #0 {
04-12 18:56:41.491 8886 9037 I CouchbaseLite/NETWORK: Profile: subChanges
04-12 18:56:41.491 8886 9037 I CouchbaseLite/NETWORK: since: 45262888
04-12 18:56:41.491 8886 9037 I CouchbaseLite/NETWORK: continuous: true
04-12 18:56:41.491 8886 9037 I CouchbaseLite/NETWORK: batch: 200
04-12 18:56:41.491 8886 9037 I CouchbaseLite/NETWORK: versioning: rev-trees
04-12 18:56:41.491 8886 9037 I CouchbaseLite/NETWORK: revocations: true
04-12 18:56:41.491 8886 9037 I CouchbaseLite/NETWORK: filter: sync_gateway/bychannel
04-12 18:56:41.491 8886 9037 I CouchbaseLite/NETWORK: channels: {63B01F9F-BC25-4824-9104-70D27ED77981}.wdw.exp.1_0.en_us,{63B01F9F-BC25-4824-9104-70D27ED77981}.wdw.userdata.1_0.en_us }
04-12 18:56:41.492 8886 9032 V CouchbaseLite/NETWORK: {N8litecore4blip6BLIPIOE#15531} Sending 'subChanges' REQ #0
04-12 18:56:41.492 8886 9032 V CouchbaseLite/NETWORK: {N8litecore4blip6BLIPIOE#15531} Requeuing REQ #0...
04-12 18:56:41.492 8886 9032 V CouchbaseLite/NETWORK: {N8litecore4blip6BLIPIOE#15531} Starting writeToWebSocket loop...
04-12 18:56:41.492 8886 9036 D CouchbaseLite/NETWORK: [JAVA] ^C4Socket.write@b4000077c98b52a0(68)
04-12 18:56:41.492 8886 9032 V CouchbaseLite/NETWORK: {N8litecore4blip6BLIPIOE#15531} Sending frame: REQ #2 ----, bytes 0--261
04-12 18:56:41.493 8886 9050 D CouchbaseLite/NETWORK: [JAVA] CBLWebSocket@@0xe11ce02{vC4Socket@xb4000077c98b52a0 <=> OkHttpSocket@0xd0bc34d(wss://stage.realtime-sync-gw.wdprapps.disney.com:443/park-platform-semipriv/_blipsync)}.coreWrites(68)
04-12 18:56:41.493 8886 9050 D CouchbaseLite/NETWORK: [JAVA] OkHttpSocket@0xd0bc34d.write(68)
04-12 18:56:41.493 8886 9050 D CouchbaseLite/NETWORK: [JAVA] vC4Socket@xb4000077c98b52a0.ackWriteToCore(68)
04-12 18:56:41.493 8886 9032 V CouchbaseLite/NETWORK: {N8litecore4repl12C4SocketImplE#15445} Sending 264-byte message
04-12 18:56:41.494 8886 9032 D CouchbaseLite/NETWORK: [JAVA] ^C4Socket.write@b4000077c9829670(264)
04-12 18:56:41.496 8886 9030 D CouchbaseLite/NETWORK: [JAVA] CBLWebSocket@@0xd48418b{vC4Socket@xb4000077c9829670 <=> OkHttpSocket@0x5971b5a(wss://stage.realtime-sync-gw.wdprapps.disney.com:443/park-platform-priv/_blipsync)}.coreWrites(264)
04-12 18:56:41.496 8886 9030 D CouchbaseLite/NETWORK: [JAVA] OkHttpSocket@0x5971b5a.write(264)
04-12 18:56:41.496 8886 9030 D CouchbaseLite/NETWORK: [JAVA] vC4Socket@xb4000077c9829670.ackWriteToCore(264)
04-12 18:56:41.499 8886 9418 D CouchbaseLite/NETWORK: [JAVA] OkHttpSocket@0x46f964c.onBytes(90)
04-12 18:56:41.499 8886 9418 D CouchbaseLite/NETWORK: [JAVA] CBLWebSocket@@0xe165695{vC4Socket@xb4000077c9848300 <=> OkHttpSocket@0x46f964c(wss://stage.realtime-sync-gw.wdprapps.disney.com:443/park-platform-pub/_blipsync)}.remoteWrites: 90
04-12 18:56:41.500 8886 9418 D CouchbaseLite/NETWORK: [JAVA] vC4Socket@xb4000077c9848300.sendToCore(90)
04-12 18:56:41.501 8886 9037 I CouchbaseLite/REPLICATOR: {N8litecore4repl6PullerE#15555} {Coll#0} activityLevel=busy: pendingResponseCount=1, _caughtUp=0, _pendingRevMessages=0, _activeIncomingRevs=0, _waitingRevMessages=0, _unfinishedIncomingRevs=0
04-12 18:56:41.502 8886 9037 V CouchbaseLite/REPLICATOR: {N8litecore4repl6PullerE#15555} {Coll#0} now busy
04-12 18:56:41.502 8886 9036 V CouchbaseLite/NETWORK: {N8litecore4blip6BLIPIOE#15549} Finished sending REQ #1
04-12 18:56:41.504 8886 9032 V CouchbaseLite/NETWORK: {N8litecore4blip6BLIPIOE#15531} Finished sending REQ #2
04-12 18:56:41.504 8886 9032 V CouchbaseLite/NETWORK: {N8litecore4blip6BLIPIOE#15531} ...Wrote 264 bytes to WebSocket (writeable=1)
04-12 18:56:41.505 8886 9418 V CouchbaseLite/NETWORK: {N8litecore4repl12C4SocketImplE#15431} Received 90-byte message
04-12 18:56:41.506 8886 9037 I CouchbaseLite/REPLICATOR: {Repl#15443} {Coll#-1} pushStatus=busy, pullStatus=busy, progress=0/0/0
04-12 18:56:41.507 8886 9031 I CouchbaseLite/REPLICATOR: {N8litecore4repl6PullerE#15555} {Coll#0} activityLevel=busy: pendingResponseCount=1, _caughtUp=0, _pendingRevMessages=0, _activeIncomingRevs=0, _waitingRevMessages=0, _unfinishedIncomingRevs=0
04-12 18:56:41.507 8886 9036 V CouchbaseLite/NETWORK: {N8litecore4blip6BLIPIOE#15549} ...Wrote 68 bytes to WebSocket (writeable=1)
04-12 18:56:41.508 8886 9036 V CouchbaseLite/NETWORK: {N8litecore4blip6BLIPIOE#15549} Sending 'subChanges' REQ #0
04-12 18:56:41.508 8886 9036 V CouchbaseLite/NETWORK: {N8litecore4blip6BLIPIOE#15549} Requeuing REQ #0...
04-12 18:56:41.508 8886 9036 V CouchbaseLite/NETWORK: {N8litecore4blip6BLIPIOE#15549} Starting writeToWebSocket loop...
04-12 18:56:41.508 8886 9036 V CouchbaseLite/NETWORK: {N8litecore4blip6BLIPIOE#15549} Sending frame: REQ #2 ----, bytes 0--203
04-12 18:56:41.508 8886 9036 V CouchbaseLite/NETWORK: {N8litecore4repl12C4SocketImplE#15438} Sending 206-byte message
04-12 18:56:41.508 8886 9036 D CouchbaseLite/NETWORK: [JAVA] ^C4Socket.write@b4000077c98b52a0(206)
04-12 18:56:41.509 8886 9035 V CouchbaseLite/NETWORK: {N8litecore4blip6BLIPIOE#15533} Received frame: RES #1 ---C, length 88
04-12 18:56:41.509 8886 9035 V CouchbaseLite/NETWORK: {N8litecore4blip6BLIPIOE#15533} RES #1 has reached the end of its frames
04-12 18:56:41.509 8886 9047 D CouchbaseLite/NETWORK: [JAVA] CBLWebSocket@@0xe11ce02{vC4Socket@xb4000077c98b52a0 <=> OkHttpSocket@0xd0bc34d(wss://stage.realtime-sync-gw.wdprapps.disney.com:443/park-platform-semipriv/_blipsync)}.coreWrites(206)
04-12 18:56:41.510 8886 9047 D CouchbaseLite/NETWORK: [JAVA] OkHttpSocket@0xd0bc34d.write(206)
04-12 18:56:41.510 8886 9047 D CouchbaseLite/NETWORK: [JAVA] vC4Socket@xb4000077c98b52a0.ackWriteToCore(206)
04-12 18:56:41.510 8886 9035 V CouchbaseLite/NETWORK: {N8litecore4blip10ConnectionE#15428} Receiving RES #1 Z
04-12 18:56:41.513 8886 9037 V CouchbaseLite/REPLICATOR: {Repl#15443} {Coll#-1} Replicator status collection-wise: pushStatus=busy, pullStatus=busy, progress=0/0, docCount=0
04-12 18:56:41.513 8886 9037 I CouchbaseLite/REPLICATOR: {Repl#15443} {Coll#-1} activityLevel=busy: connectionState=2, savingChkpt=0
04-12 18:56:41.514 8886 9033 I CouchbaseLite/REPLICATOR: {N8litecore4repl6PullerE#15550} {Coll#0} activityLevel=busy: pendingResponseCount=1, _caughtUp=0, _pendingRevMessages=0, _activeIncomingRevs=0, _waitingRevMessages=0, _unfinishedIncomingRevs=0
04-12 18:56:41.514 8886 9035 V CouchbaseLite/NETWORK: {N8litecore4blip10ConnectionE#15428} Finished receiving RES #1 Z
04-12 18:56:41.514 8886 9035 I CouchbaseLite/NETWORK: RECEIVED: RES #1 Z {
04-12 18:56:41.514 8886 9035 I CouchbaseLite/NETWORK: rev: 0-40
04-12 18:56:41.514 8886 9035 I CouchbaseLite/NETWORK: Content-Type: application/json
04-12 18:56:41.514 8886 9035 I CouchbaseLite/NETWORK: BODY: {"remote":376871862,"time":1712962485} }
04-12 18:56:41.514 8886 9035 D CouchbaseLite/NETWORK: [JAVA] ^C4Socket.completedReceive@b4000077c9848300(90)
04-12 18:56:41.515 8886 9032 I CouchbaseLite/REPLICATOR: {Repl#15429} {Coll#-1} Received remote checkpoint (rev='0-40'): {"remote":376871862,"time":1712962485} of the default collection
04-12 18:56:41.516 8886 9039 D CouchbaseLite/NETWORK: [JAVA] CBLWebSocket@@0xe165695{vC4Socket@xb4000077c9848300 <=> OkHttpSocket@0x46f964c(wss://stage.realtime-sync-gw.wdprapps.disney.com:443/park-platform-pub/_blipsync)}.coreAckReceive: 90
04-12 18:56:41.517 8886 9036 V CouchbaseLite/NETWORK: {N8litecore4blip6BLIPIOE#15549} Finished sending REQ #2
04-12 18:56:41.518 8886 9036 V CouchbaseLite/NETWORK: {N8litecore4blip6BLIPIOE#15549} ...Wrote 206 bytes to WebSocket (writeable=1)
04-12 18:56:41.522 8886 9031 I CouchbaseLite/REPLICATOR: {N8litecore4repl6PullerE#15560}==> N8litecore4repl6PullerE {Repl#15429} @0xb4000077e98a7970
04-12 18:56:41.522 8886 9031 I CouchbaseLite/REPLICATOR: {N8litecore4repl6PullerE#15560} {Coll#0} Starting pull from remote seq '376871862'
04-12 18:56:41.523 8886 9032 I CouchbaseLite/REPLICATOR: {Repl#15429} {Coll#-1} activityLevel=busy: connectionState=2, savingChkpt=0
04-12 18:56:41.526 8886 9031 I CouchbaseLite/REPLICATOR: {N8litecore4repl6PullerE#15560} {Coll#0} msg["revocations"]="true" due to enableAutoPurge()=1 or progressNotificationLevel()=0 > 0
04-12 18:56:41.526 8886 9031 I CouchbaseLite/NETWORK: SENDING: REQ #0 {
04-12 18:56:41.526 8886 9031 I CouchbaseLite/NETWORK: Profile: subChanges
04-12 18:56:41.526 8886 9031 I CouchbaseLite/NETWORK: since: 376871862
04-12 18:56:41.526 8886 9031 I CouchbaseLite/NETWORK: continuous: true
04-12 18:56:41.526 8886 9031 I CouchbaseLite/NETWORK: batch: 200
04-12 18:56:41.526 8886 9031 I CouchbaseLite/NETWORK: versioning: rev-trees
04-12 18:56:41.526 8886 9031 I CouchbaseLite/NETWORK: revocations: true
04-12 18:56:41.526 8886 9031 I CouchbaseLite/NETWORK: filter: sync_gateway/bychannel
04-12 18:56:41.526 8886 9031 I CouchbaseLite/NETWORK: channels: wdw.characters.1_0,wdw.blockouts.2_0.en_us,wdw.today.1_0,wdw.calendar.1_0,wdw.closedrestaurants.1_0,wdw.facilities.1_0.en_us,wdw.featured-happenings.1_0.en_us,wdw.categories.3_0.en_us,wdw.category-filters.2_0.en_us,wdw.category-list.2_0.en_us,wdw.facilitystatus.1_0,wdw.virtual-queue_content-page.1_0.en_us,wdw.search_content-page.1_0.en_us,wdw.mobile-network.1_0.en_us,wdw.dashboard.1_0.en_us,wdw.exp.1_0.en_us,wdw.feature-menu.7_36.en_us,wdw.experience.1_0.en_us,wdw.merlin.1_0.en_us,wdw.food-and-beverage.1_0.en_us,wdw.itinerary.1_0.en_us,wdw.feature-link-account.1_0.en_us,wdw.e-services.1_0.en_us,wdw.digital-pass.1_0.en_us,wdw.mobile-magic-access.1_0.en_us,wdw.photopass.1_0.en_us,wdw.commerce.1_0.en_us,wdw.forecastedwaittimes.1_0.en_us,wdw.permissions.2_0.en_us,wdw.gluetext.7_36.en_us,wdw.hub.1_0.en_us,wdw.extended-categories.1_0.en_us,wdw.actionsheet.7_36.en_us,wdw.checklist.1_0.en_us,wdw.userdata.1_0.en_us,wdw.analytics.1_0.en_us }
04-12 18:56:41.527 8886 9031 I CouchbaseLite/REPLICATOR: {N8litecore4repl6PullerE#15560} {Coll#0} activityLevel=busy: pendingResponseCount=1, _caughtUp=0, _pendingRevMessages=0, _activeIncomingRevs=0, _waitingRevMessages=0, _unfinishedIncomingRevs=0
04-12 18:56:41.527 8886 9031 V CouchbaseLite/REPLICATOR: {N8litecore4repl6PullerE#15560} {Coll#0} now busy
04-12 18:56:41.527 8886 9031 I CouchbaseLite/REPLICATOR: {Repl#15429} {Coll#-1} pushStatus=stopped, pullStatus=busy, progress=0/0/0
04-12 18:56:41.528 8886 9031 V CouchbaseLite/REPLICATOR: {Repl#15429} {Coll#-1} Replicator status collection-wise: pushStatus=stopped, pullStatus=busy, progress=0/0, docCount=0
04-12 18:56:41.528 8886 9031 I CouchbaseLite/REPLICATOR: {Repl#15429} {Coll#-1} activityLevel=busy: connectionState=2, savingChkpt=0
04-12 18:56:41.528 8886 9034 I CouchbaseLite/REPLICATOR: {N8litecore4repl6PusherE#15552} {Coll#0} Found 0 changes up to #7
04-12 18:56:41.528 8886 9038 V CouchbaseLite/NETWORK: {N8litecore4blip6BLIPIOE#15533} Sending 'subChanges' REQ #0
04-12 18:56:41.528 8886 9038 V CouchbaseLite/NETWORK: {N8litecore4blip6BLIPIOE#15533} Requeuing REQ #0...
04-12 18:56:41.528 8886 9038 V CouchbaseLite/NETWORK: {N8litecore4blip6BLIPIOE#15533} Starting writeToWebSocket loop...
04-12 18:56:41.529 8886 9034 I CouchbaseLite/NETWORK: SENDING: REQ #0 UN {
04-12 18:56:41.529 8886 9034 I CouchbaseLite/NETWORK: Profile: proposeChanges
04-12 18:56:41.529 8886 9034 I CouchbaseLite/NETWORK: conflictIncludesRev: true
04-12 18:56:41.529 8886 9034 I CouchbaseLite/NETWORK: BODY: [] }
04-12 18:56:41.530 8886 9034 I CouchbaseLite/REPLICATOR: {N8litecore4repl6PusherE#15552} {Coll#0} activityLevel=busy: pendingResponseCount=0, caughtUp=0, changeLists=0, revsInFlight=0, blobsInFlight=0, awaitingReply=0, revsToSend=0, pushingDocs=0, pendingSequences=0
04-12 18:56:41.531 8886 9038 V CouchbaseLite/NETWORK: {N8litecore4blip6BLIPIOE#15533} Sending frame: REQ #2 ----, bytes 0--1087
04-12 18:56:41.531 8886 9038 V CouchbaseLite/NETWORK: {N8litecore4repl12C4SocketImplE#15431} Sending 1090-byte message
04-12 18:56:41.532 8886 9038 D CouchbaseLite/NETWORK: [JAVA] ^C4Socket.write@b4000077c9848300(1090)
04-12 18:56:41.532 8886 9035 V CouchbaseLite/NETWORK: {N8litecore4blip6BLIPIOE#15531} Sending 'proposeChanges' REQ #0 UN
04-12 18:56:41.532 8886 9035 V CouchbaseLite/NETWORK: {N8litecore4blip6BLIPIOE#15531} Requeuing REQ #0...
04-12 18:56:41.533 8886 9035 V CouchbaseLite/NETWORK: {N8litecore4blip6BLIPIOE#15531} Starting writeToWebSocket loop...
04-12 18:56:41.533 8886 9048 D CouchbaseLite/NETWORK: [JAVA] CBLWebSocket@@0xe165695{vC4Socket@xb4000077c9848300 <=> OkHttpSocket@0x46f964c(wss://stage.realtime-sync-gw.wdprapps.disney.com:443/park-platform-pub/_blipsync)}.coreWrites(1090)
04-12 18:56:41.534 8886 9035 V CouchbaseLite/NETWORK: {N8litecore4blip6BLIPIOE#15531} Sending frame: REQ #3 -UN-, bytes 0--54
04-12 18:56:41.534 8886 9035 V CouchbaseLite/NETWORK: {N8litecore4repl12C4SocketImplE#15445} Sending 57-byte message
04-12 18:56:41.534 8886 9048 D CouchbaseLite/NETWORK: [JAVA] OkHttpSocket@0x46f964c.write(1090)
04-12 18:56:41.534 8886 9035 D CouchbaseLite/NETWORK: [JAVA] ^C4Socket.write@b4000077c9829670(57)
04-12 18:56:41.534 8886 9046 D CouchbaseLite/NETWORK: [JAVA] CBLWebSocket@@0xd48418b{vC4Socket@xb4000077c9829670 <=> OkHttpSocket@0x5971b5a(wss://stage.realtime-sync-gw.wdprapps.disney.com:443/park-platform-priv/_blipsync)}.coreWrites(57)
04-12 18:56:41.534 8886 9046 D CouchbaseLite/NETWORK: [JAVA] OkHttpSocket@0x5971b5a.write(57)
04-12 18:56:41.535 8886 9048 D CouchbaseLite/NETWORK: [JAVA] vC4Socket@xb4000077c9848300.ackWriteToCore(1090)
04-12 18:56:41.535 8886 9046 D CouchbaseLite/NETWORK: [JAVA] vC4Socket@xb4000077c9829670.ackWriteToCore(57)
04-12 18:56:41.536 8886 9033 I CouchbaseLite/REPLICATOR: {N8litecore4repl6PullerE#15560} {Coll#0} activityLevel=busy: pendingResponseCount=1, _caughtUp=0, _pendingRevMessages=0, _activeIncomingRevs=0, _waitingRevMessages=0, _unfinishedIncomingRevs=0
04-12 18:56:41.537 8886 9038 V CouchbaseLite/NETWORK: {N8litecore4blip6BLIPIOE#15533} Finished sending REQ #2
04-12 18:56:41.539 8886 9038 V CouchbaseLite/NETWORK: {N8litecore4blip6BLIPIOE#15533} ...Wrote 1090 bytes to WebSocket (writeable=1)
04-12 18:56:41.545 8886 9034 V CouchbaseLite/REPLICATOR: {N8litecore4repl6PusherE#15552} {Coll#0} now busy
04-12 18:56:41.546 8886 9035 V CouchbaseLite/NETWORK: {N8litecore4blip6BLIPIOE#15531} Finished sending REQ #3 UN
04-12 18:56:41.546 8886 9035 V CouchbaseLite/NETWORK: {N8litecore4blip6BLIPIOE#15531} ...Wrote 57 bytes to WebSocket (writeable=1)
04-12 18:56:41.546 8886 9036 I CouchbaseLite/REPLICATOR: {Repl#15443} {Coll#-1} pushStatus=busy, pullStatus=busy, progress=0/0/0
04-12 18:56:41.547 8886 9034 V CouchbaseLite/REPLICATOR: {N8litecore4repl21ReplicatorChangesFeedE#15553} Asking DB observer for 200 new changes since sequence #7 ...
04-12 18:56:41.548 8886 9034 I CouchbaseLite/REPLICATOR: {N8litecore4repl21ReplicatorChangesFeedE#15553} No new observed changes...
04-12 18:56:41.549 8886 9034 I CouchbaseLite/REPLICATOR: {N8litecore4repl6PusherE#15552} {Coll#0} Found 0 changes up to #7
04-12 18:56:41.550 8886 9036 V CouchbaseLite/REPLICATOR: {Repl#15443} {Coll#-1} Replicator status collection-wise: pushStatus=busy, pullStatus=busy, progress=0/0, docCount=0
04-12 18:56:41.551 8886 9034 I CouchbaseLite/NETWORK: SENDING: REQ #0 UN {
04-12 18:56:41.551 8886 9034 I CouchbaseLite/NETWORK: Profile: proposeChanges
04-12 18:56:41.551 8886 9034 I CouchbaseLite/NETWORK: conflictIncludesRev: true
04-12 18:56:41.551 8886 9034 I CouchbaseLite/NETWORK: BODY: [] }
04-12 18:56:41.552 8886 9036 I CouchbaseLite/REPLICATOR: {Repl#15443} {Coll#-1} activityLevel=busy: connectionState=2, savingChkpt=0
04-12 18:56:41.553 8886 9034 I CouchbaseLite/REPLICATOR: {N8litecore4repl6PusherE#15552} {Coll#0} Caught up, at lastSequence #7
04-12 18:56:41.553 8886 9034 I CouchbaseLite/REPLICATOR: {N8litecore4repl6PusherE#15552} {Coll#0} activityLevel=busy: pendingResponseCount=0, caughtUp=1, changeLists=0, revsInFlight=0, blobsInFlight=0, awaitingReply=0, revsToSend=0, pushingDocs=0, pendingSequences=0
04-12 18:56:41.554 8886 9037 V CouchbaseLite/NETWORK: {N8litecore4blip6BLIPIOE#15531} Sending 'proposeChanges' REQ #0 UN
04-12 18:56:41.554 8886 9037 V CouchbaseLite/NETWORK: {N8litecore4blip6BLIPIOE#15531} Requeuing REQ #0...
04-12 18:56:41.555 8886 9037 V CouchbaseLite/NETWORK: {N8litecore4blip6BLIPIOE#15531} Starting writeToWebSocket loop...
04-12 18:56:41.556 8886 9037 V CouchbaseLite/NETWORK: {N8litecore4blip6BLIPIOE#15531} Sending frame: REQ #4 -UN-, bytes 0--54
04-12 18:56:41.557 8886 9037 V CouchbaseLite/NETWORK: {N8litecore4repl12C4SocketImplE#15445} Sending 57-byte message
04-12 18:56:41.558 8886 9037 D CouchbaseLite/NETWORK: [JAVA] ^C4Socket.write@b4000077c9829670(57)
04-12 18:56:41.558 8886 9034 V CouchbaseLite/REPLICATOR: {N8litecore4repl21ReplicatorChangesFeedE#15553} Asking DB observer for 200 new changes since sequence #7 ...
04-12 18:56:41.559 8886 9050 D CouchbaseLite/NETWORK: [JAVA] CBLWebSocket@@0xd48418b{vC4Socket@xb4000077c9829670 <=> OkHttpSocket@0x5971b5a(wss://stage.realtime-sync-gw.wdprapps.disney.com:443/park-platform-priv/_blipsync)}.coreWrites(57)
04-12 18:56:41.559 8886 9050 D CouchbaseLite/NETWORK: [JAVA] OkHttpSocket@0x5971b5a.write(57)
04-12 18:56:41.559 8886 9034 I CouchbaseLite/REPLICATOR: {N8litecore4repl21ReplicatorChangesFeedE#15553} No new observed changes...
04-12 18:56:41.560 8886 9050 D CouchbaseLite/NETWORK: [JAVA] vC4Socket@xb4000077c9829670.ackWriteToCore(57)
04-12 18:56:41.560 8886 9034 I CouchbaseLite/REPLICATOR: {N8litecore4repl6PusherE#15552} {Coll#0} Found 0 changes up to #7
04-12 18:56:41.561 8886 9037 V CouchbaseLite/NETWORK: {N8litecore4blip6BLIPIOE#15531} Finished sending REQ #4 UN
04-12 18:56:41.562 8886 9037 V CouchbaseLite/NETWORK: {N8litecore4blip6BLIPIOE#15531} ...Wrote 57 bytes to WebSocket (writeable=1)
04-12 18:56:41.563 8886 9034 I CouchbaseLite/NETWORK: SENDING: REQ #0 UN {
04-12 18:56:41.563 8886 9034 I CouchbaseLite/NETWORK: Profile: proposeChanges
04-12 18:56:41.563 8886 9034 I CouchbaseLite/NETWORK: conflictIncludesRev: true
04-12 18:56:41.563 8886 9034 I CouchbaseLite/NETWORK: BODY: [] }
04-12 18:56:41.564 8886 9033 V CouchbaseLite/NETWORK: {N8litecore4blip6BLIPIOE#15531} Sending 'proposeChanges' REQ #0 UN
04-12 18:56:41.565 8886 9033 V CouchbaseLite/NETWORK: {N8litecore4blip6BLIPIOE#15531} Requeuing REQ #0...
04-12 18:56:41.565 8886 9033 V CouchbaseLite/NETWORK: {N8litecore4blip6BLIPIOE#15531} Starting writeToWebSocket loop...
04-12 18:56:41.566 8886 9033 V CouchbaseLite/NETWORK: {N8litecore4blip6BLIPIOE#15531} Sending frame: REQ #5 -UN-, bytes 0--54
04-12 18:56:41.567 8886 9033 V CouchbaseLite/NETWORK: {N8litecore4repl12C4SocketImplE#15445} Sending 57-byte message
04-12 18:56:41.568 8886 9033 D CouchbaseLite/NETWORK: [JAVA] ^C4Socket.write@b4000077c9829670(57)
04-12 18:56:41.569 8886 9030 D CouchbaseLite/NETWORK: [JAVA] CBLWebSocket@@0xd48418b{vC4Socket@xb4000077c9829670 <=> OkHttpSocket@0x5971b5a(wss://stage.realtime-sync-gw.wdprapps.disney.com:443/park-platform-priv/_blipsync)}.coreWrites(57)
04-12 18:56:41.570 8886 9033 V CouchbaseLite/NETWORK: {N8litecore4blip6BLIPIOE#15531} Finished sending REQ #5 UN
04-12 18:56:41.571 8886 9033 V CouchbaseLite/NETWORK: {N8litecore4blip6BLIPIOE#15531} ...Wrote 57 bytes to WebSocket (writeable=1)
04-12 18:56:41.572 8886 9030 D CouchbaseLite/NETWORK: [JAVA] OkHttpSocket@0x5971b5a.write(57)
04-12 18:56:41.573 8886 9030 D CouchbaseLite/NETWORK: [JAVA] vC4Socket@xb4000077c9829670.ackWriteToCore(57)
04-12 18:56:41.574 8886 9034 I CouchbaseLite/REPLICATOR: {N8litecore4repl6PusherE#15552} {Coll#0} activityLevel=busy: pendingResponseCount=0, caughtUp=1, changeLists=0, revsInFlight=0, blobsInFlight=0, awaitingReply=0, revsToSend=0, pushingDocs=0, pendingSequences=0
04-12 18:56:41.575 8886 9034 I CouchbaseLite/REPLICATOR: {N8litecore4repl6PusherE#15552} {Coll#0} activityLevel=idle: pendingResponseCount=0, caughtUp=1, changeLists=0, revsInFlight=0, blobsInFlight=0, awaitingReply=0, revsToSend=0, pushingDocs=0, pendingSequences=0
04-12 18:56:41.575 8886 9034 V CouchbaseLite/REPLICATOR: {N8litecore4repl6PusherE#15552} {Coll#0} now idle
04-12 18:56:41.575 8886 9034 I CouchbaseLite/REPLICATOR: {Repl#15443} {Coll#-1} pushStatus=idle, pullStatus=busy, progress=0/0/0
04-12 18:56:41.575 8886 9034 V CouchbaseLite/REPLICATOR: {Repl#15443} {Coll#-1} Replicator status collection-wise: pushStatus=idle, pullStatus=busy, progress=0/0, docCount=0
04-12 18:56:41.575 8886 9034 I CouchbaseLite/REPLICATOR: {Repl#15443} {Coll#-1} activityLevel=busy: connectionState=2, savingChkpt=0
04-12 18:56:41.645 8886 9420 D CouchbaseLite/NETWORK: [JAVA] OkHttpSocket@0x5971b5a.onBytes(7)
04-12 18:56:41.645 8886 9420 D CouchbaseLite/NETWORK: [JAVA] CBLWebSocket@@0xd48418b{vC4Socket@xb4000077c9829670 <=> OkHttpSocket@0x5971b5a(wss://stage.realtime-sync-gw.wdprapps.disney.com:443/park-platform-priv/_blipsync)}.remoteWrites: 7
04-12 18:56:41.645 8886 9420 D CouchbaseLite/NETWORK: [JAVA] vC4Socket@xb4000077c9829670.sendToCore(7)
04-12 18:56:41.645 8886 9420 V CouchbaseLite/NETWORK: {N8litecore4repl12C4SocketImplE#15445} Received 7-byte message
04-12 18:56:41.646 8886 9420 D CouchbaseLite/NETWORK: [JAVA] OkHttpSocket@0x5971b5a.onBytes(63)
04-12 18:56:41.646 8886 9420 D CouchbaseLite/NETWORK: [JAVA] CBLWebSocket@@0xd48418b{vC4Socket@xb4000077c9829670 <=> OkHttpSocket@0x5971b5a(wss://stage.realtime-sync-gw.wdprapps.disney.com:443/park-platform-priv/_blipsync)}.remoteWrites: 63
04-12 18:56:41.646 8886 9420 D CouchbaseLite/NETWORK: [JAVA] vC4Socket@xb4000077c9829670.sendToCore(63)
04-12 18:56:41.646 8886 9420 V CouchbaseLite/NETWORK: {N8litecore4repl12C4SocketImplE#15445} Received 63-byte message
04-12 18:56:41.650 8886 9035 V CouchbaseLite/NETWORK: {N8litecore4blip6BLIPIOE#15531} Received frame: RES #2 ----, length 5
04-12 18:56:41.650 8886 9035 V CouchbaseLite/NETWORK: {N8litecore4blip6BLIPIOE#15531} RES #2 has reached the end of its frames
04-12 18:56:41.657 8886 9035 V CouchbaseLite/NETWORK: {N8litecore4blip10ConnectionE#15442} Receiving RES #2
04-12 18:56:41.657 8886 9035 V CouchbaseLite/NETWORK: {N8litecore4blip10ConnectionE#15442} Finished receiving RES #2
04-12 18:56:41.657 8886 9035 I CouchbaseLite/NETWORK: RECEIVED: RES #2 { }
04-12 18:56:41.658 8886 9035 D CouchbaseLite/NETWORK: [JAVA] ^C4Socket.completedReceive@b4000077c9829670(7)
04-12 18:56:41.658 8886 9035 V CouchbaseLite/NETWORK: {N8litecore4blip6BLIPIOE#15531} Received frame: REQ #1 --NC, length 61
04-12 18:56:41.659 8886 9035 V CouchbaseLite/NETWORK: {N8litecore4blip10ConnectionE#15442} Receiving 'changes' REQ #1 NZ
04-12 18:56:41.659 8886 9035 V CouchbaseLite/NETWORK: {N8litecore4blip10ConnectionE#15442} Finished receiving 'changes' REQ #1 NZ
04-12 18:56:41.659 8886 9035 I CouchbaseLite/NETWORK: RECEIVED: REQ #1 NZ {
04-12 18:56:41.659 8886 9035 I CouchbaseLite/NETWORK: Profile: changes
04-12 18:56:41.659 8886 9035 I CouchbaseLite/NETWORK: Content-Type: application/json
04-12 18:56:41.659 8886 9035 I CouchbaseLite/NETWORK: BODY: null }
04-12 18:56:41.659 8886 9047 D CouchbaseLite/NETWORK: [JAVA] CBLWebSocket@@0xd48418b{vC4Socket@xb4000077c9829670 <=> OkHttpSocket@0x5971b5a(wss://stage.realtime-sync-gw.wdprapps.disney.com:443/park-platform-priv/_blipsync)}.coreAckReceive: 7
04-12 18:56:41.659 8886 9035 D CouchbaseLite/NETWORK: [JAVA] ^C4Socket.completedReceive@b4000077c9829670(63)
04-12 18:56:41.659 8886 9035 I CouchbaseLite/REPLICATOR: {Repl#15443} {Coll#-1} activityLevel=busy: connectionState=2, savingChkpt=0
04-12 18:56:41.660 8886 9039 D CouchbaseLite/NETWORK: [JAVA] CBLWebSocket@@0xd48418b{vC4Socket@xb4000077c9829670 <=> OkHttpSocket@0x5971b5a(wss://stage.realtime-sync-gw.wdprapps.disney.com:443/park-platform-priv/_blipsync)}.coreAckReceive: 63
04-12 18:56:41.660 8886 9037 I CouchbaseLite/REPLICATOR: {N8litecore4repl9RevFinderE#15566}==> N8litecore4repl9RevFinderE {Repl#15443} @0xb4000077c98059c0
04-12 18:56:41.660 8886 9037 V CouchbaseLite/REPLICATOR: {N8litecore4repl9RevFinderE#15566} {Coll#0} Handling 'changes' REQ#1
04-12 18:56:41.661 8886 9037 I CouchbaseLite/REPLICATOR: {N8litecore4repl9RevFinderE#15566} {Coll#0} Caught up with remote changes
04-12 18:56:41.663 8886 9036 I CouchbaseLite/REPLICATOR: {N8litecore4repl6PullerE#15555} {Coll#0} activityLevel=busy: pendingResponseCount=0, _caughtUp=0, _pendingRevMessages=0, _activeIncomingRevs=0, _waitingRevMessages=0, _unfinishedIncomingRevs=0
04-12 18:56:41.663 8886 9036 I CouchbaseLite/REPLICATOR: {N8litecore4repl6PullerE#15555} {Coll#0} activityLevel=idle: pendingResponseCount=0, _caughtUp=1, _pendingRevMessages=0, _activeIncomingRevs=0, _waitingRevMessages=0, _unfinishedIncomingRevs=0
04-12 18:56:41.663 8886 9036 V CouchbaseLite/REPLICATOR: {N8litecore4repl6PullerE#15555} {Coll#0} now idle
04-12 18:56:41.663 8886 9811 D CouchbaseLite/NETWORK: [JAVA] OkHttpSocket@0xd0bc34d.onBytes(47)
04-12 18:56:41.663 8886 9036 I CouchbaseLite/REPLICATOR: {Repl#15443} {Coll#-1} pushStatus=idle, pullStatus=idle, progress=0/0/0
04-12 18:56:41.664 8886 9036 V CouchbaseLite/REPLICATOR: {Repl#15443} {Coll#-1} Replicator status collection-wise: pushStatus=idle, pullStatus=idle, progress=0/0, docCount=0
04-12 18:56:41.664 8886 9036 I CouchbaseLite/REPLICATOR: {Repl#15443} {Coll#-1} activityLevel=idle: connectionState=2, savingChkpt=0
04-12 18:56:41.664 8886 9036 I CouchbaseLite/REPLICATOR: {Repl#15443} {Coll#-1} now idle
04-12 18:56:41.664 8886 9036 I CouchbaseLite/REPLICATOR: {C4Replicator#15444} State: idle, progress=0.00%
04-12 18:56:41.664 8886 9036 D CouchbaseLite/REPLICATOR: [JAVA] C4Replicator.statusChangedCallback(0x7f9fea2a) C4CommonRepl{@0x451f677/@xb4000077b979b750, @0xc0c2076, SocketFactory{@URLEndpoint{url=wss://stage.realtime-sync-gw.wdprapps.disney.com/park-platform-priv}}'}: C4ReplicatorStatus{level=3,completed=0,total=0,#docs=0,domain=0,code=0,info=0}
04-12 18:56:41.664 8886 9037 V CouchbaseLite/REPLICATOR: {N8litecore4repl9RevFinderE#15566} {Coll#0} now idle
04-12 18:56:41.664 8886 9036 I CouchbaseLite/REPLICATOR: {Repl#15443} {Coll#-1} pushStatus=idle, pullStatus=idle, progress=0/0/0
04-12 18:56:41.665 8886 9036 V CouchbaseLite/REPLICATOR: {Repl#15443} {Coll#-1} Replicator status collection-wise: pushStatus=idle, pullStatus=idle, progress=0/0, docCount=0
04-12 18:56:41.665 8886 9036 I CouchbaseLite/REPLICATOR: {Repl#15443} {Coll#-1} activityLevel=idle: connectionState=2, savingChkpt=0
04-12 18:56:41.665 8886 9811 D CouchbaseLite/NETWORK: [JAVA] CBLWebSocket@@0xe11ce02{vC4Socket@xb4000077c98b52a0 <=> OkHttpSocket@0xd0bc34d(wss://stage.realtime-sync-gw.wdprapps.disney.com:443/park-platform-semipriv/_blipsync)}.remoteWrites: 47
04-12 18:56:41.665 8886 9811 D CouchbaseLite/NETWORK: [JAVA] vC4Socket@xb4000077c98b52a0.sendToCore(47)
04-12 18:56:41.665 8886 9811 V CouchbaseLite/NETWORK: {N8litecore4repl12C4SocketImplE#15438} Received 47-byte message
04-12 18:56:41.666 8886 9034 V CouchbaseLite/NETWORK: {N8litecore4blip6BLIPIOE#15549} Received frame: ERR #1 ----, length 45
04-12 18:56:41.666 8886 9048 I CouchbaseLite/REPLICATOR: [JAVA] status changed: (0, 0) @C4ReplicatorStatus{level=3,completed=0,total=0,#docs=0,domain=0,code=0,info=0} for Replicator{@0xc0c2076(<*>),Database{@@0x97fb813: 'finder-private.73600.en_us'} => URLEndpoint{url=wss://stage.realtime-sync-gw.wdprapps.disney.com/park-platform-priv}}$C4CommonRepl{@0x451f677/@xb4000077b979b750, @0xc0c2076, SocketFactory{@URLEndpoint{url=wss://stage.realtime-sync-gw.wdprapps.disney.com/park-platform-priv}}'}
04-12 18:56:41.666 8886 9048 D CouchbaseLite/NETWORK: [JAVA] Offline state change for com.couchbase.lite.internal.replicator.AndroidConnectivityObserver@73b0f05: BUSY -> true
04-12 18:56:41.667 8886 9034 V CouchbaseLite/NETWORK: {N8litecore4blip6BLIPIOE#15549} RES #1 has reached the end of its frames
04-12 18:56:41.667 8886 9048 I CouchbaseLite/REPLICATOR: [JAVA] State changed BUSY => IDLE(0/0): null for Replicator{@0xc0c2076(<*>),Database{@@0x97fb813: 'finder-private.73600.en_us'} => URLEndpoint{url=wss://stage.realtime-sync-gw.wdprapps.disney.com/park-platform-priv}}$C4CommonRepl{@0x451f677/@xb4000077b979b750, @0xc0c2076, SocketFactory{@URLEndpoint{url=wss://stage.realtime-sync-gw.wdprapps.disney.com/park-platform-priv}}'}
04-12 18:56:41.679 8886 9034 V CouchbaseLite/NETWORK: {N8litecore4blip10ConnectionE#15435} Receiving ERR #1
04-12 18:56:41.682 8886 9034 V CouchbaseLite/NETWORK: {N8litecore4blip10ConnectionE#15435} Finished receiving ERR #1
04-12 18:56:41.683 8886 9031 I CouchbaseLite/REPLICATOR: {Repl#15436} {Coll#-1} No remote checkpoint 'cp-SHpbnSwgcB4cOJXwvdZ39kOvanE=' of the default collection
04-12 18:56:41.684 8886 9031 I CouchbaseLite/REPLICATOR: {Repl#15436} {Coll#-1} activityLevel=busy: connectionState=2, savingChkpt=0
04-12 18:56:41.685 8886 9034 I CouchbaseLite/NETWORK: RECEIVED: ERR #1 {
04-12 18:56:41.685 8886 9034 I CouchbaseLite/NETWORK: Error-Domain: HTTP
04-12 18:56:41.685 8886 9034 I CouchbaseLite/NETWORK: Error-Code: 404
04-12 18:56:41.685 8886 9034 I CouchbaseLite/NETWORK: BODY: missing }
04-12 18:56:41.687 8886 9034 D CouchbaseLite/NETWORK: [JAVA] ^C4Socket.completedReceive@b4000077c98b52a0(47)
04-12 18:56:41.688 8886 9046 D CouchbaseLite/NETWORK: [JAVA] CBLWebSocket@@0xe11ce02{vC4Socket@xb4000077c98b52a0 <=> OkHttpSocket@0xd0bc34d(wss://stage.realtime-sync-gw.wdprapps.disney.com:443/park-platform-semipriv/_blipsync)}.coreAckReceive: 47
04-12 18:56:41.692 8886 9418 D CouchbaseLite/NETWORK: [JAVA] OkHttpSocket@0x46f964c.onBytes(7)
04-12 18:56:41.692 8886 9418 D CouchbaseLite/NETWORK: [JAVA] CBLWebSocket@@0xe165695{vC4Socket@xb4000077c9848300 <=> OkHttpSocket@0x46f964c(wss://stage.realtime-sync-gw.wdprapps.disney.com:443/park-platform-pub/_blipsync)}.remoteWrites: 7
04-12 18:56:41.692 8886 9418 D CouchbaseLite/NETWORK: [JAVA] vC4Socket@xb4000077c9848300.sendToCore(7)
04-12 18:56:41.693 8886 9418 V CouchbaseLite/NETWORK: {N8litecore4repl12C4SocketImplE#15431} Received 7-byte message
04-12 18:56:41.693 8886 9035 V CouchbaseLite/NETWORK: {N8litecore4blip6BLIPIOE#15533} Received frame: RES #2 ----, length 5
04-12 18:56:41.693 8886 9035 V CouchbaseLite/NETWORK: {N8litecore4blip6BLIPIOE#15533} RES #2 has reached the end of its frames
04-12 18:56:41.694 8886 9418 D CouchbaseLite/NETWORK: [JAVA] OkHttpSocket@0x46f964c.onBytes(63)
04-12 18:56:41.694 8886 9418 D CouchbaseLite/NETWORK: [JAVA] CBLWebSocket@@0xe165695{vC4Socket@xb4000077c9848300 <=> OkHttpSocket@0x46f964c(wss://stage.realtime-sync-gw.wdprapps.disney.com:443/park-platform-pub/_blipsync)}.remoteWrites: 63
04-12 18:56:41.694 8886 9418 D CouchbaseLite/NETWORK: [JAVA] vC4Socket@xb4000077c9848300.sendToCore(63)
04-12 18:56:41.709 8886 9035 V CouchbaseLite/NETWORK: {N8litecore4blip10ConnectionE#15428} Receiving RES #2
04-12 18:56:41.710 8886 9035 V CouchbaseLite/NETWORK: {N8litecore4blip10ConnectionE#15428} Finished receiving RES #2
04-12 18:56:41.711 8886 9418 V CouchbaseLite/NETWORK: {N8litecore4repl12C4SocketImplE#15431} Received 63-byte message
04-12 18:56:41.717 8886 9035 I CouchbaseLite/NETWORK: RECEIVED: RES #2 { }
04-12 18:56:41.718 8886 9035 D CouchbaseLite/NETWORK: [JAVA] ^C4Socket.completedReceive@b4000077c9848300(7)
04-12 18:56:41.718 8886 9050 D CouchbaseLite/NETWORK: [JAVA] CBLWebSocket@@0xe165695{vC4Socket@xb4000077c9848300 <=> OkHttpSocket@0x46f964c(wss://stage.realtime-sync-gw.wdprapps.disney.com:443/park-platform-pub/_blipsync)}.coreAckReceive: 7
04-12 18:56:41.725 8886 9035 V CouchbaseLite/NETWORK: {N8litecore4blip6BLIPIOE#15533} Received frame: REQ #1 --NC, length 61
04-12 18:56:41.739 8886 9033 I CouchbaseLite/REPLICATOR: {N8litecore4repl6PullerE#15560} {Coll#0} activityLevel=busy: pendingResponseCount=0, _caughtUp=0, _pendingRevMessages=0, _activeIncomingRevs=0, _waitingRevMessages=0, _unfinishedIncomingRevs=0
04-12 18:56:41.742 8886 9035 V CouchbaseLite/NETWORK: {N8litecore4blip10ConnectionE#15428} Receiving 'changes' REQ #1 NZ
04-12 18:56:41.743 8886 9035 V CouchbaseLite/NETWORK: {N8litecore4blip10ConnectionE#15428} Finished receiving 'changes' REQ #1 NZ
04-12 18:56:41.743 8886 9035 I CouchbaseLite/NETWORK: RECEIVED: REQ #1 NZ {
04-12 18:56:41.743 8886 9035 I CouchbaseLite/NETWORK: Profile: changes
04-12 18:56:41.743 8886 9035 I CouchbaseLite/NETWORK: Content-Type: application/json
04-12 18:56:41.743 8886 9035 I CouchbaseLite/NETWORK: BODY: null }
04-12 18:56:41.744 8886 9035 D CouchbaseLite/NETWORK: [JAVA] ^C4Socket.completedReceive@b4000077c9848300(63)
04-12 18:56:41.750 8886 9030 D CouchbaseLite/NETWORK: [JAVA] CBLWebSocket@@0xe165695{vC4Socket@xb4000077c9848300 <=> OkHttpSocket@0x46f964c(wss://stage.realtime-sync-gw.wdprapps.disney.com:443/park-platform-pub/_blipsync)}.coreAckReceive: 63
04-12 18:56:41.757 8886 9032 I CouchbaseLite/REPLICATOR: {Repl#15429} {Coll#-1} activityLevel=busy: connectionState=2, savingChkpt=0
04-12 18:56:41.765 8886 9036 I CouchbaseLite/REPLICATOR: {N8litecore4repl9RevFinderE#15570}==> N8litecore4repl9RevFinderE {Repl#15429} @0xb4000077c977d9b0
04-12 18:56:41.766 8886 9036 V CouchbaseLite/REPLICATOR: {N8litecore4repl9RevFinderE#15570} {Coll#0} Handling 'changes' REQ#1
04-12 18:56:41.767 8886 9036 I CouchbaseLite/REPLICATOR: {N8litecore4repl9RevFinderE#15570} {Coll#0} Caught up with remote changes
04-12 18:56:41.768 8886 9031 I CouchbaseLite/REPLICATOR: {N8litecore4repl6PullerE#15560} {Coll#0} activityLevel=idle: pendingResponseCount=0, _caughtUp=1, _pendingRevMessages=0, _activeIncomingRevs=0, _waitingRevMessages=0, _unfinishedIncomingRevs=0
04-12 18:56:41.768 8886 9031 V CouchbaseLite/REPLICATOR: {N8litecore4repl6PullerE#15560} {Coll#0} now idle
04-12 18:56:41.769 8886 9036 V CouchbaseLite/REPLICATOR: {N8litecore4repl9RevFinderE#15570} {Coll#0} now idle
04-12 18:56:41.770 8886 9031 I CouchbaseLite/REPLICATOR: {Repl#15429} {Coll#-1} pushStatus=stopped, pullStatus=idle, progress=0/0/0
04-12 18:56:41.773 8886 9031 V CouchbaseLite/REPLICATOR: {Repl#15429} {Coll#-1} Replicator status collection-wise: pushStatus=stopped, pullStatus=idle, progress=0/0, docCount=0
04-12 18:56:41.773 8886 9811 D CouchbaseLite/NETWORK: [JAVA] OkHttpSocket@0xd0bc34d.onBytes(7)
04-12 18:56:41.774 8886 9811 D CouchbaseLite/NETWORK: [JAVA] CBLWebSocket@@0xe11ce02{vC4Socket@xb4000077c98b52a0 <=> OkHttpSocket@0xd0bc34d(wss://stage.realtime-sync-gw.wdprapps.disney.com:443/park-platform-semipriv/_blipsync)}.remoteWrites: 7
04-12 18:56:41.774 8886 9811 D CouchbaseLite/NETWORK: [JAVA] vC4Socket@xb4000077c98b52a0.sendToCore(7)
04-12 18:56:41.777 8886 9031 I CouchbaseLite/REPLICATOR: {Repl#15429} {Coll#-1} activityLevel=busy: connectionState=2, savingChkpt=0
04-12 18:56:41.777 8886 9031 I CouchbaseLite/REPLICATOR: {Repl#15429} {Coll#-1} pushStatus=stopped, pullStatus=idle, progress=0/0/0
04-12 18:56:41.778 8886 9811 V CouchbaseLite/NETWORK: {N8litecore4repl12C4SocketImplE#15438} Received 7-byte message
04-12 18:56:41.780 8886 9037 V CouchbaseLite/NETWORK: {N8litecore4blip6BLIPIOE#15549} Received frame: RES #2 ----, length 5
04-12 18:56:41.781 8886 9031 V CouchbaseLite/REPLICATOR: {Repl#15429} {Coll#-1} Replicator status collection-wise: pushStatus=stopped, pullStatus=idle, progress=0/0, docCount=0
04-12 18:56:41.781 8886 9037 V CouchbaseLite/NETWORK: {N8litecore4blip6BLIPIOE#15549} RES #2 has reached the end of its frames
