04-12 18:58:45.735 8886 8886 I CouchbaseLite/REPLICATOR: Options={acceptParentDomainCookies:false, autoPurge:true, cookies:"SyncGatewaySession=caac7ee0f4b92d40fdd90fc04b4d1ce8fa347518", headers:{User-Agent:"CouchbaseLite/3.1.6-vf002-50983 (Java; Android 13; Pixel 7 Pro) EE/debug, Commit/cddb9521ab@e80006cb3780 Core/3.1.6 (50971)"}, heartbeat:300, maxRetries:9, maxRetryInterval:300, onlySelfSignedServer:false}
04-12 18:58:45.735 8886 8886 V CouchbaseLite/REPLICATOR: {Repl#29121} {Coll#-1} Remote-DB ID 1 found for target
04-12 18:58:45.735 8886 8886 I CouchbaseLite/REPLICATOR: {C4Replicator#29122}==> N8litecore18C4RemoteReplicatorE 0xb4000077b9814360 @0xb4000077b9814360
04-12 18:58:45.735 8886 8886 V CouchbaseLite/REPLICATOR: {C4Replicator#29122} C4RemoteRepl 0xb4000077b9814360 created Repl 0xb4000077e9aee960
04-12 18:58:45.735 8886 8886 I CouchbaseLite/REPLICATOR: {C4Replicator#29122} Starting Replicator {Repl#29121} with config: {{{Coll#0} "_default": {"Push": continuous, "Pull": continuous}}
04-12 18:58:45.735 8886 8886 I CouchbaseLite/REPLICATOR: Options={acceptParentDomainCookies:false, autoPurge:true, cookies:"SyncGatewaySession=caac7ee0f4b92d40fdd90fc04b4d1ce8fa347518", headers:{User-Agent:"CouchbaseLite/3.1.6-vf002-50983 (Java; Android 13; Pixel 7 Pro) EE/debug, Commit/cddb9521ab@e80006cb3780 Core/3.1.6 (50971)"}, heartbeat:300, maxRetries:9, maxRetryInterval:300, onlySelfSignedServer:false}}
04-12 18:58:45.735 8886 8886 I CouchbaseLite/REPLICATOR: [JAVA] State changed STOPPED => CONNECTING(0/0): null for Replicator{@0x59ea3a4(<*>),Database{@@0x97fb813: 'finder-private.73600.en_us'} => URLEndpoint{url=wss://stage.realtime-sync-gw.wdprapps.disney.com/park-platform-priv}}$C4CommonRepl{@0xf3fd50d/@xb4000077b9814350, @0x59ea3a4, SocketFactory{@URLEndpoint{url=wss://stage.realtime-sync-gw.wdprapps.disney.com/park-platform-priv}}'}
04-12 18:58:45.737 8886 9049 I CouchbaseLite/REPLICATOR: [JAVA] status changed: (0, 0) @C4ReplicatorStatus{level=2,completed=0,total=0,#docs=0,domain=0,code=0,info=0} for Replicator{@0x59ea3a4(<*>),Database{@@0x97fb813: 'finder-private.73600.en_us'} => URLEndpoint{url=wss://stage.realtime-sync-gw.wdprapps.disney.com/park-platform-priv}}$C4CommonRepl{@0xf3fd50d/@xb4000077b9814350, @0x59ea3a4, SocketFactory{@URLEndpoint{url=wss://stage.realtime-sync-gw.wdprapps.disney.com/park-platform-priv}}'}
04-12 18:58:45.738 8886 9049 D CouchbaseLite/NETWORK: [JAVA] Offline state change for com.couchbase.lite.internal.replicator.AndroidConnectivityObserver@ff9030e: CONNECTING -> true
04-12 18:58:45.738 8886 9049 I CouchbaseLite/REPLICATOR: [JAVA] State changed CONNECTING => CONNECTING(0/0): null for Replicator{@0x59ea3a4(<*>),Database{@@0x97fb813: 'finder-private.73600.en_us'} => URLEndpoint{url=wss://stage.realtime-sync-gw.wdprapps.disney.com/park-platform-priv}}$C4CommonRepl{@0xf3fd50d/@xb4000077b9814350, @0x59ea3a4, SocketFactory{@URLEndpoint{url=wss://stage.realtime-sync-gw.wdprapps.disney.com/park-platform-priv}}'}
04-12 18:58:45.744 8886 9033 I CouchbaseLite/NETWORK: {N8litecore4repl12C4SocketImplE#29123}==> N8litecore4repl12C4SocketImplE wss://stage.realtime-sync-gw.wdprapps.disney.com/park-platform-priv/_blipsync @0xb4000077c98d4bb8
04-12 18:58:45.745 8886 9033 I CouchbaseLite/NETWORK: {N8litecore4repl12C4SocketImplE#29123} Connecting...
04-12 18:58:45.746 8886 9033 D CouchbaseLite/NETWORK: [JAVA] ^C4Socket.open@b4000077c98d4d10: null@6790cc49
04-12 18:58:45.750 8886 9033 D CouchbaseLite/NETWORK: [JAVA] OkHttpSocket@0x3c43dd4.init: CBLWebSocket@@0x4b2fa72{vC4Socket@xb4000077c98d4d10 <=> OkHttpSocket@0x3c43dd4(wss://stage.realtime-sync-gw.wdprapps.disney.com:443/park-platform-priv/_blipsync)}
04-12 18:58:45.751 8886 9033 D CouchbaseLite/NETWORK: [JAVA] vC4Socket@xb4000077c98d4d10.init: CBLWebSocket@@0x4b2fa72{vC4Socket@xb4000077c98d4d10 <=> OkHttpSocket@0x3c43dd4(wss://stage.realtime-sync-gw.wdprapps.disney.com:443/park-platform-priv/_blipsync)}
04-12 18:58:45.751 8886 9050 D CouchbaseLite/NETWORK: [JAVA] CBLWebSocket@@0x4b2fa72{vC4Socket@xb4000077c98d4d10 <=> OkHttpSocket@0x3c43dd4(wss://stage.realtime-sync-gw.wdprapps.disney.com:443/park-platform-priv/_blipsync)}.coreRequestedOpen
04-12 18:58:45.751 8886 9050 D CouchbaseLite/NETWORK: [JAVA] StateMachine@0xeaf8ec3: transition UNOPENED => OPENING
04-12 18:58:45.752 8886 9050 D CouchbaseLite/NETWORK: [JAVA] OkHttpSocket@0x3c43dd4.open: wss://stage.realtime-sync-gw.wdprapps.disney.com:443/park-platform-priv/_blipsync, {headers={User-Agent=CouchbaseLite/3.1.6-vf002-50983 (Java; Android 13; Pixel 7 Pro) EE/debug, Commit/cddb9521ab@e80006cb3780 Core/3.1.6 (50971)}, acceptParentDomainCookies=false, maxRetries=9, maxRetryInterval=300, heartbeat=300, onlySelfSignedServer=false, WS-Protocols=BLIP_3+CBMobile_3,BLIP_3+CBMobile_2, autoPurge=true, cookies=SyncGatewaySession=caac7ee0f4b92d40fdd90fc04b4d1ce8fa347518}
04-12 18:58:45.752 8886 9036 I CouchbaseLite/REPLICATOR: {Repl#29115} {Coll#0} Scanning for pre-existing conflicts...
04-12 18:58:45.756 8886 9034 I CouchbaseLite/REPLICATOR: {Repl#29121} {Coll#0} Scanning for pre-existing conflicts...
04-12 18:58:45.758 8886 9036 I CouchbaseLite/REPLICATOR: {Repl#29115} {Coll#0} Found 0 conflicted docs in 0.025 sec
04-12 18:58:45.768 8886 9034 I CouchbaseLite/REPLICATOR: {Repl#29121} {Coll#0} Found 0 conflicted docs in 0.025 sec
04-12 18:58:45.795 8886 9036 I CouchbaseLite/REPLICATOR: {Repl#29115} {Coll#0} No local checkpoint 'cp-SHpbnSwgcB4cOJXwvdZ39kOvanE='
04-12 18:58:45.799 8886 9034 I CouchbaseLite/REPLICATOR: {Repl#29121} {Coll#0} Read local checkpoint 'cp-GeXYPlhmWYlGsECdqGVkCOk9Wpc=': {"time":1712962450,"local":7,"remote":45262888}
04-12 18:58:45.800 8886 9034 I CouchbaseLite/REPLICATOR: {Repl#29121} {Coll#-1} activityLevel=connecting: connectionState=1, savingChkpt=0
04-12 18:58:45.802 8886 9036 I CouchbaseLite/REPLICATOR: {Repl#29115} {Coll#-1} activityLevel=connecting: connectionState=1, savingChkpt=0
04-12 18:58:45.853 8886 9031 I CouchbaseLite/REPLICATOR: {Repl#29109} {Coll#0} Found 0 conflicted docs in 0.113 sec
04-12 18:58:45.855 8886 9031 I CouchbaseLite/REPLICATOR: {Repl#29109} {Coll#0} Read local checkpoint 'cp-EUIwC4qPpttqvSBmzfkR34rhris=': {"time":1712962648,"remote":376872135}
04-12 18:58:45.855 8886 9031 I CouchbaseLite/REPLICATOR: {Repl#29109} {Coll#-1} activityLevel=connecting: connectionState=1, savingChkpt=0
04-12 18:58:45.920 8886 10543 D CouchbaseLite/NETWORK: [JAVA] Extended trust check: 4, GENERIC, stage.realtime-sync-gw.wdprapps.disney.com
04-12 18:58:45.945 8886 10542 D CouchbaseLite/NETWORK: [JAVA] Extended trust check: 4, GENERIC, stage.realtime-sync-gw.wdprapps.disney.com
04-12 18:58:45.951 8886 10541 D CouchbaseLite/NETWORK: [JAVA] Extended trust check: 4, GENERIC, stage.realtime-sync-gw.wdprapps.disney.com
04-12 18:58:46.334 8886 10543 D CouchbaseLite/NETWORK: [JAVA] OkHttpSocket@0x625dcc2.onOpen: Response{protocol=http/1.1, code=101, message=Switching Protocols, url=https://stage.realtime-sync-gw.wdprapps.disney.com/park-platform-semipriv/_blipsync}
04-12 18:58:46.334 8886 10543 D CouchbaseLite/NETWORK: [JAVA] CBLWebSocket@@0x76e4ad3{vC4Socket@xb4000077c9924740 <=> OkHttpSocket@0x625dcc2(wss://stage.realtime-sync-gw.wdprapps.disney.com:443/park-platform-semipriv/_blipsync)}.remoteOpened: {Server=Couchbase Sync Gateway/3.1.3 EE, Connection=Upgrade, Sec-Websocket-Protocol=BLIP_3+CBMobile_3, Upgrade=websocket, Date=Fri, 12 Apr 2024 22:58:44 GMT, Sec-Websocket-Accept=mI/wQ0CGRp9aJccxmGS5KA22Ouo=}
04-12 18:58:46.334 8886 10543 D CouchbaseLite/NETWORK: [JAVA] StateMachine@0x6f45610: transition OPENING => OPEN
04-12 18:58:46.337 8886 10543 D CouchbaseLite/NETWORK: [JAVA] vC4Socket@xb4000077c9924740.ackOpenToCore
04-12 18:58:46.337 8886 10543 I CouchbaseLite/NETWORK: {N8litecore4repl12C4SocketImplE#29117} Got HTTP response (status 101)
04-12 18:58:46.337 8886 10543 I CouchbaseLite/NETWORK: {N8litecore4repl12C4SocketImplE#29117} Connected!
04-12 18:58:46.338 8886 10543 I CouchbaseLite/NETWORK: {N8litecore4blip10ConnectionE#29114} Connected!
04-12 18:58:46.338 8886 9037 I CouchbaseLite/REPLICATOR: {Repl#29115} {Coll#-1} activityLevel=connecting: connectionState=1, savingChkpt=0
04-12 18:58:46.339 8886 9032 I CouchbaseLite/NETWORK: {N8litecore4blip6BLIPIOE#29130}==> N8litecore4blip6BLIPIOE ->wss://stage.realtime-sync-gw.wdprapps.disney.com/park-platform-semipriv/_blipsync @0xb4000077e9ad6540
04-12 18:58:46.340 8886 9032 V CouchbaseLite/NETWORK: {N8litecore4blip6BLIPIOE#29130} WebSocket is hungry!
04-12 18:58:46.340 8886 9032 V CouchbaseLite/NETWORK: {N8litecore4blip6BLIPIOE#29130} Starting writeToWebSocket loop...
04-12 18:58:46.340 8886 9032 V CouchbaseLite/NETWORK: {N8litecore4blip6BLIPIOE#29130} ...Wrote 0 bytes to WebSocket (writeable=1)
04-12 18:58:46.344 8886 9037 I CouchbaseLite/REPLICATOR: {Repl#29115} {Coll#-1} Connected!
04-12 18:58:46.345 8886 9037 V CouchbaseLite/REPLICATOR: {Repl#29115} {Coll#-1} Requesting remote checkpoint 'cp-SHpbnSwgcB4cOJXwvdZ39kOvanE=' of the default collection
04-12 18:58:46.345 8886 9037 I CouchbaseLite/NETWORK: SENDING: REQ #0 {
04-12 18:58:46.345 8886 9037 I CouchbaseLite/NETWORK: Profile: getCheckpoint
04-12 18:58:46.345 8886 9037 I CouchbaseLite/NETWORK: client: cp-SHpbnSwgcB4cOJXwvdZ39kOvanE= }
04-12 18:58:46.346 8886 9035 V CouchbaseLite/NETWORK: {N8litecore4blip6BLIPIOE#29130} Sending 'getCheckpoint' REQ #0
04-12 18:58:46.346 8886 9035 V CouchbaseLite/NETWORK: {N8litecore4blip6BLIPIOE#29130} Requeuing REQ #0...
04-12 18:58:46.348 8886 9035 V CouchbaseLite/NETWORK: {N8litecore4blip6BLIPIOE#29130} Starting writeToWebSocket loop...
04-12 18:58:46.349 8886 9033 I CouchbaseLite/REPLICATOR: {N8litecore4repl6PullerE#29132}==> N8litecore4repl6PullerE {Repl#29115} @0xb4000077e9aca330
04-12 18:58:46.349 8886 9033 I CouchbaseLite/REPLICATOR: {N8litecore4repl6PullerE#29132} {Coll#0} Starting pull from remote seq ''
04-12 18:58:46.349 8886 9033 I CouchbaseLite/REPLICATOR: {N8litecore4repl6PullerE#29132} {Coll#0} msg["revocations"]="true" due to enableAutoPurge()=1 or progressNotificationLevel()=0 > 0
04-12 18:58:46.349 8886 9033 I CouchbaseLite/NETWORK: SENDING: REQ #0 {
04-12 18:58:46.349 8886 9033 I CouchbaseLite/NETWORK: Profile: subChanges
04-12 18:58:46.349 8886 9033 I CouchbaseLite/NETWORK: continuous: true
04-12 18:58:46.349 8886 9033 I CouchbaseLite/NETWORK: batch: 200
04-12 18:58:46.349 8886 9033 I CouchbaseLite/NETWORK: versioning: rev-trees
04-12 18:58:46.349 8886 9033 I CouchbaseLite/NETWORK: activeOnly: true
04-12 18:58:46.349 8886 9033 I CouchbaseLite/NETWORK: revocations: true
04-12 18:58:46.349 8886 9033 I CouchbaseLite/NETWORK: filter: sync_gateway/bychannel
04-12 18:58:46.349 8886 9033 I CouchbaseLite/NETWORK: channels: wMDX-484976ec-55c1-4950-83f8-ff90775027b6.wdw.exp.1_0.en_us }
04-12 18:58:46.350 8886 9033 I CouchbaseLite/REPLICATOR: {N8litecore4repl6PullerE#29132} {Coll#0} activityLevel=busy: pendingResponseCount=1, _caughtUp=0, _pendingRevMessages=0, _activeIncomingRevs=0, _waitingRevMessages=0, _unfinishedIncomingRevs=0
04-12 18:58:46.350 8886 9033 V CouchbaseLite/REPLICATOR: {N8litecore4repl6PullerE#29132} {Coll#0} now busy
04-12 18:58:46.351 8886 9037 I CouchbaseLite/REPLICATOR: {Repl#29115} {Coll#-1} activityLevel=busy: connectionState=2, savingChkpt=0
04-12 18:58:46.351 8886 9037 I CouchbaseLite/REPLICATOR: {Repl#29115} {Coll#-1} now busy
04-12 18:58:46.351 8886 9037 I CouchbaseLite/REPLICATOR: {C4Replicator#29116} State: busy, progress=0.00%
04-12 18:58:46.352 8886 9037 D CouchbaseLite/REPLICATOR: [JAVA] C4Replicator.statusChangedCallback(0x187e7c4f) C4CommonRepl{@0xaff54c8/@xb4000077b97dc890, @0xf58deba, SocketFactory{@URLEndpoint{url=wss://stage.realtime-sync-gw.wdprapps.disney.com/park-platform-semipriv}}'}: C4ReplicatorStatus{level=4,completed=0,total=0,#docs=0,domain=0,code=0,info=0}
04-12 18:58:46.353 8886 9030 I CouchbaseLite/REPLICATOR: [JAVA] status changed: (0, 0) @C4ReplicatorStatus{level=4,completed=0,total=0,#docs=0,domain=0,code=0,info=0} for Replicator{@0xf58deba(<*),Database{@@0x2e0afa2: 'finder-semi-private.73600.en_us'} => URLEndpoint{url=wss://stage.realtime-sync-gw.wdprapps.disney.com/park-platform-semipriv}}$C4CommonRepl{@0xaff54c8/@xb4000077b97dc890, @0xf58deba, SocketFactory{@URLEndpoint{url=wss://stage.realtime-sync-gw.wdprapps.disney.com/park-platform-semipriv}}'}
04-12 18:58:46.353 8886 9030 D CouchbaseLite/NETWORK: [JAVA] Offline state change for com.couchbase.lite.internal.replicator.AndroidConnectivityObserver@e18c336: CONNECTING -> true
04-12 18:58:46.353 8886 9030 I CouchbaseLite/REPLICATOR: [JAVA] State changed CONNECTING => BUSY(0/0): null for Replicator{@0xf58deba(<*),Database{@@0x2e0afa2: 'finder-semi-private.73600.en_us'} => URLEndpoint{url=wss://stage.realtime-sync-gw.wdprapps.disney.com/park-platform-semipriv}}$C4CommonRepl{@0xaff54c8/@xb4000077b97dc890, @0xf58deba, SocketFactory{@URLEndpoint{url=wss://stage.realtime-sync-gw.wdprapps.disney.com/park-platform-semipriv}}'}
04-12 18:58:46.353 8886 9037 I CouchbaseLite/REPLICATOR: {Repl#29115} {Coll#-1} pushStatus=stopped, pullStatus=busy, progress=0/0/0
04-12 18:58:46.357 8886 9037 V CouchbaseLite/REPLICATOR: {Repl#29115} {Coll#-1} Replicator status collection-wise: pushStatus=stopped, pullStatus=busy, progress=0/0, docCount=0
04-12 18:58:46.357 8886 9037 I CouchbaseLite/REPLICATOR: {Repl#29115} {Coll#-1} activityLevel=busy: connectionState=2, savingChkpt=0
04-12 18:58:46.358 8886 9035 V CouchbaseLite/NETWORK: {N8litecore4blip6BLIPIOE#29130} Sending frame: REQ #1 ----, bytes 0--65
04-12 18:58:46.359 8886 9035 V CouchbaseLite/NETWORK: {N8litecore4repl12C4SocketImplE#29117} Sending 68-byte message
04-12 18:58:46.359 8886 9035 D CouchbaseLite/NETWORK: [JAVA] ^C4Socket.write@b4000077c9924740(68)
04-12 18:58:46.359 8886 9036 I CouchbaseLite/REPLICATOR: {Repl#29115} {Coll#-1} activityLevel=busy: connectionState=2, savingChkpt=0
04-12 18:58:46.359 8886 9047 D CouchbaseLite/NETWORK: [JAVA] CBLWebSocket@@0x76e4ad3{vC4Socket@xb4000077c9924740 <=> OkHttpSocket@0x625dcc2(wss://stage.realtime-sync-gw.wdprapps.disney.com:443/park-platform-semipriv/_blipsync)}.coreWrites(68)
04-12 18:58:46.360 8886 9047 D CouchbaseLite/NETWORK: [JAVA] OkHttpSocket@0x625dcc2.write(68)
04-12 18:58:46.360 8886 9047 D CouchbaseLite/NETWORK: [JAVA] vC4Socket@xb4000077c9924740.ackWriteToCore(68)
04-12 18:58:46.361 8886 9035 V CouchbaseLite/NETWORK: {N8litecore4blip6BLIPIOE#29130} Finished sending REQ #1
04-12 18:58:46.362 8886 9035 V CouchbaseLite/NETWORK: {N8litecore4blip6BLIPIOE#29130} ...Wrote 68 bytes to WebSocket (writeable=1)
04-12 18:58:46.362 8886 9035 V CouchbaseLite/NETWORK: {N8litecore4blip6BLIPIOE#29130} Sending 'subChanges' REQ #0
04-12 18:58:46.363 8886 9035 V CouchbaseLite/NETWORK: {N8litecore4blip6BLIPIOE#29130} Requeuing REQ #0...
04-12 18:58:46.364 8886 9035 V CouchbaseLite/NETWORK: {N8litecore4blip6BLIPIOE#29130} Starting writeToWebSocket loop...
04-12 18:58:46.366 8886 9038 I CouchbaseLite/REPLICATOR: {N8litecore4repl6PullerE#29132} {Coll#0} activityLevel=busy: pendingResponseCount=1, _caughtUp=0, _pendingRevMessages=0, _activeIncomingRevs=0, _waitingRevMessages=0, _unfinishedIncomingRevs=0
04-12 18:58:46.367 8886 9035 V CouchbaseLite/NETWORK: {N8litecore4blip6BLIPIOE#29130} Sending frame: REQ #2 ----, bytes 0--203
04-12 18:58:46.368 8886 9035 V CouchbaseLite/NETWORK: {N8litecore4repl12C4SocketImplE#29117} Sending 206-byte message
04-12 18:58:46.370 8886 9035 D CouchbaseLite/NETWORK: [JAVA] ^C4Socket.write@b4000077c9924740(206)
04-12 18:58:46.371 8886 9046 D CouchbaseLite/NETWORK: [JAVA] CBLWebSocket@@0x76e4ad3{vC4Socket@xb4000077c9924740 <=> OkHttpSocket@0x625dcc2(wss://stage.realtime-sync-gw.wdprapps.disney.com:443/park-platform-semipriv/_blipsync)}.coreWrites(206)
04-12 18:58:46.374 8886 9046 D CouchbaseLite/NETWORK: [JAVA] OkHttpSocket@0x625dcc2.write(206)
04-12 18:58:46.374 8886 9046 D CouchbaseLite/NETWORK: [JAVA] vC4Socket@xb4000077c9924740.ackWriteToCore(206)
04-12 18:58:46.382 8886 9035 V CouchbaseLite/NETWORK: {N8litecore4blip6BLIPIOE#29130} Finished sending REQ #2
04-12 18:58:46.384 8886 9035 V CouchbaseLite/NETWORK: {N8litecore4blip6BLIPIOE#29130} ...Wrote 206 bytes to WebSocket (writeable=1)
04-12 18:58:46.421 8886 10542 D CouchbaseLite/NETWORK: [JAVA] OkHttpSocket@0x3c43dd4.onOpen: Response{protocol=http/1.1, code=101, message=Switching Protocols, url=https://stage.realtime-sync-gw.wdprapps.disney.com/park-platform-priv/_blipsync}
04-12 18:58:46.425 8886 10542 D CouchbaseLite/NETWORK: [JAVA] CBLWebSocket@@0x4b2fa72{vC4Socket@xb4000077c98d4d10 <=> OkHttpSocket@0x3c43dd4(wss://stage.realtime-sync-gw.wdprapps.disney.com:443/park-platform-priv/_blipsync)}.remoteOpened: {Server=Couchbase Sync Gateway/3.1.3 EE, Connection=Upgrade, Sec-Websocket-Protocol=BLIP_3+CBMobile_3, Upgrade=websocket, Date=Fri, 12 Apr 2024 22:58:44 GMT, Sec-Websocket-Accept=8WoEDM/XfyF1JHm7W2cay8lZtmE=}
04-12 18:58:46.425 8886 10542 D CouchbaseLite/NETWORK: [JAVA] StateMachine@0xeaf8ec3: transition OPENING => OPEN
04-12 18:58:46.425 8886 10542 D CouchbaseLite/NETWORK: [JAVA] vC4Socket@xb4000077c98d4d10.ackOpenToCore
04-12 18:58:46.425 8886 10542 I CouchbaseLite/NETWORK: {N8litecore4repl12C4SocketImplE#29123} Got HTTP response (status 101)
04-12 18:58:46.425 8886 9034 I CouchbaseLite/REPLICATOR: {Repl#29121} {Coll#-1} activityLevel=connecting: connectionState=1, savingChkpt=0
04-12 18:58:46.441 8886 10542 I CouchbaseLite/NETWORK: {N8litecore4repl12C4SocketImplE#29123} Connected!
04-12 18:58:46.441 8886 10542 I CouchbaseLite/NETWORK: {N8litecore4blip10ConnectionE#29120} Connected!
04-12 18:58:46.442 8886 9037 I CouchbaseLite/REPLICATOR: {Repl#29121} {Coll#-1} Connected!
04-12 18:58:46.442 8886 9037 V CouchbaseLite/REPLICATOR: {Repl#29121} {Coll#-1} Requesting remote checkpoint 'cp-GeXYPlhmWYlGsECdqGVkCOk9Wpc=' of the default collection
04-12 18:58:46.444 8886 9036 I CouchbaseLite/NETWORK: {N8litecore4blip6BLIPIOE#29147}==> N8litecore4blip6BLIPIOE ->wss://stage.realtime-sync-gw.wdprapps.disney.com/park-platform-priv/_blipsync @0xb4000077e99d79f0
04-12 18:58:46.445 8886 9036 V CouchbaseLite/NETWORK: {N8litecore4blip6BLIPIOE#29147} WebSocket is hungry!
04-12 18:58:46.446 8886 9036 V CouchbaseLite/NETWORK: {N8litecore4blip6BLIPIOE#29147} Starting writeToWebSocket loop...
04-12 18:58:46.446 8886 9036 V CouchbaseLite/NETWORK: {N8litecore4blip6BLIPIOE#29147} ...Wrote 0 bytes to WebSocket (writeable=1)
04-12 18:58:46.451 8886 9037 I CouchbaseLite/NETWORK: SENDING: REQ #0 {
04-12 18:58:46.451 8886 9037 I CouchbaseLite/NETWORK: Profile: getCheckpoint
04-12 18:58:46.451 8886 9037 I CouchbaseLite/NETWORK: client: cp-GeXYPlhmWYlGsECdqGVkCOk9Wpc= }
04-12 18:58:46.451 8886 9037 I CouchbaseLite/REPLICATOR: {Repl#29121} {Coll#-1} activityLevel=busy: connectionState=2, savingChkpt=0
04-12 18:58:46.458 8886 9037 I CouchbaseLite/REPLICATOR: {Repl#29121} {Coll#-1} now busy
04-12 18:58:46.459 8886 9037 I CouchbaseLite/REPLICATOR: {C4Replicator#29122} State: busy, progress=0.00%
04-12 18:58:46.459 8886 9037 D CouchbaseLite/REPLICATOR: [JAVA] C4Replicator.statusChangedCallback(0x1e0153dd) C4CommonRepl{@0xf3fd50d/@xb4000077b9814350, @0x59ea3a4, SocketFactory{@URLEndpoint{url=wss://stage.realtime-sync-gw.wdprapps.disney.com/park-platform-priv}}'}: C4ReplicatorStatus{level=4,completed=0,total=0,#docs=0,domain=0,code=0,info=0}
04-12 18:58:46.460 8886 9039 I CouchbaseLite/REPLICATOR: [JAVA] status changed: (0, 0) @C4ReplicatorStatus{level=4,completed=0,total=0,#docs=0,domain=0,code=0,info=0} for Replicator{@0x59ea3a4(<*>),Database{@@0x97fb813: 'finder-private.73600.en_us'} => URLEndpoint{url=wss://stage.realtime-sync-gw.wdprapps.disney.com/park-platform-priv}}$C4CommonRepl{@0xf3fd50d/@xb4000077b9814350, @0x59ea3a4, SocketFactory{@URLEndpoint{url=wss://stage.realtime-sync-gw.wdprapps.disney.com/park-platform-priv}}'}
04-12 18:58:46.461 8886 9031 V CouchbaseLite/NETWORK: {N8litecore4blip6BLIPIOE#29147} Sending 'getCheckpoint' REQ #0
04-12 18:58:46.461 8886 9039 D CouchbaseLite/NETWORK: [JAVA] Offline state change for com.couchbase.lite.internal.replicator.AndroidConnectivityObserver@ff9030e: CONNECTING -> true
04-12 18:58:46.462 8886 9031 V CouchbaseLite/NETWORK: {N8litecore4blip6BLIPIOE#29147} Requeuing REQ #0...
04-12 18:58:46.462 8886 9031 V CouchbaseLite/NETWORK: {N8litecore4blip6BLIPIOE#29147} Starting writeToWebSocket loop...
04-12 18:58:46.462 8886 9039 I CouchbaseLite/REPLICATOR: [JAVA] State changed CONNECTING => BUSY(0/0): null for Replicator{@0x59ea3a4(<*>),Database{@@0x97fb813: 'finder-private.73600.en_us'} => URLEndpoint{url=wss://stage.realtime-sync-gw.wdprapps.disney.com/park-platform-priv}}$C4CommonRepl{@0xf3fd50d/@xb4000077b9814350, @0x59ea3a4, SocketFactory{@URLEndpoint{url=wss://stage.realtime-sync-gw.wdprapps.disney.com/park-platform-priv}}'}
04-12 18:58:46.463 8886 9031 V CouchbaseLite/NETWORK: {N8litecore4blip6BLIPIOE#29147} Sending frame: REQ #1 ----, bytes 0--65
04-12 18:58:46.463 8886 9031 V CouchbaseLite/NETWORK: {N8litecore4repl12C4SocketImplE#29123} Sending 68-byte message
04-12 18:58:46.464 8886 9031 D CouchbaseLite/NETWORK: [JAVA] ^C4Socket.write@b4000077c98d4d10(68)
04-12 18:58:46.464 8886 9038 I CouchbaseLite/REPLICATOR: {Repl#29121} {Coll#-1} activityLevel=busy: connectionState=2, savingChkpt=0
04-12 18:58:46.465 8886 9050 D CouchbaseLite/NETWORK: [JAVA] CBLWebSocket@@0x4b2fa72{vC4Socket@xb4000077c98d4d10 <=> OkHttpSocket@0x3c43dd4(wss://stage.realtime-sync-gw.wdprapps.disney.com:443/park-platform-priv/_blipsync)}.coreWrites(68)
04-12 18:58:46.466 8886 9050 D CouchbaseLite/NETWORK: [JAVA] OkHttpSocket@0x3c43dd4.write(68)
04-12 18:58:46.466 8886 9031 V CouchbaseLite/NETWORK: {N8litecore4blip6BLIPIOE#29147} Finished sending REQ #1
04-12 18:58:46.466 8886 9031 V CouchbaseLite/NETWORK: {N8litecore4blip6BLIPIOE#29147} ...Wrote 68 bytes to WebSocket (writeable=1)
04-12 18:58:46.466 8886 9050 D CouchbaseLite/NETWORK: [JAVA] vC4Socket@xb4000077c98d4d10.ackWriteToCore(68)
04-12 18:58:46.468 8886 10541 D CouchbaseLite/NETWORK: [JAVA] OkHttpSocket@0x523cb5b.onOpen: Response{protocol=http/1.1, code=101, message=Switching Protocols, url=https://stage.realtime-sync-gw.wdprapps.disney.com/park-platform-pub/_blipsync}
04-12 18:58:46.470 8886 10541 D CouchbaseLite/NETWORK: [JAVA] CBLWebSocket@@0xb957ff8{vC4Socket@xb4000077c97f9460 <=> OkHttpSocket@0x523cb5b(wss://stage.realtime-sync-gw.wdprapps.disney.com:443/park-platform-pub/_blipsync)}.remoteOpened: {Server=Couchbase Sync Gateway/3.1.3 EE, Connection=Upgrade, Sec-Websocket-Protocol=BLIP_3+CBMobile_3, Upgrade=websocket, Date=Fri, 12 Apr 2024 22:58:44 GMT, Sec-Websocket-Accept=ATAkHuzY/Jf+NkFwweh+ZjoUO14=}
04-12 18:58:46.470 8886 10541 D CouchbaseLite/NETWORK: [JAVA] StateMachine@0xd753cd1: transition OPENING => OPEN
04-12 18:58:46.470 8886 10541 D CouchbaseLite/NETWORK: [JAVA] vC4Socket@xb4000077c97f9460.ackOpenToCore
04-12 18:58:46.470 8886 10541 I CouchbaseLite/NETWORK: {N8litecore4repl12C4SocketImplE#29111} Got HTTP response (status 101)
04-12 18:58:46.470 8886 10541 I CouchbaseLite/NETWORK: {N8litecore4repl12C4SocketImplE#29111} Connected!
04-12 18:58:46.470 8886 10541 I CouchbaseLite/NETWORK: {N8litecore4blip10ConnectionE#29108} Connected!
04-12 18:58:46.471 8886 9032 I CouchbaseLite/REPLICATOR: {Repl#29109} {Coll#-1} activityLevel=connecting: connectionState=1, savingChkpt=0
04-12 18:58:46.471 8886 9032 I CouchbaseLite/REPLICATOR: {Repl#29109} {Coll#-1} Connected!
04-12 18:58:46.472 8886 9032 V CouchbaseLite/REPLICATOR: {Repl#29109} {Coll#-1} Requesting remote checkpoint 'cp-EUIwC4qPpttqvSBmzfkR34rhris=' of the default collection
04-12 18:58:46.472 8886 9032 I CouchbaseLite/NETWORK: SENDING: REQ #0 {
04-12 18:58:46.472 8886 9032 I CouchbaseLite/NETWORK: Profile: getCheckpoint
04-12 18:58:46.472 8886 9032 I CouchbaseLite/NETWORK: client: cp-EUIwC4qPpttqvSBmzfkR34rhris= }
04-12 18:58:46.472 8886 9032 I CouchbaseLite/REPLICATOR: {Repl#29109} {Coll#-1} activityLevel=busy: connectionState=2, savingChkpt=0
04-12 18:58:46.472 8886 9032 I CouchbaseLite/REPLICATOR: {Repl#29109} {Coll#-1} now busy
04-12 18:58:46.473 8886 9032 I CouchbaseLite/REPLICATOR: {C4Replicator#29110} State: busy, progress=0.00%
04-12 18:58:46.476 8886 10543 D CouchbaseLite/NETWORK: [JAVA] OkHttpSocket@0x625dcc2.onBytes(47)
04-12 18:58:46.476 8886 10543 D CouchbaseLite/NETWORK: [JAVA] CBLWebSocket@@0x76e4ad3{vC4Socket@xb4000077c9924740 <=> OkHttpSocket@0x625dcc2(wss://stage.realtime-sync-gw.wdprapps.disney.com:443/park-platform-semipriv/_blipsync)}.remoteWrites: 47
04-12 18:58:46.476 8886 10543 D CouchbaseLite/NETWORK: [JAVA] vC4Socket@xb4000077c9924740.sendToCore(47)
04-12 18:58:46.478 8886 9035 I CouchbaseLite/NETWORK: {N8litecore4blip6BLIPIOE#29150}==> N8litecore4blip6BLIPIOE ->wss://stage.realtime-sync-gw.wdprapps.disney.com/park-platform-pub/_blipsync @0xb4000077e9ab8f30
04-12 18:58:46.478 8886 9035 V CouchbaseLite/NETWORK: {N8litecore4blip6BLIPIOE#29150} WebSocket is hungry!
04-12 18:58:46.479 8886 9035 V CouchbaseLite/NETWORK: {N8litecore4blip6BLIPIOE#29150} Starting writeToWebSocket loop...
04-12 18:58:46.479 8886 9035 V CouchbaseLite/NETWORK: {N8litecore4blip6BLIPIOE#29150} ...Wrote 0 bytes to WebSocket (writeable=1)
04-12 18:58:46.480 8886 9035 V CouchbaseLite/NETWORK: {N8litecore4blip6BLIPIOE#29150} Sending 'getCheckpoint' REQ #0
04-12 18:58:46.483 8886 9032 D CouchbaseLite/REPLICATOR: [JAVA] C4Replicator.statusChangedCallback(0x6fc94183) C4CommonRepl{@0x3615d14/@xb4000077b97d6690, @0x82d6681, SocketFactory{@URLEndpoint{url=wss://stage.realtime-sync-gw.wdprapps.disney.com/park-platform-pub/}}'}: C4ReplicatorStatus{level=4,completed=0,total=0,#docs=0,domain=0,code=0,info=0}
04-12 18:58:46.484 8886 9030 I CouchbaseLite/REPLICATOR: [JAVA] status changed: (0, 0) @C4ReplicatorStatus{level=4,completed=0,total=0,#docs=0,domain=0,code=0,info=0} for Replicator{@0x82d6681(<*),Database{@@0x5c116b6: 'finder.73600.en_us-stage'} => URLEndpoint{url=wss://stage.realtime-sync-gw.wdprapps.disney.com/park-platform-pub/}}$C4CommonRepl{@0x3615d14/@xb4000077b97d6690, @0x82d6681, SocketFactory{@URLEndpoint{url=wss://stage.realtime-sync-gw.wdprapps.disney.com/park-platform-pub/}}'}
04-12 18:58:46.484 8886 9030 D CouchbaseLite/NETWORK: [JAVA] Offline state change for com.couchbase.lite.internal.replicator.AndroidConnectivityObserver@a8fb16b: CONNECTING -> true
04-12 18:58:46.484 8886 9030 I CouchbaseLite/REPLICATOR: [JAVA] State changed CONNECTING => BUSY(0/0): null for Replicator{@0x82d6681(<*),Database{@@0x5c116b6: 'finder.73600.en_us-stage'} => URLEndpoint{url=wss://stage.realtime-sync-gw.wdprapps.disney.com/park-platform-pub/}}$C4CommonRepl{@0x3615d14/@xb4000077b97d6690, @0x82d6681, SocketFactory{@URLEndpoint{url=wss://stage.realtime-sync-gw.wdprapps.disney.com/park-platform-pub/}}'}
04-12 18:58:46.486 8886 9035 V CouchbaseLite/NETWORK: {N8litecore4blip6BLIPIOE#29150} Requeuing REQ #0...
04-12 18:58:46.487 8886 9035 V CouchbaseLite/NETWORK: {N8litecore4blip6BLIPIOE#29150} Starting writeToWebSocket loop...
04-12 18:58:46.489 8886 10543 V CouchbaseLite/NETWORK: {N8litecore4repl12C4SocketImplE#29117} Received 47-byte message
04-12 18:58:46.490 8886 9036 I CouchbaseLite/REPLICATOR: {Repl#29109} {Coll#-1} activityLevel=busy: connectionState=2, savingChkpt=0
04-12 18:58:46.490 8886 9037 V CouchbaseLite/NETWORK: {N8litecore4blip6BLIPIOE#29130} Received frame: ERR #1 ----, length 45
04-12 18:58:46.491 8886 9037 V CouchbaseLite/NETWORK: {N8litecore4blip6BLIPIOE#29130} RES #1 has reached the end of its frames
04-12 18:58:46.491 8886 9035 V CouchbaseLite/NETWORK: {N8litecore4blip6BLIPIOE#29150} Sending frame: REQ #1 ----, bytes 0--65
04-12 18:58:46.491 8886 9035 V CouchbaseLite/NETWORK: {N8litecore4repl12C4SocketImplE#29111} Sending 68-byte message
04-12 18:58:46.491 8886 9035 D CouchbaseLite/NETWORK: [JAVA] ^C4Socket.write@b4000077c97f9460(68)
04-12 18:58:46.493 8886 9047 D CouchbaseLite/NETWORK: [JAVA] CBLWebSocket@@0xb957ff8{vC4Socket@xb4000077c97f9460 <=> OkHttpSocket@0x523cb5b(wss://stage.realtime-sync-gw.wdprapps.disney.com:443/park-platform-pub/_blipsync)}.coreWrites(68)
04-12 18:58:46.493 8886 9047 D CouchbaseLite/NETWORK: [JAVA] OkHttpSocket@0x523cb5b.write(68)
04-12 18:58:46.494 8886 9047 D CouchbaseLite/NETWORK: [JAVA] vC4Socket@xb4000077c97f9460.ackWriteToCore(68)
04-12 18:58:46.500 8886 9035 V CouchbaseLite/NETWORK: {N8litecore4blip6BLIPIOE#29150} Finished sending REQ #1
04-12 18:58:46.501 8886 9037 V CouchbaseLite/NETWORK: {N8litecore4blip10ConnectionE#29114} Receiving ERR #1
04-12 18:58:46.501 8886 9037 V CouchbaseLite/NETWORK: {N8litecore4blip10ConnectionE#29114} Finished receiving ERR #1
04-12 18:58:46.501 8886 9037 I CouchbaseLite/NETWORK: RECEIVED: ERR #1 {
04-12 18:58:46.501 8886 9037 I CouchbaseLite/NETWORK: Error-Domain: HTTP
04-12 18:58:46.501 8886 9037 I CouchbaseLite/NETWORK: Error-Code: 404
04-12 18:58:46.501 8886 9037 I CouchbaseLite/NETWORK: BODY: missing }
04-12 18:58:46.502 8886 9037 D CouchbaseLite/NETWORK: [JAVA] ^C4Socket.completedReceive@b4000077c9924740(47)
04-12 18:58:46.502 8886 9035 V CouchbaseLite/NETWORK: {N8litecore4blip6BLIPIOE#29150} ...Wrote 68 bytes to WebSocket (writeable=1)
04-12 18:58:46.502 8886 9038 I CouchbaseLite/REPLICATOR: {Repl#29115} {Coll#-1} No remote checkpoint 'cp-SHpbnSwgcB4cOJXwvdZ39kOvanE=' of the default collection
04-12 18:58:46.502 8886 9048 D CouchbaseLite/NETWORK: [JAVA] CBLWebSocket@@0x76e4ad3{vC4Socket@xb4000077c9924740 <=> OkHttpSocket@0x625dcc2(wss://stage.realtime-sync-gw.wdprapps.disney.com:443/park-platform-semipriv/_blipsync)}.coreAckReceive: 47
04-12 18:58:46.503 8886 9038 I CouchbaseLite/REPLICATOR: {Repl#29115} {Coll#-1} activityLevel=busy: connectionState=2, savingChkpt=0
04-12 18:58:46.523 8886 10543 D CouchbaseLite/NETWORK: [JAVA] OkHttpSocket@0x625dcc2.onBytes(7)
04-12 18:58:46.523 8886 10543 D CouchbaseLite/NETWORK: [JAVA] CBLWebSocket@@0x76e4ad3{vC4Socket@xb4000077c9924740 <=> OkHttpSocket@0x625dcc2(wss://stage.realtime-sync-gw.wdprapps.disney.com:443/park-platform-semipriv/_blipsync)}.remoteWrites: 7
04-12 18:58:46.523 8886 10543 D CouchbaseLite/NETWORK: [JAVA] vC4Socket@xb4000077c9924740.sendToCore(7)
04-12 18:58:46.524 8886 10543 V CouchbaseLite/NETWORK: {N8litecore4repl12C4SocketImplE#29117} Received 7-byte message
04-12 18:58:46.524 8886 9031 V CouchbaseLite/NETWORK: {N8litecore4blip6BLIPIOE#29130} Received frame: RES #2 ----, length 5
04-12 18:58:46.525 8886 9031 V CouchbaseLite/NETWORK: {N8litecore4blip6BLIPIOE#29130} RES #2 has reached the end of its frames
04-12 18:58:46.526 8886 9031 V CouchbaseLite/NETWORK: {N8litecore4blip10ConnectionE#29114} Receiving RES #2
04-12 18:58:46.563 8886 9031 V CouchbaseLite/NETWORK: {N8litecore4blip10ConnectionE#29114} Finished receiving RES #2
04-12 18:58:46.564 8886 10543 D CouchbaseLite/NETWORK: [JAVA] OkHttpSocket@0x625dcc2.onBytes(63)
04-12 18:58:46.564 8886 10543 D CouchbaseLite/NETWORK: [JAVA] CBLWebSocket@@0x76e4ad3{vC4Socket@xb4000077c9924740 <=> OkHttpSocket@0x625dcc2(wss://stage.realtime-sync-gw.wdprapps.disney.com:443/park-platform-semipriv/_blipsync)}.remoteWrites: 63
04-12 18:58:46.564 8886 10543 D CouchbaseLite/NETWORK: [JAVA] vC4Socket@xb4000077c9924740.sendToCore(63)
04-12 18:58:46.566 8886 9031 I CouchbaseLite/NETWORK: RECEIVED: RES #2 { }
04-12 18:58:46.566 8886 9031 D CouchbaseLite/NETWORK: [JAVA] ^C4Socket.completedReceive@b4000077c9924740(7)
04-12 18:58:46.567 8886 9033 I CouchbaseLite/REPLICATOR: {N8litecore4repl6PullerE#29132} {Coll#0} activityLevel=busy: pendingResponseCount=0, _caughtUp=0, _pendingRevMessages=0, _activeIncomingRevs=0, _waitingRevMessages=0, _unfinishedIncomingRevs=0
04-12 18:58:46.567 8886 9046 D CouchbaseLite/NETWORK: [JAVA] CBLWebSocket@@0x76e4ad3{vC4Socket@xb4000077c9924740 <=> OkHttpSocket@0x625dcc2(wss://stage.realtime-sync-gw.wdprapps.disney.com:443/park-platform-semipriv/_blipsync)}.coreAckReceive: 7
04-12 18:58:46.567 8886 10543 V CouchbaseLite/NETWORK: {N8litecore4repl12C4SocketImplE#29117} Received 63-byte message
04-12 18:58:46.568 8886 9034 V CouchbaseLite/NETWORK: {N8litecore4blip6BLIPIOE#29130} Received frame: REQ #1 --NC, length 61
04-12 18:58:46.584 8886 9034 V CouchbaseLite/NETWORK: {N8litecore4blip10ConnectionE#29114} Receiving 'changes' REQ #1 NZ
04-12 18:58:46.591 8886 9034 V CouchbaseLite/NETWORK: {N8litecore4blip10ConnectionE#29114} Finished receiving 'changes' REQ #1 NZ
04-12 18:58:46.592 8886 9034 I CouchbaseLite/NETWORK: RECEIVED: REQ #1 NZ {
04-12 18:58:46.592 8886 9034 I CouchbaseLite/NETWORK: Profile: changes
04-12 18:58:46.592 8886 9034 I CouchbaseLite/NETWORK: Content-Type: application/json
04-12 18:58:46.592 8886 9034 I CouchbaseLite/NETWORK: BODY: null }
04-12 18:58:46.593 8886 9032 I CouchbaseLite/REPLICATOR: {Repl#29115} {Coll#-1} activityLevel=busy: connectionState=2, savingChkpt=0
04-12 18:58:46.594 8886 9036 I CouchbaseLite/REPLICATOR: {N8litecore4repl9RevFinderE#29160}==> N8litecore4repl9RevFinderE {Repl#29115} @0xb4000077c98e4c40
04-12 18:58:46.597 8886 9036 V CouchbaseLite/REPLICATOR: {N8litecore4repl9RevFinderE#29160} {Coll#0} Handling 'changes' REQ#1
04-12 18:58:46.597 8886 9036 I CouchbaseLite/REPLICATOR: {N8litecore4repl9RevFinderE#29160} {Coll#0} Caught up with remote changes
04-12 18:58:46.598 8886 9034 D CouchbaseLite/NETWORK: [JAVA] ^C4Socket.completedReceive@b4000077c9924740(63)
04-12 18:58:46.599 8886 10542 D CouchbaseLite/NETWORK: [JAVA] OkHttpSocket@0x3c43dd4.onBytes(98)
04-12 18:58:46.599 8886 10542 D CouchbaseLite/NETWORK: [JAVA] CBLWebSocket@@0x4b2fa72{vC4Socket@xb4000077c98d4d10 <=> OkHttpSocket@0x3c43dd4(wss://stage.realtime-sync-gw.wdprapps.disney.com:443/park-platform-priv/_blipsync)}.remoteWrites: 98
04-12 18:58:46.599 8886 10542 D CouchbaseLite/NETWORK: [JAVA] vC4Socket@xb4000077c98d4d10.sendToCore(98)
04-12 18:58:46.601 8886 9049 D CouchbaseLite/NETWORK: [JAVA] CBLWebSocket@@0x76e4ad3{vC4Socket@xb4000077c9924740 <=> OkHttpSocket@0x625dcc2(wss://stage.realtime-sync-gw.wdprapps.disney.com:443/park-platform-semipriv/_blipsync)}.coreAckReceive: 63
04-12 18:58:46.603 8886 9037 I CouchbaseLite/REPLICATOR: {N8litecore4repl6PullerE#29132} {Coll#0} activityLevel=idle: pendingResponseCount=0, _caughtUp=1, _pendingRevMessages=0, _activeIncomingRevs=0, _waitingRevMessages=0, _unfinishedIncomingRevs=0
04-12 18:58:46.603 8886 9037 V CouchbaseLite/REPLICATOR: {N8litecore4repl6PullerE#29132} {Coll#0} now idle
04-12 18:58:46.604 8886 9037 I CouchbaseLite/REPLICATOR: {Repl#29115} {Coll#-1} pushStatus=stopped, pullStatus=idle, progress=0/0/0
04-12 18:58:46.605 8886 10541 D CouchbaseLite/NETWORK: [JAVA] OkHttpSocket@0x523cb5b.on