04-12 18:56:39.071 8886 8886 I CouchbaseLite/REPLICATOR: [JAVA] Replicator{@0xd2748ee(<*),Database{@@0x2e0afa2: 'finder-semi-private.73600.en_us'} => URLEndpoint{url=wss://stage.realtime-sync-gw.wdprapps.disney.com/park-platform-semipriv}}$C4CommonRepl{@0x806c18f/@xb4000077b977bbd0, @0xd2748ee, SocketFactory{@URLEndpoint{url=wss://stage.realtime-sync-gw.wdprapps.disney.com/park-platform-semipriv}}'}: Replicator is stopping (C4CommonRepl{@0x806c18f/@xb4000077b977bbd0, @0xd2748ee, SocketFactory{@URLEndpoint{url=wss://stage.realtime-sync-gw.wdprapps.disney.com/park-platform-semipriv}}'})
04-12 18:56:39.072 8886 8886 I CouchbaseLite/REPLICATOR: [JAVA] Replicator{@0xf2b87c6(<*>),Database{@@0x97fb813: 'finder-private.73600.en_us'} => URLEndpoint{url=wss://stage.realtime-sync-gw.wdprapps.disney.com/park-platform-priv}}$C4CommonRepl{@0x20b5387/@xb4000077b98361d0, @0xf2b87c6, SocketFactory{@URLEndpoint{url=wss://stage.realtime-sync-gw.wdprapps.disney.com/park-platform-priv}}'}: Replicator is stopping (C4CommonRepl{@0x20b5387/@xb4000077b98361d0, @0xf2b87c6, SocketFactory{@URLEndpoint{url=wss://stage.realtime-sync-gw.wdprapps.disney.com/park-platform-priv}}'})
04-12 18:56:39.072 8886 9035 I CouchbaseLite/REPLICATOR: {Repl#3518} {Coll#-1} Told to stop!
04-12 18:56:39.074 8886 9035 I CouchbaseLite/NETWORK: {N8litecore4blip10ConnectionE#3517} Closing with code 1000, msg ''
04-12 18:56:39.078 8886 9036 I CouchbaseLite/NETWORK: {N8litecore4repl12C4SocketImplE#3521} Requesting close with status=1000, message=''
04-12 18:56:39.079 8886 9036 D CouchbaseLite/NETWORK: [JAVA] ^C4Socket.requestClose@b4000077c986b4f0(1000): 'null'
04-12 18:56:39.081 8886 9039 D CouchbaseLite/NETWORK: [JAVA] CBLWebSocket@@0x437e7ab{vC4Socket@xb4000077c986b4f0 <=> OkHttpSocket@0xcc305fa(wss://stage.realtime-sync-gw.wdprapps.disney.com:443/park-platform-pub/_blipsync)}.coreRequestsClose: CloseStatus{6:1000, null}
04-12 18:56:39.083 8886 9039 D CouchbaseLite/NETWORK: [JAVA] OkHttpSocket@0xcc305fa.close: CloseStatus{6:1000, null}
04-12 18:56:39.094 8886 9035 I CouchbaseLite/REPLICATOR: {Repl#3518} {Coll#-1} activityLevel=busy: connectionState=3, savingChkpt=0
04-12 18:56:39.095 8886 9031 I CouchbaseLite/REPLICATOR: {Repl#3524} {Coll#-1} Told to stop!
04-12 18:56:39.096 8886 9031 I CouchbaseLite/NETWORK: {N8litecore4blip10ConnectionE#3523} Closing with code 1000, msg ''
04-12 18:56:39.098 8886 9034 I CouchbaseLite/REPLICATOR: {Repl#3530} {Coll#-1} Told to stop!
04-12 18:56:39.099 8886 9034 I CouchbaseLite/NETWORK: {N8litecore4blip10ConnectionE#3529} Closing with code 1000, msg ''
04-12 18:56:39.100 8886 9034 I CouchbaseLite/REPLICATOR: {Repl#3530} {Coll#-1} activityLevel=busy: connectionState=3, savingChkpt=0
04-12 18:56:39.101 8886 9034 I CouchbaseLite/REPLICATOR: {Repl#3530} {Coll#-1} now busy
04-12 18:56:39.102 8886 9032 I CouchbaseLite/NETWORK: {N8litecore4repl12C4SocketImplE#3526} Requesting close with status=1000, message=''
04-12 18:56:39.103 8886 9032 D CouchbaseLite/NETWORK: [JAVA] ^C4Socket.requestClose@b4000077c98bbab0(1000): 'null'
04-12 18:56:39.104 8886 9046 D CouchbaseLite/NETWORK: [JAVA] CBLWebSocket@@0x3485a52{vC4Socket@xb4000077c98bbab0 <=> OkHttpSocket@0x42e8edd(wss://stage.realtime-sync-gw.wdprapps.disney.com:443/park-platform-semipriv/_blipsync)}.coreRequestsClose: CloseStatus{6:1000, null}
04-12 18:56:39.104 8886 9046 D CouchbaseLite/NETWORK: [JAVA] OkHttpSocket@0x42e8edd.close: CloseStatus{6:1000, null}
04-12 18:56:39.105 8886 9037 I CouchbaseLite/NETWORK: {N8litecore4repl12C4SocketImplE#3532} Requesting close with status=1000, message=''
04-12 18:56:39.106 8886 9037 D CouchbaseLite/NETWORK: [JAVA] ^C4Socket.requestClose@b4000077c98ab310(1000): 'null'
04-12 18:56:39.107 8886 9031 I CouchbaseLite/REPLICATOR: {Repl#3524} {Coll#-1} activityLevel=busy: connectionState=3, savingChkpt=0
04-12 18:56:39.108 8886 9031 I CouchbaseLite/REPLICATOR: {Repl#3524} {Coll#-1} now busy
04-12 18:56:39.109 8886 9031 I CouchbaseLite/REPLICATOR: {C4Replicator#3525} State: busy, progress=0.00%
04-12 18:56:39.109 8886 9049 D CouchbaseLite/NETWORK: [JAVA] CBLWebSocket@@0x9cb6e76{vC4Socket@xb4000077c98ab310 <=> OkHttpSocket@0xf668d11(wss://stage.realtime-sync-gw.wdprapps.disney.com:443/park-platform-priv/_blipsync)}.coreRequestsClose: CloseStatus{6:1000, null}
04-12 18:56:39.109 8886 9031 D CouchbaseLite/REPLICATOR: [JAVA] C4Replicator.statusChangedCallback(0x46b0de02) C4CommonRepl{@0x806c18f/@xb4000077b977bbd0, @0xd2748ee, SocketFactory{@URLEndpoint{url=wss://stage.realtime-sync-gw.wdprapps.disney.com/park-platform-semipriv}}'}: C4ReplicatorStatus{level=4,completed=0,total=0,#docs=0,domain=0,code=0,info=0}
04-12 18:56:39.110 8886 9049 D CouchbaseLite/NETWORK: [JAVA] OkHttpSocket@0xf668d11.close: CloseStatus{6:1000, null}
04-12 18:56:39.114 8886 9050 I CouchbaseLite/REPLICATOR: [JAVA] status changed: (0, 0) @C4ReplicatorStatus{level=4,completed=0,total=0,#docs=0,domain=0,code=0,info=0} for Replicator{@0xd2748ee(<*),Database{@@0x2e0afa2: 'finder-semi-private.73600.en_us'} => URLEndpoint{url=wss://stage.realtime-sync-gw.wdprapps.disney.com/park-platform-semipriv}}$C4CommonRepl{@0x806c18f/@xb4000077b977bbd0, @0xd2748ee, SocketFactory{@URLEndpoint{url=wss://stage.realtime-sync-gw.wdprapps.disney.com/park-platform-semipriv}}'}
04-12 18:56:39.114 8886 9050 D CouchbaseLite/NETWORK: [JAVA] Offline state change for com.couchbase.lite.internal.replicator.AndroidConnectivityObserver@3afe2b4: IDLE -> true
04-12 18:56:39.120 8886 9050 I CouchbaseLite/REPLICATOR: [JAVA] State changed IDLE => BUSY(0/0): null for Replicator{@0xd2748ee(<*),Database{@@0x2e0afa2: 'finder-semi-private.73600.en_us'} => URLEndpoint{url=wss://stage.realtime-sync-gw.wdprapps.disney.com/park-platform-semipriv}}$C4CommonRepl{@0x806c18f/@xb4000077b977bbd0, @0xd2748ee, SocketFactory{@URLEndpoint{url=wss://stage.realtime-sync-gw.wdprapps.disney.com/park-platform-semipriv}}'}
04-12 18:56:39.122 8886 9034 I CouchbaseLite/REPLICATOR: {C4Replicator#3531} State: busy, progress=0.00%
04-12 18:56:39.125 8886 9034 D CouchbaseLite/REPLICATOR: [JAVA] C4Replicator.statusChangedCallback(0x72e80939) C4CommonRepl{@0x20b5387/@xb4000077b98361d0, @0xf2b87c6, SocketFactory{@URLEndpoint{url=wss://stage.realtime-sync-gw.wdprapps.disney.com/park-platform-priv}}'}: C4ReplicatorStatus{level=4,completed=0,total=0,#docs=0,domain=0,code=0,info=0}
04-12 18:56:39.127 8886 9030 I CouchbaseLite/REPLICATOR: [JAVA] status changed: (0, 0) @C4ReplicatorStatus{level=4,completed=0,total=0,#docs=0,domain=0,code=0,info=0} for Replicator{@0xf2b87c6(<*>),Database{@@0x97fb813: 'finder-private.73600.en_us'} => URLEndpoint{url=wss://stage.realtime-sync-gw.wdprapps.disney.com/park-platform-priv}}$C4CommonRepl{@0x20b5387/@xb4000077b98361d0, @0xf2b87c6, SocketFactory{@URLEndpoint{url=wss://stage.realtime-sync-gw.wdprapps.disney.com/park-platform-priv}}'}
04-12 18:56:39.127 8886 9030 D CouchbaseLite/NETWORK: [JAVA] Offline state change for com.couchbase.lite.internal.replicator.AndroidConnectivityObserver@d59bc95: IDLE -> true
04-12 18:56:39.129 8886 9030 I CouchbaseLite/REPLICATOR: [JAVA] State changed IDLE => BUSY(0/0): null for Replicator{@0xf2b87c6(<*>),Database{@@0x97fb813: 'finder-private.73600.en_us'} => URLEndpoint{url=wss://stage.realtime-sync-gw.wdprapps.disney.com/park-platform-priv}}$C4CommonRepl{@0x20b5387/@xb4000077b98361d0, @0xf2b87c6, SocketFactory{@URLEndpoint{url=wss://stage.realtime-sync-gw.wdprapps.disney.com/park-platform-priv}}'}
04-12 18:56:39.144 8886 9035 I CouchbaseLite/REPLICATOR: {Repl#3518} {Coll#-1} now busy
04-12 18:56:39.145 8886 9035 I CouchbaseLite/REPLICATOR: {C4Replicator#3519} State: busy, progress=0.00%
04-12 18:56:39.155 8886 9035 D CouchbaseLite/REPLICATOR: [JAVA] C4Replicator.statusChangedCallback(0x5fc1934d) C4CommonRepl{@0xc58f0f0/@xb4000077b979f2d0, @0xe2b0533, SocketFactory{@URLEndpoint{url=wss://stage.realtime-sync-gw.wdprapps.disney.com/park-platform-pub/}}'}: C4ReplicatorStatus{level=4,completed=0,total=0,#docs=0,domain=0,code=0,info=0}
04-12 18:56:39.178 8886 9048 I CouchbaseLite/REPLICATOR: [JAVA] status changed: (0, 0) @C4ReplicatorStatus{level=4,completed=0,total=0,#docs=0,domain=0,code=0,info=0} for Replicator{@0xe2b0533(<*),Database{@@0x5c116b6: 'finder.73600.en_us-stage'} => URLEndpoint{url=wss://stage.realtime-sync-gw.wdprapps.disney.com/park-platform-pub/}}$C4CommonRepl{@0xc58f0f0/@xb4000077b979f2d0, @0xe2b0533, SocketFactory{@URLEndpoint{url=wss://stage.realtime-sync-gw.wdprapps.disney.com/park-platform-pub/}}'}
04-12 18:56:39.178 8886 9048 D CouchbaseLite/NETWORK: [JAVA] Offline state change for com.couchbase.lite.internal.replicator.AndroidConnectivityObserver@d742c1c: IDLE -> true
04-12 18:56:39.185 8886 9048 I CouchbaseLite/REPLICATOR: [JAVA] State changed IDLE => BUSY(0/0): null for Replicator{@0xe2b0533(<*),Database{@@0x5c116b6: 'finder.73600.en_us-stage'} => URLEndpoint{url=wss://stage.realtime-sync-gw.wdprapps.disney.com/park-platform-pub/}}$C4CommonRepl{@0xc58f0f0/@xb4000077b979f2d0, @0xe2b0533, SocketFactory{@URLEndpoint{url=wss://stage.realtime-sync-gw.wdprapps.disney.com/park-platform-pub/}}'}
04-12 18:56:39.217 8886 9811 D CouchbaseLite/NETWORK: [JAVA] OkHttpSocket@0xcc305fa.onClosing(1000): ''
04-12 18:56:39.218 8886 9811 D CouchbaseLite/NETWORK: [JAVA] CBLWebSocket@@0x437e7ab{vC4Socket@xb4000077c986b4f0 <=> OkHttpSocket@0xcc305fa(wss://stage.realtime-sync-gw.wdprapps.disney.com:443/park-platform-pub/_blipsync)}.remoteRequestsClose: CloseStatus{0:1000, }
04-12 18:56:39.218 8886 9811 D CouchbaseLite/NETWORK: [JAVA] StateMachine@0xda5ee08: transition OPEN => CLOSING
04-12 18:56:39.219 8886 9811 D CouchbaseLite/NETWORK: [JAVA] vC4Socket@xb4000077c986b4f0.requestCoreClose(1000): ''
04-12 18:56:39.221 8886 9811 V CouchbaseLite/NETWORK: {N8litecore4repl12C4SocketImplE#3521} Calling requestClose when the socket is pending close
04-12 18:56:39.222 8886 9811 D CouchbaseLite/NETWORK: [JAVA] OkHttpSocket@0xcc305fa.onClosed(1000): ''
04-12 18:56:39.223 8886 9811 D CouchbaseLite/NETWORK: [JAVA] CBLWebSocket@@0x437e7ab{vC4Socket@xb4000077c986b4f0 <=> OkHttpSocket@0xcc305fa(wss://stage.realtime-sync-gw.wdprapps.disney.com:443/park-platform-pub/_blipsync)}.remoteClosed: CloseStatus{6:1000, }
04-12 18:56:39.223 8886 9811 D CouchbaseLite/NETWORK: [JAVA] StateMachine@0xda5ee08: transition CLOSING => CLOSED
04-12 18:56:39.227 8886 9811 D CouchbaseLite/NETWORK: [JAVA] vC4Socket@xb4000077c986b4f0.closeCore(1, 0): ''
04-12 18:56:39.238 8886 9418 D CouchbaseLite/NETWORK: [JAVA] OkHttpSocket@0xf668d11.onClosing(1000): ''
04-12 18:56:39.239 8886 9418 D CouchbaseLite/NETWORK: [JAVA] CBLWebSocket@@0x9cb6e76{vC4Socket@xb4000077c98ab310 <=> OkHttpSocket@0xf668d11(wss://stage.realtime-sync-gw.wdprapps.disney.com:443/park-platform-priv/_blipsync)}.remoteRequestsClose: CloseStatus{0:1000, }
04-12 18:56:39.239 8886 9418 D CouchbaseLite/NETWORK: [JAVA] StateMachine@0xc8a2c77: transition OPEN => CLOSING
04-12 18:56:39.239 8886 9420 D CouchbaseLite/NETWORK: [JAVA] OkHttpSocket@0x42e8edd.onClosing(1000): ''
04-12 18:56:39.240 8886 9418 D CouchbaseLite/NETWORK: [JAVA] vC4Socket@xb4000077c98ab310.requestCoreClose(1000): ''
04-12 18:56:39.241 8886 9420 D CouchbaseLite/NETWORK: [JAVA] CBLWebSocket@@0x3485a52{vC4Socket@xb4000077c98bbab0 <=> OkHttpSocket@0x42e8edd(wss://stage.realtime-sync-gw.wdprapps.disney.com:443/park-platform-semipriv/_blipsync)}.remoteRequestsClose: CloseStatus{0:1000, }
04-12 18:56:39.242 8886 9418 V CouchbaseLite/NETWORK: {N8litecore4repl12C4SocketImplE#3532} Calling requestClose when the socket is pending close
04-12 18:56:39.242 8886 9418 D CouchbaseLite/NETWORK: [JAVA] OkHttpSocket@0xf668d11.onClosed(1000): ''
04-12 18:56:39.243 8886 9420 D CouchbaseLite/NETWORK: [JAVA] StateMachine@0xec27620: transition OPEN => CLOSING
04-12 18:56:39.244 8886 9420 D CouchbaseLite/NETWORK: [JAVA] vC4Socket@xb4000077c98bbab0.requestCoreClose(1000): ''
04-12 18:56:39.244 8886 9420 V CouchbaseLite/NETWORK: {N8litecore4repl12C4SocketImplE#3526} Calling requestClose when the socket is pending close
04-12 18:56:39.245 8886 9420 D CouchbaseLite/NETWORK: [JAVA] OkHttpSocket@0x42e8edd.onClosed(1000): ''
04-12 18:56:39.245 8886 9420 D CouchbaseLite/NETWORK: [JAVA] CBLWebSocket@@0x3485a52{vC4Socket@xb4000077c98bbab0 <=> OkHttpSocket@0x42e8edd(wss://stage.realtime-sync-gw.wdprapps.disney.com:443/park-platform-semipriv/_blipsync)}.remoteClosed: CloseStatus{6:1000, }
04-12 18:56:39.246 8886 9418 D CouchbaseLite/NETWORK: [JAVA] CBLWebSocket@@0x9cb6e76{vC4Socket@xb4000077c98ab310 <=> OkHttpSocket@0xf668d11(wss://stage.realtime-sync-gw.wdprapps.disney.com:443/park-platform-priv/_blipsync)}.remoteClosed: CloseStatus{6:1000, }
04-12 18:56:39.246 8886 9418 D CouchbaseLite/NETWORK: [JAVA] StateMachine@0xc8a2c77: transition CLOSING => CLOSED
04-12 18:56:39.247 8886 9418 D CouchbaseLite/NETWORK: [JAVA] vC4Socket@xb4000077c98ab310.closeCore(1, 0): ''
04-12 18:56:39.247 8886 9420 D CouchbaseLite/NETWORK: [JAVA] StateMachine@0xec27620: transition CLOSING => CLOSED
04-12 18:56:39.248 8886 9420 D CouchbaseLite/NETWORK: [JAVA] vC4Socket@xb4000077c98bbab0.closeCore(1, 0): ''
04-12 18:56:39.249 8886 9418 I CouchbaseLite/NETWORK: {N8litecore4repl12C4SocketImplE#3532} WebSocket closed normally
04-12 18:56:39.249 8886 9418 I CouchbaseLite/NETWORK: {N8litecore4repl12C4SocketImplE#3532} sent 503 bytes, rcvd 168, in 91.092 sec (6/sec, 2/sec)
04-12 18:56:39.250 8886 9420 I CouchbaseLite/NETWORK: {N8litecore4repl12C4SocketImplE#3526} WebSocket closed normally
04-12 18:56:39.251 8886 9036 I CouchbaseLite/NETWORK: {N8litecore4blip10ConnectionE#3529} Closed with WebSocket/HTTP status 1000:
04-12 18:56:39.252 8886 9032 I CouchbaseLite/REPLICATOR: {Repl#3530} {Coll#-1} Connection closed with WebSocket/HTTP status 1000: "" (state=3->0)
04-12 18:56:39.255 8886 9032 I CouchbaseLite/REPLICATOR: {Repl#3530} {Coll#-1} activityLevel=stopped: connectionState=0, savingChkpt=0
04-12 18:56:39.255 8886 9032 I CouchbaseLite/REPLICATOR: {Repl#3530} {Coll#-1} now stopped
04-12 18:56:39.256 8886 9032 I CouchbaseLite/REPLICATOR: {C4Replicator#3531} State: stopped, progress=0.00%
04-12 18:56:39.257 8886 9032 D CouchbaseLite/REPLICATOR: [JAVA] C4Replicator.statusChangedCallback(0x72e80939) C4CommonRepl{@0x20b5387/@xb4000077b98361d0, @0xf2b87c6, SocketFactory{@URLEndpoint{url=wss://stage.realtime-sync-gw.wdprapps.disney.com/park-platform-priv}}'}: C4ReplicatorStatus{level=0,completed=0,total=0,#docs=0,domain=0,code=0,info=0}
04-12 18:56:39.258 8886 9038 I CouchbaseLite/REPLICATOR: {N8litecore4repl6PusherE#3622} {Coll#0} activityLevel=stopped: pendingResponseCount=0, caughtUp=1, changeLists=0, revsInFlight=0, blobsInFlight=0, awaitingReply=0, revsToSend=0, pushingDocs=0, pendingSequences=0
04-12 18:56:39.258 8886 9038 V CouchbaseLite/REPLICATOR: {N8litecore4repl6PusherE#3622} {Coll#0} now stopped
04-12 18:56:39.259 8886 9047 I CouchbaseLite/REPLICATOR: [JAVA] status changed: (0, 0) @C4ReplicatorStatus{level=0,completed=0,total=0,#docs=0,domain=0,code=0,info=0} for Replicator{@0xf2b87c6(<*>),Database{@@0x97fb813: 'finder-private.73600.en_us'} => URLEndpoint{url=wss://stage.realtime-sync-gw.wdprapps.disney.com/park-platform-priv}}$C4CommonRepl{@0x20b5387/@xb4000077b98361d0, @0xf2b87c6, SocketFactory{@URLEndpoint{url=wss://stage.realtime-sync-gw.wdprapps.disney.com/park-platform-priv}}'}
04-12 18:56:39.261 8886 9047 D CouchbaseLite/NETWORK: [JAVA] Offline state change for com.couchbase.lite.internal.replicator.AndroidConnectivityObserver@d59bc95: BUSY -> true
04-12 18:56:39.262 8886 9047 I CouchbaseLite/REPLICATOR: [JAVA] State changed BUSY => STOPPED(0/0): null for Replicator{@0xf2b87c6(<*>),Database{@@0x97fb813: 'finder-private.73600.en_us'} => URLEndpoint{url=wss://stage.realtime-sync-gw.wdprapps.disney.com/park-platform-priv}}$C4CommonRepl{@0x20b5387/@xb4000077b98361d0, @0xf2b87c6, SocketFactory{@URLEndpoint{url=wss://stage.realtime-sync-gw.wdprapps.disney.com/park-platform-priv}}'}
04-12 18:56:39.283 8886 9037 I CouchbaseLite/REPLICATOR: {N8litecore4repl6PullerE#3625} {Coll#0} activityLevel=stopped: pendingResponseCount=0, _caughtUp=1, _pendingRevMessages=0, _activeIncomingRevs=0, _waitingRevMessages=0, _unfinishedIncomingRevs=0
04-12 18:56:39.283 8886 9037 V CouchbaseLite/REPLICATOR: {N8litecore4repl6PullerE#3625} {Coll#0} now stopped
04-12 18:56:39.285 8886 9037 I CouchbaseLite/REPLICATOR: BLIP sent 5 msgs (503 bytes), rcvd 1 msgs (168 bytes) in 91.127 sec. Max outbox depth was 1, avg 1.00
04-12 18:56:39.288 8886 9420 I CouchbaseLite/NETWORK: {N8litecore4repl12C4SocketImplE#3526} sent 274 bytes, rcvd 117, in 91.097 sec (3/sec, 1/sec)
04-12 18:56:39.291 8886 9034 I CouchbaseLite/NETWORK: {N8litecore4blip10ConnectionE#3523} Closed with WebSocket/HTTP status 1000:
04-12 18:56:39.292 8886 9034 I CouchbaseLite/REPLICATOR: {Repl#3524} {Coll#-1} Connection closed with WebSocket/HTTP status 1000: "" (state=3->0)
04-12 18:56:39.303 8886 9034 I CouchbaseLite/REPLICATOR: {Repl#3524} {Coll#-1} activityLevel=stopped: connectionState=0, savingChkpt=0
04-12 18:56:39.303 8886 9034 I CouchbaseLite/REPLICATOR: {Repl#3524} {Coll#-1} now stopped
04-12 18:56:39.318 8886 9036 I CouchbaseLite/REPLICATOR: {N8litecore4repl6PullerE#3603} {Coll#0} activityLevel=stopped: pendingResponseCount=0, _caughtUp=1, _pendingRevMessages=0, _activeIncomingRevs=0, _waitingRevMessages=0, _unfinishedIncomingRevs=0
04-12 18:56:39.371 8886 9036 V CouchbaseLite/REPLICATOR: {N8litecore4repl6PullerE#3603} {Coll#0} now stopped
04-12 18:56:39.431 8886 9034 I CouchbaseLite/REPLICATOR: {C4Replicator#3525} State: stopped, progress=0.00%
04-12 18:56:39.432 8886 9034 D CouchbaseLite/REPLICATOR: [JAVA] C4Replicator.statusChangedCallback(0x46b0de02) C4CommonRepl{@0x806c18f/@xb4000077b977bbd0, @0xd2748ee, SocketFactory{@URLEndpoint{url=wss://stage.realtime-sync-gw.wdprapps.disney.com/park-platform-semipriv}}'}: C4ReplicatorStatus{level=0,completed=0,total=0,#docs=0,domain=0,code=0,info=0}
04-12 18:56:39.472 8886 9039 I CouchbaseLite/REPLICATOR: [JAVA] status changed: (0, 0) @C4ReplicatorStatus{level=0,completed=0,total=0,#docs=0,domain=0,code=0,info=0} for Replicator{@0xd2748ee(<*),Database{@@0x2e0afa2: 'finder-semi-private.73600.en_us'} => URLEndpoint{url=wss://stage.realtime-sync-gw.wdprapps.disney.com/park-platform-semipriv}}$C4CommonRepl{@0x806c18f/@xb4000077b977bbd0, @0xd2748ee, SocketFactory{@URLEndpoint{url=wss://stage.realtime-sync-gw.wdprapps.disney.com/park-platform-semipriv}}'}
04-12 18:56:39.473 8886 9039 D CouchbaseLite/NETWORK: [JAVA] Offline state change for com.couchbase.lite.internal.replicator.AndroidConnectivityObserver@3afe2b4: BUSY -> true
04-12 18:56:39.473 8886 9039 I CouchbaseLite/REPLICATOR: [JAVA] State changed BUSY => STOPPED(0/0): null for Replicator{@0xd2748ee(<*),Database{@@0x2e0afa2: 'finder-semi-private.73600.en_us'} => URLEndpoint{url=wss://stage.realtime-sync-gw.wdprapps.disney.com/park-platform-semipriv}}$C4CommonRepl{@0x806c18f/@xb4000077b977bbd0, @0xd2748ee, SocketFactory{@URLEndpoint{url=wss://stage.realtime-sync-gw.wdprapps.disney.com/park-platform-semipriv}}'}
04-12 18:56:39.480 8886 9811 I CouchbaseLite/NETWORK: {N8litecore4repl12C4SocketImplE#3521} WebSocket closed normally
04-12 18:56:39.481 8886 9811 I CouchbaseLite/NETWORK: {N8litecore4repl12C4SocketImplE#3521} sent 1158 bytes, rcvd 160, in 91.269 sec (13/sec, 2/sec)
04-12 18:56:39.492 8886 9038 I CouchbaseLite/REPLICATOR: BLIP sent 2 msgs (274 bytes), rcvd 1 msgs (117 bytes) in 91.317 sec. Max outbox depth was 1, avg 1.00
04-12 18:56:39.494 8886 9032 I CouchbaseLite/NETWORK: {N8litecore4blip10ConnectionE#3517} Closed with WebSocket/HTTP status 1000:
04-12 18:56:39.495 8886 9032 I CouchbaseLite/REPLICATOR: {Repl#3518} {Coll#-1} Connection closed with WebSocket/HTTP status 1000: "" (state=3->0)
04-12 18:56:39.495 8886 9032 I CouchbaseLite/REPLICATOR: {Repl#3518} {Coll#-1} activityLevel=stopped: connectionState=0, savingChkpt=0
04-12 18:56:39.497 8886 9032 I CouchbaseLite/REPLICATOR: {Repl#3518} {Coll#-1} now stopped
04-12 18:56:39.497 8886 9033 I CouchbaseLite/REPLICATOR: {N8litecore4repl6PullerE#3629} {Coll#0} activityLevel=stopped: pendingResponseCount=0, _caughtUp=1, _pendingRevMessages=0, _activeIncomingRevs=0, _waitingRevMessages=0, _unfinishedIncomingRevs=0
04-12 18:56:39.498 8886 9033 V CouchbaseLite/REPLICATOR: {N8litecore4repl6PullerE#3629} {Coll#0} now stopped
04-12 18:56:39.583 8886 9032 I CouchbaseLite/REPLICATOR: {C4Replicator#3519} State: stopped, progress=0.00%
04-12 18:56:39.584 8886 9032 D CouchbaseLite/REPLICATOR: [JAVA] C4Replicator.statusChangedCallback(0x5fc1934d) C4CommonRepl{@0xc58f0f0/@xb4000077b979f2d0, @0xe2b0533, SocketFactory{@URLEndpoint{url=wss://stage.realtime-sync-gw.wdprapps.disney.com/park-platform-pub/}}'}: C4ReplicatorStatus{level=0,completed=0,total=0,#docs=0,domain=0,code=0,info=0}
04-12 18:56:39.609 8886 9046 I CouchbaseLite/REPLICATOR: [JAVA] status changed: (0, 0) @C4ReplicatorStatus{level=0,completed=0,total=0,#docs=0,domain=0,code=0,info=0} for Replicator{@0xe2b0533(<*),Database{@@0x5c116b6: 'finder.73600.en_us-stage'} => URLEndpoint{url=wss://stage.realtime-sync-gw.wdprapps.disney.com/park-platform-pub/}}$C4CommonRepl{@0xc58f0f0/@xb4000077b979f2d0, @0xe2b0533, SocketFactory{@URLEndpoint{url=wss://stage.realtime-sync-gw.wdprapps.disney.com/park-platform-pub/}}'}
04-12 18:56:39.609 8886 9046 D CouchbaseLite/NETWORK: [JAVA] Offline state change for com.couchbase.lite.internal.replicator.AndroidConnectivityObserver@d742c1c: BUSY -> true
04-12 18:56:39.610 8886 9046 I CouchbaseLite/REPLICATOR: [JAVA] State changed BUSY => STOPPED(0/0): null for Replicator{@0xe2b0533(<*),Database{@@0x5c116b6: 'finder.73600.en_us-stage'} => URLEndpoint{url=wss://stage.realtime-sync-gw.wdprapps.disney.com/park-platform-pub/}}$C4CommonRepl{@0xc58f0f0/@xb4000077b979f2d0, @0xe2b0533, SocketFactory{@URLEndpoint{url=wss://stage.realtime-sync-gw.wdprapps.disney.com/park-platform-pub/}}'}
04-12 18:56:39.657 8886 9035 I CouchbaseLite/REPLICATOR: BLIP sent 2 msgs (1158 bytes), rcvd 1 msgs (160 bytes) in 91.398 sec. Max outbox depth was 1, avg 1.00
04-12 18:56:40.246 8886 8886 I CouchbaseLite/REPLICATOR: [JAVA] Replicator is starting
04-12 18:56:40.275 8886 8886 D CouchbaseLite/REPLICATOR: [JAVA] Replication options: {headers={User-Agent=CouchbaseLite/3.1.6-vf002-50983 (Java; Android 13; Pixel 7 Pro) EE/debug, Commit/cddb9521ab@e80006cb3780 Core/3.1.6 (50971)}, maxRetryInterval=300, maxRetries=9, acceptParentDomainCookies=false, auth={password=r7JQaAsQhxT682iv, type=Basic, username=DPECP-MOBILE.WDW.ANDROID-STAGE}, heartbeat=300, onlySelfSignedServer=false, autoPurge=true}
04-12 18:56:40.277 8886 8886 D CouchbaseLite/REPLICATOR: [JAVA] Setting c4 replicator @0xbb891ab for replicator @0x89417fa
04-12 18:56:40.287 8886 8886 I CouchbaseLite/NETWORK: {N8litecore4blip10ConnectionE#15428}==> N8litecore4blip10ConnectionE ->wss://stage.realtime-sync-gw.wdprapps.disney.com/park-platform-pub/_blipsync @0xb4000077597d6e40
04-12 18:56:40.287 8886 8886 I CouchbaseLite/NETWORK: {N8litecore4blip10ConnectionE#15428} Opening connection...
04-12 18:56:40.287 8886 8886 I CouchbaseLite/REPLICATOR: {Repl#15429}==> N8litecore4repl10ReplicatorE /data/data/com.disney.wdw.android.debug/files/finder.73600.en_us-stage.cblite2/ ->wss://stage.realtime-sync-gw.wdprapps.disney.com/park-platform-pub/_blipsync @0xb4000077e995ad40
04-12 18:56:40.287 8886 8886 I CouchbaseLite/REPLICATOR: {Repl#15429} {Coll#-1} {{Coll#0} "_default": {"Push": disabled, "Pull": continuous}}
04-12 18:56:40.287 8886 8886 I CouchbaseLite/REPLICATOR: Options={acceptParentDomainCookies:false, auth:{password:"********", type:"Basic", username:"DPECP-MOBILE.WDW.ANDROID-STAGE"}, autoPurge:true, headers:{User-Agent:"CouchbaseLite/3.1.6-vf002-50983 (Java; Android 13; Pixel 7 Pro) EE/debug, Commit/cddb9521ab@e80006cb3780 Core/3.1.6 (50971)"}, heartbeat:300, maxRetries:9, maxRetryInterval:300, onlySelfSignedServer:false}
04-12 18:56:40.290 8886 8886 V CouchbaseLite/REPLICATOR: {Repl#15429} {Coll#-1} Remote-DB ID 1 found for target
04-12 18:56:40.294 8886 8886 I CouchbaseLite/REPLICATOR: {C4Replicator#15430}==> N8litecore18C4RemoteReplicatorE 0xb4000077b97f81a0 @0xb4000077b97f81a0
04-12 18:56:40.294 8886 8886 V CouchbaseLite/REPLICATOR: {C4Replicator#15430} C4RemoteRepl 0xb4000077b97f81a0 created Repl 0xb4000077e995ad40
04-12 18:56:40.301 8886 8886 I CouchbaseLite/REPLICATOR: {C4Replicator#15430} Starting Replicator {Repl#15429} with config: {{{Coll#0} "_default": {"Push": disabled, "Pull": continuous}}
04-12 18:56:40.301 8886 8886 I CouchbaseLite/REPLICATOR: Options={acceptParentDomainCookies:false, auth:{password:"********", type:"Basic", username:"DPECP-MOBILE.WDW.ANDROID-STAGE"}, autoPurge:true, headers:{User-Agent:"CouchbaseLite/3.1.6-vf002-50983 (Java; Android 13; Pixel 7 Pro) EE/debug, Commit/cddb9521ab@e80006cb3780 Core/3.1.6 (50971)"}, heartbeat:300, maxRetries:9, maxRetryInterval:300, onlySelfSignedServer:false}}
04-12 18:56:40.301 8886 8886 I CouchbaseLite/REPLICATOR: [JAVA] State changed STOPPED => CONNECTING(0/0): null for Replicator{@0x89417fa(<*),Database{@@0x5c116b6: 'finder.73600.en_us-stage'} => URLEndpoint{url=wss://stage.realtime-sync-gw.wdprapps.disney.com/park-platform-pub/}}$C4CommonRepl{@0xbb891ab/@xb4000077b97f8190, @0x89417fa, SocketFactory{@URLEndpoint{url=wss://stage.realtime-sync-gw.wdprapps.disney.com/park-platform-pub/}}'}
04-12 18:56:40.302 8886 8886 I CouchbaseLite/REPLICATOR: [JAVA] Replicator is starting
04-12 18:56:40.302 8886 8886 D CouchbaseLite/REPLICATOR: [JAVA] Replication options: {headers={User-Agent=CouchbaseLite/3.1.6-vf002-50983 (Java; Android 13; Pixel 7 Pro) EE/debug, Commit/cddb9521ab@e80006cb3780 Core/3.1.6 (50971)}, maxRetryInterval=300, maxRetries=9, acceptParentDomainCookies=false, auth={password=K8ynstages73eHBgT612, type=Basic, username=MOBILE.WDW.ANDROID-SPRIV-STAGE}, heartbeat=300, onlySelfSignedServer=false, autoPurge=true}
04-12 18:56:40.302 8886 9030 I CouchbaseLite/REPLICATOR: [JAVA] status changed: (0, 0) @C4ReplicatorStatus{level=2,completed=0,total=0,#docs=0,domain=0,code=0,info=0} for Replicator{@0x89417fa(<*),Database{@@0x5c116b6: 'finder.73600.en_us-stage'} => URLEndpoint{url=wss://stage.realtime-sync-gw.wdprapps.disney.com/park-platform-pub/}}$C4CommonRepl{@0xbb891ab/@xb4000077b97f8190, @0x89417fa, SocketFactory{@URLEndpoint{url=wss://stage.realtime-sync-gw.wdprapps.disney.com/park-platform-pub/}}'}
04-12 18:56:40.302 8886 9030 D CouchbaseLite/NETWORK: [JAVA] Offline state change for com.couchbase.lite.internal.replicator.AndroidConnectivityObserver@fd135d9: CONNECTING -> true
04-12 18:56:40.303 8886 8886 D CouchbaseLite/REPLICATOR: [JAVA] Setting c4 replicator @0x9523b9e for replicator @0xe411820
04-12 18:56:40.303 8886 9030 I CouchbaseLite/REPLICATOR: [JAVA] State changed CONNECTING => CONNECTING(0/0): null for Replicator{@0x89417fa(<*),Database{@@0x5c116b6: 'finder.73600.en_us-stage'} => URLEndpoint{url=wss://stage.realtime-sync-gw.wdprapps.disney.com/park-platform-pub/}}$C4CommonRepl{@0xbb891ab/@xb4000077b97f8190, @0x89417fa, SocketFactory{@URLEndpoint{url=wss://stage.realtime-sync-gw.wdprapps.disney.com/park-platform-pub/}}'}
04-12 18:56:40.305 8886 9032 I CouchbaseLite/NETWORK: {N8litecore4repl12C4SocketImplE#15431}==> N8litecore4repl12C4SocketImplE wss://stage.realtime-sync-gw.wdprapps.disney.com/park-platform-pub/_blipsync @0xb4000077c98481a8
04-12 18:56:40.305 8886 9032 I CouchbaseLite/NETWORK: {N8litecore4repl12C4SocketImplE#15431} Connecting...
04-12 18:56:40.306 8886 9032 D CouchbaseLite/NETWORK: [JAVA] ^C4Socket.open@b4000077c9848300: null@725f0f81
04-12 18:56:40.306 8886 9032 D CouchbaseLite/NETWORK: [JAVA] OkHttpSocket@0x46f964c.init: CBLWebSocket@@0xe165695{vC4Socket@xb4000077c9848300 <=> OkHttpSocket@0x46f964c(wss://stage.realtime-sync-gw.wdprapps.disney.com:443/park-platform-pub/_blipsync)}
04-12 18:56:40.306 8886 9032 D CouchbaseLite/NETWORK: [JAVA] vC4Socket@xb4000077c9848300.init: CBLWebSocket@@0xe165695{vC4Socket@xb4000077c9848300 <=> OkHttpSocket@0x46f964c(wss://stage.realtime-sync-gw.wdprapps.disney.com:443/park-platform-pub/_blipsync)}
04-12 18:56:40.307 8886 9048 D CouchbaseLite/NETWORK: [JAVA] CBLWebSocket@@0xe165695{vC4Socket@xb4000077c9848300 <=> OkHttpSocket@0x46f964c(wss://stage.realtime-sync-gw.wdprapps.disney.com:443/park-platform-pub/_blipsync)}.coreRequestedOpen
04-12 18:56:40.307 8886 9048 D CouchbaseLite/NETWORK: [JAVA] StateMachine@0xf653b9b: transition UNOPENED => OPENING
04-12 18:56:40.308 8886 9048 D CouchbaseLite/NETWORK: [JAVA] OkHttpSocket@0x46f964c.open: wss://stage.realtime-sync-gw.wdprapps.disney.com:443/park-platform-pub/_blipsync, {headers={User-Agent=CouchbaseLite/3.1.6-vf002-50983 (Java; Android 13; Pixel 7 Pro) EE/debug, Commit/cddb9521ab@e80006cb3780 Core/3.1.6 (50971)}, acceptParentDomainCookies=false, maxRetries=9, maxRetryInterval=300, auth={password=r7JQaAsQhxT682iv, type=Basic, username=DPECP-MOBILE.WDW.ANDROID-STAGE}, heartbeat=300, onlySelfSignedServer=false, WS-Protocols=BLIP_3+CBMobile_3,BLIP_3+CBMobile_2, autoPurge=true}
04-12 18:56:40.310 8886 8886 I CouchbaseLite/NETWORK: {N8litecore4blip10ConnectionE#15435}==> N8litecore4blip10ConnectionE ->wss://stage.realtime-sync-gw.wdprapps.disney.com/park-platform-semipriv/_blipsync @0xb4000077598885c0
04-12 18:56:40.310 8886 8886 I CouchbaseLite/NETWORK: {N8litecore4blip10ConnectionE#15435} Opening connection...
04-12 18:56:40.310 8886 8886 I CouchbaseLite/REPLICATOR: {Repl#15436}==> N8litecore4repl10ReplicatorE /data/data/com.disney.wdw.android.debug/files/finder-semi-private.73600.en_us.cblite2/ ->wss://stage.realtime-sync-gw.wdprapps.disney.com/park-platform-semipriv/_blipsync @0xb4000077e98e0760
04-12 18:56:40.310 8886 8886 I CouchbaseLite/REPLICATOR: {Repl#15436} {Coll#-1} {{Coll#0} "_default": {"Push": disabled, "Pull": continuous}}
04-12 18:56:40.310 8886 8886 I CouchbaseLite/REPLICATOR: Options={acceptParentDomainCookies:false, auth:{password:"********", type:"Basic", username:"MOBILE.WDW.ANDROID-SPRIV-STAGE"}, autoPurge:true, headers:{User-Agent:"CouchbaseLite/3.1.6-vf002-50983 (Java; Android 13; Pixel 7 Pro) EE/debug, Commit/cddb9521ab@e80006cb3780 Core/3.1.6 (50971)"}, heartbeat:300, maxRetries:9, maxRetryInterval:300, onlySelfSignedServer:false}
04-12 18:56:40.310 8886 8886 V CouchbaseLite/REPLICATOR: {Repl#15436} {Coll#-1} Remote-DB ID 1 found for target
04-12 18:56:40.310 8886 8886 I CouchbaseLite/REPLICATOR: {C4Replicator#15437}==> N8litecore18C4RemoteReplicatorE 0xb4000077b97e9e20 @0xb4000077b97e9e20
04-12 18:56:40.310 8886 8886 V CouchbaseLite/REPLICATOR: {C4Replicator#15437} C4RemoteRepl 0xb4000077b97e9e20 created Repl 0xb4000077e98e0760
04-12 18:56:40.310 8886 8886 I CouchbaseLite/REPLICATOR: {C4Replicator#15437} Starting Replicator {Repl#15436} with config: {{{Coll#0} "_default": {"Push": disabled, "Pull": continuous}}
04-12 18:56:40.310 8886 8886 I CouchbaseLite/REPLICATOR: Options={acceptParentDomainCookies:false, auth:{password:"********", type:"Basic", username:"MOBILE.WDW.ANDROID-SPRIV-STAGE"}, autoPurge:true, headers:{User-Agent:"CouchbaseLite/3.1.6-vf002-50983 (Java; Android 13; Pixel 7 Pro) EE/debug, Commit/cddb9521ab@e80006cb3780 Core/3.1.6 (50971)"}, heartbeat:300, maxRetries:9, maxRetryInterval:300, onlySelfSignedServer:false}}
04-12 18:56:40.311 8886 8886 I CouchbaseLite/REPLICATOR: [JAVA] State changed STOPPED => CONNECTING(0/0): null for Replicator{@0xe411820(<*),Database{@@0x2e0afa2: 'finder-semi-private.73600.en_us'} => URLEndpoint{url=wss://stage.realtime-sync-gw.wdprapps.disney.com/park-platform-semipriv}}$C4CommonRepl{@0x9523b9e/@xb4000077b97e9e10, @0xe411820, SocketFactory{@URLEndpoint{url=wss://stage.realtime-sync-gw.wdprapps.disney.com/park-platform-semipriv}}'}
04-12 18:56:40.311 8886 9047 I CouchbaseLite/REPLICATOR: [JAVA] status changed: (0, 0) @C4ReplicatorStatus{level=2,completed=0,total=0,#docs=0,domain=0,code=0,info=0} for Replicator{@0xe411820(<*),Database{@@0x2e0afa2: 'finder-semi-private.73600.en_us'} => URLEndpoint{url=wss://stage.realtime-sync-gw.wdprapps.disney.com/park-platform-semipriv}}$C4CommonRepl{@0x9523b9e/@xb4000077b97e9e10, @0xe411820, SocketFactory{@URLEndpoint{url=wss://stage.realtime-sync-gw.wdprapps.disney.com/park-platform-semipriv}}'}
04-12 18:56:40.311 8886 9047 D CouchbaseLite/NETWORK: [JAVA] Offline state change for com.couchbase.lite.internal.replicator.AndroidConnectivityObserver@b25cb38: CONNECTING -> true
04-12 18:56:40.311 8886 9047 I CouchbaseLite/REPLICATOR: [JAVA] State changed CONNECTING => CONNECTING(0/0): null for Replicator{@0xe411820(<*),Database{@@0x2e0afa2: 'finder-semi-private.73600.en_us'} => URLEndpoint{url=wss://stage.realtime-sync-gw.wdprapps.disney.com/park-platform-semipriv}}$C4CommonRepl{@0x9523b9e/@xb4000077b97e9e10, @0xe411820, SocketFactory{@URLEndpoint{url=wss://stage.realtime-sync-gw.wdprapps.disney.com/park-platform-semipriv}}'}
04-12 18:56:40.311 8886 8886 I CouchbaseLite/REPLICATOR: [JAVA] Replicator is starting
04-12 18:56:40.312 8886 8886 D CouchbaseLite/REPLICATOR: [JAVA] Replication options: {headers={User-Agent=CouchbaseLite/3.1.6-vf002-50983 (Java; Android 13; Pixel 7 Pro) EE/debug, Commit/cddb9521ab@e80006cb3780 Core/3.1.6 (50971)}, maxRetryInterval=300, maxRetries=9, acceptParentDomainCookies=false, heartbeat=300, onlySelfSignedServer=false, cookies=SyncGatewaySession=caac7ee0f4b92d40fdd90fc04b4d1ce8fa347518, autoPurge=true}
04-12 18:56:40.312 8886 8886 D CouchbaseLite/REPLICATOR: [JAVA] Setting c4 replicator @0x451f677 for replicator @0xc0c2076
04-12 18:56:40.314 8886 9032 I CouchbaseLite/NETWORK: {N8litecore4repl12C4SocketImplE#15438}==> N8litecore4repl12C4SocketImplE wss://stage.realtime-sync-gw.wdprapps.disney.com/park-platform-semipriv/_blipsync @0xb4000077c98b5148
04-12 18:56:40.315 8886 9032 I CouchbaseLite/NETWORK: {N8litecore4repl12C4SocketImplE#15438} Connecting...
04-12 18:56:40.316 8886 9032 D CouchbaseLite/NETWORK: [JAVA] ^C4Socket.open@b4000077c98b52a0: null@6da54204
04-12 18:56:40.321 8886 9032 D CouchbaseLite/NETWORK: [JAVA] OkHttpSocket@0xd0bc34d.init: CBLWebSocket@@0xe11ce02{vC4Socket@xb4000077c98b52a0 <=> OkHttpSocket@0xd0bc34d(wss://stage.realtime-sync-gw.wdprapps.disney.com:443/park-platform-semipriv/_blipsync)}
04-12 18:56:40.322 8886 9032 D CouchbaseLite/NETWORK: [JAVA] vC4Socket@xb4000077c98b52a0.init: CBLWebSocket@@0xe11ce02{vC4Socket@xb4000077c98b52a0 <=> OkHttpSocket@0xd0bc34d(wss://stage.realtime-sync-gw.wdprapps.disney.com:443/park-platform-semipriv/_blipsync)}
04-12 18:56:40.322 8886 9034 I CouchbaseLite/REPLICATOR: {Repl#15429} {Coll#0} Scanning for pre-existing conflicts...
04-12 18:56:40.322 8886 9039 D CouchbaseLite/NETWORK: [JAVA] CBLWebSocket@@0xe11ce02{vC4Socket@xb4000077c98b52a0 <=> OkHttpSocket@0xd0bc34d(wss://stage.realtime-sync-gw.wdprapps.disney.com:443/park-platform-semipriv/_blipsync)}.coreRequestedOpen
04-12 18:56:40.322 8886 9039 D CouchbaseLite/NETWORK: [JAVA] StateMachine@0x1e58313: transition UNOPENED => OPENING
04-12 18:56:40.322 8886 9039 D CouchbaseLite/NETWORK: [JAVA] OkHttpSocket@0xd0bc34d.open: wss://stage.realtime-sync-gw.wdprapps.disney.com:443/park-platform-semipriv/_blipsync, {headers={User-Agent=CouchbaseLite/3.1.6-vf002-50983 (Java; Android 13; Pixel 7 Pro) EE/debug, Commit/cddb9521ab@e80006cb3780 Core/3.1.6 (50971)}, acceptParentDomainCookies=false, maxRetries=9, maxRetryInterval=300, auth={password=K8ynstages73eHBgT612, type=Basic, username=MOBILE.WDW.ANDROID-SPRIV-STAGE}, heartbeat=300, onlySelfSignedServer=false, WS-Protocols=BLIP_3+CBMobile_3,BLIP_3+CBMobile_2, autoPurge=true}
04-12 18:56:40.329 8886 9033 I CouchbaseLite/REPLICATOR: {Repl#15436} {Coll#0} Scanning for pre-existing conflicts...
04-12 18:56:40.329 8886 9033 I CouchbaseLite/REPLICATOR: {Repl#15436} {Coll#0} Found 0 conflicted docs in 0.019 sec
04-12 18:56:40.331 8886 8886 I CouchbaseLite/NETWORK: {N8litecore4blip10ConnectionE#15442}==> N8litecore4blip10ConnectionE ->wss://stage.realtime-sync-gw.wdprapps.disney.com/park-platform-priv/_blipsync @0xb400007759899570
04-12 18:56:40.331 8886 8886 I CouchbaseLite/NETWORK: {N8litecore4blip10ConnectionE#15442} Opening connection...
04-12 18:56:40.332 8886 8886 I CouchbaseLite/REPLICATOR: {Repl#15443}==> N8litecore4repl10ReplicatorE /data/data/com.disney.wdw.android.debug/files/finder-private.73600.en_us.cblite2/ ->wss://stage.realtime-sync-gw.wdprapps.disney.com/park-platform-priv/_blipsync @0xb4000077e99735b0
04-12 18:56:40.332 8886 8886 I CouchbaseLite/REPLICATOR: {Repl#15443} {Coll#-1} {{Coll#0} "_default": {"Push": continuous, "Pull": continuous}}
04-12 18:56:40.332 8886 8886 I CouchbaseLite/REPLICATOR: Options={acceptParentDomainCookies:false, autoPurge:true, cookies:"SyncGatewaySession=caac7ee0f4b92d40fdd90fc04b4d1ce8fa347518", headers:{User-Agent:"CouchbaseLite/3.1.6-vf002-50983 (Java; Android 13; Pixel 7 Pro) EE/debug, Commit/cddb9521ab@e80006cb3780 Core/3.1.6 (50971)"}, heartbeat:300, maxRetries:9, maxRetryInterval:300, onlySelfSignedServer:false}
04-12 18:56:40.332 8886 8886 V CouchbaseLite/REPLICATOR: {Repl#15443} {Coll#-1} Remote-DB ID 1 found for target
04-12 18:56:40.332 8886 8886 I CouchbaseLite/REPLICATOR: {C4Replicator#15444}==> N8litecore18C4RemoteReplicatorE 0xb4000077b979b760 @0xb4000077b979b760
04-12 18:56:40.332 8886 8886 V CouchbaseLite/REPLICATOR: {C4Replicator#15444} C4RemoteRepl 0xb4000077b979b760 created Repl 0xb4000077e99735b0
04-12 18:56:40.332 8886 8886 I CouchbaseLite/REPLICATOR: {C4Replicator#15444} Starting Replicator {Repl#15443} with config: {{{Coll#0} "_default": {"Push": continuous, "Pull": continuous}}
04-12 18:56:40.332 8886 8886 I CouchbaseLite/REPLICATOR: Options={acceptParentDomainCookies:false, autoPurge:true, cookies:"SyncGatewaySession=caac7ee0f4b92d40fdd90fc04b4d1ce8fa347518", headers:{User-Agent:"CouchbaseLite/3.1.6-vf002-50983 (Java; Android 13; Pixel 7 Pro) EE/debug, Commit/cddb9521ab@e80006cb3780 Core/3.1.6 (50971)"}, heartbeat:300, maxRetries:9, maxRetryInterval:300, onlySelfSignedServer:false}}
04-12 18:56:40.332 8886 8886 I CouchbaseLite/REPLICATOR: [JAVA] State changed STOPPED => CONNECTING(0/0): null for Replicator{@0xc0c2076(<*>),Database{@@0x97fb813: 'finder-private.73600.en_us'} => URLEndpoint{url=wss://stage.realtime-sync-gw.wdprapps.disney.com/park-platform-priv}}$C4CommonRepl{@0x451f677/@xb4000077b979b750, @0xc0c2076, SocketFactory{@URLEndpoint{url=wss://stage.realtime-sync-gw.wdprapps.disney.com/park-platform-priv}}'}
04-12 18:56:40.333 8886 9046 I CouchbaseLite/REPLICATOR: [JAVA] status changed: (0, 0) @C4ReplicatorStatus{level=2,completed=0,total=0,#docs=0,domain=0,code=0,info=0} for Replicator{@0xc0c2076(<*>),Database{@@0x97fb813: 'finder-private.73600.en_us'} => URLEndpoint{url=wss://stage.realtime-sync-gw.wdprapps.disney.com/park-platform-priv}}$C4CommonRepl{@0x451f677/@xb4000077b979b750, @0xc0c2076, SocketFactory{@URLEndpoint{url=wss://stage.realtime-sync-gw.wdprapps.disney.com/park-platform-priv}}'}
04-12 18:56:40.334 8886 9038 I CouchbaseLite/NETWORK: {N8litecore4repl12C4SocketImplE#15445}==> N8litecore4repl12C4SocketImplE wss://stage.realtime-sync-gw.wdprapps.disney.com/park-platform-priv/_blipsync @0xb4000077c9829518
04-12 18:56:40.334 8886 9038 I CouchbaseLite/NETWORK: {N8litecore4repl12C4SocketImplE#15445} Connecting...
04-12 18:56:40.335 8886 9038 D CouchbaseLite/NETWORK: [JAVA] ^C4Socket.open@b4000077c9829670: null@27245808
04-12 18:56:40.336 8886 9038 D CouchbaseLite/NETWORK: [JAVA] OkHttpSocket@0x5971b5a.init: CBLWebSocket@@0xd48418b{vC4Socket@xb4000077c9829670 <=> OkHttpSocket@0x5971b5a(wss://stage.realtime-sync-gw.wdprapps.disney.com:443/park-platform-priv/_blipsync)}
04-12 18:56:40.336 8886 9046 D CouchbaseLite/NETWORK: [JAVA] Offline state change for com.couchbase.lite.internal.replicator.AndroidConnectivityObserver@73b0f05: CONNECTING -> true
04-12 18:56:40.336 8886 9046 I CouchbaseLite/REPLICATOR: [JAVA] State changed CONNECTING => CONNECTING(0/0): null for Replicator{@0xc0c2076(<*>),Database{@@0x97fb813: 'finder-private.73600.en_us'} => URLEndpoint{url=wss://stage.realtime-sync-gw.wdprapps.disney.com/park-platform-priv}}$C4CommonRepl{@0x451f677/@xb4000077b979b750, @0xc0c2076, SocketFactory{@URLEndpoint{url=wss://stage.realtime-sync-gw.wdprapps.disney.com/park-platform-priv}}'}
04-12 18:56:40.338 8886 9038 D CouchbaseLite/NETWORK: [JAVA] vC4Socket@xb4000077c9829670.init: CBLWebSocket@@0xd48418b{vC4Socket@xb4000077c9829670 <=> OkHttpSocket@0x5971b5a(wss://stage.realtime-sync-gw.wdprapps.disney.com:443/park-platform-priv/_blipsync)}
04-12 18:56:40.341 8886 9049 D CouchbaseLite/NETWORK: [JAVA] CBLWebSocket@@0xd48418b{vC4Socket@xb4000077c9829670 <=> OkHttpSocket@0x5971b5a(wss://stage.realtime-sync-gw.wdprapps.disney.com:443/park-platform-priv/_blipsync)}.coreRequestedOpen
04-12 18:56:40.342 8886 9049 D CouchbaseLite/NETWORK: [JAVA] StateMachine@0xde29681: transition UNOPENED => OPENING
04-12 18:56:40.342 8886 9049 D CouchbaseLite/NETWORK: [JAVA] OkHttpSocket@0x5971b5a.open: wss://stage.realtime-sync-gw.wdprapps.disney.com:443/park-platform-priv/_blipsync, {headers={User-Agent=CouchbaseLite/3.1.6-vf002-50983 (Java; Android 13; Pixel 7 Pro) EE/debug, Commit/cddb9521ab@e80006cb3780 Core/3.1.6 (50971)}, acceptParentDomainCookies=false, maxRetries=9, maxRetryInterval=300, heartbeat=300, onlySelfSignedServer=false, WS-Protocols=BLIP_3+CBMobile_3,BLIP_3+CBMobile_2, autoPurge=true, cookies=SyncGatewaySession=caac7ee0f4b92d40fdd90fc04b4d1ce8fa347518}
04-12 18:56:40.380 8886 9033 I CouchbaseLite/REPLICATOR: {Repl#15436} {Coll#0} No local checkpoint 'cp-SHpbnSwgcB4cOJXwvdZ39kOvanE='
04-12 18:56:40.386 8886 9033 I CouchbaseLite/REPLICATOR: {Repl#15436} {Coll#-1} activityLevel=connecting: connectionState=1, savingChkpt=0
04-12 18:56:40.393 8886 9035 I CouchbaseLite/REPLICATOR: {Repl#15443} {Coll#0} Scanning for pre-existing conflicts...
04-12 18:56:40.394 8886 9035 I CouchbaseLite/REPLICATOR: {Repl#15443} {Coll#0} Found 0 conflicted docs in 0.062 sec
04-12 18:56:40.440 8886 9035 I CouchbaseLite/REPLICATOR: {Repl#15443} {Coll#0} Read local checkpoint 'cp-GeXYPlhmWYlGsECdqGVkCOk9Wpc=': {"time":1712962450,"local":7,"remote":45262888}
04-12 18:56:40.441 8886 9035 I CouchbaseLite/REPLICATOR: {Repl#15443} {Coll#-1} activityLevel=connecting: connectionState=1, savingChkpt=0
04-12 18:56:40.581 8886 9034 I CouchbaseLite/REPLICATOR: {Repl#15429} {Coll#0} Found 0 conflicted docs in 0.276 sec
04-12 18:56:40.590 8886 9034 I CouchbaseLite/REPLICATOR: {Repl#15429} {Coll#0} Read local checkpoint 'cp-EUIwC4qPpttqvSBmzfkR34rhris=': {"time":1712962485,"remote":376871862}
04-12 18:56:40.590 8886 9034 I CouchbaseLite/REPLICATOR: {Repl#15429} {Coll#-1} activityLevel=connecting: connectionState=1, savingChkpt=0
04-12 18:56:40.778 8886 9418 D CouchbaseLite/NETWORK: [JAVA] Extended trust check: 4, GENERIC, stage.realtime-sync-gw.wdprapps.disney.com
04-12 18:56:40.798 8886 9420 D CouchbaseLite/NETWORK: [JAVA] Extended trust check: 4, GENERIC, stage.realtime-sync-gw.wdprapps.disney.com
04-12 18:56:40.812 8886 9811 D CouchbaseLite/NETWORK: [JAVA] Extended trust check: 4, GENERIC, stage.realtime-sync-gw.wdprapps.disney.com
04-12 18:56:41.248 8886 9420 D CouchbaseLite/NETWORK: [JAVA] OkHttpSocket@0x5971b5a.onOpen: Response{protocol=http/1.1, code=101, message=Switching Protocols, url=https://stage.realtime-sync-gw.wdprapps.disney.com/park-platform-priv/_blipsync}
04-12 18:56:41.251 8886 9420 D CouchbaseLite/NETWORK: [JAVA] CBLWebSocket@@0xd48418b{vC4Socket@xb4000077c9829670 <=> OkHttpSocket@0x5971b5a(wss://stage.realtime-sync-gw.wdprapps.disney.com:443/park-platform-priv/_blipsync)}.remoteOpened: {Server=Couchbase Sync Gateway/3.1.3 EE, Connection=Upgrade, Sec-Websocket-Protocol=BLIP_3+CBMobile_3, Upgrade=websocket, Date=Fri, 12 Apr 2024 22:56:39 GMT, Sec-Websocket-Accept=REY8PLRm5SigyLBWBgbUcYe/1kM=}
04-12 18:56:41.251 8886 9420 D CouchbaseLite/NETWORK: [JAVA] StateMachine@0xde29681: transition OPENING => OPEN
04-12 18:56:41.252 8886 9420 D CouchbaseLite/NETWORK: [JAVA] vC4Socket@xb4000077c9829670.ackOpenToCore
04-12 18:56:41.252 8886 9420 I CouchbaseLite/NETWORK: {N8litecore4repl12C4SocketImplE#15445} Got HTTP response (status 101)
04-12 18:56:41.253 8886 9031 I CouchbaseLite/REPLICATOR: {Repl#15443} {Coll#-1} activityLevel=connecting: connectionState=1, savingChkpt=0
04-12 18:56:41.253 8886 9420 I CouchbaseLite/NETWORK: {N8litecore4repl12C4SocketImplE#15445} Connected!
04-12 18:56:41.253 8886 9420 I CouchbaseLite/NETWORK: {N8litecore4blip10ConnectionE#15442} Connected!
04-12 18:56:41.257 8886 9036 I CouchbaseLite/NETWORK: {N8litecore4blip6BLIPIOE#15531}==> N8litecore4blip6BLIPIOE ->wss://stage.realtime-sync-gw.wdprapps.disney.com/park-platform-priv/_blipsync @0xb4000077e99746f0
04-12 18:56:41.260 8886 9036 V CouchbaseLite/NETWORK: {N8litecore4blip6BLIPIOE#15531} WebSocket is hungry!
04-12 18:56:41.262 8886 9036 V CouchbaseLite/NETWORK: {N8litecore4blip6BLIPIOE#15531} Starting writeToWebSocket loop...
04-12 18:56:41.263 8886 9036 V CouchbaseLite/NETWORK: {N8litecore4blip6BLIPIOE#15531} ...Wrote 0 bytes to WebSocket (writeable=1)
04-12 18:56:41.269 8886 9033 I CouchbaseLite/REPLICATOR: {Repl#15443} {Coll#-1} Connected!
04-12 18:56:41.271 8886 9033 V CouchbaseLite/REPLICATOR: {Repl#15443} {Coll#-1} Requesting remote checkpoint 'cp-GeXYPlhmWYlGsECdqGVkCOk9Wpc=' of the default collection
04-12 18:56:41.274 8886 9033 I CouchbaseLite/NETWORK: SENDING: REQ #0 {
04-12 18:56:41.274 8886 9033 I CouchbaseLite/NETWORK: Profile: getCheckpoint
04-12 18:56:41.274 8886 9033 I CouchbaseLite/NETWORK: client: cp-GeXYPlhmWYlGsECdqGVkCOk9Wpc= }
04-12 18:56:41.276 8886 9033 I CouchbaseLite/REPLICATOR: {Repl#15443} {Coll#-1} activityLevel=busy: connectionState=2, savingChkpt=0
04-12 18:56:41.277 8886 9035 V CouchbaseLite/NETWORK: {N8litecore4blip6BLIPIOE#15531} Sending 'getCheckpoint' REQ #0
04-12 18:56:41.277 8886 9035 V CouchbaseLite/NETWORK: {N8litecore4blip6BLIPIOE#15531} Requeuing REQ #0...
04-12 18:56:41.278 8886 9035 V CouchbaseLite/NETWORK: {N8litecore4blip6BLIPIOE#15531} Starting writeToWebSocket loop...
04-12 18:56:41.280 8886 9035 V CouchbaseLite/NETWORK: {N8litecore4blip6BLIPIOE#15531} Sending frame: REQ #1 ----, bytes 0--65
04-12 18:56:41.280 8886 9035 V CouchbaseLite/NETWORK: {N8litecore4repl12C4SocketImplE#15445} Sending 68-byte message
04-12 18:56:41.281 8886 9035 D CouchbaseLite/NETWORK: [JAVA] ^C4Socket.write@b4000077c9829670(68)
04-12 18:56:41.281 8886 9035 V CouchbaseLite/NETWORK: {N8litecore4blip6BLIPIOE#15531} Finished sending REQ #1
04-12 18:56:41.281 8886 9035 V CouchbaseLite/NETWORK: {N8litecore4blip6BLIPIOE#15531} ...Wrote 68 bytes to WebSocket (writeable=1)
04-12 18:56:41.281 8886 9049 D CouchbaseLite/NETWORK: [JAVA] CBLWebSocket@@0xd48418b{vC4Socket@xb4000077c9829670 <=> OkHttpSocket@0x5971b5a(wss://stage.realtime-sync-gw.wdprapps.disney.com:443/park-platform-priv/_blipsync)}.coreWrites(68)
04-12 18:56:41.282 8886 9049 D CouchbaseLite/NETWORK: [JAVA] OkHttpSocket@0x5971b5a.write(68)
04-12 18:56:41.282 8886 9049 D CouchbaseLite/NETWORK: [JAVA] vC4Socket@xb4000077c9829670.ackWriteToCore(68)
04-12 18:56:41.283 8886 9033 I CouchbaseLite/REPLICATOR: {Repl#15443} {Coll#-1} now busy
04-12 18:56:41.285 8886 9033 I CouchbaseLite/REPLICATOR: {C4Replicator#15444} State: busy, progress=0.00%
04-12 18:56:41.287 8886 9033 D CouchbaseLite/REPLICATOR: [JAVA] C4Replicator.statusChangedCallback(0x7f9fea2a) C4CommonRepl{@0x451f677/@xb4000077b979b750, @0xc0c2076, SocketFactory{@URLEndpoint{url=wss://stage.realtime-sync-gw.wdprapps.disney.com/park-platform-priv}}'}: C4ReplicatorStatus{level=4,completed=0,total=0,#docs=0,domain=0,code=0,info=0}
04-12 18:56:41.289 8886 9050 I CouchbaseLite/REPLICATOR: [JAVA] status changed: (0, 0) @C4ReplicatorStatus{level=4,completed=0,total=0,#docs=0,domain=0,code=0,info=0} for Replicator{@0xc0c2076(<*>),Database{@@0x97fb813: 'finder-private.73600.en_us'} => URLEndpoint{url=wss://stage.realtime-sync-gw.wdprapps.disney.com/park-platform-priv}}$C4CommonRepl{@0x451f677/@xb4000077b979b750, @0xc0c2076, SocketFactory{@URLEndpoint{url=wss://stage.realtime-sync-gw.wdprapps.disney.com/park-platform-priv}}'}
04-12 18:56:41.289 8886 9033 I CouchbaseLite/REPLICATOR: {Repl#15443} {Coll#-1} activityLevel=busy: connectionState=2, savingChkpt=0
04-12 18:56:41.290 8886 9050 D CouchbaseLite/NETWORK: [JAVA] Offline state change for com.couchbase.lite.internal.replicator.AndroidConnectivityObserver@73b0f05: CONNECTING -> true
04-12 18:56:41.291 8886 9050 I CouchbaseLite/REPLICATOR: [JAVA] State changed CONNECTING => BUSY(0/0): null for Replicator{@0xc0c2076(<*>),Database{@@0x97fb813: 'finder-private.73600.en_us'} => URLEndpoint{url=wss://stage.realtime-sync-gw.wdprapps.disney.com/park-platform-priv}}$C4CommonRepl{@0x451f677/@xb4000077b979b750, @0xc0c2076, SocketFactory{@URLEndpoint{url=wss://stage.realtime-sync-gw.wdprapps.disney.com/park-platform-priv}}'}
04-12 18:56:41.293 8886 9418 D CouchbaseLite/NETWORK: [JAVA] OkHttpSocket@0x46f964c.onOpen: Response{protocol=http/1.1, code=101, message=Switching Protocols, url=https://stage.realtime-sync-gw.wdprapps.disney.com/park-platform-pub/_blipsync}
04-12 18:56:41.293 8886 9418 D CouchbaseLite/NETWORK: [JAVA] CBLWebSocket@@0xe165695{vC4Socket@xb4000077c9848300 <=> OkHttpSocket@0x46f964c(wss://stage.realtime-sync-gw.wdprapps.disney.com:443/park-platform-pub/_blipsync)}.remoteOpened: {Server=Couchbase Sync Gateway/3.1.3 EE, Connection=Upgrade, Sec-Websocket-Protocol=BLIP_3+CBMobile_3, Upgrade=websocket, Date=Fri, 12 Apr 2024 22:56:39 GMT, Sec-Websocket-Accept=fuTq+kz8x7XR8tV0uWex/nd1vwU=}
04-12 18:56:41.293 8886 9418 D CouchbaseLite/NETWORK: [JAVA] StateMachine@0xf653b9b: transition OPENING => OPEN
04-12 18:56:41.293 8886 9418 D CouchbaseLite/NETWORK: [JAVA] vC4Socket@xb4000077c9848300.ackOpenToCore
04-12 18:56:41.293 8886 9418 I CouchbaseLite/NETWORK: {N8litecore4repl12C4SocketImplE#15431} Got HTTP response (status 101)
04-12 18:56:41.293 8886 9418 I CouchbaseLite/NETWORK: {N8litecore4repl12C4SocketImplE#15431} Connected!
