04-12 18:57:30.218 8886 10541 D CouchbaseLite/NETWORK: [JAVA] StateMachine@0xec54723: transition CLOSING => CLOSED
04-12 18:57:30.219 8886 10541 D CouchbaseLite/NETWORK: [JAVA] vC4Socket@xb4000077c9852980.closeCore(1, 0): ''
04-12 18:57:30.219 8886 10541 I CouchbaseLite/NETWORK: {N8litecore4repl12C4SocketImplE#21302} WebSocket closed normally
04-12 18:57:30.219 8886 10541 I CouchbaseLite/NETWORK: {N8litecore4repl12C4SocketImplE#21302} sent 1431 bytes, rcvd 459, in 2.416 sec (592/sec, 190/sec)
04-12 18:57:30.220 8886 9038 I CouchbaseLite/NETWORK: {N8litecore4blip10ConnectionE#21102} Closed with WebSocket/HTTP status 1000:
04-12 18:57:30.220 8886 9038 I CouchbaseLite/REPLICATOR: {Repl#21103} {Coll#-1} Connection closed with WebSocket/HTTP status 1000: "" (state=3->0)
04-12 18:57:30.221 8886 9038 I CouchbaseLite/REPLICATOR: {Repl#21103} {Coll#-1} activityLevel=stopped: connectionState=0, savingChkpt=0
04-12 18:57:30.222 8886 9033 I CouchbaseLite/REPLICATOR: {N8litecore4repl6PullerE#21393} {Coll#0} activityLevel=stopped: pendingResponseCount=0, _caughtUp=1, _pendingRevMessages=0, _activeIncomingRevs=0, _waitingRevMessages=0, _unfinishedIncomingRevs=0
04-12 18:57:30.223 8886 9033 V CouchbaseLite/REPLICATOR: {N8litecore4repl6PullerE#21393} {Coll#0} now stopped
04-12 18:57:30.224 8886 9038 I CouchbaseLite/REPLICATOR: {Repl#21103} {Coll#-1} now stopped
04-12 18:57:30.240 8886 10543 D CouchbaseLite/NETWORK: [JAVA] OkHttpSocket@0xf8f3281.onClosing(1000): ''
04-12 18:57:30.241 8886 10543 D CouchbaseLite/NETWORK: [JAVA] CBLWebSocket@@0x221ff26{vC4Socket@xb4000077c98d3ce0 <=> OkHttpSocket@0xf8f3281(wss://stage.realtime-sync-gw.wdprapps.disney.com:443/park-platform-semipriv/_blipsync)}.remoteRequestsClose: CloseStatus{0:1000, }
04-12 18:57:30.241 8886 10543 D CouchbaseLite/NETWORK: [JAVA] StateMachine@0x19b6767: transition OPEN => CLOSING
04-12 18:57:30.242 8886 10543 D CouchbaseLite/NETWORK: [JAVA] vC4Socket@xb4000077c98d3ce0.requestCoreClose(1000): ''
04-12 18:57:30.242 8886 10543 V CouchbaseLite/NETWORK: {N8litecore4repl12C4SocketImplE#21309} Calling requestClose when the socket is pending close
04-12 18:57:30.242 8886 10543 D CouchbaseLite/NETWORK: [JAVA] OkHttpSocket@0xf8f3281.onClosed(1000): ''
04-12 18:57:30.243 8886 10543 D CouchbaseLite/NETWORK: [JAVA] CBLWebSocket@@0x221ff26{vC4Socket@xb4000077c98d3ce0 <=> OkHttpSocket@0xf8f3281(wss://stage.realtime-sync-gw.wdprapps.disney.com:443/park-platform-semipriv/_blipsync)}.remoteClosed: CloseStatus{6:1000, }
04-12 18:57:30.243 8886 10543 D CouchbaseLite/NETWORK: [JAVA] StateMachine@0x19b6767: transition CLOSING => CLOSED
04-12 18:57:30.243 8886 10543 D CouchbaseLite/NETWORK: [JAVA] vC4Socket@xb4000077c98d3ce0.closeCore(1, 0): ''
04-12 18:57:30.244 8886 10543 I CouchbaseLite/NETWORK: {N8litecore4repl12C4SocketImplE#21309} WebSocket closed normally
04-12 18:57:30.244 8886 10543 I CouchbaseLite/NETWORK: {N8litecore4repl12C4SocketImplE#21309} sent 274 bytes, rcvd 117, in 2.362 sec (116/sec, 50/sec)
04-12 18:57:30.245 8886 9031 I CouchbaseLite/NETWORK: {N8litecore4blip10ConnectionE#21107} Closed with WebSocket/HTTP status 1000:
04-12 18:57:30.246 8886 9031 I CouchbaseLite/REPLICATOR: {Repl#21108} {Coll#-1} Connection closed with WebSocket/HTTP status 1000: "" (state=3->0)
04-12 18:57:30.247 8886 9031 I CouchbaseLite/REPLICATOR: {Repl#21108} {Coll#-1} activityLevel=stopped: connectionState=0, savingChkpt=0
04-12 18:57:30.247 8886 9031 I CouchbaseLite/REPLICATOR: {Repl#21108} {Coll#-1} now stopped
04-12 18:57:30.251 8886 9037 I CouchbaseLite/REPLICATOR: {N8litecore4repl6PullerE#21389} {Coll#0} activityLevel=stopped: pendingResponseCount=0, _caughtUp=1, _pendingRevMessages=0, _activeIncomingRevs=0, _waitingRevMessages=0, _unfinishedIncomingRevs=0
04-12 18:57:30.251 8886 9037 V CouchbaseLite/REPLICATOR: {N8litecore4repl6PullerE#21389} {Coll#0} now stopped
04-12 18:57:30.299 8886 10542 D CouchbaseLite/NETWORK: [JAVA] OkHttpSocket@0x77f67c.onClosing(1000): ''
04-12 18:57:30.318 8886 10542 D CouchbaseLite/NETWORK: [JAVA] CBLWebSocket@@0x15eb05{vC4Socket@xb4000077c980ecf0 <=> OkHttpSocket@0x77f67c(wss://stage.realtime-sync-gw.wdprapps.disney.com:443/park-platform-priv/_blipsync)}.remoteRequestsClose: CloseStatus{0:1000, }
04-12 18:57:30.318 8886 10542 D CouchbaseLite/NETWORK: [JAVA] StateMachine@0x1cec75a: transition OPEN => CLOSING
04-12 18:57:30.319 8886 10542 D CouchbaseLite/NETWORK: [JAVA] vC4Socket@xb4000077c980ecf0.requestCoreClose(1000): ''
04-12 18:57:30.324 8886 10542 V CouchbaseLite/NETWORK: {N8litecore4repl12C4SocketImplE#21308} Calling requestClose when the socket is pending close
04-12 18:57:30.324 8886 10542 D CouchbaseLite/NETWORK: [JAVA] OkHttpSocket@0x77f67c.onClosed(1000): ''
04-12 18:57:30.324 8886 10542 D CouchbaseLite/NETWORK: [JAVA] CBLWebSocket@@0x15eb05{vC4Socket@xb4000077c980ecf0 <=> OkHttpSocket@0x77f67c(wss://stage.realtime-sync-gw.wdprapps.disney.com:443/park-platform-priv/_blipsync)}.remoteClosed: CloseStatus{6:1000, }
04-12 18:57:30.327 8886 10542 D CouchbaseLite/NETWORK: [JAVA] StateMachine@0x1cec75a: transition CLOSING => CLOSED
04-12 18:57:30.328 8886 10542 D CouchbaseLite/NETWORK: [JAVA] vC4Socket@xb4000077c980ecf0.closeCore(1, 0): ''
04-12 18:57:30.328 8886 10542 I CouchbaseLite/NETWORK: {N8litecore4repl12C4SocketImplE#21308} WebSocket closed normally
04-12 18:57:30.328 8886 10542 I CouchbaseLite/NETWORK: {N8litecore4repl12C4SocketImplE#21308} sent 503 bytes, rcvd 168, in 2.475 sec (203/sec, 68/sec)
04-12 18:57:30.328 8886 9033 I CouchbaseLite/NETWORK: {N8litecore4blip10ConnectionE#21112} Closed with WebSocket/HTTP status 1000:
04-12 18:57:30.329 8886 9033 I CouchbaseLite/REPLICATOR: {Repl#21113} {Coll#-1} Connection closed with WebSocket/HTTP status 1000: "" (state=3->0)
04-12 18:57:30.336 8886 9037 I CouchbaseLite/REPLICATOR: {N8litecore4repl6PusherE#21399} {Coll#0} activityLevel=stopped: pendingResponseCount=0, caughtUp=1, changeLists=0, revsInFlight=0, blobsInFlight=0, awaitingReply=0, revsToSend=0, pushingDocs=0, pendingSequences=0
04-12 18:57:30.337 8886 9035 I CouchbaseLite/REPLICATOR: {N8litecore4repl6PullerE#21402} {Coll#0} activityLevel=stopped: pendingResponseCount=0, _caughtUp=1, _pendingRevMessages=0, _activeIncomingRevs=0, _waitingRevMessages=0, _unfinishedIncomingRevs=0
04-12 18:57:30.337 8886 9035 V CouchbaseLite/REPLICATOR: {N8litecore4repl6PullerE#21402} {Coll#0} now stopped
04-12 18:57:30.346 8886 9038 I CouchbaseLite/REPLICATOR: {C4Replicator#21104} State: stopped, progress=0.00%
04-12 18:57:30.350 8886 9038 D CouchbaseLite/REPLICATOR: [JAVA] C4Replicator.statusChangedCallback(0x7953bae) C4CommonRepl{@0xed30b20/@xb4000077b979fb90, @0xb116a23, SocketFactory{@URLEndpoint{url=wss://stage.realtime-sync-gw.wdprapps.disney.com/park-platform-pub/}}'}: C4ReplicatorStatus{level=0,completed=0,total=0,#docs=0,domain=0,code=0,info=0}
04-12 18:57:30.353 8886 9047 I CouchbaseLite/REPLICATOR: [JAVA] status changed: (0, 0) @C4ReplicatorStatus{level=0,completed=0,total=0,#docs=0,domain=0,code=0,info=0} for Replicator{@0xb116a23(<*),Database{@@0x5c116b6: 'finder.73600.en_us-stage'} => URLEndpoint{url=wss://stage.realtime-sync-gw.wdprapps.disney.com/park-platform-pub/}}$C4CommonRepl{@0xed30b20/@xb4000077b979fb90, @0xb116a23, SocketFactory{@URLEndpoint{url=wss://stage.realtime-sync-gw.wdprapps.disney.com/park-platform-pub/}}'}
04-12 18:57:30.355 8886 9047 D CouchbaseLite/NETWORK: [JAVA] Offline state change for com.couchbase.lite.internal.replicator.AndroidConnectivityObserver@987e5e4: BUSY -> true
04-12 18:57:30.356 8886 9047 I CouchbaseLite/REPLICATOR: [JAVA] State changed BUSY => STOPPED(0/0): null for Replicator{@0xb116a23(<*),Database{@@0x5c116b6: 'finder.73600.en_us-stage'} => URLEndpoint{url=wss://stage.realtime-sync-gw.wdprapps.disney.com/park-platform-pub/}}$C4CommonRepl{@0xed30b20/@xb4000077b979fb90, @0xb116a23, SocketFactory{@URLEndpoint{url=wss://stage.realtime-sync-gw.wdprapps.disney.com/park-platform-pub/}}'}
04-12 18:57:30.358 8886 9037 V CouchbaseLite/REPLICATOR: {N8litecore4repl6PusherE#21399} {Coll#0} now stopped
04-12 18:57:30.359 8886 9038 I CouchbaseLite/REPLICATOR: BLIP sent 5 msgs (1431 bytes), rcvd 2 msgs (459 bytes) in 2.548 sec. Max outbox depth was 1, avg 1.00
04-12 18:57:30.367 8886 9031 I CouchbaseLite/REPLICATOR: {C4Replicator#21109} State: stopped, progress=0.00%
04-12 18:57:30.368 8886 9031 D CouchbaseLite/REPLICATOR: [JAVA] C4Replicator.statusChangedCallback(0x68ae90cd) C4CommonRepl{@0xecf7c50/@xb4000077b97b9c10, @0x1412213, SocketFactory{@URLEndpoint{url=wss://stage.realtime-sync-gw.wdprapps.disney.com/park-platform-semipriv}}'}: C4ReplicatorStatus{level=0,completed=0,total=0,#docs=0,domain=0,code=0,info=0}
04-12 18:57:30.369 8886 9046 I CouchbaseLite/REPLICATOR: [JAVA] status changed: (0, 0) @C4ReplicatorStatus{level=0,completed=0,total=0,#docs=0,domain=0,code=0,info=0} for Replicator{@0x1412213(<*),Database{@@0x2e0afa2: 'finder-semi-private.73600.en_us'} => URLEndpoint{url=wss://stage.realtime-sync-gw.wdprapps.disney.com/park-platform-semipriv}}$C4CommonRepl{@0xecf7c50/@xb4000077b97b9c10, @0x1412213, SocketFactory{@URLEndpoint{url=wss://stage.realtime-sync-gw.wdprapps.disney.com/park-platform-semipriv}}'}
04-12 18:57:30.369 8886 9046 D CouchbaseLite/NETWORK: [JAVA] Offline state change for com.couchbase.lite.internal.replicator.AndroidConnectivityObserver@ab80d7c: BUSY -> true
04-12 18:57:30.371 8886 9046 I CouchbaseLite/REPLICATOR: [JAVA] State changed BUSY => STOPPED(0/0): null for Replicator{@0x1412213(<*),Database{@@0x2e0afa2: 'finder-semi-private.73600.en_us'} => URLEndpoint{url=wss://stage.realtime-sync-gw.wdprapps.disney.com/park-platform-semipriv}}$C4CommonRepl{@0xecf7c50/@xb4000077b97b9c10, @0x1412213, SocketFactory{@URLEndpoint{url=wss://stage.realtime-sync-gw.wdprapps.disney.com/park-platform-semipriv}}'}
04-12 18:57:30.378 8886 9033 I CouchbaseLite/REPLICATOR: {Repl#21113} {Coll#-1} activityLevel=stopped: connectionState=0, savingChkpt=0
04-12 18:57:30.379 8886 9033 I CouchbaseLite/REPLICATOR: {Repl#21113} {Coll#-1} now stopped
04-12 18:57:30.385 8886 9031 I CouchbaseLite/REPLICATOR: BLIP sent 2 msgs (274 bytes), rcvd 1 msgs (117 bytes) in 2.492 sec. Max outbox depth was 1, avg 1.00
04-12 18:57:30.414 8886 9033 I CouchbaseLite/REPLICATOR: {C4Replicator#21114} State: stopped, progress=0.00%
04-12 18:57:30.415 8886 9033 D CouchbaseLite/REPLICATOR: [JAVA] C4Replicator.statusChangedCallback(0x6dca7ff1) C4CommonRepl{@0xe61b605/@xb4000077b97d02d0, @0x211cc6f, SocketFactory{@URLEndpoint{url=wss://stage.realtime-sync-gw.wdprapps.disney.com/park-platform-priv}}'}: C4ReplicatorStatus{level=0,completed=0,total=0,#docs=0,domain=0,code=0,info=0}
04-12 18:57:30.416 8886 9039 I CouchbaseLite/REPLICATOR: [JAVA] status changed: (0, 0) @C4ReplicatorStatus{level=0,completed=0,total=0,#docs=0,domain=0,code=0,info=0} for Replicator{@0x211cc6f(<*>),Database{@@0x97fb813: 'finder-private.73600.en_us'} => URLEndpoint{url=wss://stage.realtime-sync-gw.wdprapps.disney.com/park-platform-priv}}$C4CommonRepl{@0xe61b605/@xb4000077b97d02d0, @0x211cc6f, SocketFactory{@URLEndpoint{url=wss://stage.realtime-sync-gw.wdprapps.disney.com/park-platform-priv}}'}
04-12 18:57:30.416 8886 9039 D CouchbaseLite/NETWORK: [JAVA] Offline state change for com.couchbase.lite.internal.replicator.AndroidConnectivityObserver@4368568: BUSY -> true
04-12 18:57:30.417 8886 9039 I CouchbaseLite/REPLICATOR: [JAVA] State changed BUSY => STOPPED(0/0): null for Replicator{@0x211cc6f(<*>),Database{@@0x97fb813: 'finder-private.73600.en_us'} => URLEndpoint{url=wss://stage.realtime-sync-gw.wdprapps.disney.com/park-platform-priv}}$C4CommonRepl{@0xe61b605/@xb4000077b97d02d0, @0x211cc6f, SocketFactory{@URLEndpoint{url=wss://stage.realtime-sync-gw.wdprapps.disney.com/park-platform-priv}}'}
04-12 18:57:30.439 8886 9033 I CouchbaseLite/REPLICATOR: BLIP sent 5 msgs (503 bytes), rcvd 1 msgs (168 bytes) in 2.562 sec. Max outbox depth was 1, avg 1.00
04-12 18:57:30.481 8886 8886 I CouchbaseLite/REPLICATOR: [JAVA] Replicator is starting
04-12 18:57:30.481 8886 8886 D CouchbaseLite/REPLICATOR: [JAVA] Replication options: {headers={User-Agent=CouchbaseLite/3.1.6-vf002-50983 (Java; Android 13; Pixel 7 Pro) EE/debug, Commit/cddb9521ab@e80006cb3780 Core/3.1.6 (50971)}, maxRetryInterval=300, maxRetries=9, acceptParentDomainCookies=false, auth={password=r7JQaAsQhxT682iv, type=Basic, username=DPECP-MOBILE.WDW.ANDROID-STAGE}, heartbeat=300, onlySelfSignedServer=false, autoPurge=true}
04-12 18:57:30.482 8886 8886 D CouchbaseLite/REPLICATOR: [JAVA] Setting c4 replicator @0x3c3d721 for replicator @0x40fd188
04-12 18:57:30.548 8886 8886 I CouchbaseLite/NETWORK: {N8litecore4blip10ConnectionE#21478}==> N8litecore4blip10ConnectionE ->wss://stage.realtime-sync-gw.wdprapps.disney.com/park-platform-pub/_blipsync @0xb4000077597b00b0
04-12 18:57:30.548 8886 8886 I CouchbaseLite/NETWORK: {N8litecore4blip10ConnectionE#21478} Opening connection...
04-12 18:57:30.549 8886 8886 I CouchbaseLite/REPLICATOR: {Repl#21479}==> N8litecore4repl10ReplicatorE /data/data/com.disney.wdw.android.debug/files/finder.73600.en_us-stage.cblite2/ ->wss://stage.realtime-sync-gw.wdprapps.disney.com/park-platform-pub/_blipsync @0xb4000077e999c980
04-12 18:57:30.549 8886 8886 I CouchbaseLite/REPLICATOR: {Repl#21479} {Coll#-1} {{Coll#0} "_default": {"Push": disabled, "Pull": continuous}}
04-12 18:57:30.549 8886 8886 I CouchbaseLite/REPLICATOR: Options={acceptParentDomainCookies:false, auth:{password:"********", type:"Basic", username:"DPECP-MOBILE.WDW.ANDROID-STAGE"}, autoPurge:true, headers:{User-Agent:"CouchbaseLite/3.1.6-vf002-50983 (Java; Android 13; Pixel 7 Pro) EE/debug, Commit/cddb9521ab@e80006cb3780 Core/3.1.6 (50971)"}, heartbeat:300, maxRetries:9, maxRetryInterval:300, onlySelfSignedServer:false}
04-12 18:57:30.549 8886 8886 V CouchbaseLite/REPLICATOR: {Repl#21479} {Coll#-1} Remote-DB ID 1 found for target
04-12 18:57:30.549 8886 8886 I CouchbaseLite/REPLICATOR: {C4Replicator#21480}==> N8litecore18C4RemoteReplicatorE 0xb4000077b9817460 @0xb4000077b9817460
04-12 18:57:30.549 8886 8886 V CouchbaseLite/REPLICATOR: {C4Replicator#21480} C4RemoteRepl 0xb4000077b9817460 created Repl 0xb4000077e999c980
04-12 18:57:30.549 8886 8886 I CouchbaseLite/REPLICATOR: {C4Replicator#21480} Starting Replicator {Repl#21479} with config: {{{Coll#0} "_default": {"Push": disabled, "Pull": continuous}}
04-12 18:57:30.549 8886 8886 I CouchbaseLite/REPLICATOR: Options={acceptParentDomainCookies:false, auth:{password:"********", type:"Basic", username:"DPECP-MOBILE.WDW.ANDROID-STAGE"}, autoPurge:true, headers:{User-Agent:"CouchbaseLite/3.1.6-vf002-50983 (Java; Android 13; Pixel 7 Pro) EE/debug, Commit/cddb9521ab@e80006cb3780 Core/3.1.6 (50971)"}, heartbeat:300, maxRetries:9, maxRetryInterval:300, onlySelfSignedServer:false}}
04-12 18:57:30.549 8886 8886 I CouchbaseLite/REPLICATOR: [JAVA] State changed STOPPED => CONNECTING(0/0): null for Replicator{@0x40fd188(<*),Database{@@0x5c116b6: 'finder.73600.en_us-stage'} => URLEndpoint{url=wss://stage.realtime-sync-gw.wdprapps.disney.com/park-platform-pub/}}$C4CommonRepl{@0x3c3d721/@xb4000077b9817450, @0x40fd188, SocketFactory{@URLEndpoint{url=wss://stage.realtime-sync-gw.wdprapps.disney.com/park-platform-pub/}}'}
04-12 18:57:30.551 8886 9047 I CouchbaseLite/REPLICATOR: [JAVA] status changed: (0, 0) @C4ReplicatorStatus{level=2,completed=0,total=0,#docs=0,domain=0,code=0,info=0} for Replicator{@0x40fd188(<*),Database{@@0x5c116b6: 'finder.73600.en_us-stage'} => URLEndpoint{url=wss://stage.realtime-sync-gw.wdprapps.disney.com/park-platform-pub/}}$C4CommonRepl{@0x3c3d721/@xb4000077b9817450, @0x40fd188, SocketFactory{@URLEndpoint{url=wss://stage.realtime-sync-gw.wdprapps.disney.com/park-platform-pub/}}'}
04-12 18:57:30.551 8886 9047 D CouchbaseLite/NETWORK: [JAVA] Offline state change for com.couchbase.lite.internal.replicator.AndroidConnectivityObserver@6ffca91: CONNECTING -> true
04-12 18:57:30.551 8886 8886 I CouchbaseLite/REPLICATOR: [JAVA] Replicator is starting
04-12 18:57:30.552 8886 8886 D CouchbaseLite/REPLICATOR: [JAVA] Replication options: {headers={User-Agent=CouchbaseLite/3.1.6-vf002-50983 (Java; Android 13; Pixel 7 Pro) EE/debug, Commit/cddb9521ab@e80006cb3780 Core/3.1.6 (50971)}, maxRetryInterval=300, maxRetries=9, acceptParentDomainCookies=false, auth={password=K8ynstages73eHBgT612, type=Basic, username=MOBILE.WDW.ANDROID-SPRIV-STAGE}, heartbeat=300, onlySelfSignedServer=false, autoPurge=true}
04-12 18:57:30.553 8886 8886 D CouchbaseLite/REPLICATOR: [JAVA] Setting c4 replicator @0xb6ddc64 for replicator @0x46365f7
04-12 18:57:30.553 8886 9047 I CouchbaseLite/REPLICATOR: [JAVA] State changed CONNECTING => CONNECTING(0/0): null for Replicator{@0x40fd188(<*),Database{@@0x5c116b6: 'finder.73600.en_us-stage'} => URLEndpoint{url=wss://stage.realtime-sync-gw.wdprapps.disney.com/park-platform-pub/}}$C4CommonRepl{@0x3c3d721/@xb4000077b9817450, @0x40fd188, SocketFactory{@URLEndpoint{url=wss://stage.realtime-sync-gw.wdprapps.disney.com/park-platform-pub/}}'}
04-12 18:57:30.555 8886 9036 I CouchbaseLite/REPLICATOR: {Repl#21479} {Coll#0} Scanning for pre-existing conflicts...
04-12 18:57:30.556 8886 9031 I CouchbaseLite/NETWORK: {N8litecore4repl12C4SocketImplE#21481}==> N8litecore4repl12C4SocketImplE wss://stage.realtime-sync-gw.wdprapps.disney.com/park-platform-pub/_blipsync @0xb4000077c984f548
04-12 18:57:30.556 8886 9031 I CouchbaseLite/NETWORK: {N8litecore4repl12C4SocketImplE#21481} Connecting...
04-12 18:57:30.557 8886 9031 D CouchbaseLite/NETWORK: [JAVA] ^C4Socket.open@b4000077c984f6a0: null@5a1b1fb9
04-12 18:57:30.565 8886 9031 D CouchbaseLite/NETWORK: [JAVA] OkHttpSocket@0x2fb1cef.init: CBLWebSocket@@0x79653fc{vC4Socket@xb4000077c984f6a0 <=> OkHttpSocket@0x2fb1cef(wss://stage.realtime-sync-gw.wdprapps.disney.com:443/park-platform-pub/_blipsync)}
04-12 18:57:30.565 8886 9031 D CouchbaseLite/NETWORK: [JAVA] vC4Socket@xb4000077c984f6a0.init: CBLWebSocket@@0x79653fc{vC4Socket@xb4000077c984f6a0 <=> OkHttpSocket@0x2fb1cef(wss://stage.realtime-sync-gw.wdprapps.disney.com:443/park-platform-pub/_blipsync)}
04-12 18:57:30.586 8886 9046 D CouchbaseLite/NETWORK: [JAVA] CBLWebSocket@@0x79653fc{vC4Socket@xb4000077c984f6a0 <=> OkHttpSocket@0x2fb1cef(wss://stage.realtime-sync-gw.wdprapps.disney.com:443/park-platform-pub/_blipsync)}.coreRequestedOpen
04-12 18:57:30.586 8886 9046 D CouchbaseLite/NETWORK: [JAVA] StateMachine@0x903bae7: transition UNOPENED => OPENING
04-12 18:57:30.587 8886 9046 D CouchbaseLite/NETWORK: [JAVA] OkHttpSocket@0x2fb1cef.open: wss://stage.realtime-sync-gw.wdprapps.disney.com:443/park-platform-pub/_blipsync, {headers={User-Agent=CouchbaseLite/3.1.6-vf002-50983 (Java; Android 13; Pixel 7 Pro) EE/debug, Commit/cddb9521ab@e80006cb3780 Core/3.1.6 (50971)}, acceptParentDomainCookies=false, maxRetries=9, maxRetryInterval=300, auth={password=r7JQaAsQhxT682iv, type=Basic, username=DPECP-MOBILE.WDW.ANDROID-STAGE}, heartbeat=300, onlySelfSignedServer=false, WS-Protocols=BLIP_3+CBMobile_3,BLIP_3+CBMobile_2, autoPurge=true}
04-12 18:57:30.591 8886 8886 I CouchbaseLite/NETWORK: {N8litecore4blip10ConnectionE#21485}==> N8litecore4blip10ConnectionE ->wss://stage.realtime-sync-gw.wdprapps.disney.com/park-platform-semipriv/_blipsync @0xb4000077598665d0
04-12 18:57:30.591 8886 8886 I CouchbaseLite/NETWORK: {N8litecore4blip10ConnectionE#21485} Opening connection...
04-12 18:57:30.591 8886 8886 I CouchbaseLite/REPLICATOR: {Repl#21486}==> N8litecore4repl10ReplicatorE /data/data/com.disney.wdw.android.debug/files/finder-semi-private.73600.en_us.cblite2/ ->wss://stage.realtime-sync-gw.wdprapps.disney.com/park-platform-semipriv/_blipsync @0xb4000077e998c270
04-12 18:57:30.591 8886 8886 I CouchbaseLite/REPLICATOR: {Repl#21486} {Coll#-1} {{Coll#0} "_default": {"Push": disabled, "Pull": continuous}}
04-12 18:57:30.591 8886 8886 I CouchbaseLite/REPLICATOR: Options={acceptParentDomainCookies:false, auth:{password:"********", type:"Basic", username:"MOBILE.WDW.ANDROID-SPRIV-STAGE"}, autoPurge:true, headers:{User-Agent:"CouchbaseLite/3.1.6-vf002-50983 (Java; Android 13; Pixel 7 Pro) EE/debug, Commit/cddb9521ab@e80006cb3780 Core/3.1.6 (50971)"}, heartbeat:300, maxRetries:9, maxRetryInterval:300, onlySelfSignedServer:false}
04-12 18:57:30.592 8886 8886 V CouchbaseLite/REPLICATOR: {Repl#21486} {Coll#-1} Remote-DB ID 1 found for target
04-12 18:57:30.592 8886 8886 I CouchbaseLite/REPLICATOR: {C4Replicator#21487}==> N8litecore18C4RemoteReplicatorE 0xb4000077b97e98e0 @0xb4000077b97e98e0
04-12 18:57:30.592 8886 8886 V CouchbaseLite/REPLICATOR: {C4Replicator#21487} C4RemoteRepl 0xb4000077b97e98e0 created Repl 0xb4000077e998c270
04-12 18:57:30.592 8886 8886 I CouchbaseLite/REPLICATOR: {C4Replicator#21487} Starting Replicator {Repl#21486} with config: {{{Coll#0} "_default": {"Push": disabled, "Pull": continuous}}
04-12 18:57:30.592 8886 8886 I CouchbaseLite/REPLICATOR: Options={acceptParentDomainCookies:false, auth:{password:"********", type:"Basic", username:"MOBILE.WDW.ANDROID-SPRIV-STAGE"}, autoPurge:true, headers:{User-Agent:"CouchbaseLite/3.1.6-vf002-50983 (Java; Android 13; Pixel 7 Pro) EE/debug, Commit/cddb9521ab@e80006cb3780 Core/3.1.6 (50971)"}, heartbeat:300, maxRetries:9, maxRetryInterval:300, onlySelfSignedServer:false}}
04-12 18:57:30.592 8886 8886 I CouchbaseLite/REPLICATOR: [JAVA] State changed STOPPED => CONNECTING(0/0): null for Replicator{@0x46365f7(<*),Database{@@0x2e0afa2: 'finder-semi-private.73600.en_us'} => URLEndpoint{url=wss://stage.realtime-sync-gw.wdprapps.disney.com/park-platform-semipriv}}$C4CommonRepl{@0xb6ddc64/@xb4000077b97e98d0, @0x46365f7, SocketFactory{@URLEndpoint{url=wss://stage.realtime-sync-gw.wdprapps.disney.com/park-platform-semipriv}}'}
04-12 18:57:30.593 8886 9048 I CouchbaseLite/REPLICATOR: [JAVA] status changed: (0, 0) @C4ReplicatorStatus{level=2,completed=0,total=0,#docs=0,domain=0,code=0,info=0} for Replicator{@0x46365f7(<*),Database{@@0x2e0afa2: 'finder-semi-private.73600.en_us'} => URLEndpoint{url=wss://stage.realtime-sync-gw.wdprapps.disney.com/park-platform-semipriv}}$C4CommonRepl{@0xb6ddc64/@xb4000077b97e98d0, @0x46365f7, SocketFactory{@URLEndpoint{url=wss://stage.realtime-sync-gw.wdprapps.disney.com/park-platform-semipriv}}'}
04-12 18:57:30.594 8886 9048 D CouchbaseLite/NETWORK: [JAVA] Offline state change for com.couchbase.lite.internal.replicator.AndroidConnectivityObserver@900b53d: CONNECTING -> true
04-12 18:57:30.594 8886 9048 I CouchbaseLite/REPLICATOR: [JAVA] State changed CONNECTING => CONNECTING(0/0): null for Replicator{@0x46365f7(<*),Database{@@0x2e0afa2: 'finder-semi-private.73600.en_us'} => URLEndpoint{url=wss://stage.realtime-sync-gw.wdprapps.disney.com/park-platform-semipriv}}$C4CommonRepl{@0xb6ddc64/@xb4000077b97e98d0, @0x46365f7, SocketFactory{@URLEndpoint{url=wss://stage.realtime-sync-gw.wdprapps.disney.com/park-platform-semipriv}}'}
04-12 18:57:30.594 8886 8886 I CouchbaseLite/REPLICATOR: [JAVA] Replicator is starting
04-12 18:57:30.594 8886 8886 D CouchbaseLite/REPLICATOR: [JAVA] Replication options: {headers={User-Agent=CouchbaseLite/3.1.6-vf002-50983 (Java; Android 13; Pixel 7 Pro) EE/debug, Commit/cddb9521ab@e80006cb3780 Core/3.1.6 (50971)}, maxRetryInterval=300, maxRetries=9, acceptParentDomainCookies=false, heartbeat=300, onlySelfSignedServer=false, cookies=SyncGatewaySession=caac7ee0f4b92d40fdd90fc04b4d1ce8fa347518, autoPurge=true}
04-12 18:57:30.595 8886 8886 D CouchbaseLite/REPLICATOR: [JAVA] Setting c4 replicator @0x8661800 for replicator @0xcc71e83
04-12 18:57:30.598 8886 9031 I CouchbaseLite/NETWORK: {N8litecore4repl12C4SocketImplE#21489}==> N8litecore4repl12C4SocketImplE wss://stage.realtime-sync-gw.wdprapps.disney.com/park-platform-semipriv/_blipsync @0xb4000077c977d9d8
04-12 18:57:30.599 8886 9031 I CouchbaseLite/NETWORK: {N8litecore4repl12C4SocketImplE#21489} Connecting...
04-12 18:57:30.601 8886 9031 D CouchbaseLite/NETWORK: [JAVA] ^C4Socket.open@b4000077c977db30: null@65e3c052
04-12 18:57:30.611 8886 9031 D CouchbaseLite/NETWORK: [JAVA] OkHttpSocket@0xf94748a.init: CBLWebSocket@@0xa73dafb{vC4Socket@xb4000077c977db30 <=> OkHttpSocket@0xf94748a(wss://stage.realtime-sync-gw.wdprapps.disney.com:443/park-platform-semipriv/_blipsync)}
04-12 18:57:30.611 8886 9031 D CouchbaseLite/NETWORK: [JAVA] vC4Socket@xb4000077c977db30.init: CBLWebSocket@@0xa73dafb{vC4Socket@xb4000077c977db30 <=> OkHttpSocket@0xf94748a(wss://stage.realtime-sync-gw.wdprapps.disney.com:443/park-platform-semipriv/_blipsync)}
04-12 18:57:30.613 8886 9049 D CouchbaseLite/NETWORK: [JAVA] CBLWebSocket@@0xa73dafb{vC4Socket@xb4000077c977db30 <=> OkHttpSocket@0xf94748a(wss://stage.realtime-sync-gw.wdprapps.disney.com:443/park-platform-semipriv/_blipsync)}.coreRequestedOpen
04-12 18:57:30.614 8886 9049 D CouchbaseLite/NETWORK: [JAVA] StateMachine@0xd9b2bd7: transition UNOPENED => OPENING
04-12 18:57:30.614 8886 9049 D CouchbaseLite/NETWORK: [JAVA] OkHttpSocket@0xf94748a.open: wss://stage.realtime-sync-gw.wdprapps.disney.com:443/park-platform-semipriv/_blipsync, {headers={User-Agent=CouchbaseLite/3.1.6-vf002-50983 (Java; Android 13; Pixel 7 Pro) EE/debug, Commit/cddb9521ab@e80006cb3780 Core/3.1.6 (50971)}, acceptParentDomainCookies=false, maxRetries=9, maxRetryInterval=300, auth={password=K8ynstages73eHBgT612, type=Basic, username=MOBILE.WDW.ANDROID-SPRIV-STAGE}, heartbeat=300, onlySelfSignedServer=false, WS-Protocols=BLIP_3+CBMobile_3,BLIP_3+CBMobile_2, autoPurge=true}
04-12 18:57:30.669 8886 9036 I CouchbaseLite/REPLICATOR: {Repl#21479} {Coll#0} Found 0 conflicted docs in 0.120 sec
04-12 18:57:30.678 8886 9036 I CouchbaseLite/REPLICATOR: {Repl#21479} {Coll#0} Read local checkpoint 'cp-EUIwC4qPpttqvSBmzfkR34rhris=': {"time":1712962648,"remote":376872135}
04-12 18:57:30.679 8886 9036 I CouchbaseLite/REPLICATOR: {Repl#21479} {Coll#-1} activityLevel=connecting: connectionState=1, savingChkpt=0
04-12 18:57:30.700 8886 8886 I CouchbaseLite/NETWORK: {N8litecore4blip10ConnectionE#21498}==> N8litecore4blip10ConnectionE ->wss://stage.realtime-sync-gw.wdprapps.disney.com/park-platform-priv/_blipsync @0xb400007759879bc0
04-12 18:57:30.705 8886 9035 I CouchbaseLite/REPLICATOR: {Repl#21486} {Coll#0} Scanning for pre-existing conflicts...
04-12 18:57:30.706 8886 8886 I CouchbaseLite/NETWORK: {N8litecore4blip10ConnectionE#21498} Opening connection...
04-12 18:57:30.710 8886 9035 I CouchbaseLite/REPLICATOR: {Repl#21486} {Coll#0} Found 0 conflicted docs in 0.114 sec
04-12 18:57:30.710 8886 8886 I CouchbaseLite/REPLICATOR: {Repl#21499}==> N8litecore4repl10ReplicatorE /data/data/com.disney.wdw.android.debug/files/finder-private.73600.en_us.cblite2/ ->wss://stage.realtime-sync-gw.wdprapps.disney.com/park-platform-priv/_blipsync @0xb4000077e99849b0
04-12 18:57:30.710 8886 8886 I CouchbaseLite/REPLICATOR: {Repl#21499} {Coll#-1} {{Coll#0} "_default": {"Push": continuous, "Pull": continuous}}
04-12 18:57:30.710 8886 8886 I CouchbaseLite/REPLICATOR: Options={acceptParentDomainCookies:false, autoPurge:true, cookies:"SyncGatewaySession=caac7ee0f4b92d40fdd90fc04b4d1ce8fa347518", headers:{User-Agent:"CouchbaseLite/3.1.6-vf002-50983 (Java; Android 13; Pixel 7 Pro) EE/debug, Commit/cddb9521ab@e80006cb3780 Core/3.1.6 (50971)"}, heartbeat:300, maxRetries:9, maxRetryInterval:300, onlySelfSignedServer:false}
04-12 18:57:30.739 8886 8886 V CouchbaseLite/REPLICATOR: {Repl#21499} {Coll#-1} Remote-DB ID 1 found for target
04-12 18:57:30.740 8886 8886 I CouchbaseLite/REPLICATOR: {C4Replicator#21501}==> N8litecore18C4RemoteReplicatorE 0xb4000077b9824d60 @0xb4000077b9824d60
04-12 18:57:30.740 8886 8886 V CouchbaseLite/REPLICATOR: {C4Replicator#21501} C4RemoteRepl 0xb4000077b9824d60 created Repl 0xb4000077e99849b0
04-12 18:57:30.740 8886 8886 I CouchbaseLite/REPLICATOR: {C4Replicator#21501} Starting Replicator {Repl#21499} with config: {{{Coll#0} "_default": {"Push": continuous, "Pull": continuous}}
04-12 18:57:30.740 8886 8886 I CouchbaseLite/REPLICATOR: Options={acceptParentDomainCookies:false, autoPurge:true, cookies:"SyncGatewaySession=caac7ee0f4b92d40fdd90fc04b4d1ce8fa347518", headers:{User-Agent:"CouchbaseLite/3.1.6-vf002-50983 (Java; Android 13; Pixel 7 Pro) EE/debug, Commit/cddb9521ab@e80006cb3780 Core/3.1.6 (50971)"}, heartbeat:300, maxRetries:9, maxRetryInterval:300, onlySelfSignedServer:false}}
04-12 18:57:30.740 8886 8886 I CouchbaseLite/REPLICATOR: [JAVA] State changed STOPPED => CONNECTING(0/0): null for Replicator{@0xcc71e83(<*>),Database{@@0x97fb813: 'finder-private.73600.en_us'} => URLEndpoint{url=wss://stage.realtime-sync-gw.wdprapps.disney.com/park-platform-priv}}$C4CommonRepl{@0x8661800/@xb4000077b9824d50, @0xcc71e83, SocketFactory{@URLEndpoint{url=wss://stage.realtime-sync-gw.wdprapps.disney.com/park-platform-priv}}'}
04-12 18:57:30.742 8886 9034 I CouchbaseLite/NETWORK: {N8litecore4repl12C4SocketImplE#21502}==> N8litecore4repl12C4SocketImplE wss://stage.realtime-sync-gw.wdprapps.disney.com/park-platform-priv/_blipsync @0xb4000077c98a85c8
04-12 18:57:30.742 8886 9034 I CouchbaseLite/NETWORK: {N8litecore4repl12C4SocketImplE#21502} Connecting...
04-12 18:57:30.743 8886 9034 D CouchbaseLite/NETWORK: [JAVA] ^C4Socket.open@b4000077c98a8720: null@45ddfac4
04-12 18:57:30.745 8886 9050 I CouchbaseLite/REPLICATOR: [JAVA] status changed: (0, 0) @C4ReplicatorStatus{level=2,completed=0,total=0,#docs=0,domain=0,code=0,info=0} for Replicator{@0xcc71e83(<*>),Database{@@0x97fb813: 'finder-private.73600.en_us'} => URLEndpoint{url=wss://stage.realtime-sync-gw.wdprapps.disney.com/park-platform-priv}}$C4CommonRepl{@0x8661800/@xb4000077b9824d50, @0xcc71e83, SocketFactory{@URLEndpoint{url=wss://stage.realtime-sync-gw.wdprapps.disney.com/park-platform-priv}}'}
04-12 18:57:30.745 8886 9050 D CouchbaseLite/NETWORK: [JAVA] Offline state change for com.couchbase.lite.internal.replicator.AndroidConnectivityObserver@d62528f: CONNECTING -> true
04-12 18:57:30.746 8886 9050 I CouchbaseLite/REPLICATOR: [JAVA] State changed CONNECTING => CONNECTING(0/0): null for Replicator{@0xcc71e83(<*>),Database{@@0x97fb813: 'finder-private.73600.en_us'} => URLEndpoint{url=wss://stage.realtime-sync-gw.wdprapps.disney.com/park-platform-priv}}$C4CommonRepl{@0x8661800/@xb4000077b9824d50, @0xcc71e83, SocketFactory{@URLEndpoint{url=wss://stage.realtime-sync-gw.wdprapps.disney.com/park-platform-priv}}'}
04-12 18:57:30.750 8886 9034 D CouchbaseLite/NETWORK: [JAVA] OkHttpSocket@0x23b88ab.init: CBLWebSocket@@0x63f7b08{vC4Socket@xb4000077c98a8720 <=> OkHttpSocket@0x23b88ab(wss://stage.realtime-sync-gw.wdprapps.disney.com:443/park-platform-priv/_blipsync)}
04-12 18:57:30.750 8886 9034 D CouchbaseLite/NETWORK: [JAVA] vC4Socket@xb4000077c98a8720.init: CBLWebSocket@@0x63f7b08{vC4Socket@xb4000077c98a8720 <=> OkHttpSocket@0x23b88ab(wss://stage.realtime-sync-gw.wdprapps.disney.com:443/park-platform-priv/_blipsync)}
04-12 18:57:30.753 8886 9048 D CouchbaseLite/NETWORK: [JAVA] CBLWebSocket@@0x63f7b08{vC4Socket@xb4000077c98a8720 <=> OkHttpSocket@0x23b88ab(wss://stage.realtime-sync-gw.wdprapps.disney.com:443/park-platform-priv/_blipsync)}.coreRequestedOpen
04-12 18:57:30.754 8886 9048 D CouchbaseLite/NETWORK: [JAVA] StateMachine@0xb8d7f52: transition UNOPENED => OPENING
04-12 18:57:30.754 8886 9048 D CouchbaseLite/NETWORK: [JAVA] OkHttpSocket@0x23b88ab.open: wss://stage.realtime-sync-gw.wdprapps.disney.com:443/park-platform-priv/_blipsync, {headers={User-Agent=CouchbaseLite/3.1.6-vf002-50983 (Java; Android 13; Pixel 7 Pro) EE/debug, Commit/cddb9521ab@e80006cb3780 Core/3.1.6 (50971)}, acceptParentDomainCookies=false, maxRetries=9, maxRetryInterval=300, heartbeat=300, onlySelfSignedServer=false, WS-Protocols=BLIP_3+CBMobile_3,BLIP_3+CBMobile_2, autoPurge=true, cookies=SyncGatewaySession=caac7ee0f4b92d40fdd90fc04b4d1ce8fa347518}
04-12 18:57:30.762 8886 9036 I CouchbaseLite/REPLICATOR: {Repl#21499} {Coll#0} Scanning for pre-existing conflicts...
04-12 18:57:30.766 8886 9036 I CouchbaseLite/REPLICATOR: {Repl#21499} {Coll#0} Found 0 conflicted docs in 0.025 sec
04-12 18:57:30.798 8886 9036 I CouchbaseLite/REPLICATOR: {Repl#21499} {Coll#0} Read local checkpoint 'cp-GeXYPlhmWYlGsECdqGVkCOk9Wpc=': {"time":1712962450,"local":7,"remote":45262888}
04-12 18:57:30.799 8886 9036 I CouchbaseLite/REPLICATOR: {Repl#21499} {Coll#-1} activityLevel=connecting: connectionState=1, savingChkpt=0
04-12 18:57:30.800 8886 10542 D CouchbaseLite/NETWORK: [JAVA] Extended trust check: 4, GENERIC, stage.realtime-sync-gw.wdprapps.disney.com
04-12 18:57:30.806 8886 9035 I CouchbaseLite/REPLICATOR: {Repl#21486} {Coll#0} No local checkpoint 'cp-SHpbnSwgcB4cOJXwvdZ39kOvanE='
04-12 18:57:30.815 8886 9035 I CouchbaseLite/REPLICATOR: {Repl#21486} {Coll#-1} activityLevel=connecting: connectionState=1, savingChkpt=0
04-12 18:57:30.844 8886 10543 D CouchbaseLite/NETWORK: [JAVA] Extended trust check: 4, GENERIC, stage.realtime-sync-gw.wdprapps.disney.com
04-12 18:57:30.966 8886 10541 D CouchbaseLite/NETWORK: [JAVA] Extended trust check: 4, GENERIC, stage.realtime-sync-gw.wdprapps.disney.com
04-12 18:57:31.506 8886 10542 D CouchbaseLite/NETWORK: [JAVA] OkHttpSocket@0x2fb1cef.onOpen: Response{protocol=http/1.1, code=101, message=Switching Protocols, url=https://stage.realtime-sync-gw.wdprapps.disney.com/park-platform-pub/_blipsync}
04-12 18:57:31.507 8886 10542 D CouchbaseLite/NETWORK: [JAVA] CBLWebSocket@@0x79653fc{vC4Socket@xb4000077c984f6a0 <=> OkHttpSocket@0x2fb1cef(wss://stage.realtime-sync-gw.wdprapps.disney.com:443/park-platform-pub/_blipsync)}.remoteOpened: {Server=Couchbase Sync Gateway/3.1.3 EE, Connection=Upgrade, Sec-Websocket-Protocol=BLIP_3+CBMobile_3, Upgrade=websocket, Date=Fri, 12 Apr 2024 22:57:29 GMT, Sec-Websocket-Accept=3ltwdoNE6WqSFuI9sGWhiEFJ6Pk=}
04-12 18:57:31.507 8886 10542 D CouchbaseLite/NETWORK: [JAVA] StateMachine@0x903bae7: transition OPENING => OPEN
04-12 18:57:31.508 8886 10542 D CouchbaseLite/NETWORK: [JAVA] vC4Socket@xb4000077c984f6a0.ackOpenToCore
04-12 18:57:31.517 8886 10543 D CouchbaseLite/NETWORK: [JAVA] OkHttpSocket@0xf94748a.onOpen: Response{protocol=http/1.1, code=101, message=Switching Protocols, url=https://stage.realtime-sync-gw.wdprapps.disney.com/park-platform-semipriv/_blipsync}
04-12 18:57:31.517 8886 10543 D CouchbaseLite/NETWORK: [JAVA] CBLWebSocket@@0xa73dafb{vC4Socket@xb4000077c977db30 <=> OkHttpSocket@0xf94748a(wss://stage.realtime-sync-gw.wdprapps.disney.com:443/park-platform-semipriv/_blipsync)}.remoteOpened: {Server=Couchbase Sync Gateway/3.1.3 EE, Connection=Upgrade, Sec-Websocket-Protocol=BLIP_3+CBMobile_3, Upgrade=websocket, Date=Fri, 12 Apr 2024 22:57:29 GMT, Sec-Websocket-Accept=Qgu+To4PkHjgPFYZJEmYqcKKQX4=}
04-12 18:57:31.517 8886 10543 D CouchbaseLite/NETWORK: [JAVA] StateMachine@0xd9b2bd7: transition OPENING => OPEN
04-12 18:57:31.517 8886 10543 D CouchbaseLite/NETWORK: [JAVA] vC4Socket@xb4000077c977db30.ackOpenToCore
04-12 18:57:31.536 8886 10542 I CouchbaseLite/NETWORK: {N8litecore4repl12C4SocketImplE#21481} Got HTTP response (status 101)
04-12 18:57:31.536 8886 10542 I CouchbaseLite/NETWORK: {N8litecore4repl12C4SocketImplE#21481} Connected!
04-12 18:57:31.536 8886 10542 I CouchbaseLite/NETWORK: {N8litecore4blip10ConnectionE#21478} Connected!
04-12 18:57:31.539 8886 9032 I CouchbaseLite/NETWORK: {N8litecore4blip6BLIPIOE#21591}==> N8litecore4blip6BLIPIOE ->wss://stage.realtime-sync-gw.wdprapps.disney.com/park-platform-pub/_blipsync @0xb4000077e9966260
04-12 18:57:31.540 8886 9032 V CouchbaseLite/NETWORK: {N8litecore4blip6BLIPIOE#21591} WebSocket is hungry!
04-12 18:57:31.541 8886 9032 V CouchbaseLite/NETWORK: {N8litecore4blip6BLIPIOE#21591} Starting writeToWebSocket loop...
04-12 18:57:31.541 8886 9032 V CouchbaseLite/NETWORK: {N8litecore4blip6BLIPIOE#21591} ...Wrote 0 bytes to WebSocket (writeable=1)
04-12 18:57:31.542 8886 10543 I CouchbaseLite/NETWORK: {N8litecore4repl12C4SocketImplE#21489} Got HTTP response (status 101)
04-12 18:57:31.545 8886 9034 I CouchbaseLite/REPLICATOR: {Repl#21479} {Coll#-1} activityLevel=connecting: connectionState=1, savingChkpt=0
04-12 18:57:31.546 8886 9037 I CouchbaseLite/REPLICATOR: {Repl#21486} {Coll#-1} activityLevel=connecting: connectionState=1, savingChkpt=0
04-12 18:57:31.546 8886 10543 I CouchbaseLite/NETWORK: {N8litecore4repl12C4SocketImplE#21489} Connected!
04-12 18:57:31.546 8886 10543 I CouchbaseLite/NETWORK: {N8litecore4blip10ConnectionE#21485} Connected!
04-12 18:57:31.547 8886 9033 I CouchbaseLite/REPLICATOR: {Repl#21486} {Coll#-1} Connected!
04-12 18:57:31.547 8886 9033 V CouchbaseLite/REPLICATOR: {Repl#21486} {Coll#-1} Requesting remote checkpoint 'cp-SHpbnSwgcB4cOJXwvdZ39kOvanE=' of the default collection
04-12 18:57:31.547 8886 9033 I CouchbaseLite/NETWORK: SENDING: REQ #0 {
04-12 18:57:31.547 8886 9033 I CouchbaseLite/NETWORK: Profile: getCheckpoint
04-12 18:57:31.547 8886 9033 I CouchbaseLite/NETWORK: client: cp-SHpbnSwgcB4cOJXwvdZ39kOvanE= }
04-12 18:57:31.547 8886 9033 I CouchbaseLite/REPLICATOR: {Repl#21486} {Coll#-1} activityLevel=busy: connectionState=2, savingChkpt=0
04-12 18:57:31.548 8886 9033 I CouchbaseLite/REPLICATOR: {Repl#21486} {Coll#-1} now busy
04-12 18:57:31.548 8886 9033 I CouchbaseLite/REPLICATOR: {C4Replicator#21487} State: busy, progress=0.00%
04-12 18:57:31.548 8886 9033 D CouchbaseLite/REPLICATOR: [JAVA] C4Replicator.statusChangedCallback(0x6390e353) C4CommonRepl{@0xb6ddc64/@xb4000077b97e98d0, @0x46365f7, SocketFactory{@URLEndpoint{url=wss://stage.realtime-sync-gw.wdprapps.disney.com/park-platform-semipriv}}'}: C4ReplicatorStatus{level=4,completed=0,total=0,#docs=0,domain=0,code=0,info=0}
04-12 18:57:31.549 8886 9034 I CouchbaseLite/REPLICATOR: {Repl#21479} {Coll#-1} Connected!
04-12 18:57:31.549 8886 9034 V CouchbaseLite/REPLICATOR: {Repl#21479} {Coll#-1} Requesting remote checkpoint 'cp-EUIwC4qPpttqvSBmzfkR34rhris=' of the default collection
04-12 18:57:31.549 8886 9034 I CouchbaseLite/NETWORK: SENDING: REQ #0 {
04-12 18:57:31.549 8886 9034 I CouchbaseLite/NETWORK: Profile: getCheckpoint
04-12 18:57:31.549 8886 9034 I CouchbaseLite/NETWORK: client: cp-EUIwC4qPpttqvSBmzfkR34rhris= }
04-12 18:57:31.550 8886 9034 I CouchbaseLite/REPLICATOR: {Repl#21479} {Coll#-1} activityLevel=busy: connectionState=2, savingChkpt=0
04-12 18:57:31.550 8886 9049 I CouchbaseLite/REPLICATOR: [JAVA] status changed: (0, 0) @C4ReplicatorStatus{level=4,completed=0,total=0,#docs=0,domain=0,code=0,info=0} for Replicator{@0x46365f7(<*),Database{@@0x2e0afa2: 'finder-semi-private.73600.en_us'} => URLEndpoint{url=wss://stage.realtime-sync-gw.wdprapps.disney.com/park-platform-semipriv}}$C4CommonRepl{@0xb6ddc64/@xb4000077b97e98d0, @0x46365f7, SocketFactory{@URLEndpoint{url=wss://stage.realtime-sync-gw.wdprapps.disney.com/park-platform-semipriv}}'}
04-12 18:57:31.550 8886 9034 I CouchbaseLite/REPLICATOR: {Repl#21479} {Coll#-1} now busy
04-12 18:57:31.550 8886 9034 I CouchbaseLite/REPLICATOR: {C4Replicator#21480} State: busy, progress=0.00%
04-12 18:57:31.550 8886 9049 D CouchbaseLite/NETWORK: [JAVA] Offline state change for com.couchbase.lite.internal.replicator.AndroidConnectivityObserver@900b53d: CONNECTING -> true
04-12 18:57:31.551 8886 9034 D CouchbaseLite/REPLICATOR: [JAVA] C4Replicator.statusChangedCallback(0x10cb79f1) C4CommonRepl{@0x3c3d721/@xb4000077b9817450, @0x40fd188, SocketFactory{@URLEndpoint{url=wss://stage.realtime-sync-gw.wdprapps.disney.com/park-platform-pub/}}'}: C4ReplicatorStatus{level=4,completed=0,total=0,#docs=0,domain=0,code=0,info=0}
04-12 18:57:31.551 8886 9034 V CouchbaseLite/NETWORK: {N8litecore4blip6BLIPIOE#21591} Sending 'getCheckpoint' REQ #0
04-12 18:57:31.551 8886 9049 I CouchbaseLite/REPLICATOR: [JAVA] State changed CONNECTING => BUSY(0/0): null for Replicator{@0x46365f7(<*),Database{@@0x2e0afa2: 'finder-semi-private.73600.en_us'} => URLEndpoint{url=wss://stage.realtime-sync-gw.wdprapps.disney.com/park-platform-semipriv}}$C4CommonRepl{@0xb6ddc64/@xb4000077b97e98d0, @0x46365f7, SocketFactory{@URLEndpoint{url=wss://stage.realtime-sync-gw.wdprapps.disney.com/park-platform-semipriv}}'}
04-12 18:57:31.554 8886 9030 I CouchbaseLite/REPLICATOR: [JAVA] status changed: (0, 0) @C4ReplicatorStatus{level=4,completed=0,total=0,#docs=0,domain=0,code=0,info=0} for Replicator{@0x40fd188(<*),Database{@@0x5c116b6: 'finder.73600.en_us-stage'} => URLEndpoint{url=wss://stage.realtime-sync-gw.wdprapps.disney.com/park-platform-pub/}}$C4CommonRepl{@0x3c3d721/@xb4000077b9817450, @0x40fd188, SocketFactory{@URLEndpoint{url=wss://stage.realtime-sync-gw.wdprapps.disney.com/park-platform-pub/}}'}
04-12 18:57:31.554 8886 9030 D CouchbaseLite/NETWORK: [JAVA] Offline state change for com.couchbase.lite.internal.replicator.AndroidConnectivityObserver@6ffca91: CONNECTING -> true
04-12 18:57:31.556 8886 9035 I CouchbaseLite/NETWORK: {N8litecore4blip6BLIPIOE#21593}==> N8litecore4blip6BLIPIOE ->wss://stage.realtime-sync-gw.wdprapps.disney.com/park-platform-semipriv/_blipsync @0xb4000077e99f5cf0
04-12 18:57:31.558 8886 9030 I CouchbaseLite/REPLICATOR: [JAVA] State changed CONNECTING => BUSY(0/0): null for Replicator{@0x40fd188(<*),Database{@@0x5c116b6: 'finder.73600.en_us-stage'} => URLEndpoint{url=wss://stage.realtime-sync-gw.wdprapps.disney.com/park-platform-pub/}}$C4CommonRepl{@0x3c3d721/@xb4000077b9817450, @0x40fd188, SocketFactory{@URLEndpoint{url=wss://stage.realtime-sync-gw.wdprapps.disney.com/park-platform-pub/}}'}
04-12 18:57:31.561 8886 9031 I CouchbaseLite/REPLICATOR: {N8litecore4repl6PullerE#21594}==> N8litecore4repl6PullerE {Repl#21486} @0xb4000077e998fa80
04-12 18:57:31.562 8886 9031 I CouchbaseLite/REPLICATOR: {N8litecore4repl6PullerE#21594} {Coll#0} Starting pull from remote seq ''
04-12 18:57:31.562 8886 9031 I CouchbaseLite/REPLICATOR: {N8litecore4repl6PullerE#21594} {Coll#0} msg["revocations"]="true" due to enableAutoPurge()=1 or progressNotificationLevel()=0 > 0
04-12 18:57:31.562 8886 9031 I CouchbaseLite/NETWORK: SENDING: REQ #0 {
04-12 18:57:31.562 8886 9031 I CouchbaseLite/NETWORK: Profile: subChanges
04-12 18:57:31.562 8886 9031 I CouchbaseLite/NETWORK: continuous: true
04-12 18:57:31.562 8886 9031 I CouchbaseLite/NETWORK: batch: 200
04-12 18:57:31.562 8886 9031 I CouchbaseLite/NETWORK: versioning: rev-trees
04-12 18:57:31.562 8886 9031 I CouchbaseLite/NETWORK: activeOnly: true
04-12 18:57:31.562 8886 9031 I CouchbaseLite/NETWORK: revocations: true
04-12 18:57:31.562 8886 9031 I CouchbaseLite/NETWORK: filter: sync_gateway/bychannel
04-12 18:57:31.562 8886 9031 I CouchbaseLite/NETWORK: channels: wMDX-484976ec-55c1-4950-83f8-ff90775027b6.wdw.exp.1_0.en_us }
04-12 18:57:31.563 8886 9031 I CouchbaseLite/REPLICATOR: {N8litecore4repl6PullerE#21594} {Coll#0} activityLevel=busy: pendingResponseCount=1, _caughtUp=0, _pendingRevMessages=0, _activeIncomingRevs=0, _waitingRevMessages=0, _unfinishedIncomingRevs=0
04-12 18:57:31.567 8886 9031 V CouchbaseLite/REPLICATOR: {N8litecore4repl6PullerE#21594} {Coll#0} now busy
04-12 18:57:31.567 8886 9032 I CouchbaseLite/REPLICATOR: {Repl#21486} {Coll#-1} pushStatus=stopped, pullStatus=busy, progress=0/0/0
04-12 18:57:31.567 8886 9032 V CouchbaseLite/REPLICATOR: {Repl#21486} {Coll#-1} Replicator status collection-wise: pushStatus=stopped, pullStatus=busy, progress=0/0, docCount=0
04-12 18:57:31.568 8886 9032 I CouchbaseLite/REPLICATOR: {Repl#21486} {Coll#-1} activityLevel=busy: connectionState=2, savingChkpt=0
04-12 18:57:31.573 8886 9034 V CouchbaseLite/NETWORK: {N8litecore4blip6BLIPIOE#21591} Requeuing REQ #0...
04-12 18:57:31.573 8886 9034 V CouchbaseLite/NETWORK: {N8litecore4blip6BLIPIOE#21591} Starting writeToWebSocket loop...
04-12 18:57:31.576 8886 9034 V CouchbaseLite/NETWORK: {N8litecore4blip6BLIPIOE#21591} Sending frame: REQ #1 ----, bytes 0--65
04-12 18:57:31.577 8886 9034 V CouchbaseLite/NETWORK: {N8litecore4repl12C4SocketImplE#21481} Sending 68-byte message
04-12 18:57:31.578 8886 9035 V CouchbaseLite/NETWORK: {N8litecore4blip6BLIPIOE#21593} WebSocket is hungry!
04-12 18:57:31.579 8886 9035 V CouchbaseLite/NETWORK: {N8litecore4blip6BLIPIOE#21593} Starting writeToWebSocket loop...
04-12 18:57:31.579 8886 9035 V CouchbaseLite/NETWORK: {N8litecore4blip6BLIPIOE#21593} ...Wrote 0 bytes to WebSocket (writeable=1)
04-12 18:57:31.580 8886 9034 D CouchbaseLite/NETWORK: [JAVA] ^C4Socket.write@b4000077c984f6a0(68)
04-12 18:57:31.581 8886 9035 V CouchbaseLite/NETWORK: {N8litecore4blip6BLIPIOE#21593} Sending 'getCheckpoint' REQ #0
04-12 18:57:31.583 8886 9046 D CouchbaseLite/NETWORK: [JAVA] CBLWebSocket@@0x79653fc{vC4Socket@xb4000077c984f6a0 <=> OkHttpSocket@0x2fb1cef(wss://stage.realtime-sync-gw.wdprapps.disney.com:443/park-platform-pub/_blipsync)}.coreWrites(68)
04-12 18:57:31.584 8886 9035 V CouchbaseLite/NETWORK: {N8litecore4blip6BLIPIOE#21593} Requeuing REQ #0...
04-12 18:57:31.584 8886 9046 D CouchbaseLite/NETWORK: [JAVA] OkHttpSocket@0x2fb1cef.write(68)
04-12 18:57:31.584 8886 9035 V CouchbaseLite/NETWORK: {N8litecore4blip6BLIPIOE#21593} Starting writeToWebSocket loop...
04-12 18:57:31.585 8886 9046 D CouchbaseLite/NETWORK: [JAVA] vC4Socket@xb4000077c984f6a0.ackWriteToCore(68)
04-12 18:57:31.585 8886 9035 V CouchbaseLite/NETWORK: {N8litecore4blip6BLIPIOE#21593} Sending frame: REQ #1 ----, bytes 0--65
04-12 18:57:31.585 8886 9035 V CouchbaseLite/NETWORK: {N8litecore4repl12C4SocketImplE#21489} Sending 68-byte message
04-12 18:57:31.585 8886 9035 D CouchbaseLite/NETWORK: [JAVA] ^C4Socket.write@b4000077c977db30(68)
04-12 18:57:31.586 8886 9048 D CouchbaseLite/NETWORK: [JAVA] CBLWebSocket@@0xa73dafb{vC4Socket@xb4000077c977db30 <=> OkHttpSocket@0xf94748a(wss://stage.realtime-sync-gw.wdprapps.disney.com:443/park-platform-semipriv/_blipsync)}.coreWrites(68)
04-12 18:57:31.586 8886 9035 V CouchbaseLite/NETWORK: {N8litecore4blip6BLIPIOE#21593} Finished sending REQ #1
04-12 18:57:31.586 8886 9048 D CouchbaseLite/NETWORK: [JAVA] OkHttpSocket@0xf94748a.write(68)
04-12 18:57:31.586 8886 9035 V CouchbaseLite/NETWORK: {N8litecore4blip6BLIPIOE#21593} ...Wrote 68 bytes to WebSocket (writeable=1)
04-12 18:57:31.586 8886 9048 D CouchbaseLite/NETWORK: [JAVA] vC4Socket@xb4000077c977db30.ackWriteToCore(68)
04-12 18:57:31.586 8886 9036 I CouchbaseLite/REPLICATOR: {Repl#21479} {Coll#-1} activityLevel=busy: connectionState=2, savingChkpt=0
04-12 18:57:31.589 8886 9034 V CouchbaseLite/NETWORK: {N8litecore4blip6BLIPIOE#21591} Finished sending REQ #1
04-12 18:57:31.589 8886 9034 V CouchbaseLite/NETWORK: {N8litecore4blip6BLIPIOE#21591} ...Wrote 68 bytes to WebSocket (writeable=1)
04-12 18:57:31.591 8886 9033 I CouchbaseLite/REPLICATOR: {Repl#21486} {Coll#-1} activityLevel=busy: connectionState=2, savingChkpt=0
04-12 18:57:31.593 8886 9035 V CouchbaseLite/NETWORK: {N8litecore4blip6BLIPIOE#21593} Sending 'subChanges' REQ #0
04-12 18:57:31.593 8886 9035 V CouchbaseLite/NETWORK: {N8litecore4blip6BLIPIOE#21593} Requeuing REQ #0...
04-12 18:57:31.593 8886 9035 V CouchbaseLite/NETWORK: {N8litecore4blip6BLIPIOE#21593} Starting writeToWebSocket loop...
04-12 18:57:31.594 8886 9035 V CouchbaseLite/NETWORK: {N8litecore4blip6BLIPIOE#21593} Sending frame: REQ #2 ----, bytes 0--203
04-12 18:57:31.595 8886 9035 V CouchbaseLite/NETWORK: {N8litecore4repl12C4SocketImplE#21489} Sending 206-byte message
04-12 18:57:31.595 8886 9035 D CouchbaseLite/NETWORK: [JAVA] ^C4Socket.write@b4000077c977db30(206)
04-12 18:57:31.599 8886 9030 D CouchbaseLite/NETWORK: [JAVA] CBLWebSocket@@0xa73dafb{vC4Socket@xb4000077c977db30 <=> OkHttpSocket@0xf94748a(wss://stage.realtime-sync-gw.wdprapps.disney.com:443/park-platform-semipriv/_blipsync)}.coreWrites(206)
04-12 18:57:31.599 8886 9030 D CouchbaseLite/NETWORK: [JAVA] OkHttpSocket@0xf94748a.write(206)
04-12 18:57:31.601 8886 9030 D CouchbaseLite/NETWORK: [JAVA] vC4Socket@xb4000077c977db30.ackWriteToCore(206)
04-12 18:57:31.603 8886 9032 I CouchbaseLite/REPLICATOR: {N8litecore4repl6PullerE#21594} {Coll#0} activityLevel=busy: pendingResponseCount=1, _caughtUp=0, _pendingRevMessages=0, _activeIncomingRevs=0, _waitingRevMessages=0, _unfinishedIncomingRevs=0
04-12 18:57:31.604 8886 9035 V CouchbaseLite/NETWORK: {N8litecore4blip6BLIPIOE#21593} Finished sending REQ #2
04-12 18:57:31.605 8886 9035 V CouchbaseLite/NETWORK: {N8litecore4blip6BLIPIOE#21593} ...Wrote 206 bytes to WebSocket (writeable=1)
04-12 18:57:31.613 8886 10541 D CouchbaseLite/NETWORK: [JAVA] OkHttpSocket@0x23b88ab.onOpen: Response{protocol=http/1.1, code=101, message=Switching Protocols, url=https://stage.realtime-sync-gw.wdprapps.disney.com/park-platform-priv/_blipsync}
04-12 18:57:31.613 8886 10541 D CouchbaseLite/NETWORK: [JAVA] CBLWebSocket@@0x63f7b08{vC4Socket@xb4000077c98a8720 <=> OkHttpSocket@0x23b88ab(wss://stage.realtime-sync-gw.wdprapps.disney.com:443/park-platform-priv/_blipsync)}.remoteOpened: {Server=Couchbase Sync Gateway/3.1.3 EE, Connection=Upgrade, Sec-Websocket-Protocol=BLIP_3+CBMobile_3, Upgrade=websocket, Date=Fri, 12 Apr 2024 22:57:29 GMT, Sec-Websocket-Accept=aruNNy7f16g6FWY4lQW4Yz8e2RI=}
04-12 18:57:31.613 8886 10541 D CouchbaseLite/NETWORK: [JAVA] StateMachine@0xb8d7f52: transition OPENING => OPEN
04-12 18:57:31.613 8886 10541 D CouchbaseLite/NETWORK: [JAVA] vC4Socket@xb4000077c98a8720.ackOpenToCore
04-12 18:57:31.616 8886 10541 I CouchbaseLite/NETWORK: {N8litecore4repl12C4SocketImplE#21502} Got HTTP response (status 101)
04-12 18:57:31.620 8886 10541 I CouchbaseLite/NETWORK: {N8litecore4repl12C4SocketImplE#21502} Connected!
04-12 18:57:31.620 8886 10541 I CouchbaseLite/NETWORK: {N8litecore4blip10ConnectionE#21498} Connected!
04-12 18:57:31.621 8886 9036 I CouchbaseLite/REPLICATOR: {Repl#21499} {Coll#-1} activityLevel=connecting: connectionState=1, savingChkpt=0
04-12 18:57:31.622 8886 9036 I CouchbaseLite/REPLICATOR: {Repl#21499} {Coll#-1} Connected!
04-12 18:57:31.623 8886 9036 V CouchbaseLite/REPLICATOR: {Repl#21499} {Coll#-1} Requesting remote checkpoint 'cp-GeXYPlhmWYlGsECdqGVkCOk9Wpc=' of the default collection
04-12 18:57:31.623 8886 9036 I CouchbaseLite/NETWORK: SENDING: REQ #0 {
04-12 18:57:31.623 8886 9036 I CouchbaseLite/NETWORK: Profile: getCheckpoint
04-12 18:57:31.623 8886 9036 I CouchbaseLite/NETWORK: client: cp-GeXYPlhmWYlGsECdqGVkCOk9Wpc= }
