04-12 18:57:10.920 8886 9035 D CouchbaseLite/REPLICATOR: [JAVA] C4Replicator.statusChangedCallback(0x6b98c561) C4CommonRepl{@0xbb891ab/@xb4000077b97f8190, @0x89417fa, SocketFactory{@URLEndpoint{url=wss://stage.realtime-sync-gw.wdprapps.disney.com/park-platform-pub/}}'}: C4ReplicatorStatus{level=4,completed=1,total=2,#docs=1,domain=0,code=0,info=0}
04-12 18:57:10.921 8886 9047 I CouchbaseLite/REPLICATOR: [JAVA] status changed: (0, 0) @C4ReplicatorStatus{level=4,completed=1,total=2,#docs=1,domain=0,code=0,info=0} for Replicator{@0x89417fa(<*),Database{@@0x5c116b6: 'finder.73600.en_us-stage'} => URLEndpoint{url=wss://stage.realtime-sync-gw.wdprapps.disney.com/park-platform-pub/}}$C4CommonRepl{@0xbb891ab/@xb4000077b97f8190, @0x89417fa, SocketFactory{@URLEndpoint{url=wss://stage.realtime-sync-gw.wdprapps.disney.com/park-platform-pub/}}'}
04-12 18:57:10.922 8886 9047 D CouchbaseLite/NETWORK: [JAVA] Offline state change for com.couchbase.lite.internal.replicator.AndroidConnectivityObserver@fd135d9: BUSY -> true
04-12 18:57:10.922 8886 9038 V CouchbaseLite/NETWORK: {N8litecore4blip10ConnectionE#15428} Receiving 'changes' REQ #5 Z
04-12 18:57:10.923 8886 9047 I CouchbaseLite/REPLICATOR: [JAVA] State changed BUSY => BUSY(1/2): null for Replicator{@0x89417fa(<*),Database{@@0x5c116b6: 'finder.73600.en_us-stage'} => URLEndpoint{url=wss://stage.realtime-sync-gw.wdprapps.disney.com/park-platform-pub/}}$C4CommonRepl{@0xbb891ab/@xb4000077b97f8190, @0x89417fa, SocketFactory{@URLEndpoint{url=wss://stage.realtime-sync-gw.wdprapps.disney.com/park-platform-pub/}}'}
04-12 18:57:10.928 8886 9038 V CouchbaseLite/NETWORK: {N8litecore4blip10ConnectionE#15428} Finished receiving 'changes' REQ #5 Z
04-12 18:57:10.928 8886 9038 I CouchbaseLite/NETWORK: RECEIVED: REQ #5 Z {
04-12 18:57:10.928 8886 9038 I CouchbaseLite/NETWORK: Profile: changes
04-12 18:57:10.928 8886 9038 I CouchbaseLite/NETWORK: Content-Type: application/json
04-12 18:57:10.928 8886 9038 I CouchbaseLite/NETWORK: BODY: [[376872117,"wdw.facilities.1_0.en_us.tour.219692;entityType=tour","5619-50171a4bf4a2dcb66f647ac7e2e1d52b"],[376872118,"wdw.facilities.1_0.en_us.tour.18988416;entityType=tour","6372-3662ddf1cd5bd3bc19f53dc30fcd808f"],[376872119,"wdw.facilities.1_0.en_us.tour.18419537;entityType=tour:18398633;entityType=point-of-interest","6257-5b6c23bedbd0062639001709c55e5cc9"],[376872120,"wdw.facilities.1_0.en_us.tour.16712;entityType=tour:16886395;entityType=point-of-interest","6442-107f2ccce77fe5b495f47dc3ffeb586e"],[376872121,"wdw.facilities.1_0.en_us.tour.17122;entityType=tour:16886387;entityType=point-of-interest","6227-53c23970e1de2302e3eccc54c01622e4"],[376872122,"wdw.facilities.1_0.en_us.tour.13438;entityType=tour:16886408;entityType=point-of-interest","6641-c06f81104bc27cd25f9a9b125c5dda1a"],[376872123,"wdw.facilities.1_0.en_us.tour.18988416;entityType=tour:17600189;entityType=point-of-interest","6123-e05e1e0d72a4c97c770e12edd470cff5"],[376872124,"wdw.facilities.1_0.en_us.tour.18419537;entityType=tour","6581-0090d9bc79efd529d2bf6db15f377b79"]] }
04-12 18:57:10.928 8886 9038 D CouchbaseLite/NETWORK: [JAVA] ^C4Socket.completedReceive@b4000077c9848300(291)
04-12 18:57:10.930 8886 9048 D CouchbaseLite/NETWORK: [JAVA] CBLWebSocket@@0xe165695{vC4Socket@xb4000077c9848300 <=> OkHttpSocket@0x46f964c(wss://stage.realtime-sync-gw.wdprapps.disney.com:443/park-platform-pub/_blipsync)}.coreAckReceive: 291
04-12 18:57:10.932 8886 9038 V CouchbaseLite/NETWORK: {N8litecore4blip6BLIPIOE#15533} Received frame: REQ #6 ---C, length 78
04-12 18:57:10.941 8886 9038 V CouchbaseLite/NETWORK: {N8litecore4blip10ConnectionE#15428} Receiving 'rev' REQ #6 Z
04-12 18:57:10.944 8886 9038 V CouchbaseLite/NETWORK: {N8litecore4blip10ConnectionE#15428} Finished receiving 'rev' REQ #6 Z
04-12 18:57:10.945 8886 9038 I CouchbaseLite/NETWORK: RECEIVED: REQ #6 Z {
04-12 18:57:10.945 8886 9038 I CouchbaseLite/NETWORK: Profile: rev
04-12 18:57:10.945 8886 9038 I CouchbaseLite/NETWORK: id: wdw.facilities.1_0.en_us.tour.16712;entityType=tour
04-12 18:57:10.945 8886 9038 I CouchbaseLite/NETWORK: rev: 6426-606b20fc2f91b9ea013f9a4fb160f154
04-12 18:57:10.945 8886 9038 I CouchbaseLite/NETWORK: sequence: 376872115
04-12 18:57:10.945 8886 9038 I CouchbaseLite/NETWORK: history: 6425-a5ca2d9712978a39b25f056045d5336a
04-12 18:57:10.945 8886 9038 I CouchbaseLite/NETWORK: deltaSrc: 6425-a5ca2d9712978a39b25f056045d5336a
04-12 18:57:10.945 8886 9038 I CouchbaseLite/NETWORK: Content-Type: application/json
04-12 18:57:10.945 8886 9038 I CouchbaseLite/NETWORK: BODY: {"lastUpdate":"2024-04-12T22:57:07.287783Z"} }
04-12 18:57:10.946 8886 9038 D CouchbaseLite/NETWORK: [JAVA] ^C4Socket.completedReceive@b4000077c9848300(80)
04-12 18:57:10.947 8886 9030 D CouchbaseLite/NETWORK: [JAVA] CBLWebSocket@@0xe165695{vC4Socket@xb4000077c9848300 <=> OkHttpSocket@0x46f964c(wss://stage.realtime-sync-gw.wdprapps.disney.com:443/park-platform-pub/_blipsync)}.coreAckReceive: 80
04-12 18:57:10.949 8886 9038 V CouchbaseLite/REPLICATOR: {Repl#15429} {Coll#0} Saving remote checkpoint 'cp-EUIwC4qPpttqvSBmzfkR34rhris=' over rev='0-40': {"time":1712962630,"remote":376872114} ...
04-12 18:57:10.949 8886 9038 I CouchbaseLite/NETWORK: SENDING: REQ #0 {
04-12 18:57:10.949 8886 9038 I CouchbaseLite/NETWORK: Profile: setCheckpoint
04-12 18:57:10.949 8886 9038 I CouchbaseLite/NETWORK: client: cp-EUIwC4qPpttqvSBmzfkR34rhris=
04-12 18:57:10.949 8886 9038 I CouchbaseLite/NETWORK: rev: 0-40
04-12 18:57:10.949 8886 9038 I CouchbaseLite/NETWORK: BODY: {"time":1712962630,"remote":376872114} }
04-12 18:57:10.951 8886 9038 I CouchbaseLite/REPLICATOR: {Repl#15429} {Coll#-1} activityLevel=busy: connectionState=2, savingChkpt=1
04-12 18:57:10.960 8886 9033 V CouchbaseLite/NETWORK: {N8litecore4blip6BLIPIOE#15533} Sending 'setCheckpoint' REQ #0
04-12 18:57:10.961 8886 9033 V CouchbaseLite/NETWORK: {N8litecore4blip6BLIPIOE#15533} Requeuing REQ #0...
04-12 18:57:10.961 8886 9033 V CouchbaseLite/NETWORK: {N8litecore4blip6BLIPIOE#15533} Starting writeToWebSocket loop...
04-12 18:57:10.968 8886 9033 V CouchbaseLite/NETWORK: {N8litecore4blip6BLIPIOE#15533} Sending frame: REQ #3 ----, bytes 0--112
04-12 18:57:10.969 8886 9033 V CouchbaseLite/NETWORK: {N8litecore4repl12C4SocketImplE#15431} Sending 115-byte message
04-12 18:57:10.970 8886 9033 D CouchbaseLite/NETWORK: [JAVA] ^C4Socket.write@b4000077c9848300(115)
04-12 18:57:10.971 8886 9049 D CouchbaseLite/NETWORK: [JAVA] CBLWebSocket@@0xe165695{vC4Socket@xb4000077c9848300 <=> OkHttpSocket@0x46f964c(wss://stage.realtime-sync-gw.wdprapps.disney.com:443/park-platform-pub/_blipsync)}.coreWrites(115)
04-12 18:57:10.971 8886 9033 V CouchbaseLite/NETWORK: {N8litecore4blip6BLIPIOE#15533} Finished sending REQ #3
04-12 18:57:10.971 8886 9049 D CouchbaseLite/NETWORK: [JAVA] OkHttpSocket@0x46f964c.write(115)
04-12 18:57:10.972 8886 9049 D CouchbaseLite/NETWORK: [JAVA] vC4Socket@xb4000077c9848300.ackWriteToCore(115)
04-12 18:57:10.973 8886 9033 V CouchbaseLite/NETWORK: {N8litecore4blip6BLIPIOE#15533} ...Wrote 115 bytes to WebSocket (writeable=1)
04-12 18:57:10.976 8886 9033 I CouchbaseLite/REPLICATOR: {Repl#15429} {Coll#-1} activityLevel=busy: connectionState=2, savingChkpt=1
04-12 18:57:10.978 8886 9033 V CouchbaseLite/REPLICATOR: {N8litecore4repl9RevFinderE#15570} {Coll#0} Handling 'changes' REQ#5
04-12 18:57:10.980 8886 9033 I CouchbaseLite/REPLICATOR: {N8litecore4repl9RevFinderE#15570} {Coll#0} Received 8 changes (seq '376872117'..'376872124')
04-12 18:57:10.986 8886 9033 I CouchbaseLite/NETWORK: SENDING: RES #5 Z {
04-12 18:57:10.986 8886 9033 I CouchbaseLite/NETWORK: maxHistory: 50
04-12 18:57:10.986 8886 9033 I CouchbaseLite/NETWORK: blobs: true
04-12 18:57:10.986 8886 9033 I CouchbaseLite/NETWORK: BODY: [["5618-a30b21ff7d5cc0a42ff8adcdafc4be18"],["6371-60e631276c8aff059f4abdfd3f442465"],["6256-7194a4e281864ecf9faa7f91270fa25a"],["6441-e32cd59766039e512054ec1f038e2fb5"],["6226-70d3a0f83d99cc57234e6446f15461f8"],["6640-8fced4294dd13381988e479ed091583f"],["6122-856cdd1e90596980f63d6c26bad261b0"],["6580-71470e1d76d920ab7b7a42e7d1cf999b"]] }
04-12 18:57:10.987 8886 9033 I CouchbaseLite/REPLICATOR: {N8litecore4repl9RevFinderE#15570} {Coll#0} Responded to 'changes' REQ#5 w/request for 8 revs in 0.006186 sec
04-12 18:57:10.988 8886 9033 I CouchbaseLite/REPLICATOR: {Repl#15429} {Coll#-1} activityLevel=busy: connectionState=2, savingChkpt=1
04-12 18:57:10.989 8886 9033 V CouchbaseLite/REPLICATOR: {N8litecore4repl6PullerE#15560} {Coll#0} Now waiting for 9 'rev' messages; 9 known sequences pending
04-12 18:57:10.991 8886 9033 V CouchbaseLite/REPLICATOR: {N8litecore4repl6PullerE#15560} {Coll#0} (collection: 0) progress +0/+8, 0 docs -- now 1 / 10, 1 docs
04-12 18:57:10.998 8886 9033 I CouchbaseLite/REPLICATOR: {N8litecore4repl6PullerE#15560} {Coll#0} activityLevel=busy: pendingResponseCount=0, _caughtUp=1, _pendingRevMessages=9, _activeIncomingRevs=0, _waitingRevMessages=0, _unfinishedIncomingRevs=0
04-12 18:57:11.000 8886 9033 V CouchbaseLite/NETWORK: {N8litecore4blip6BLIPIOE#15533} Sending RES #5 Z
04-12 18:57:11.001 8886 9033 V CouchbaseLite/NETWORK: {N8litecore4blip6BLIPIOE#15533} Requeuing RES #5...
04-12 18:57:11.002 8886 9033 V CouchbaseLite/NETWORK: {N8litecore4blip6BLIPIOE#15533} Starting writeToWebSocket loop...
04-12 18:57:11.010 8886 9033 V CouchbaseLite/NETWORK: {N8litecore4blip6BLIPIOE#15533} Sending frame: RES #5 ---C, bytes 0--202
04-12 18:57:11.010 8886 9033 V CouchbaseLite/NETWORK: {N8litecore4repl12C4SocketImplE#15431} Sending 205-byte message
04-12 18:57:11.011 8886 9033 D CouchbaseLite/NETWORK: [JAVA] ^C4Socket.write@b4000077c9848300(205)
04-12 18:57:11.013 8886 9033 V CouchbaseLite/NETWORK: {N8litecore4blip6BLIPIOE#15533} Finished sending RES #5 Z
04-12 18:57:11.013 8886 9046 D CouchbaseLite/NETWORK: [JAVA] CBLWebSocket@@0xe165695{vC4Socket@xb4000077c9848300 <=> OkHttpSocket@0x46f964c(wss://stage.realtime-sync-gw.wdprapps.disney.com:443/park-platform-pub/_blipsync)}.coreWrites(205)
04-12 18:57:11.014 8886 9033 V CouchbaseLite/NETWORK: {N8litecore4blip6BLIPIOE#15533} ...Wrote 205 bytes to WebSocket (writeable=1)
04-12 18:57:11.014 8886 9046 D CouchbaseLite/NETWORK: [JAVA] OkHttpSocket@0x46f964c.write(205)
04-12 18:57:11.015 8886 9033 I CouchbaseLite/REPLICATOR: {Repl#15429} {Coll#-1} activityLevel=busy: connectionState=2, savingChkpt=1
04-12 18:57:11.015 8886 9046 D CouchbaseLite/NETWORK: [JAVA] vC4Socket@xb4000077c9848300.ackWriteToCore(205)
04-12 18:57:11.016 8886 9033 V CouchbaseLite/REPLICATOR: {N8litecore4repl11IncomingRevE#19276} {Coll#0} Received revision 'wdw.facilities.1_0.en_us.tour.16712;entityType=tour' #6426-606b20fc2f91b9ea013f9a4fb160f154 (seq '376872115')
04-12 18:57:11.018 8886 9033 V CouchbaseLite/REPLICATOR: {N8litecore4repl11IncomingRevE#19276} {Coll#0} _mayContainBlobChanges=0
04-12 18:57:11.018 8886 9033 V CouchbaseLite/REPLICATOR: {N8litecore4repl11IncomingRevE#19276} {Coll#0} _mayContainEncryptedProperties=0
04-12 18:57:11.019 8886 9033 I CouchbaseLite/REPLICATOR: {N8litecore4repl6PullerE#15560} {Coll#0} activityLevel=busy: pendingResponseCount=0, _caughtUp=1, _pendingRevMessages=8, _activeIncomingRevs=1, _waitingRevMessages=0, _unfinishedIncomingRevs=1
04-12 18:57:11.021 8886 9033 I CouchbaseLite/REPLICATOR: {Repl#15429} {Coll#-1} pushStatus=stopped, pullStatus=busy, progress=1/10/1
04-12 18:57:11.021 8886 9033 V CouchbaseLite/REPLICATOR: {Repl#15429} {Coll#-1} Replicator status collection-wise: pushStatus=stopped, pullStatus=busy, progress=1/10, docCount=1
04-12 18:57:11.022 8886 9033 V CouchbaseLite/REPLICATOR: {Repl#15429} {Coll#-1} (collection: 4294967295) progress +0/+8, 0 docs -- now 1 / 10, 1 docs
04-12 18:57:11.024 8886 9033 I CouchbaseLite/REPLICATOR: {Repl#15429} {Coll#-1} activityLevel=busy: connectionState=2, savingChkpt=1
04-12 18:57:11.040 8886 9033 V CouchbaseLite/REPLICATOR: {N8litecore4repl8InserterE#19277} {Coll#0} Inserting 1 revs:
04-12 18:57:11.058 8886 9033 V CouchbaseLite/REPLICATOR: {N8litecore4repl8InserterE#19277} {Coll#0} {'wdw.facilities.1_0.en_us.tour.16712;entityType=tour (_default)' #6426-606b20fc2f91b9ea013f9a4fb160f154 <- 6425-a5ca2d9712978a39b25f056045d5336a} seq 7596
04-12 18:57:11.060 8886 9031 V CouchbaseLite/REPLICATOR: {N8litecore4repl6PullerE#15560} 1 revs were provisionally handled; down to 0 active
04-12 18:57:11.061 8886 9031 I CouchbaseLite/REPLICATOR: {N8litecore4repl6PullerE#15560} {Coll#0} activityLevel=busy: pendingResponseCount=0, _caughtUp=1, _pendingRevMessages=8, _activeIncomingRevs=0, _waitingRevMessages=0, _unfinishedIncomingRevs=1
04-12 18:57:11.067 8886 9033 I CouchbaseLite/NETWORK: SENDING: RES #6 { }
04-12 18:57:11.069 8886 9033 I CouchbaseLite/REPLICATOR: {N8litecore4repl8InserterE#19277} {Coll#0} Inserted 1 revs in 27.28ms ( 37/sec) of which 95.3% was commit
04-12 18:57:11.190 8886 9033 V CouchbaseLite/NETWORK: {N8litecore4blip6BLIPIOE#15533} Sending RES #6
04-12 18:57:11.190 8886 9033 V CouchbaseLite/NETWORK: {N8litecore4blip6BLIPIOE#15533} Requeuing RES #6...
04-12 18:57:11.190 8886 9033 V CouchbaseLite/NETWORK: {N8litecore4blip6BLIPIOE#15533} Starting writeToWebSocket loop...
04-12 18:57:11.191 8886 9033 V CouchbaseLite/NETWORK: {N8litecore4blip6BLIPIOE#15533} Sending frame: RES #6 ----, bytes 0--4
04-12 18:57:11.191 8886 9033 V CouchbaseLite/NETWORK: {N8litecore4repl12C4SocketImplE#15431} Sending 7-byte message
04-12 18:57:11.191 8886 9033 D CouchbaseLite/NETWORK: [JAVA] ^C4Socket.write@b4000077c9848300(7)
04-12 18:57:11.192 8886 9049 D CouchbaseLite/NETWORK: [JAVA] CBLWebSocket@@0xe165695{vC4Socket@xb4000077c9848300 <=> OkHttpSocket@0x46f964c(wss://stage.realtime-sync-gw.wdprapps.disney.com:443/park-platform-pub/_blipsync)}.coreWrites(7)
04-12 18:57:11.192 8886 9049 D CouchbaseLite/NETWORK: [JAVA] OkHttpSocket@0x46f964c.write(7)
04-12 18:57:11.192 8886 9049 D CouchbaseLite/NETWORK: [JAVA] vC4Socket@xb4000077c9848300.ackWriteToCore(7)
04-12 18:57:11.195 8886 9033 V CouchbaseLite/NETWORK: {N8litecore4blip6BLIPIOE#15533} Finished sending RES #6
04-12 18:57:11.195 8886 9033 V CouchbaseLite/NETWORK: {N8litecore4blip6BLIPIOE#15533} ...Wrote 7 bytes to WebSocket (writeable=1)
04-12 18:57:11.195 8886 9033 V CouchbaseLite/REPLICATOR: {N8litecore4repl6PullerE#15560} {Coll#0} Checkpoint now at '376872115' (collection: 0
04-12 18:57:11.196 8886 9033 V CouchbaseLite/REPLICATOR: {N8litecore4repl6PullerE#15560} {Coll#0} (collection: 0) progress +1/+0, 1 docs -- now 2 / 10, 2 docs
04-12 18:57:11.197 8886 9033 I CouchbaseLite/REPLICATOR: {N8litecore4repl6PullerE#15560} {Coll#0} activityLevel=busy: pendingResponseCount=0, _caughtUp=1, _pendingRevMessages=8, _activeIncomingRevs=0, _waitingRevMessages=0, _unfinishedIncomingRevs=0
04-12 18:57:11.335 8886 9418 D CouchbaseLite/NETWORK: [JAVA] OkHttpSocket@0x46f964c.onBytes(16)
04-12 18:57:11.336 8886 9418 D CouchbaseLite/NETWORK: [JAVA] CBLWebSocket@@0xe165695{vC4Socket@xb4000077c9848300 <=> OkHttpSocket@0x46f964c(wss://stage.realtime-sync-gw.wdprapps.disney.com:443/park-platform-pub/_blipsync)}.remoteWrites: 16
04-12 18:57:11.336 8886 9418 D CouchbaseLite/NETWORK: [JAVA] vC4Socket@xb4000077c9848300.sendToCore(16)
04-12 18:57:11.336 8886 9418 V CouchbaseLite/NETWORK: {N8litecore4repl12C4SocketImplE#15431} Received 16-byte message
04-12 18:57:11.458 8886 9418 D CouchbaseLite/NETWORK: [JAVA] OkHttpSocket@0x46f964c.onBytes(56)
04-12 18:57:11.458 8886 9418 D CouchbaseLite/NETWORK: [JAVA] CBLWebSocket@@0xe165695{vC4Socket@xb4000077c9848300 <=> OkHttpSocket@0x46f964c(wss://stage.realtime-sync-gw.wdprapps.disney.com:443/park-platform-pub/_blipsync)}.remoteWrites: 56
04-12 18:57:11.459 8886 9418 D CouchbaseLite/NETWORK: [JAVA] vC4Socket@xb4000077c9848300.sendToCore(56)
04-12 18:57:11.459 8886 9418 V CouchbaseLite/NETWORK: {N8litecore4repl12C4SocketImplE#15431} Received 56-byte message
04-12 18:57:11.460 8886 9418 D CouchbaseLite/NETWORK: [JAVA] OkHttpSocket@0x46f964c.onBytes(80)
04-12 18:57:11.462 8886 9418 D CouchbaseLite/NETWORK: [JAVA] CBLWebSocket@@0xe165695{vC4Socket@xb4000077c9848300 <=> OkHttpSocket@0x46f964c(wss://stage.realtime-sync-gw.wdprapps.disney.com:443/park-platform-pub/_blipsync)}.remoteWrites: 80
04-12 18:57:11.463 8886 9418 D CouchbaseLite/NETWORK: [JAVA] vC4Socket@xb4000077c9848300.sendToCore(80)
04-12 18:57:11.513 8886 9418 V CouchbaseLite/NETWORK: {N8litecore4repl12C4SocketImplE#15431} Received 80-byte message
04-12 18:57:11.514 8886 9418 D CouchbaseLite/NETWORK: [JAVA] OkHttpSocket@0x46f964c.onBytes(77)
04-12 18:57:11.514 8886 9418 D CouchbaseLite/NETWORK: [JAVA] CBLWebSocket@@0xe165695{vC4Socket@xb4000077c9848300 <=> OkHttpSocket@0x46f964c(wss://stage.realtime-sync-gw.wdprapps.disney.com:443/park-platform-pub/_blipsync)}.remoteWrites: 77
04-12 18:57:11.514 8886 9418 D CouchbaseLite/NETWORK: [JAVA] vC4Socket@xb4000077c9848300.sendToCore(77)
04-12 18:57:11.525 8886 9418 V CouchbaseLite/NETWORK: {N8litecore4repl12C4SocketImplE#15431} Received 77-byte message
04-12 18:57:11.525 8886 9418 D CouchbaseLite/NETWORK: [JAVA] OkHttpSocket@0x46f964c.onBytes(79)
04-12 18:57:11.525 8886 9418 D CouchbaseLite/NETWORK: [JAVA] CBLWebSocket@@0xe165695{vC4Socket@xb4000077c9848300 <=> OkHttpSocket@0x46f964c(wss://stage.realtime-sync-gw.wdprapps.disney.com:443/park-platform-pub/_blipsync)}.remoteWrites: 79
04-12 18:57:11.526 8886 9418 D CouchbaseLite/NETWORK: [JAVA] vC4Socket@xb4000077c9848300.sendToCore(79)
04-12 18:57:11.526 8886 9418 V CouchbaseLite/NETWORK: {N8litecore4repl12C4SocketImplE#15431} Received 79-byte message
04-12 18:57:11.526 8886 9418 D CouchbaseLite/NETWORK: [JAVA] OkHttpSocket@0x46f964c.onBytes(81)
04-12 18:57:11.526 8886 9418 D CouchbaseLite/NETWORK: [JAVA] CBLWebSocket@@0xe165695{vC4Socket@xb4000077c9848300 <=> OkHttpSocket@0x46f964c(wss://stage.realtime-sync-gw.wdprapps.disney.com:443/park-platform-pub/_blipsync)}.remoteWrites: 81
04-12 18:57:11.527 8886 9418 D CouchbaseLite/NETWORK: [JAVA] vC4Socket@xb4000077c9848300.sendToCore(81)
04-12 18:57:11.539 8886 9418 V CouchbaseLite/NETWORK: {N8litecore4repl12C4SocketImplE#15431} Received 81-byte message
04-12 18:57:11.540 8886 9418 D CouchbaseLite/NETWORK: [JAVA] OkHttpSocket@0x46f964c.onBytes(77)
04-12 18:57:11.540 8886 9418 D CouchbaseLite/NETWORK: [JAVA] CBLWebSocket@@0xe165695{vC4Socket@xb4000077c9848300 <=> OkHttpSocket@0x46f964c(wss://stage.realtime-sync-gw.wdprapps.disney.com:443/park-platform-pub/_blipsync)}.remoteWrites: 77
04-12 18:57:11.540 8886 9418 D CouchbaseLite/NETWORK: [JAVA] vC4Socket@xb4000077c9848300.sendToCore(77)
04-12 18:57:11.541 8886 9418 V CouchbaseLite/NETWORK: {N8litecore4repl12C4SocketImplE#15431} Received 77-byte message
04-12 18:57:11.541 8886 9418 D CouchbaseLite/NETWORK: [JAVA] OkHttpSocket@0x46f964c.onBytes(79)
04-12 18:57:11.542 8886 9418 D CouchbaseLite/NETWORK: [JAVA] CBLWebSocket@@0xe165695{vC4Socket@xb4000077c9848300 <=> OkHttpSocket@0x46f964c(wss://stage.realtime-sync-gw.wdprapps.disney.com:443/park-platform-pub/_blipsync)}.remoteWrites: 79
04-12 18:57:11.542 8886 9418 D CouchbaseLite/NETWORK: [JAVA] vC4Socket@xb4000077c9848300.sendToCore(79)
04-12 18:57:11.576 8886 9418 V CouchbaseLite/NETWORK: {N8litecore4repl12C4SocketImplE#15431} Received 79-byte message
04-12 18:57:11.577 8886 9418 D CouchbaseLite/NETWORK: [JAVA] OkHttpSocket@0x46f964c.onBytes(79)
04-12 18:57:11.578 8886 9418 D CouchbaseLite/NETWORK: [JAVA] CBLWebSocket@@0xe165695{vC4Socket@xb4000077c9848300 <=> OkHttpSocket@0x46f964c(wss://stage.realtime-sync-gw.wdprapps.disney.com:443/park-platform-pub/_blipsync)}.remoteWrites: 79
04-12 18:57:11.578 8886 9418 D CouchbaseLite/NETWORK: [JAVA] vC4Socket@xb4000077c9848300.sendToCore(79)
04-12 18:57:11.578 8886 9418 V CouchbaseLite/NETWORK: {N8litecore4repl12C4SocketImplE#15431} Received 79-byte message
04-12 18:57:11.579 8886 9418 D CouchbaseLite/NETWORK: [JAVA] OkHttpSocket@0x46f964c.onBytes(75)
04-12 18:57:11.579 8886 9418 D CouchbaseLite/NETWORK: [JAVA] CBLWebSocket@@0xe165695{vC4Socket@xb4000077c9848300 <=> OkHttpSocket@0x46f964c(wss://stage.realtime-sync-gw.wdprapps.disney.com:443/park-platform-pub/_blipsync)}.remoteWrites: 75
04-12 18:57:11.580 8886 9418 D CouchbaseLite/NETWORK: [JAVA] vC4Socket@xb4000077c9848300.sendToCore(75)
04-12 18:57:11.580 8886 9418 V CouchbaseLite/NETWORK: {N8litecore4repl12C4SocketImplE#15431} Received 75-byte message
04-12 18:57:12.355 8886 9037 I CouchbaseLite/REPLICATOR: {C4Replicator#15430} State: busy, progress=10.00%
04-12 18:57:12.356 8886 9037 D CouchbaseLite/REPLICATOR: [JAVA] C4Replicator.statusChangedCallback(0x6b98c561) C4CommonRepl{@0xbb891ab/@xb4000077b97f8190, @0x89417fa, SocketFactory{@URLEndpoint{url=wss://stage.realtime-sync-gw.wdprapps.disney.com/park-platform-pub/}}'}: C4ReplicatorStatus{level=4,completed=1,total=10,#docs=1,domain=0,code=0,info=0}
04-12 18:57:12.357 8886 9039 I CouchbaseLite/REPLICATOR: [JAVA] status changed: (0, 0) @C4ReplicatorStatus{level=4,completed=1,total=10,#docs=1,domain=0,code=0,info=0} for Replicator{@0x89417fa(<*),Database{@@0x5c116b6: 'finder.73600.en_us-stage'} => URLEndpoint{url=wss://stage.realtime-sync-gw.wdprapps.disney.com/park-platform-pub/}}$C4CommonRepl{@0xbb891ab/@xb4000077b97f8190, @0x89417fa, SocketFactory{@URLEndpoint{url=wss://stage.realtime-sync-gw.wdprapps.disney.com/park-platform-pub/}}'}
04-12 18:57:12.357 8886 9039 D CouchbaseLite/NETWORK: [JAVA] Offline state change for com.couchbase.lite.internal.replicator.AndroidConnectivityObserver@fd135d9: BUSY -> true
04-12 18:57:12.358 8886 9039 I CouchbaseLite/REPLICATOR: [JAVA] State changed BUSY => BUSY(1/10): null for Replicator{@0x89417fa(<*),Database{@@0x5c116b6: 'finder.73600.en_us-stage'} => URLEndpoint{url=wss://stage.realtime-sync-gw.wdprapps.disney.com/park-platform-pub/}}$C4CommonRepl{@0xbb891ab/@xb4000077b97f8190, @0x89417fa, SocketFactory{@URLEndpoint{url=wss://stage.realtime-sync-gw.wdprapps.disney.com/park-platform-pub/}}'}
04-12 18:57:12.358 8886 9037 I CouchbaseLite/REPLICATOR: {Repl#15429} {Coll#-1} activityLevel=busy: connectionState=2, savingChkpt=1
04-12 18:57:12.398 8886 9034 V CouchbaseLite/NETWORK: {N8litecore4blip6BLIPIOE#15533} Received frame: RES #3 ----, length 14
04-12 18:57:12.400 8886 9034 V CouchbaseLite/NETWORK: {N8litecore4blip6BLIPIOE#15533} RES #3 has reached the end of its frames
04-12 18:57:12.404 8886 9034 V CouchbaseLite/NETWORK: {N8litecore4blip10ConnectionE#15428} Receiving RES #3
04-12 18:57:12.407 8886 9034 V CouchbaseLite/NETWORK: {N8litecore4blip10ConnectionE#15428} Finished receiving RES #3
04-12 18:57:12.409 8886 9034 I CouchbaseLite/NETWORK: RECEIVED: RES #3 {
04-12 18:57:12.409 8886 9034 I CouchbaseLite/NETWORK: rev: 0-41 }
04-12 18:57:12.410 8886 9034 D CouchbaseLite/NETWORK: [JAVA] ^C4Socket.completedReceive@b4000077c9848300(16)
04-12 18:57:12.424 8886 9049 D CouchbaseLite/NETWORK: [JAVA] CBLWebSocket@@0xe165695{vC4Socket@xb4000077c9848300 <=> OkHttpSocket@0x46f964c(wss://stage.realtime-sync-gw.wdprapps.disney.com:443/park-platform-pub/_blipsync)}.coreAckReceive: 16
04-12 18:57:12.429 8886 9034 V CouchbaseLite/NETWORK: {N8litecore4blip6BLIPIOE#15533} Received frame: REQ #7 ---C, length 54
04-12 18:57:12.442 8886 9034 V CouchbaseLite/NETWORK: {N8litecore4blip10ConnectionE#15428} Receiving 'changes' REQ #7 Z
04-12 18:57:12.459 8886 9034 V CouchbaseLite/NETWORK: {N8litecore4blip10ConnectionE#15428} Finished receiving 'changes' REQ #7 Z
04-12 18:57:12.467 8886 9034 I CouchbaseLite/NETWORK: RECEIVED: REQ #7 Z {
04-12 18:57:12.467 8886 9034 I CouchbaseLite/NETWORK: Profile: changes
04-12 18:57:12.467 8886 9034 I CouchbaseLite/NETWORK: Content-Type: application/json
04-12 18:57:12.467 8886 9034 I CouchbaseLite/NETWORK: BODY: [[376872128,"wdw.facilities.1_0.en_us.tour.17122;entityType=tour","6225-ad608bc8781b67175986ae9f68aa3824"]] }
04-12 18:57:12.469 8886 9034 D CouchbaseLite/NETWORK: [JAVA] ^C4Socket.completedReceive@b4000077c9848300(56)
04-12 18:57:12.477 8886 9046 D CouchbaseLite/NETWORK: [JAVA] CBLWebSocket@@0xe165695{vC4Socket@xb4000077c9848300 <=> OkHttpSocket@0x46f964c(wss://stage.realtime-sync-gw.wdprapps.disney.com:443/park-platform-pub/_blipsync)}.coreAckReceive: 56
04-12 18:57:12.509 8886 9034 V CouchbaseLite/NETWORK: {N8litecore4blip6BLIPIOE#15533} Received frame: REQ #8 ---C, length 78
04-12 18:57:12.529 8886 9034 V CouchbaseLite/NETWORK: {N8litecore4blip10ConnectionE#15428} Receiving 'rev' REQ #8 Z
04-12 18:57:12.548 8886 9034 V CouchbaseLite/NETWORK: {N8litecore4blip10ConnectionE#15428} Finished receiving 'rev' REQ #8 Z
04-12 18:57:12.586 8886 9034 I CouchbaseLite/NETWORK: RECEIVED: REQ #8 Z {
04-12 18:57:12.586 8886 9034 I CouchbaseLite/NETWORK: rev: 5619-50171a4bf4a2dcb66f647ac7e2e1d52b
04-12 18:57:12.586 8886 9034 I CouchbaseLite/NETWORK: history: 5618-a30b21ff7d5cc0a42ff8adcdafc4be18
04-12 18:57:12.586 8886 9034 I CouchbaseLite/NETWORK: deltaSrc: 5618-a30b21ff7d5cc0a42ff8adcdafc4be18
04-12 18:57:12.586 8886 9034 I CouchbaseLite/NETWORK: sequence: 376872117
04-12 18:57:12.586 8886 9034 I CouchbaseLite/NETWORK: Content-Type: application/json
04-12 18:57:12.586 8886 9034 I CouchbaseLite/NETWORK: Profile: rev
04-12 18:57:12.586 8886 9034 I CouchbaseLite/NETWORK: id: wdw.facilities.1_0.en_us.tour.219692;entityType=tour
04-12 18:57:12.586 8886 9034 I CouchbaseLite/NETWORK: BODY: {"lastUpdate":"2024-04-12T22:57:07.290521Z"} }
04-12 18:57:12.588 8886 9034 D CouchbaseLite/NETWORK: [JAVA] ^C4Socket.completedReceive@b4000077c9848300(80)
04-12 18:57:12.590 8886 9048 D CouchbaseLite/NETWORK: [JAVA] CBLWebSocket@@0xe165695{vC4Socket@xb4000077c9848300 <=> OkHttpSocket@0x46f964c(wss://stage.realtime-sync-gw.wdprapps.disney.com:443/park-platform-pub/_blipsync)}.coreAckReceive: 80
04-12 18:57:12.600 8886 9034 V CouchbaseLite/NETWORK: {N8litecore4blip6BLIPIOE#15533} Received frame: REQ #9 ---C, length 75
04-12 18:57:12.646 8886 9034 V CouchbaseLite/NETWORK: {N8litecore4blip10ConnectionE#15428} Receiving 'rev' REQ #9 Z
04-12 18:57:12.647 8886 9034 V CouchbaseLite/NETWORK: {N8litecore4blip10ConnectionE#15428} Finished receiving 'rev' REQ #9 Z
04-12 18:57:12.647 8886 9034 I CouchbaseLite/NETWORK: RECEIVED: REQ #9 Z {
04-12 18:57:12.647 8886 9034 I CouchbaseLite/NETWORK: Profile: rev
04-12 18:57:12.647 8886 9034 I CouchbaseLite/NETWORK: id: wdw.facilities.1_0.en_us.tour.18988416;entityType=tour
04-12 18:57:12.647 8886 9034 I CouchbaseLite/NETWORK: rev: 6372-3662ddf1cd5bd3bc19f53dc30fcd808f
04-12 18:57:12.647 8886 9034 I CouchbaseLite/NETWORK: sequence: 376872118
04-12 18:57:12.647 8886 9034 I CouchbaseLite/NETWORK: history: 6371-60e631276c8aff059f4abdfd3f442465
04-12 18:57:12.647 8886 9034 I CouchbaseLite/NETWORK: deltaSrc: 6371-60e631276c8aff059f4abdfd3f442465
04-12 18:57:12.647 8886 9034 I CouchbaseLite/NETWORK: Content-Type: application/json
04-12 18:57:12.647 8886 9034 I CouchbaseLite/NETWORK: BODY: {"lastUpdate":"2024-04-12T22:57:07.284326Z"} }
04-12 18:57:12.647 8886 9034 D CouchbaseLite/NETWORK: [JAVA] ^C4Socket.completedReceive@b4000077c9848300(77)
04-12 18:57:12.650 8886 9039 D CouchbaseLite/NETWORK: [JAVA] CBLWebSocket@@0xe165695{vC4Socket@xb4000077c9848300 <=> OkHttpSocket@0x46f964c(wss://stage.realtime-sync-gw.wdprapps.disney.com:443/park-platform-pub/_blipsync)}.coreAckReceive: 77
04-12 18:57:12.654 8886 9034 V CouchbaseLite/NETWORK: {N8litecore4blip6BLIPIOE#15533} Received frame: REQ #10 ---C, length 77
04-12 18:57:12.655 8886 9034 V CouchbaseLite/NETWORK: {N8litecore4blip10ConnectionE#15428} Receiving 'rev' REQ #10 Z
04-12 18:57:12.657 8886 9034 V CouchbaseLite/NETWORK: {N8litecore4blip10ConnectionE#15428} Finished receiving 'rev' REQ #10 Z
04-12 18:57:12.657 8886 9034 I CouchbaseLite/NETWORK: RECEIVED: REQ #10 Z {
04-12 18:57:12.657 8886 9034 I CouchbaseLite/NETWORK: Profile: rev
04-12 18:57:12.657 8886 9034 I CouchbaseLite/NETWORK: id: wdw.facilities.1_0.en_us.tour.18419537;entityType=tour:18398633;entityType=point-of-interest
04-12 18:57:12.657 8886 9034 I CouchbaseLite/NETWORK: rev: 6257-5b6c23bedbd0062639001709c55e5cc9
04-12 18:57:12.657 8886 9034 I CouchbaseLite/NETWORK: deltaSrc: 6256-7194a4e281864ecf9faa7f91270fa25a
04-12 18:57:12.657 8886 9034 I CouchbaseLite/NETWORK: sequence: 376872119
04-12 18:57:12.657 8886 9034 I CouchbaseLite/NETWORK: history: 6256-7194a4e281864ecf9faa7f91270fa25a
04-12 18:57:12.657 8886 9034 I CouchbaseLite/NETWORK: Content-Type: application/json
04-12 18:57:12.657 8886 9034 I CouchbaseLite/NETWORK: BODY: {"lastUpdate":"2024-04-12T22:57:07.309968Z"} }
04-12 18:57:12.658 8886 9034 D CouchbaseLite/NETWORK: [JAVA] ^C4Socket.completedReceive@b4000077c9848300(79)
04-12 18:57:12.659 8886 9034 V CouchbaseLite/NETWORK: {N8litecore4blip6BLIPIOE#15533} Received frame: REQ #11 ---C, length 79
04-12 18:57:12.659 8886 9049 D CouchbaseLite/NETWORK: [JAVA] CBLWebSocket@@0xe165695{vC4Socket@xb4000077c9848300 <=> OkHttpSocket@0x46f964c(wss://stage.realtime-sync-gw.wdprapps.disney.com:443/park-platform-pub/_blipsync)}.coreAckReceive: 79
04-12 18:57:12.671 8886 9034 V CouchbaseLite/NETWORK: {N8litecore4blip10ConnectionE#15428} Receiving 'rev' REQ #11 Z
04-12 18:57:12.689 8886 9032 I CouchbaseLite/REPLICATOR: {Repl#15429} {Coll#-1} pushStatus=stopped, pullStatus=busy, progress=2/10/2
04-12 18:57:12.698 8886 9034 V CouchbaseLite/NETWORK: {N8litecore4blip10ConnectionE#15428} Finished receiving 'rev' REQ #11 Z
04-12 18:57:12.700 8886 9034 I CouchbaseLite/NETWORK: RECEIVED: REQ #11 Z {
04-12 18:57:12.700 8886 9034 I CouchbaseLite/NETWORK: Profile: rev
04-12 18:57:12.700 8886 9034 I CouchbaseLite/NETWORK: id: wdw.facilities.1_0.en_us.tour.16712;entityType=tour:16886395;entityType=point-of-interest
04-12 18:57:12.700 8886 9034 I CouchbaseLite/NETWORK: rev: 6442-107f2ccce77fe5b495f47dc3ffeb586e
04-12 18:57:12.700 8886 9034 I CouchbaseLite/NETWORK: history: 6441-e32cd59766039e512054ec1f038e2fb5
04-12 18:57:12.700 8886 9034 I CouchbaseLite/NETWORK: deltaSrc: 6441-e32cd59766039e512054ec1f038e2fb5
04-12 18:57:12.700 8886 9034 I CouchbaseLite/NETWORK: sequence: 376872120
04-12 18:57:12.700 8886 9034 I CouchbaseLite/NETWORK: Content-Type: application/json
04-12 18:57:12.700 8886 9034 I CouchbaseLite/NETWORK: BODY: {"lastUpdate":"2024-04-12T22:57:07.272846Z"} }
04-12 18:57:12.701 8886 9034 D CouchbaseLite/NETWORK: [JAVA] ^C4Socket.completedReceive@b4000077c9848300(81)
04-12 18:57:12.702 8886 9046 D CouchbaseLite/NETWORK: [JAVA] CBLWebSocket@@0xe165695{vC4Socket@xb4000077c9848300 <=> OkHttpSocket@0x46f964c(wss://stage.realtime-sync-gw.wdprapps.disney.com:443/park-platform-pub/_blipsync)}.coreAckReceive: 81
04-12 18:57:12.702 8886 9032 V CouchbaseLite/REPLICATOR: {Repl#15429} {Coll#-1} Replicator status collection-wise: pushStatus=stopped, pullStatus=busy, progress=2/10, docCount=2
04-12 18:57:12.704 8886 9032 V CouchbaseLite/REPLICATOR: {Repl#15429} {Coll#-1} (collection: 4294967295) progress +1/+0, 1 docs -- now 2 / 10, 2 docs
04-12 18:57:12.721 8886 9032 I CouchbaseLite/REPLICATOR: {Repl#15429} {Coll#-1} activityLevel=busy: connectionState=2, savingChkpt=1
04-12 18:57:12.725 8886 9032 I CouchbaseLite/REPLICATOR: {C4Replicator#15430} State: busy, progress=20.00%
04-12 18:57:12.734 8886 9034 V CouchbaseLite/NETWORK: {N8litecore4blip6BLIPIOE#15533} Received frame: REQ #12 ---C, length 75
04-12 18:57:12.735 8886 9032 D CouchbaseLite/REPLICATOR: [JAVA] C4Replicator.statusChangedCallback(0x6b98c561) C4CommonRepl{@0xbb891ab/@xb4000077b97f8190, @0x89417fa, SocketFactory{@URLEndpoint{url=wss://stage.realtime-sync-gw.wdprapps.disney.com/park-platform-pub/}}'}: C4ReplicatorStatus{level=4,completed=2,total=10,#docs=2,domain=0,code=0,info=0}
04-12 18:57:12.742 8886 9048 I CouchbaseLite/REPLICATOR: [JAVA] status changed: (0, 0) @C4ReplicatorStatus{level=4,completed=2,total=10,#docs=2,domain=0,code=0,info=0} for Replicator{@0x89417fa(<*),Database{@@0x5c116b6: 'finder.73600.en_us-stage'} => URLEndpoint{url=wss://stage.realtime-sync-gw.wdprapps.disney.com/park-platform-pub/}}$C4CommonRepl{@0xbb891ab/@xb4000077b97f8190, @0x89417fa, SocketFactory{@URLEndpoint{url=wss://stage.realtime-sync-gw.wdprapps.disney.com/park-platform-pub/}}'}
04-12 18:57:12.742 8886 9048 D CouchbaseLite/NETWORK: [JAVA] Offline state change for com.couchbase.lite.internal.replicator.AndroidConnectivityObserver@fd135d9: BUSY -> true
04-12 18:57:12.742 8886 9048 I CouchbaseLite/REPLICATOR: [JAVA] State changed BUSY => BUSY(2/10): null for Replicator{@0x89417fa(<*),Database{@@0x5c116b6: 'finder.73600.en_us-stage'} => URLEndpoint{url=wss://stage.realtime-sync-gw.wdprapps.disney.com/park-platform-pub/}}$C4CommonRepl{@0xbb891ab/@xb4000077b97f8190, @0x89417fa, SocketFactory{@URLEndpoint{url=wss://stage.realtime-sync-gw.wdprapps.disney.com/park-platform-pub/}}'}
04-12 18:57:12.743 8886 9034 V CouchbaseLite/NETWORK: {N8litecore4blip10ConnectionE#15428} Receiving 'rev' REQ #12 Z
04-12 18:57:12.744 8886 9034 V CouchbaseLite/NETWORK: {N8litecore4blip10ConnectionE#15428} Finished receiving 'rev' REQ #12 Z
04-12 18:57:12.745 8886 9034 I CouchbaseLite/NETWORK: RECEIVED: REQ #12 Z {
04-12 18:57:12.745 8886 9034 I CouchbaseLite/NETWORK: history: 6226-70d3a0f83d99cc57234e6446f15461f8
04-12 18:57:12.745 8886 9034 I CouchbaseLite/NETWORK: deltaSrc: 6226-70d3a0f83d99cc57234e6446f15461f8
04-12 18:57:12.745 8886 9034 I CouchbaseLite/NETWORK: sequence: 376872121
04-12 18:57:12.745 8886 9034 I CouchbaseLite/NETWORK: Content-Type: application/json
04-12 18:57:12.745 8886 9034 I CouchbaseLite/NETWORK: Profile: rev
04-12 18:57:12.745 8886 9034 I CouchbaseLite/NETWORK: id: wdw.facilities.1_0.en_us.tour.17122;entityType=tour:16886387;entityType=point-of-interest
04-12 18:57:12.745 8886 9034 I CouchbaseLite/NETWORK: rev: 6227-53c23970e1de2302e3eccc54c01622e4
04-12 18:57:12.745 8886 9034 I CouchbaseLite/NETWORK: BODY: {"lastUpdate":"2024-04-12T22:57:07.274897Z"} }
04-12 18:57:12.745 8886 9034 D CouchbaseLite/NETWORK: [JAVA] ^C4Socket.completedReceive@b4000077c9848300(77)
04-12 18:57:12.746 8886 9039 D CouchbaseLite/NETWORK: [JAVA] CBLWebSocket@@0xe165695{vC4Socket@xb4000077c9848300 <=> OkHttpSocket@0x46f964c(wss://stage.realtime-sync-gw.wdprapps.disney.com:443/park-platform-pub/_blipsync)}.coreAckReceive: 77
04-12 18:57:12.772 8886 9034 V CouchbaseLite/NETWORK: {N8litecore4blip6BLIPIOE#15533} Received frame: REQ #13 ---C, length 77
04-12 18:57:12.785 8886 9032 I CouchbaseLite/REPLICATOR: {Repl#15429} {Coll#0} Saved remote checkpoint 'cp-EUIwC4qPpttqvSBmzfkR34rhris=' as rev='0-41'
04-12 18:57:12.786 8886 9034 V CouchbaseLite/NETWORK: {N8litecore4blip10ConnectionE#15428} Receiving 'rev' REQ #13 Z
04-12 18:57:12.792 8886 9034 V CouchbaseLite/NETWORK: {N8litecore4blip10ConnectionE#15428} Finished receiving 'rev' REQ #13 Z
04-12 18:57:12.797 8886 9034 I CouchbaseLite/NETWORK: RECEIVED: REQ #13 Z {
04-12 18:57:12.797 8886 9034 I CouchbaseLite/NETWORK: deltaSrc: 6640-8fced4294dd13381988e479ed091583f
04-12 18:57:12.797 8886 9034 I CouchbaseLite/NETWORK: sequence: 376872122
04-12 18:57:12.797 8886 9034 I CouchbaseLite/NETWORK: history: 6640-8fced4294dd13381988e479ed091583f
04-12 18:57:12.797 8886 9034 I CouchbaseLite/NETWORK: Content-Type: application/json
04-12 18:57:12.797 8886 9034 I CouchbaseLite/NETWORK: Profile: rev
04-12 18:57:12.797 8886 9034 I CouchbaseLite/NETWORK: id: wdw.facilities.1_0.en_us.tour.13438;entityType=tour:16886408;entityType=point-of-interest
04-12 18:57:12.797 8886 9034 I CouchbaseLite/NETWORK: rev: 6641-c06f81104bc27cd25f9a9b125c5dda1a
04-12 18:57:12.797 8886 9034 I CouchbaseLite/NETWORK: BODY: {"lastUpdate":"2024-04-12T22:57:07.296574Z"} }
04-12 18:57:12.798 8886 9034 D CouchbaseLite/NETWORK: [JAVA] ^C4Socket.completedReceive@b4000077c9848300(79)
04-12 18:57:12.801 8886 9048 D CouchbaseLite/NETWORK: [JAVA] CBLWebSocket@@0xe165695{vC4Socket@xb4000077c9848300 <=> OkHttpSocket@0x46f964c(wss://stage.realtime-sync-gw.wdprapps.disney.com:443/park-platform-pub/_blipsync)}.coreAckReceive: 79
04-12 18:57:12.808 8886 9034 V CouchbaseLite/NETWORK: {N8litecore4blip6BLIPIOE#15533} Received frame: REQ #14 ---C, length 77
04-12 18:57:12.825 8886 9034 V CouchbaseLite/NETWORK: {N8litecore4blip10ConnectionE#15428} Receiving 'rev' REQ #14 Z
04-12 18:57:12.833 8886 9034 V CouchbaseLite/NETWORK: {N8litecore4blip10ConnectionE#15428} Finished receiving 'rev' REQ #14 Z
04-12 18:57:12.835 8886 9034 I CouchbaseLite/NETWORK: RECEIVED: REQ #14 Z {
04-12 18:57:12.835 8886 9034 I CouchbaseLite/NETWORK: Profile: rev
04-12 18:57:12.835 8886 9034 I CouchbaseLite/NETWORK: id: wdw.facilities.1_0.en_us.tour.18988416;entityType=tour:17600189;entityType=point-of-interest
04-12 18:57:12.835 8886 9034 I CouchbaseLite/NETWORK: rev: 6123-e05e1e0d72a4c97c770e12edd470cff5
04-12 18:57:12.835 8886 9034 I CouchbaseLite/NETWORK: history: 6122-856cdd1e90596980f63d6c26bad261b0
04-12 18:57:12.835 8886 9034 I CouchbaseLite/NETWORK: deltaSrc: 6122-856cdd1e90596980f63d6c26bad261b0
04-12 18:57:12.835 8886 9034 I CouchbaseLite/NETWORK: sequence: 376872123
04-12 18:57:12.835 8886 9034 I CouchbaseLite/NETWORK: Content-Type: application/json
04-12 18:57:12.835 8886 9034 I CouchbaseLite/NETWORK: BODY: {"lastUpdate":"2024-04-12T22:57:07.276318Z"} }
04-12 18:57:12.837 8886 9034 D CouchbaseLite/NETWORK: [JAVA] ^C4Socket.completedReceive@b4000077c9848300(79)
04-12 18:57:12.840 8886 9039 D CouchbaseLite/NETWORK: [JAVA] CBLWebSocket@@0xe165695{vC4Socket@xb4000077c9848300 <=> OkHttpSocket@0x46f964c(wss://stage.realtime-sync-gw.wdprapps.disney.com:443/park-platform-pub/_blipsync)}.coreAckReceive: 79
04-12 18:57:12.845 8886 9034 V CouchbaseLite/NETWORK: {N8litecore4blip6BLIPIOE#15533} Received frame: REQ #15 ---C, length 73
04-12 18:57:12.852 8886 9034 V CouchbaseLite/NETWORK: {N8litecore4blip10ConnectionE#15428} Receiving 'rev' REQ #15 Z
04-12 18:57:12.859 8886 9034 V CouchbaseLite/NETWORK: {N8litecore4blip10ConnectionE#15428} Finished receiving 'rev' REQ #15 Z
04-12 18:57:12.882 8886 9034 I CouchbaseLite/NETWORK: RECEIVED: REQ #15 Z {
04-12 18:57:12.882 8886 9034 I CouchbaseLite/NETWORK: Profile: rev
04-12 18:57:12.882 8886 9034 I CouchbaseLite/NETWORK: id: wdw.facilities.1_0.en_us.tour.18419537;entityType=tour
04-12 18:57:12.882 8886 9034 I CouchbaseLite/NETWORK: rev: 6581-0090d9bc79efd529d2bf6db15f377b79
04-12 18:57:12.882 8886 9034 I CouchbaseLite/NETWORK: sequence: 376872124
04-12 18:57:12.882 8886 9034 I CouchbaseLite/NETWORK: history: 6580-71470e1d76d920ab7b7a42e7d1cf999b
04-12 18:57:12.882 8886 9034 I CouchbaseLite/NETWORK: deltaSrc: 6580-71470e1d76d920ab7b7a42e7d1cf999b
04-12 18:57:12.882 8886 9034 I CouchbaseLite/NETWORK: Content-Type: application/json
04-12 18:57:12.882 8886 9034 I CouchbaseLite/NETWORK: BODY: {"lastUpdate":"2024-04-12T22:57:07.302548Z"} }
04-12 18:57:12.894 8886 9034 D CouchbaseLite/NETWORK: [JAVA] ^C4Socket.completedReceive@b4000077c9848300(75)
04-12 18:57:12.894 8886 9030 D CouchbaseLite/NETWORK: [JAVA] CBLWebSocket@@0xe165695{vC4Socket@xb4000077c9848300 <=> OkHttpSocket@0x46f964c(wss://stage.realtime-sync-gw.wdprapps.disney.com:443/park-platform-pub/_blipsync)}.coreAckReceive: 75
04-12 18:57:12.946 8886 9032 I CouchbaseLite/REPLICATOR: {Repl#15429} {Coll#0} Saved local checkpoint 'cp-EUIwC4qPpttqvSBmzfkR34rhris=': {"time":1712962630,"remote":376872114}
04-12 18:57:12.947 8886 9032 I CouchbaseLite/REPLICATOR: {Repl#15429} {Coll#-1} activityLevel=busy: connectionState=2, savingChkpt=1
04-12 18:57:12.949 8886 9032 I CouchbaseLite/REPLICATOR: {Repl#15429} {Coll#-1} activityLevel=busy: connectionState=2, savingChkpt=1
04-12 18:57:12.949 8886 9032 I CouchbaseLite/REPLICATOR: {Repl#15429} {Coll#-1} activityLevel=busy: connectionState=2, savingChkpt=1
04-12 18:57:12.951 8886 9032 I CouchbaseLite/REPLICATOR: {Repl#15429} {Coll#-1} activityLevel=busy: connectionState=2, savingChkpt=1
04-12 18:57:12.952 8886 9032 I CouchbaseLite/REPLICATOR: {Repl#15429} {Coll#-1} activityLevel=busy: connectionState=2, savingChkpt=1
04-12 18:57:12.953 8886 9038 V CouchbaseLite/REPLICATOR: {N8litecore4repl9RevFinderE#15570} {Coll#0} Handling 'changes' REQ#7
04-12 18:57:12.954 8886 9038 I CouchbaseLite/REPLICATOR: {N8litecore4repl9RevFinderE#15570} {Coll#0} Received 1 changes (seq '376872128'..'376872128')
04-12 18:57:12.956 8886 9032 I CouchbaseLite/REPLICATOR: {Repl#15429} {Coll#-1} activityLevel=busy: connectionState=2, savingChkpt=1
04-12 18:57:12.958 8886 9034 V CouchbaseLite/REPLICATOR: {N8litecore4repl11IncomingRevE#19276} {Coll#0} Received revision 'wdw.facilities.1_0.en_us.tour.219692;entityType=tour' #5619-50171a4bf4a2dcb66f647ac7e2e1d52b (seq '376872117')
04-12 18:57:12.961 8886 9032 I CouchbaseLite/REPLICATOR: {Repl#15429} {Coll#-1} activityLevel=busy: connectionState=2, savingChkpt=1
04-12 18:57:12.962 8886 9034 V CouchbaseLite/REPLICATOR: {N8litecore4repl11IncomingRevE#19276} {Coll#0} _mayContainBlobChanges=0
04-12 18:57:12.963 8886 9034 V CouchbaseLite/REPLICATOR: {N8litecore4repl11IncomingRevE#19276} {Coll#0} _mayContainEncryptedProperties=0
04-12 18:57:12.967 8886 9038 I CouchbaseLite/NETWORK: SENDING: RES #7 Z {
04-12 18:57:12.967 8886 9038 I CouchbaseLite/NETWORK: maxHistory: 50
04-12 18:57:12.967 8886 9038 I CouchbaseLite/NETWORK: blobs: true
04-12 18:57:12.967 8886 9038 I CouchbaseLite/NETWORK: BODY: [["6224-dee492cbfbf0d59a2f14d487a4015cea"]] }
04-12 18:57:12.970 8886 9034 I CouchbaseLite/REPLICATOR: {N8litecore4repl6PullerE#15560} {Coll#0} activityLevel=busy: pendingResponseCount=0, _caughtUp=1, _pendingRevMessages=7, _activeIncomingRevs=1, _waitingRevMessages=0, _unfinishedIncomingRevs=1
04-12 18:57:12.973 8886 9032 I CouchbaseLite/REPLICATOR: {Repl#15429} {Coll#-1} activityLevel=busy: connectionState=2, savingChkpt=1
04-12 18:57:12.973 8886 9032 V CouchbaseLite/NETWORK: {N8litecore4blip6BLIPIOE#15533} Sending RES #7 Z
04-12 18:57:12.974 8886 9032 V CouchbaseLite/NETWORK: {N8litecore4blip6BLIPIOE#15533} Requeuing RES #7...
04-12 18:57:12.974 8886 9032 V CouchbaseLite/NETWORK: {N8litecore4blip6BLIPIOE#15533} Starting writeToWebSocket loop...
04-12 18:57:12.976 8886 9032 V CouchbaseLite/NETWORK: {N8litecore4blip6BLIPIOE#15533} Sending frame: RES #7 ---C, bytes 0--43
04-12 18:57:12.977 8886 9032 V CouchbaseLite/NETWORK: {N8litecore4repl12C4SocketImplE#15431} Sending 46-byte message
04-12 18:57:12.978 8886 9032 D CouchbaseLite/NETWORK: [JAVA] ^C4Socket.write@b4000077c9848300(46)
04-12 18:57:12.979 8886 9038 I CouchbaseLite/REPLICATOR: {N8litecore4repl9RevFinderE#15570} {Coll#0} Responded to 'changes' REQ#7 w/request for 1 revs in 0.012853 sec
04-12 18:57:12.979 8886 9038 V CouchbaseLite/REPLICATOR: {N8litecore4repl9RevFinderE#15570} {Coll#0} now busy
04-12 18:57:12.979 8886 9046 D CouchbaseLite/NETWORK: [JAVA] CBLWebSocket@@0xe165695{vC4Socket@xb4000077c9848300 <=> OkHttpSocket@0x46f964c(wss://stage.realtime-sync-gw.wdprapps.disney.com:443/park-platform-pub/_blipsync)}.coreWrites(46)
04-12 18:57:12.980 8886 9046 D CouchbaseLite/NETWORK: [JAVA] OkHttpSocket@0x46f964c.write(46)
04-12 18:57:12.980 8886 9032 V CouchbaseLite/NETWORK: {N8litecore4blip6BLIPIOE#15533} Finished sending RES #7 Z
04-12 18:57:12.981 8886 9046 D CouchbaseLite/NETWORK: [JAVA] vC4Socket@xb4000077c9848300.ackWriteToCore(46)
04-12 18:57:12.984 8886 9032 V CouchbaseLite/NETWORK: {N8litecore4blip6BLIPIOE#15533} ...Wrote 46 bytes to WebSocket (writeable=1)
04-12 18:57:12.984 8886 9032 I CouchbaseLite/REPLICATOR: {Repl#15429} {Coll#-1} activityLevel=busy: connectionState=2, savingChkpt=1
04-12 18:57:12.985 8886 9032 V CouchbaseLite/REPLICATOR: {N8litecore4repl8InserterE#19277} {Coll#0} Inserting 1 revs:
04-12 18:57:12.991 8886 9038 I CouchbaseLite/REPLICATOR: {N8litecore4repl11IncomingRevE#19718}==> N8litecore4repl11IncomingRevE {Repl#15429} @0xb4000077c98b7d10
04-12 18:57:12.992 8886 9038 V CouchbaseLite/REPLICATOR: {N8litecore4repl11IncomingRevE#19718} {Coll#0} Received revision 'wdw.facilities.1_0.en_us.tour.18988416;entityType=tour' #6372-3662ddf1cd5bd3bc19f53dc30fcd808f (seq '376872118')
04-12 18:57:12.993 8886 9038 V CouchbaseLite/REPLICATOR: {N8litecore4repl11IncomingRevE#19718} {Coll#0} _mayContainBlobChanges=0
04-12 18:57:12.993 8886 9038 V CouchbaseLite/REPLICATOR: {N8litecore4repl11IncomingRevE#19718} {Coll#0} _mayContainEncryptedProperties=0
04-12 18:57:12.994 8886 9038 I CouchbaseLite/REPLICATOR: {N8litecore4repl6PullerE#15560} {Coll#0} activityLevel=busy: pendingResponseCount=0, _caughtUp=1, _pendingRevMessages=6, _activeIncomingRevs=2, _waitingRevMessages=0, _unfinishedIncomingRevs=2
04-12 18:57:12.998 8886 9038 I CouchbaseLite/REPLICATOR: {Repl#15429} {Coll#-1} activityLevel=busy: connectionState=2, savingChkpt=1
04-12 18:57:13.003 8886 9038 V CouchbaseLite/REPLICATOR: {N8litecore4repl9RevFinderE#15570} {Coll#0} now idle
04-12 18:57:13.004 8886 9038 I CouchbaseLite/REPLICATOR: {N8litecore4repl11IncomingRevE#19720}==> N8litecore4repl11IncomingRevE {Repl#15429} @0xb4000077c98ddd40
04-12 18:57:13.005 8886 9038 V CouchbaseLite/REPLICATOR: {N8litecore4repl11IncomingRevE#19720} {Coll#0} Received revision 'wdw.facilities.1_0.en_us.tour.18419537;entityType=tour:18398633;entityType=point-of-interest' #6257-5b6c23bedbd0062639001709c55e5cc9 (seq '376872119')
04-12 18:57:13.009 8886 9038 V CouchbaseLite/REPLICATOR: {N8litecore4repl11IncomingRevE#19720} {Coll#0} _mayContainBlobChanges=0
04-12 18:57:13.010 8886 9038 V CouchbaseLite/REPLICATOR: {N8litecore4repl11IncomingRevE#19720} {Coll#0} _mayContainEncryptedProperties=0
04-12 18:57:13.011 8886 9038 I CouchbaseLite/REPLICATOR: {N8litecore4repl6PullerE#15560} {Coll#0} activityLevel=busy: pendingResponseCount=0, _caughtUp=1, _pendingRevMessages=5, _activeIncomingRevs=3, _waitingRevMessages=0, _unfinishedIncomingRevs=3
04-12 18:57:13.016 8886 9038 I CouchbaseLite/REPLICATOR: {Repl#15429} {Coll#-1} pushStatus=stopped, pullStatus=busy, progress=2/10/2
04-12 18:57:13.018 8886 9031 I CouchbaseLite/REPLICATOR: {N8litecore4repl11IncomingRevE#19723}==> N8litecore4repl11IncomingRevE {Repl#15429} @0xb4000077c9892d10
04-12 18:57:13.018 8886 9031 V CouchbaseLite/REPLICATOR: {N8litecore4repl11IncomingRevE#19723} {Coll#0} Received revision 'wdw.facilities.1_0.en_us.tour.16712;entityType=tour:16886395;entityType=point-of-interest' #6442-107f2ccce77fe5b495f47dc3ffeb586e (seq '376872120')
04-12 18:57:13.018 8886 9038 V CouchbaseLite/REPLICATOR: {Repl#15429} {Coll#-1} Replicator status collection-wise: pushStatus=stopped, pullStatus=busy, progress=2/10, docCount=2
04-12 18:57:13.019 8886 9032 V CouchbaseLite/REPLICATOR: {N8litecore4repl8InserterE#19277} {Coll#0} {'wdw.facilities.1_0.en_us.tour.219692;entityType=tour (_default)' #5619-50171a4bf4a2dcb66f647ac7e2e1d52b <- 5618-a30b21ff7d5cc0a42ff8adcdafc4be18} seq 7597
04-12 18:57:13.021 8886 9038 I CouchbaseLite/REPLICATOR: {Repl#15429} {Coll#-1} activityLevel=busy: connectionState=2, savingChkpt=1
04-12 18:57:13.024 8886 9038 I CouchbaseLite/REPLICATOR: {Repl#15429} {Coll#-1} pushStatus=stopped, pullStatus=busy, progress=2/10/2
04-12 18:57:13.024 8886 9038 V CouchbaseLite/REPLICATOR: {Repl#15429} {Coll#-1} Replicator status collection-wise: pushStatus=stopped, pullStatus=busy, progress=2/10, docCount=2
04-12 18:57:13.024 8886 9038 I CouchbaseLite/REPLICATOR: {Repl#15429} {Coll#-1} activityLevel=busy: connectionState=2, savingChkpt=1
04-12 18:57:13.025 8886 9038 V CouchbaseLite/REPLICATOR: {Repl#15429} {Coll#0} Saving remote checkpoint 'cp-EUIwC4qPpttqvSBmzfkR34rhris=' over rev='0-41': {"time":1712962633,"remote":376872115} ...
04-12 18:57:13.027 8886 9038 I CouchbaseLite/NETWORK: SENDING: REQ #0 {
04-12 18:57:13.027 8886 9038 I CouchbaseLite/NETWORK: Profile: setCheckpoint
04-12 18:57:13.027 8886 9038 I CouchbaseLite/NETWORK: client: cp-EUIwC4qPpttqvSBmzfkR34rhris=
04-12 18:57:13.027 8886 9038 I CouchbaseLite/NETWORK: rev: 0-41
04-12 18:57:13.027 8886 9038 I CouchbaseLite/NETWORK: BODY: {"time":1712962633,"remote":376872115} }
04-12 18:57:13.027 8886 9031 V CouchbaseLite/REPLICATOR: {N8litecore4repl11IncomingRevE#19723} {Coll#0} _mayContainBlobChanges=0
04-12 18:57:13.028 8886 9031 V CouchbaseLite/REPLICATOR: {N8litecore4repl11IncomingRevE#19723} {Coll#0} _mayContainEncryptedProperties=0
04-12 18:57:13.030 8886 9038 I CouchbaseLite/REPLICATOR: {Repl#15429} {Coll#-1} activityLevel=busy: connectionState=2, savingChkpt=1
04-12 18:57:13.035 8886 9031 I CouchbaseLite/REPLICATOR: {N8litecore4repl6PullerE#15560} {Coll#0} activityLevel=busy: pendingResponseCount=0, _caughtUp=1, _pendingRevMessages=4, _activeIncomingRevs=4, _waitingRevMessages=0, _unfinishedIncomingRevs=4
04-12 18:57:13.044 8886 9032 I CouchbaseLite/NETWORK: SENDING: RES #8 { }
04-12 18:57:13.045 8886 9032 I CouchbaseLite/REPLICATOR: {N8litecore4repl8InserterE#19277} {Coll#0} Inserted 1 revs in 58.79ms ( 17/sec) of which 81.3% was commit
04-12 18:57:13.046 8886 9032 V CouchbaseLite/REPLICATOR: {N8litecore4repl8InserterE#19277} {Coll#0} now busy
04-12 18:57:13.105 8886 9031 V CouchbaseLite/NETWORK: {N8litecore4blip6BLIPIOE#15533} Sending 'setCheckpoint' REQ #0
04-12 18:57:13.105 8886 9031 V CouchbaseLite/NETWORK: {N8litecore4blip6BLIPIOE#15533} Requeuing REQ #0...
04-12 18:57:13.106 8886 9031 V CouchbaseLite/NETWORK: {N8litecore4blip6BLIPIOE#15533} Starting writeToWebSocket loop...
04-12 18:57:13.116 8886 9031 V CouchbaseLite/NETWORK: {N8litecore4blip6BLIPIOE#15533} Sending frame: REQ #4 ----, bytes 0--112
04-12 18:57:13.122 8886 9031 V CouchbaseLite/NETWORK: {N8litecore4repl12C4SocketImplE#15431} Sending 115-byte message
04-12 18:57:13.123 8886 9031 D CouchbaseLite/NETWORK: [JAVA] ^C4Socket.write@b4000077c9848300(115)
04-12 18:57:13.124 8886 9047 D CouchbaseLite/NETWORK: [JAVA] CBLWebSocket@@0xe165695{vC4Socket@xb4000077c9848300 <=> OkHttpSocket@0x46f964c(wss://stage.realtime-sync-gw.wdprapps.disney.com:443/park-platform-pub/_blipsync)}.coreWrites(115)
04-12 18:57:13.124 8886 9047 D CouchbaseLite/NETWORK: [JAVA] OkHttpSocket@0x46f964c.write(115)
04-12 18:57:13.125 8886 9047 D CouchbaseLite/NETWORK: [JAVA] vC4Socket@xb4000077c9848300.ackWriteToCore(115)
04-12 18:57:13.134 8886 9418 D CouchbaseLite/NETWORK: [JAVA] OkHttpSocket@0x46f964c.onBytes(132)
