04-12 18:58:14.638 8886 9047 I CouchbaseLite/REPLICATOR: [JAVA] status changed: (0, 0) @C4ReplicatorStatus{level=4,completed=0,total=0,#docs=0,domain=0,code=0,info=0} for Replicator{@0x87bb582(<*),Database{@@0x5c116b6: 'finder.73600.en_us-stage'} => URLEndpoint{url=wss://stage.realtime-sync-gw.wdprapps.disney.com/park-platform-pub/}}$C4CommonRepl{@0xa0dbcd0/@xb4000077b980e4d0, @0x87bb582, SocketFactory{@URLEndpoint{url=wss://stage.realtime-sync-gw.wdprapps.disney.com/park-platform-pub/}}'}
04-12 18:58:14.639 8886 9047 D CouchbaseLite/NETWORK: [JAVA] Offline state change for com.couchbase.lite.internal.replicator.AndroidConnectivityObserver@b908332: CONNECTING -> true
04-12 18:58:14.640 8886 9047 I CouchbaseLite/REPLICATOR: [JAVA] State changed CONNECTING => BUSY(0/0): null for Replicator{@0x87bb582(<*),Database{@@0x5c116b6: 'finder.73600.en_us-stage'} => URLEndpoint{url=wss://stage.realtime-sync-gw.wdprapps.disney.com/park-platform-pub/}}$C4CommonRepl{@0xa0dbcd0/@xb4000077b980e4d0, @0x87bb582, SocketFactory{@URLEndpoint{url=wss://stage.realtime-sync-gw.wdprapps.disney.com/park-platform-pub/}}'}
04-12 18:58:14.642 8886 9036 V CouchbaseLite/NETWORK: {N8litecore4blip6BLIPIOE#26339} Finished sending REQ #1
04-12 18:58:14.643 8886 9036 V CouchbaseLite/NETWORK: {N8litecore4blip6BLIPIOE#26339} ...Wrote 68 bytes to WebSocket (writeable=1)
04-12 18:58:14.657 8886 9035 I CouchbaseLite/REPLICATOR: {Repl#26272} {Coll#-1} activityLevel=busy: connectionState=2, savingChkpt=0
04-12 18:58:14.678 8886 10542 D CouchbaseLite/NETWORK: [JAVA] OkHttpSocket@0xe2eb2cb.onBytes(98)
04-12 18:58:14.679 8886 10542 D CouchbaseLite/NETWORK: [JAVA] CBLWebSocket@@0x85e2aa8{vC4Socket@xb4000077c98c1980 <=> OkHttpSocket@0xe2eb2cb(wss://stage.realtime-sync-gw.wdprapps.disney.com:443/park-platform-priv/_blipsync)}.remoteWrites: 98
04-12 18:58:14.679 8886 10542 D CouchbaseLite/NETWORK: [JAVA] vC4Socket@xb4000077c98c1980.sendToCore(98)
04-12 18:58:14.679 8886 10542 V CouchbaseLite/NETWORK: {N8litecore4repl12C4SocketImplE#26291} Received 98-byte message
04-12 18:58:14.680 8886 9033 V CouchbaseLite/NETWORK: {N8litecore4blip6BLIPIOE#26330} Received frame: RES #1 ---C, length 96
04-12 18:58:14.680 8886 9033 V CouchbaseLite/NETWORK: {N8litecore4blip6BLIPIOE#26330} RES #1 has reached the end of its frames
04-12 18:58:14.694 8886 9033 V CouchbaseLite/NETWORK: {N8litecore4blip10ConnectionE#26287} Receiving RES #1 Z
04-12 18:58:14.696 8886 9033 V CouchbaseLite/NETWORK: {N8litecore4blip10ConnectionE#26287} Finished receiving RES #1 Z
04-12 18:58:14.697 8886 9033 I CouchbaseLite/NETWORK: RECEIVED: RES #1 Z {
04-12 18:58:14.697 8886 9033 I CouchbaseLite/NETWORK: rev: 0-2
04-12 18:58:14.697 8886 9033 I CouchbaseLite/NETWORK: Content-Type: application/json
04-12 18:58:14.697 8886 9033 I CouchbaseLite/NETWORK: BODY: {"local":7,"remote":45262888,"time":1712962450} }
04-12 18:58:14.697 8886 9033 D CouchbaseLite/NETWORK: [JAVA] ^C4Socket.completedReceive@b4000077c98c1980(98)
04-12 18:58:14.698 8886 9048 D CouchbaseLite/NETWORK: [JAVA] CBLWebSocket@@0x85e2aa8{vC4Socket@xb4000077c98c1980 <=> OkHttpSocket@0xe2eb2cb(wss://stage.realtime-sync-gw.wdprapps.disney.com:443/park-platform-priv/_blipsync)}.coreAckReceive: 98
04-12 18:58:14.702 8886 9038 I CouchbaseLite/REPLICATOR: {Repl#26288} {Coll#-1} Received remote checkpoint (rev='0-2'): {"local":7,"remote":45262888,"time":1712962450} of the default collection
04-12 18:58:14.705 8886 9038 I CouchbaseLite/REPLICATOR: {Repl#26288} {Coll#-1} activityLevel=busy: connectionState=2, savingChkpt=0
04-12 18:58:14.707 8886 9034 I CouchbaseLite/REPLICATOR: {N8litecore4repl6PusherE#26354}==> N8litecore4repl6PusherE {Repl#26288} @0xb4000077d97ff800
04-12 18:58:14.708 8886 9034 I CouchbaseLite/REPLICATOR: {N8litecore4repl6PusherE#26354} {Coll#0} Starting continuous push from local seq #8
04-12 18:58:14.708 8886 9034 I CouchbaseLite/REPLICATOR: {N8litecore4repl21ReplicatorChangesFeedE#26355}==> N8litecore4repl21ReplicatorChangesFeedE 0xb4000077d97ff988 @0xb4000077d97ff988
04-12 18:58:14.708 8886 9034 V CouchbaseLite/REPLICATOR: {N8litecore4repl21ReplicatorChangesFeedE#26355} Starting DB observer
04-12 18:58:14.709 8886 9034 V CouchbaseLite/REPLICATOR: {N8litecore4repl21ReplicatorChangesFeedE#26355} Reading up to 200 local changes since #7
04-12 18:58:14.709 8886 10543 D CouchbaseLite/NETWORK: [JAVA] OkHttpSocket@0x7248ba9.onBytes(47)
04-12 18:58:14.709 8886 10543 D CouchbaseLite/NETWORK: [JAVA] CBLWebSocket@@0xad3252e{vC4Socket@xb4000077c98d1c80 <=> OkHttpSocket@0x7248ba9(wss://stage.realtime-sync-gw.wdprapps.disney.com:443/park-platform-semipriv/_blipsync)}.remoteWrites: 47
04-12 18:58:14.710 8886 10543 D CouchbaseLite/NETWORK: [JAVA] vC4Socket@xb4000077c98d1c80.sendToCore(47)
04-12 18:58:14.712 8886 9032 I CouchbaseLite/REPLICATOR: {N8litecore4repl6PullerE#26357}==> N8litecore4repl6PullerE {Repl#26288} @0xb4000077e99e4d40
04-12 18:58:14.713 8886 9032 I CouchbaseLite/REPLICATOR: {N8litecore4repl6PullerE#26357} {Coll#0} Starting pull from remote seq '45262888'
04-12 18:58:14.713 8886 9032 I CouchbaseLite/REPLICATOR: {N8litecore4repl6PullerE#26357} {Coll#0} msg["revocations"]="true" due to enableAutoPurge()=1 or progressNotificationLevel()=0 > 0
04-12 18:58:14.713 8886 9032 I CouchbaseLite/NETWORK: SENDING: REQ #0 {
04-12 18:58:14.713 8886 9032 I CouchbaseLite/NETWORK: Profile: subChanges
04-12 18:58:14.713 8886 9032 I CouchbaseLite/NETWORK: since: 45262888
04-12 18:58:14.713 8886 9032 I CouchbaseLite/NETWORK: continuous: true
04-12 18:58:14.713 8886 9032 I CouchbaseLite/NETWORK: batch: 200
04-12 18:58:14.713 8886 9032 I CouchbaseLite/NETWORK: versioning: rev-trees
04-12 18:58:14.713 8886 9032 I CouchbaseLite/NETWORK: revocations: true
04-12 18:58:14.713 8886 9032 I CouchbaseLite/NETWORK: filter: sync_gateway/bychannel
04-12 18:58:14.713 8886 9032 I CouchbaseLite/NETWORK: channels: {63B01F9F-BC25-4824-9104-70D27ED77981}.wdw.exp.1_0.en_us,{63B01F9F-BC25-4824-9104-70D27ED77981}.wdw.userdata.1_0.en_us }
04-12 18:58:14.714 8886 9032 I CouchbaseLite/REPLICATOR: {N8litecore4repl6PullerE#26357} {Coll#0} activityLevel=busy: pendingResponseCount=1, _caughtUp=0, _pendingRevMessages=0, _activeIncomingRevs=0, _waitingRevMessages=0, _unfinishedIncomingRevs=0
04-12 18:58:14.714 8886 9032 V CouchbaseLite/REPLICATOR: {N8litecore4repl6PullerE#26357} {Coll#0} now busy
04-12 18:58:14.714 8886 9032 I CouchbaseLite/REPLICATOR: {Repl#26288} {Coll#-1} pushStatus=busy, pullStatus=busy, progress=0/0/0
04-12 18:58:14.714 8886 9032 V CouchbaseLite/REPLICATOR: {Repl#26288} {Coll#-1} Replicator status collection-wise: pushStatus=busy, pullStatus=busy, progress=0/0, docCount=0
04-12 18:58:14.714 8886 9032 I CouchbaseLite/REPLICATOR: {Repl#26288} {Coll#-1} activityLevel=busy: connectionState=2, savingChkpt=0
04-12 18:58:14.715 8886 10543 V CouchbaseLite/NETWORK: {N8litecore4repl12C4SocketImplE#26282} Received 47-byte message
04-12 18:58:14.717 8886 9036 V CouchbaseLite/NETWORK: {N8litecore4blip6BLIPIOE#26330} Sending 'subChanges' REQ #0
04-12 18:58:14.718 8886 9036 V CouchbaseLite/NETWORK: {N8litecore4blip6BLIPIOE#26330} Requeuing REQ #0...
04-12 18:58:14.719 8886 9036 V CouchbaseLite/NETWORK: {N8litecore4blip6BLIPIOE#26330} Starting writeToWebSocket loop...
04-12 18:58:14.720 8886 9036 V CouchbaseLite/NETWORK: {N8litecore4blip6BLIPIOE#26330} Sending frame: REQ #2 ----, bytes 0--261
04-12 18:58:14.720 8886 9036 V CouchbaseLite/NETWORK: {N8litecore4repl12C4SocketImplE#26291} Sending 264-byte message
04-12 18:58:14.721 8886 9036 D CouchbaseLite/NETWORK: [JAVA] ^C4Socket.write@b4000077c98c1980(264)
04-12 18:58:14.722 8886 9046 D CouchbaseLite/NETWORK: [JAVA] CBLWebSocket@@0x85e2aa8{vC4Socket@xb4000077c98c1980 <=> OkHttpSocket@0xe2eb2cb(wss://stage.realtime-sync-gw.wdprapps.disney.com:443/park-platform-priv/_blipsync)}.coreWrites(264)
04-12 18:58:14.722 8886 9046 D CouchbaseLite/NETWORK: [JAVA] OkHttpSocket@0xe2eb2cb.write(264)
04-12 18:58:14.723 8886 9046 D CouchbaseLite/NETWORK: [JAVA] vC4Socket@xb4000077c98c1980.ackWriteToCore(264)
04-12 18:58:14.724 8886 9037 V CouchbaseLite/NETWORK: {N8litecore4blip6BLIPIOE#26332} Received frame: ERR #1 ----, length 45
04-12 18:58:14.726 8886 9037 V CouchbaseLite/NETWORK: {N8litecore4blip6BLIPIOE#26332} RES #1 has reached the end of its frames
04-12 18:58:14.729 8886 9037 V CouchbaseLite/NETWORK: {N8litecore4blip10ConnectionE#26278} Receiving ERR #1
04-12 18:58:14.730 8886 9037 V CouchbaseLite/NETWORK: {N8litecore4blip10ConnectionE#26278} Finished receiving ERR #1
04-12 18:58:14.731 8886 9037 I CouchbaseLite/NETWORK: RECEIVED: ERR #1 {
04-12 18:58:14.731 8886 9037 I CouchbaseLite/NETWORK: Error-Domain: HTTP
04-12 18:58:14.731 8886 9037 I CouchbaseLite/NETWORK: Error-Code: 404
04-12 18:58:14.731 8886 9037 I CouchbaseLite/NETWORK: BODY: missing }
04-12 18:58:14.732 8886 9037 D CouchbaseLite/NETWORK: [JAVA] ^C4Socket.completedReceive@b4000077c98d1c80(47)
04-12 18:58:14.733 8886 9031 I CouchbaseLite/REPLICATOR: {N8litecore4repl6PullerE#26357} {Coll#0} activityLevel=busy: pendingResponseCount=1, _caughtUp=0, _pendingRevMessages=0, _activeIncomingRevs=0, _waitingRevMessages=0, _unfinishedIncomingRevs=0
04-12 18:58:14.734 8886 9050 D CouchbaseLite/NETWORK: [JAVA] CBLWebSocket@@0xad3252e{vC4Socket@xb4000077c98d1c80 <=> OkHttpSocket@0x7248ba9(wss://stage.realtime-sync-gw.wdprapps.disney.com:443/park-platform-semipriv/_blipsync)}.coreAckReceive: 47
04-12 18:58:14.737 8886 9036 V CouchbaseLite/NETWORK: {N8litecore4blip6BLIPIOE#26330} Finished sending REQ #2
04-12 18:58:14.739 8886 9033 I CouchbaseLite/REPLICATOR: {Repl#26279} {Coll#-1} No remote checkpoint 'cp-SHpbnSwgcB4cOJXwvdZ39kOvanE=' of the default collection
04-12 18:58:14.739 8886 9033 I CouchbaseLite/REPLICATOR: {Repl#26279} {Coll#-1} activityLevel=busy: connectionState=2, savingChkpt=0
04-12 18:58:14.745 8886 9036 V CouchbaseLite/NETWORK: {N8litecore4blip6BLIPIOE#26330} ...Wrote 264 bytes to WebSocket (writeable=1)
04-12 18:58:14.746 8886 9034 I CouchbaseLite/REPLICATOR: {N8litecore4repl6PusherE#26354} {Coll#0} Found 0 changes up to #7
04-12 18:58:14.747 8886 9034 I CouchbaseLite/NETWORK: SENDING: REQ #0 UN {
04-12 18:58:14.747 8886 9034 I CouchbaseLite/NETWORK: Profile: proposeChanges
04-12 18:58:14.747 8886 9034 I CouchbaseLite/NETWORK: conflictIncludesRev: true
04-12 18:58:14.747 8886 9034 I CouchbaseLite/NETWORK: BODY: [] }
04-12 18:58:14.747 8886 9034 I CouchbaseLite/REPLICATOR: {N8litecore4repl6PusherE#26354} {Coll#0} activityLevel=busy: pendingResponseCount=0, caughtUp=0, changeLists=0, revsInFlight=0, blobsInFlight=0, awaitingReply=0, revsToSend=0, pushingDocs=0, pendingSequences=0
04-12 18:58:14.747 8886 9034 V CouchbaseLite/REPLICATOR: {N8litecore4repl6PusherE#26354} {Coll#0} now busy
04-12 18:58:14.748 8886 9038 V CouchbaseLite/NETWORK: {N8litecore4blip6BLIPIOE#26330} Sending 'proposeChanges' REQ #0 UN
04-12 18:58:14.748 8886 9038 V CouchbaseLite/NETWORK: {N8litecore4blip6BLIPIOE#26330} Requeuing REQ #0...
04-12 18:58:14.748 8886 9038 V CouchbaseLite/NETWORK: {N8litecore4blip6BLIPIOE#26330} Starting writeToWebSocket loop...
04-12 18:58:14.748 8886 9038 V CouchbaseLite/NETWORK: {N8litecore4blip6BLIPIOE#26330} Sending frame: REQ #3 -UN-, bytes 0--54
04-12 18:58:14.749 8886 9038 V CouchbaseLite/NETWORK: {N8litecore4repl12C4SocketImplE#26291} Sending 57-byte message
04-12 18:58:14.749 8886 9038 D CouchbaseLite/NETWORK: [JAVA] ^C4Socket.write@b4000077c98c1980(57)
04-12 18:58:14.752 8886 9047 D CouchbaseLite/NETWORK: [JAVA] CBLWebSocket@@0x85e2aa8{vC4Socket@xb4000077c98c1980 <=> OkHttpSocket@0xe2eb2cb(wss://stage.realtime-sync-gw.wdprapps.disney.com:443/park-platform-priv/_blipsync)}.coreWrites(57)
04-12 18:58:14.753 8886 9047 D CouchbaseLite/NETWORK: [JAVA] OkHttpSocket@0xe2eb2cb.write(57)
04-12 18:58:14.754 8886 9047 D CouchbaseLite/NETWORK: [JAVA] vC4Socket@xb4000077c98c1980.ackWriteToCore(57)
04-12 18:58:14.754 8886 9038 V CouchbaseLite/NETWORK: {N8litecore4blip6BLIPIOE#26330} Finished sending REQ #3 UN
04-12 18:58:14.755 8886 9038 V CouchbaseLite/NETWORK: {N8litecore4blip6BLIPIOE#26330} ...Wrote 57 bytes to WebSocket (writeable=1)
04-12 18:58:14.756 8886 9034 I CouchbaseLite/REPLICATOR: {Repl#26288} {Coll#-1} pushStatus=busy, pullStatus=busy, progress=0/0/0
04-12 18:58:14.757 8886 9034 V CouchbaseLite/REPLICATOR: {Repl#26288} {Coll#-1} Replicator status collection-wise: pushStatus=busy, pullStatus=busy, progress=0/0, docCount=0
04-12 18:58:14.757 8886 10541 D CouchbaseLite/NETWORK: [JAVA] OkHttpSocket@0xd31468a.onBytes(90)
04-12 18:58:14.757 8886 10541 D CouchbaseLite/NETWORK: [JAVA] CBLWebSocket@@0xa3544fb{vC4Socket@xb4000077c989b950 <=> OkHttpSocket@0xd31468a(wss://stage.realtime-sync-gw.wdprapps.disney.com:443/park-platform-pub/_blipsync)}.remoteWrites: 90
04-12 18:58:14.757 8886 10541 D CouchbaseLite/NETWORK: [JAVA] vC4Socket@xb4000077c989b950.sendToCore(90)
04-12 18:58:14.758 8886 9034 I CouchbaseLite/REPLICATOR: {Repl#26288} {Coll#-1} activityLevel=busy: connectionState=2, savingChkpt=0
04-12 18:58:14.759 8886 9032 V CouchbaseLite/REPLICATOR: {N8litecore4repl21ReplicatorChangesFeedE#26355} Asking DB observer for 200 new changes since sequence #7 ...
04-12 18:58:14.759 8886 10543 D CouchbaseLite/NETWORK: [JAVA] OkHttpSocket@0x7248ba9.onBytes(7)
04-12 18:58:14.759 8886 10541 V CouchbaseLite/NETWORK: {N8litecore4repl12C4SocketImplE#26274} Received 90-byte message
04-12 18:58:14.760 8886 10543 D CouchbaseLite/NETWORK: [JAVA] CBLWebSocket@@0xad3252e{vC4Socket@xb4000077c98d1c80 <=> OkHttpSocket@0x7248ba9(wss://stage.realtime-sync-gw.wdprapps.disney.com:443/park-platform-semipriv/_blipsync)}.remoteWrites: 7
04-12 18:58:14.760 8886 10543 D CouchbaseLite/NETWORK: [JAVA] vC4Socket@xb4000077c98d1c80.sendToCore(7)
04-12 18:58:14.760 8886 9031 V CouchbaseLite/NETWORK: {N8litecore4blip6BLIPIOE#26339} Received frame: RES #1 ---C, length 88
04-12 18:58:14.764 8886 9031 V CouchbaseLite/NETWORK: {N8litecore4blip6BLIPIOE#26339} RES #1 has reached the end of its frames
04-12 18:58:14.768 8886 9032 I CouchbaseLite/REPLICATOR: {N8litecore4repl21ReplicatorChangesFeedE#26355} No new observed changes...
04-12 18:58:14.769 8886 10543 V CouchbaseLite/NETWORK: {N8litecore4repl12C4SocketImplE#26282} Received 7-byte message
04-12 18:58:14.771 8886 9037 V CouchbaseLite/NETWORK: {N8litecore4blip6BLIPIOE#26332} Received frame: RES #2 ----, length 5
04-12 18:58:14.771 8886 9037 V CouchbaseLite/NETWORK: {N8litecore4blip6BLIPIOE#26332} RES #2 has reached the end of its frames
04-12 18:58:14.772 8886 9037 V CouchbaseLite/NETWORK: {N8litecore4blip10ConnectionE#26278} Receiving RES #2
04-12 18:58:14.772 8886 9037 V CouchbaseLite/NETWORK: {N8litecore4blip10ConnectionE#26278} Finished receiving RES #2
04-12 18:58:14.772 8886 9037 I CouchbaseLite/NETWORK: RECEIVED: RES #2 { }
04-12 18:58:14.772 8886 9037 D CouchbaseLite/NETWORK: [JAVA] ^C4Socket.completedReceive@b4000077c98d1c80(7)
04-12 18:58:14.773 8886 9033 I CouchbaseLite/REPLICATOR: {N8litecore4repl6PullerE#26333} {Coll#0} activityLevel=busy: pendingResponseCount=0, _caughtUp=0, _pendingRevMessages=0, _activeIncomingRevs=0, _waitingRevMessages=0, _unfinishedIncomingRevs=0
04-12 18:58:14.773 8886 9049 D CouchbaseLite/NETWORK: [JAVA] CBLWebSocket@@0xad3252e{vC4Socket@xb4000077c98d1c80 <=> OkHttpSocket@0x7248ba9(wss://stage.realtime-sync-gw.wdprapps.disney.com:443/park-platform-semipriv/_blipsync)}.coreAckReceive: 7
04-12 18:58:14.774 8886 9032 I CouchbaseLite/REPLICATOR: {N8litecore4repl6PusherE#26354} {Coll#0} Found 0 changes up to #7
04-12 18:58:14.775 8886 9031 V CouchbaseLite/NETWORK: {N8litecore4blip10ConnectionE#26271} Receiving RES #1 Z
04-12 18:58:14.775 8886 9031 V CouchbaseLite/NETWORK: {N8litecore4blip10ConnectionE#26271} Finished receiving RES #1 Z
04-12 18:58:14.775 8886 9031 I CouchbaseLite/NETWORK: RECEIVED: RES #1 Z {
04-12 18:58:14.775 8886 9031 I CouchbaseLite/NETWORK: rev: 0-45
04-12 18:58:14.775 8886 9031 I CouchbaseLite/NETWORK: Content-Type: application/json
04-12 18:58:14.775 8886 9031 I CouchbaseLite/NETWORK: BODY: {"remote":376872135,"time":1712962648} }
04-12 18:58:14.776 8886 9031 D CouchbaseLite/NETWORK: [JAVA] ^C4Socket.completedReceive@b4000077c989b950(90)
04-12 18:58:14.776 8886 9046 D CouchbaseLite/NETWORK: [JAVA] CBLWebSocket@@0xa3544fb{vC4Socket@xb4000077c989b950 <=> OkHttpSocket@0xd31468a(wss://stage.realtime-sync-gw.wdprapps.disney.com:443/park-platform-pub/_blipsync)}.coreAckReceive: 90
04-12 18:58:14.779 8886 9035 I CouchbaseLite/REPLICATOR: {Repl#26272} {Coll#-1} Received remote checkpoint (rev='0-45'): {"remote":376872135,"time":1712962648} of the default collection
04-12 18:58:14.779 8886 9035 I CouchbaseLite/REPLICATOR: {Repl#26272} {Coll#-1} activityLevel=busy: connectionState=2, savingChkpt=0
04-12 18:58:14.780 8886 9038 I CouchbaseLite/REPLICATOR: {N8litecore4repl6PullerE#26365}==> N8litecore4repl6PullerE {Repl#26272} @0xb4000077e991d1b0
04-12 18:58:14.781 8886 9038 I CouchbaseLite/REPLICATOR: {N8litecore4repl6PullerE#26365} {Coll#0} Starting pull from remote seq '376872135'
04-12 18:58:14.781 8886 9032 I CouchbaseLite/NETWORK: SENDING: REQ #0 UN {
04-12 18:58:14.781 8886 9032 I CouchbaseLite/NETWORK: Profile: proposeChanges
04-12 18:58:14.781 8886 9032 I CouchbaseLite/NETWORK: conflictIncludesRev: true
04-12 18:58:14.781 8886 9032 I CouchbaseLite/NETWORK: BODY: [] }
04-12 18:58:14.783 8886 10543 D CouchbaseLite/NETWORK: [JAVA] OkHttpSocket@0x7248ba9.onBytes(63)
04-12 18:58:14.784 8886 10543 D CouchbaseLite/NETWORK: [JAVA] CBLWebSocket@@0xad3252e{vC4Socket@xb4000077c98d1c80 <=> OkHttpSocket@0x7248ba9(wss://stage.realtime-sync-gw.wdprapps.disney.com:443/park-platform-semipriv/_blipsync)}.remoteWrites: 63
04-12 18:58:14.784 8886 10543 D CouchbaseLite/NETWORK: [JAVA] vC4Socket@xb4000077c98d1c80.sendToCore(63)
04-12 18:58:14.788 8886 9032 I CouchbaseLite/REPLICATOR: {N8litecore4repl6PusherE#26354} {Coll#0} Caught up, at lastSequence #7
04-12 18:58:14.788 8886 9034 V CouchbaseLite/NETWORK: {N8litecore4blip6BLIPIOE#26330} Sending 'proposeChanges' REQ #0 UN
04-12 18:58:14.788 8886 9034 V CouchbaseLite/NETWORK: {N8litecore4blip6BLIPIOE#26330} Requeuing REQ #0...
04-12 18:58:14.788 8886 9034 V CouchbaseLite/NETWORK: {N8litecore4blip6BLIPIOE#26330} Starting writeToWebSocket loop...
04-12 18:58:14.789 8886 9034 V CouchbaseLite/NETWORK: {N8litecore4blip6BLIPIOE#26330} Sending frame: REQ #4 -UN-, bytes 0--54
04-12 18:58:14.789 8886 9034 V CouchbaseLite/NETWORK: {N8litecore4repl12C4SocketImplE#26291} Sending 57-byte message
04-12 18:58:14.789 8886 9032 I CouchbaseLite/REPLICATOR: {N8litecore4repl6PusherE#26354} {Coll#0} activityLevel=busy: pendingResponseCount=0, caughtUp=1, changeLists=0, revsInFlight=0, blobsInFlight=0, awaitingReply=0, revsToSend=0, pushingDocs=0, pendingSequences=0
04-12 18:58:14.789 8886 9034 D CouchbaseLite/NETWORK: [JAVA] ^C4Socket.write@b4000077c98c1980(57)
04-12 18:58:14.790 8886 9032 V CouchbaseLite/REPLICATOR: {N8litecore4repl21ReplicatorChangesFeedE#26355} Asking DB observer for 200 new changes since sequence #7 ...
04-12 18:58:14.791 8886 9050 D CouchbaseLite/NETWORK: [JAVA] CBLWebSocket@@0x85e2aa8{vC4Socket@xb4000077c98c1980 <=> OkHttpSocket@0xe2eb2cb(wss://stage.realtime-sync-gw.wdprapps.disney.com:443/park-platform-priv/_blipsync)}.coreWrites(57)
04-12 18:58:14.791 8886 9032 I CouchbaseLite/REPLICATOR: {N8litecore4repl21ReplicatorChangesFeedE#26355} No new observed changes...
04-12 18:58:14.791 8886 9032 I CouchbaseLite/REPLICATOR: {N8litecore4repl6PusherE#26354} {Coll#0} Found 0 changes up to #7
04-12 18:58:14.791 8886 9032 I CouchbaseLite/NETWORK: SENDING: REQ #0 UN {
04-12 18:58:14.791 8886 9032 I CouchbaseLite/NETWORK: Profile: proposeChanges
04-12 18:58:14.791 8886 9032 I CouchbaseLite/NETWORK: conflictIncludesRev: true
04-12 18:58:14.791 8886 9032 I CouchbaseLite/NETWORK: BODY: [] }
04-12 18:58:14.791 8886 9050 D CouchbaseLite/NETWORK: [JAVA] OkHttpSocket@0xe2eb2cb.write(57)
04-12 18:58:14.792 8886 9032 I CouchbaseLite/REPLICATOR: {N8litecore4repl6PusherE#26354} {Coll#0} activityLevel=busy: pendingResponseCount=0, caughtUp=1, changeLists=0, revsInFlight=0, blobsInFlight=0, awaitingReply=0, revsToSend=0, pushingDocs=0, pendingSequences=0
04-12 18:58:14.792 8886 9038 I CouchbaseLite/REPLICATOR: {N8litecore4repl6PullerE#26365} {Coll#0} msg["revocations"]="true" due to enableAutoPurge()=1 or progressNotificationLevel()=0 > 0
04-12 18:58:14.793 8886 9050 D CouchbaseLite/NETWORK: [JAVA] vC4Socket@xb4000077c98c1980.ackWriteToCore(57)
04-12 18:58:14.795 8886 10543 V CouchbaseLite/NETWORK: {N8litecore4repl12C4SocketImplE#26282} Received 63-byte message
04-12 18:58:14.795 8886 9038 I CouchbaseLite/NETWORK: SENDING: REQ #0 {
04-12 18:58:14.795 8886 9038 I CouchbaseLite/NETWORK: Profile: subChanges
04-12 18:58:14.795 8886 9038 I CouchbaseLite/NETWORK: since: 376872135
04-12 18:58:14.795 8886 9038 I CouchbaseLite/NETWORK: continuous: true
04-12 18:58:14.795 8886 9038 I CouchbaseLite/NETWORK: batch: 200
04-12 18:58:14.795 8886 9038 I CouchbaseLite/NETWORK: versioning: rev-trees
04-12 18:58:14.795 8886 9038 I CouchbaseLite/NETWORK: revocations: true
04-12 18:58:14.795 8886 9038 I CouchbaseLite/NETWORK: filter: sync_gateway/bychannel
04-12 18:58:14.795 8886 9038 I CouchbaseLite/NETWORK: channels: wdw.characters.1_0,wdw.blockouts.2_0.en_us,wdw.today.1_0,wdw.calendar.1_0,wdw.closedrestaurants.1_0,wdw.facilities.1_0.en_us,wdw.featured-happenings.1_0.en_us,wdw.categories.3_0.en_us,wdw.category-filters.2_0.en_us,wdw.category-list.2_0.en_us,wdw.facilitystatus.1_0,wdw.virtual-queue_content-page.1_0.en_us,wdw.search_content-page.1_0.en_us,wdw.mobile-network.1_0.en_us,wdw.dashboard.1_0.en_us,wdw.exp.1_0.en_us,wdw.feature-menu.7_36.en_us,wdw.experience.1_0.en_us,wdw.merlin.1_0.en_us,wdw.food-and-beverage.1_0.en_us,wdw.itinerary.1_0.en_us,wdw.feature-link-account.1_0.en_us,wdw.e-services.1_0.en_us,wdw.digital-pass.1_0.en_us,wdw.mobile-magic-access.1_0.en_us,wdw.photopass.1_0.en_us,wdw.commerce.1_0.en_us,wdw.forecastedwaittimes.1_0.en_us,wdw.permissions.2_0.en_us,wdw.gluetext.7_36.en_us,wdw.hub.1_0.en_us,wdw.extended-categories.1_0.en_us,wdw.actionsheet.7_36.en_us,wdw.checklist.1_0.en_us,wdw.userdata.1_0.en_us,wdw.analytics.1_0.en_us }
04-12 18:58:14.796 8886 9038 I CouchbaseLite/REPLICATOR: {N8litecore4repl6PullerE#26365} {Coll#0} activityLevel=busy: pendingResponseCount=1, _caughtUp=0, _pendingRevMessages=0, _activeIncomingRevs=0, _waitingRevMessages=0, _unfinishedIncomingRevs=0
04-12 18:58:14.796 8886 9038 V CouchbaseLite/REPLICATOR: {N8litecore4repl6PullerE#26365} {Coll#0} now busy
04-12 18:58:14.796 8886 9032 I CouchbaseLite/REPLICATOR: {N8litecore4repl6PusherE#26354} {Coll#0} activityLevel=idle: pendingResponseCount=0, caughtUp=1, changeLists=0, revsInFlight=0, blobsInFlight=0, awaitingReply=0, revsToSend=0, pushingDocs=0, pendingSequences=0
04-12 18:58:14.797 8886 9032 V CouchbaseLite/REPLICATOR: {N8litecore4repl6PusherE#26354} {Coll#0} now idle
04-12 18:58:14.797 8886 9032 I CouchbaseLite/REPLICATOR: {Repl#26288} {Coll#-1} pushStatus=idle, pullStatus=busy, progress=0/0/0
04-12 18:58:14.798 8886 9031 V CouchbaseLite/NETWORK: {N8litecore4blip6BLIPIOE#26332} Received frame: REQ #1 --NC, length 61
04-12 18:58:14.799 8886 9031 V CouchbaseLite/NETWORK: {N8litecore4blip10ConnectionE#26278} Receiving 'changes' REQ #1 NZ
04-12 18:58:14.802 8886 9031 V CouchbaseLite/NETWORK: {N8litecore4blip10ConnectionE#26278} Finished receiving 'changes' REQ #1 NZ
04-12 18:58:14.802 8886 9031 I CouchbaseLite/NETWORK: RECEIVED: REQ #1 NZ {
04-12 18:58:14.802 8886 9031 I CouchbaseLite/NETWORK: Profile: changes
04-12 18:58:14.802 8886 9031 I CouchbaseLite/NETWORK: Content-Type: application/json
04-12 18:58:14.802 8886 9031 I CouchbaseLite/NETWORK: BODY: null }
04-12 18:58:14.802 8886 9031 D CouchbaseLite/NETWORK: [JAVA] ^C4Socket.completedReceive@b4000077c98d1c80(63)
04-12 18:58:14.803 8886 9037 I CouchbaseLite/REPLICATOR: {Repl#26279} {Coll#-1} activityLevel=busy: connectionState=2, savingChkpt=0
04-12 18:58:14.803 8886 9032 V CouchbaseLite/REPLICATOR: {Repl#26288} {Coll#-1} Replicator status collection-wise: pushStatus=idle, pullStatus=busy, progress=0/0, docCount=0
04-12 18:58:14.804 8886 9032 I CouchbaseLite/REPLICATOR: {Repl#26288} {Coll#-1} activityLevel=busy: connectionState=2, savingChkpt=0
04-12 18:58:14.804 8886 9034 V CouchbaseLite/NETWORK: {N8litecore4blip6BLIPIOE#26330} Finished sending REQ #4 UN
04-12 18:58:14.805 8886 9034 V CouchbaseLite/NETWORK: {N8litecore4blip6BLIPIOE#26330} ...Wrote 57 bytes to WebSocket (writeable=1)
04-12 18:58:14.807 8886 9038 I CouchbaseLite/REPLICATOR: {Repl#26272} {Coll#-1} pushStatus=stopped, pullStatus=busy, progress=0/0/0
04-12 18:58:14.808 8886 9047 D CouchbaseLite/NETWORK: [JAVA] CBLWebSocket@@0xad3252e{vC4Socket@xb4000077c98d1c80 <=> OkHttpSocket@0x7248ba9(wss://stage.realtime-sync-gw.wdprapps.disney.com:443/park-platform-semipriv/_blipsync)}.coreAckReceive: 63
04-12 18:58:14.808 8886 9033 I CouchbaseLite/REPLICATOR: {N8litecore4repl9RevFinderE#26369}==> N8litecore4repl9RevFinderE {Repl#26279} @0xb4000077c989f640
04-12 18:58:14.809 8886 9033 V CouchbaseLite/REPLICATOR: {N8litecore4repl9RevFinderE#26369} {Coll#0} Handling 'changes' REQ#1
04-12 18:58:14.811 8886 9034 V CouchbaseLite/NETWORK: {N8litecore4blip6BLIPIOE#26330} Sending 'proposeChanges' REQ #0 UN
04-12 18:58:14.812 8886 9034 V CouchbaseLite/NETWORK: {N8litecore4blip6BLIPIOE#26330} Requeuing REQ #0...
04-12 18:58:14.813 8886 9035 V CouchbaseLite/NETWORK: {N8litecore4blip6BLIPIOE#26339} Sending 'subChanges' REQ #0
04-12 18:58:14.814 8886 9035 V CouchbaseLite/NETWORK: {N8litecore4blip6BLIPIOE#26339} Requeuing REQ #0...
04-12 18:58:14.814 8886 9035 V CouchbaseLite/NETWORK: {N8litecore4blip6BLIPIOE#26339} Starting writeToWebSocket loop...
04-12 18:58:14.816 8886 9034 V CouchbaseLite/NETWORK: {N8litecore4blip6BLIPIOE#26330} Starting writeToWebSocket loop...
04-12 18:58:14.827 8886 9033 I CouchbaseLite/REPLICATOR: {N8litecore4repl9RevFinderE#26369} {Coll#0} Caught up with remote changes
04-12 18:58:14.828 8886 9038 V CouchbaseLite/REPLICATOR: {Repl#26272} {Coll#-1} Replicator status collection-wise: pushStatus=stopped, pullStatus=busy, progress=0/0, docCount=0
04-12 18:58:14.829 8886 9038 I CouchbaseLite/REPLICATOR: {Repl#26272} {Coll#-1} activityLevel=busy: connectionState=2, savingChkpt=0
04-12 18:58:14.830 8886 9035 V CouchbaseLite/NETWORK: {N8litecore4blip6BLIPIOE#26339} Sending frame: REQ #2 ----, bytes 0--1087
04-12 18:58:14.831 8886 9035 V CouchbaseLite/NETWORK: {N8litecore4repl12C4SocketImplE#26274} Sending 1090-byte message
04-12 18:58:14.831 8886 9034 V CouchbaseLite/NETWORK: {N8litecore4blip6BLIPIOE#26330} Sending frame: REQ #5 -UN-, bytes 0--54
04-12 18:58:14.832 8886 9035 D CouchbaseLite/NETWORK: [JAVA] ^C4Socket.write@b4000077c989b950(1090)
04-12 18:58:14.832 8886 9034 V CouchbaseLite/NETWORK: {N8litecore4repl12C4SocketImplE#26291} Sending 57-byte message
04-12 18:58:14.832 8886 9034 D CouchbaseLite/NETWORK: [JAVA] ^C4Socket.write@b4000077c98c1980(57)
04-12 18:58:14.832 8886 9049 D CouchbaseLite/NETWORK: [JAVA] CBLWebSocket@@0xa3544fb{vC4Socket@xb4000077c989b950 <=> OkHttpSocket@0xd31468a(wss://stage.realtime-sync-gw.wdprapps.disney.com:443/park-platform-pub/_blipsync)}.coreWrites(1090)
04-12 18:58:14.833 8886 9049 D CouchbaseLite/NETWORK: [JAVA] OkHttpSocket@0xd31468a.write(1090)
04-12 18:58:14.833 8886 9048 D CouchbaseLite/NETWORK: [JAVA] CBLWebSocket@@0x85e2aa8{vC4Socket@xb4000077c98c1980 <=> OkHttpSocket@0xe2eb2cb(wss://stage.realtime-sync-gw.wdprapps.disney.com:443/park-platform-priv/_blipsync)}.coreWrites(57)
04-12 18:58:14.833 8886 9049 D CouchbaseLite/NETWORK: [JAVA] vC4Socket@xb4000077c989b950.ackWriteToCore(1090)
04-12 18:58:14.834 8886 9048 D CouchbaseLite/NETWORK: [JAVA] OkHttpSocket@0xe2eb2cb.write(57)
04-12 18:58:14.834 8886 9048 D CouchbaseLite/NETWORK: [JAVA] vC4Socket@xb4000077c98c1980.ackWriteToCore(57)
04-12 18:58:14.836 8886 9033 V CouchbaseLite/REPLICATOR: {N8litecore4repl9RevFinderE#26369} {Coll#0} now idle
04-12 18:58:14.837 8886 9037 I CouchbaseLite/REPLICATOR: {N8litecore4repl6PullerE#26333} {Coll#0} activityLevel=idle: pendingResponseCount=0, _caughtUp=1, _pendingRevMessages=0, _activeIncomingRevs=0, _waitingRevMessages=0, _unfinishedIncomingRevs=0
04-12 18:58:14.837 8886 9037 V CouchbaseLite/REPLICATOR: {N8litecore4repl6PullerE#26333} {Coll#0} now idle
04-12 18:58:14.838 8886 9032 I CouchbaseLite/REPLICATOR: {N8litecore4repl6PullerE#26365} {Coll#0} activityLevel=busy: pendingResponseCount=1, _caughtUp=0, _pendingRevMessages=0, _activeIncomingRevs=0, _waitingRevMessages=0, _unfinishedIncomingRevs=0
04-12 18:58:14.842 8886 10542 D CouchbaseLite/NETWORK: [JAVA] OkHttpSocket@0xe2eb2cb.onBytes(7)
04-12 18:58:14.844 8886 10542 D CouchbaseLite/NETWORK: [JAVA] CBLWebSocket@@0x85e2aa8{vC4Socket@xb4000077c98c1980 <=> OkHttpSocket@0xe2eb2cb(wss://stage.realtime-sync-gw.wdprapps.disney.com:443/park-platform-priv/_blipsync)}.remoteWrites: 7
04-12 18:58:14.844 8886 10542 D CouchbaseLite/NETWORK: [JAVA] vC4Socket@xb4000077c98c1980.sendToCore(7)
04-12 18:58:14.844 8886 10542 V CouchbaseLite/NETWORK: {N8litecore4repl12C4SocketImplE#26291} Received 7-byte message
04-12 18:58:14.845 8886 9035 V CouchbaseLite/NETWORK: {N8litecore4blip6BLIPIOE#26339} Finished sending REQ #2
04-12 18:58:14.859 8886 9035 V CouchbaseLite/NETWORK: {N8litecore4blip6BLIPIOE#26339} ...Wrote 1090 bytes to WebSocket (writeable=1)
04-12 18:58:14.860 8886 9034 V CouchbaseLite/NETWORK: {N8litecore4blip6BLIPIOE#26330} Finished sending REQ #5 UN
04-12 18:58:14.861 8886 9034 V CouchbaseLite/NETWORK: {N8litecore4blip6BLIPIOE#26330} ...Wrote 57 bytes to WebSocket (writeable=1)
04-12 18:58:14.863 8886 9033 I CouchbaseLite/REPLICATOR: {Repl#26279} {Coll#-1} pushStatus=stopped, pullStatus=busy, progress=0/0/0
04-12 18:58:14.867 8886 9033 V CouchbaseLite/REPLICATOR: {Repl#26279} {Coll#-1} Replicator status collection-wise: pushStatus=stopped, pullStatus=busy, progress=0/0, docCount=0
04-12 18:58:14.871 8886 9033 I CouchbaseLite/REPLICATOR: {Repl#26279} {Coll#-1} activityLevel=busy: connectionState=2, savingChkpt=0
04-12 18:58:14.874 8886 9034 V CouchbaseLite/NETWORK: {N8litecore4blip6BLIPIOE#26330} Received frame: RES #2 ----, length 5
04-12 18:58:14.875 8886 9034 V CouchbaseLite/NETWORK: {N8litecore4blip6BLIPIOE#26330} RES #2 has reached the end of its frames
04-12 18:58:14.878 8886 9036 I CouchbaseLite/REPLICATOR: {Repl#26279} {Coll#-1} pushStatus=stopped, pullStatus=idle, progress=0/0/0
04-12 18:58:14.879 8886 9036 V CouchbaseLite/REPLICATOR: {Repl#26279} {Coll#-1} Replicator status collection-wise: pushStatus=stopped, pullStatus=idle, progress=0/0, docCount=0
04-12 18:58:14.882 8886 10542 D CouchbaseLite/NETWORK: [JAVA] OkHttpSocket@0xe2eb2cb.onBytes(63)
04-12 18:58:14.882 8886 10542 D CouchbaseLite/NETWORK: [JAVA] CBLWebSocket@@0x85e2aa8{vC4Socket@xb4000077c98c1980 <=> OkHttpSocket@0xe2eb2cb(wss://stage.realtime-sync-gw.wdprapps.disney.com:443/park-platform-priv/_blipsync)}.remoteWrites: 63
04-12 18:58:14.882 8886 10542 D CouchbaseLite/NETWORK: [JAVA] vC4Socket@xb4000077c98c1980.sendToCore(63)
04-12 18:58:14.882 8886 9034 V CouchbaseLite/NETWORK: {N8litecore4blip10ConnectionE#26287} Receiving RES #2
04-12 18:58:14.883 8886 9034 V CouchbaseLite/NETWORK: {N8litecore4blip10ConnectionE#26287} Finished receiving RES #2
04-12 18:58:14.883 8886 9034 I CouchbaseLite/NETWORK: RECEIVED: RES #2 { }
04-12 18:58:14.886 8886 9034 D CouchbaseLite/NETWORK: [JAVA] ^C4Socket.completedReceive@b4000077c98c1980(7)
04-12 18:58:14.888 8886 9047 D CouchbaseLite/NETWORK: [JAVA] CBLWebSocket@@0x85e2aa8{vC4Socket@xb4000077c98c1980 <=> OkHttpSocket@0xe2eb2cb(wss://stage.realtime-sync-gw.wdprapps.disney.com:443/park-platform-priv/_blipsync)}.coreAckReceive: 7
04-12 18:58:14.893 8886 9032 I CouchbaseLite/REPLICATOR: {N8litecore4repl6PullerE#26357} {Coll#0} activityLevel=busy: pendingResponseCount=0, _caughtUp=0, _pendingRevMessages=0, _activeIncomingRevs=0, _waitingRevMessages=0, _unfinishedIncomingRevs=0
04-12 18:58:14.896 8886 9036 I CouchbaseLite/REPLICATOR: {Repl#26279} {Coll#-1} activityLevel=idle: connectionState=2, savingChkpt=0
04-12 18:58:14.896 8886 9036 I CouchbaseLite/REPLICATOR: {Repl#26279} {Coll#-1} now idle
04-12 18:58:14.898 8886 10542 V CouchbaseLite/NETWORK: {N8litecore4repl12C4SocketImplE#26291} Received 63-byte message
04-12 18:58:14.899 8886 9035 V CouchbaseLite/NETWORK: {N8litecore4blip6BLIPIOE#26330} Received frame: REQ #1 --NC, length 61
04-12 18:58:14.902 8886 9035 V CouchbaseLite/NETWORK: {N8litecore4blip10ConnectionE#26287} Receiving 'changes' REQ #1 NZ
04-12 18:58:14.904 8886 9035 V CouchbaseLite/NETWORK: {N8litecore4blip10ConnectionE#26287} Finished receiving 'changes' REQ #1 NZ
04-12 18:58:14.905 8886 9035 I CouchbaseLite/NETWORK: RECEIVED: REQ #1 NZ {
04-12 18:58:14.905 8886 9035 I CouchbaseLite/NETWORK: Profile: changes
04-12 18:58:14.905 8886 9035 I CouchbaseLite/NETWORK: Content-Type: application/json
04-12 18:58:14.905 8886 9035 I CouchbaseLite/NETWORK: BODY: null }
04-12 18:58:14.905 8886 9038 I CouchbaseLite/REPLICATOR: {Repl#26288} {Coll#-1} activityLevel=busy: connectionState=2, savingChkpt=0
04-12 18:58:14.905 8886 9038 I CouchbaseLite/REPLICATOR: {N8litecore4repl9RevFinderE#26376}==> N8litecore4repl9RevFinderE {Repl#26288} @0xb4000077c9815cc0
04-12 18:58:14.906 8886 9038 V CouchbaseLite/REPLICATOR: {N8litecore4repl9RevFinderE#26376} {Coll#0} Handling 'changes' REQ#1
04-12 18:58:14.906 8886 9035 D CouchbaseLite/NETWORK: [JAVA] ^C4Socket.completedReceive@b4000077c98c1980(63)
04-12 18:58:14.906 8886 9038 I CouchbaseLite/REPLICATOR: {N8litecore4repl9RevFinderE#26376} {Coll#0} Caught up with remote changes
04-12 18:58:14.906 8886 9038 V CouchbaseLite/REPLICATOR: {N8litecore4repl9RevFinderE#26376} {Coll#0} now idle
04-12 18:58:14.906 8886 9038 I CouchbaseLite/REPLICATOR: {N8litecore4repl6PullerE#26357} {Coll#0} activityLevel=idle: pendingResponseCount=0, _caughtUp=1, _pendingRevMessages=0, _activeIncomingRevs=0, _waitingRevMessages=0, _unfinishedIncomingRevs=0
04-12 18:58:14.906 8886 9038 V CouchbaseLite/REPLICATOR: {N8litecore4repl6PullerE#26357} {Coll#0} now idle
04-12 18:58:14.906 8886 9038 I CouchbaseLite/REPLICATOR: {Repl#26288} {Coll#-1} pushStatus=idle, pullStatus=busy, progress=0/0/0
04-12 18:58:14.907 8886 9038 V CouchbaseLite/REPLICATOR: {Repl#26288} {Coll#-1} Replicator status collection-wise: pushStatus=idle, pullStatus=busy, progress=0/0, docCount=0
04-12 18:58:14.907 8886 9038 I CouchbaseLite/REPLICATOR: {Repl#26288} {Coll#-1} activityLevel=busy: connectionState=2, savingChkpt=0
04-12 18:58:14.908 8886 9049 D CouchbaseLite/NETWORK: [JAVA] CBLWebSocket@@0x85e2aa8{vC4Socket@xb4000077c98c1980 <=> OkHttpSocket@0xe2eb2cb(wss://stage.realtime-sync-gw.wdprapps.disney.com:443/park-platform-priv/_blipsync)}.coreAckReceive: 63
04-12 18:58:14.909 8886 9038 I CouchbaseLite/REPLICATOR: {Repl#26288} {Coll#-1} pushStatus=idle, pullStatus=idle, progress=0/0/0
04-12 18:58:14.911 8886 9038 V CouchbaseLite/REPLICATOR: {Repl#26288} {Coll#-1} Replicator status collection-wise: pushStatus=idle, pullStatus=idle, progress=0/0, docCount=0
04-12 18:58:14.913 8886 9038 I CouchbaseLite/REPLICATOR: {Repl#26288} {Coll#-1} activityLevel=idle: connectionState=2, savingChkpt=0
04-12 18:58:14.913 8886 9038 I CouchbaseLite/REPLICATOR: {Repl#26288} {Coll#-1} now idle
04-12 18:58:14.913 8886 9038 I CouchbaseLite/REPLICATOR: {C4Replicator#26290} State: idle, progress=0.00%
04-12 18:58:14.914 8886 9038 D CouchbaseLite/REPLICATOR: [JAVA] C4Replicator.statusChangedCallback(0x529a5528) C4CommonRepl{@0xf0663a/@xb4000077b983fa10, @0xbf0025c, SocketFactory{@URLEndpoint{url=wss://stage.realtime-sync-gw.wdprapps.disney.com/park-platform-priv}}'}: C4ReplicatorStatus{level=3,completed=0,total=0,#docs=0,domain=0,code=0,info=0}
04-12 18:58:14.914 8886 9048 I CouchbaseLite/REPLICATOR: [JAVA] status changed: (0, 0) @C4ReplicatorStatus{level=3,completed=0,total=0,#docs=0,domain=0,code=0,info=0} for Replicator{@0xbf0025c(<*>),Database{@@0x97fb813: 'finder-private.73600.en_us'} => URLEndpoint{url=wss://stage.realtime-sync-gw.wdprapps.disney.com/park-platform-priv}}$C4CommonRepl{@0xf0663a/@xb4000077b983fa10, @0xbf0025c, SocketFactory{@URLEndpoint{url=wss://stage.realtime-sync-gw.wdprapps.disney.com/park-platform-priv}}'}
04-12 18:58:14.915 8886 9048 D CouchbaseLite/NETWORK: [JAVA] Offline state change for com.couchbase.lite.internal.replicator.AndroidConnectivityObserver@1b7899a: BUSY -> true
04-12 18:58:14.915 8886 9048 I CouchbaseLite/REPLICATOR: [JAVA] State changed BUSY => IDLE(0/0): null for Replicator{@0xbf0025c(<*>),Database{@@0x97fb813: 'finder-private.73600.en_us'} => URLEndpoint{url=wss://stage.realtime-sync-gw.wdprapps.disney.com/park-platform-priv}}$C4CommonRepl{@0xf0663a/@xb4000077b983fa10, @0xbf0025c, SocketFactory{@URLEndpoint{url=wss://stage.realtime-sync-gw.wdprapps.disney.com/park-platform-priv}}'}
04-12 18:58:14.930 8886 9036 I CouchbaseLite/REPLICATOR: {C4Replicator#26281} State: idle, progress=0.00%
04-12 18:58:14.931 8886 9036 D CouchbaseLite/REPLICATOR: [JAVA] C4Replicator.statusChangedCallback(0x1c0cc2b9) C4CommonRepl{@0xc71e9df/@xb4000077b979dc10, @0x3f3a239, SocketFactory{@URLEndpoint{url=wss://stage.realtime-sync-gw.wdprapps.disney.com/park-platform-semipriv}}'}: C4ReplicatorStatus{level=3,completed=0,total=0,#docs=0,domain=0,code=0,info=0}
04-12 18:58:14.932 8886 9046 I CouchbaseLite/REPLICATOR: [JAVA] status changed: (0, 0) @C4ReplicatorStatus{level=3,completed=0,total=0,#docs=0,domain=0,code=0,info=0} for Replicator{@0x3f3a239(<*),Database{@@0x2e0afa2: 'finder-semi-private.73600.en_us'} => URLEndpoint{url=wss://stage.realtime-sync-gw.wdprapps.disney.com/park-platform-semipriv}}$C4CommonRepl{@0xc71e9df/@xb4000077b979dc10, @0x3f3a239, SocketFactory{@URLEndpoint{url=wss://stage.realtime-sync-gw.wdprapps.disney.com/park-platform-semipriv}}'}
04-12 18:58:14.932 8886 9046 D CouchbaseLite/NETWORK: [JAVA] Offline state change for com.couchbase.lite.internal.replicator.AndroidConnectivityObserver@80c1ce2: BUSY -> true
04-12 18:58:14.932 8886 9046 I CouchbaseLite/REPLICATOR: [JAVA] State changed BUSY => IDLE(0/0): null for Replicator{@0x3f3a239(<*),Database{@@0x2e0afa2: 'finder-semi-private.73600.en_us'} => URLEndpoint{url=wss://stage.realtime-sync-gw.wdprapps.disney.com/park-platform-semipriv}}$C4CommonRepl{@0xc71e9df/@xb4000077b979dc10, @0x3f3a239, SocketFactory{@URLEndpoint{url=wss://stage.realtime-sync-gw.wdprapps.disney.com/park-platform-semipriv}}'}
04-12 18:58:14.949 8886 10541 D CouchbaseLite/NETWORK: [JAVA] OkHttpSocket@0xd31468a.onBytes(7)
04-12 18:58:14.949 8886 10541 D CouchbaseLite/NETWORK: [JAVA] CBLWebSocket@@0xa3544fb{vC4Socket@xb4000077c989b950 <=> OkHttpSocket@0xd31468a(wss://stage.realtime-sync-gw.wdprapps.disney.com:443/park-platform-pub/_blipsync)}.remoteWrites: 7
04-12 18:58:14.949 8886 10541 D CouchbaseLite/NETWORK: [JAVA] vC4Socket@xb4000077c989b950.sendToCore(7)
04-12 18:58:14.949 8886 10541 V CouchbaseLite/NETWORK: {N8litecore4repl12C4SocketImplE#26274} Received 7-byte message
04-12 18:58:14.950 8886 10541 D CouchbaseLite/NETWORK: [JAVA] OkHttpSocket@0xd31468a.onBytes(63)
04-12 18:58:14.950 8886 10541 D CouchbaseLite/NETWORK: [JAVA] CBLWebSocket@@0xa3544fb{vC4Socket@xb4000077c989b950 <=> OkHttpSocket@0xd31468a(wss://stage.realtime-sync-gw.wdprapps.disney.com:443/park-platform-pub/_blipsync)}.remoteWrites: 63
04-12 18:58:14.950 8886 10541 D CouchbaseLite/NETWORK: [JAVA] vC4Socket@xb4000077c989b950.sendToCore(63)
04-12 18:58:14.950 8886 10541 V CouchbaseLite/NETWORK: {N8litecore4repl12C4SocketImplE#26274} Received 63-byte message
04-12 18:58:14.950 8886 9037 V CouchbaseLite/NETWORK: {N8litecore4blip6BLIPIOE#26339} Received frame: RES #2 ----, length 5
04-12 18:58:14.951 8886 9037 V CouchbaseLite/NETWORK: {N8litecore4blip6BLIPIOE#26339} RES #2 has reached the end of its frames
04-12 18:58:14.953 8886 9037 V CouchbaseLite/NETWORK: {N8litecore4blip10ConnectionE#26271} Receiving RES #2
04-12 18:58:14.954 8886 9037 V CouchbaseLite/NETWORK: {N8litecore4blip10ConnectionE#26271} Finished receiving RES #2
04-12 18:58:14.955 8886 9035 I CouchbaseLite/REPLICATOR: {N8litecore4repl6PullerE#26365} {Coll#0} activityLevel=busy: pendingResponseCount=0, _caughtUp=0, _pendingRevMessages=0, _activeIncomingRevs=0, _waitingRevMessages=0, _unfinishedIncomingRevs=0
04-12 18:58:14.966 8886 9037 I CouchbaseLite/NETWORK: RECEIVED: RES #2 { }
04-12 18:58:14.969 8886 9037 D CouchbaseLite/NETWORK: [JAVA] ^C4Socket.completedReceive@b4000077c989b950(7)
04-12 18:58:14.970 8886 9037 V CouchbaseLite/NETWORK: {N8litecore4blip6BLIPIOE#26339} Received frame: REQ #1 --NC, length 61
04-12 18:58:14.970 8886 9047 D CouchbaseLite/NETWORK: [JAVA] CBLWebSocket@@0xa3544fb{vC4Socket@xb4000077c989b950 <=> OkHttpSocket@0xd31468a(wss://stage.realtime-sync-gw.wdprapps.disney.com:443/park-platform-pub/_blipsync)}.coreAckReceive: 7
04-12 18:58:14.971 8886 9037 V CouchbaseLite/NETWORK: {N8litecore4blip10ConnectionE#26271} Receiving 'changes' REQ #1 NZ
04-12 18:58:14.972 8886 9037 V CouchbaseLite/NETWORK: {N8litecore4blip10ConnectionE#26271} Finished receiving 'changes' REQ #1 NZ
04-12 18:58:14.973 8886 9037 I CouchbaseLite/NETWORK: RECEIVED: REQ #1 NZ {
04-12 18:58:14.973 8886 9037 I CouchbaseLite/NETWORK: Profile: changes
04-12 18:58:14.973 8886 9037 I CouchbaseLite/NETWORK: Content-Type: application/json
04-12 18:58:14.973 8886 9037 I CouchbaseLite/NETWORK: BODY: null }
04-12 18:58:14.974 8886 9037 D CouchbaseLite/NETWORK: [JAVA] ^C4Socket.completedReceive@b4000077c989b950(63)
04-12 18:58:14.975 8886 9032 I CouchbaseLite/REPLICATOR: {Repl#26272} {Coll#-1} activityLevel=busy: connectionState=2, savingChkpt=0
04-12 18:58:14.976 8886 9049 D CouchbaseLite/NETWORK: [JAVA] CBLWebSocket@@0xa3544fb{vC4Socket@xb4000077c989b950 <=> OkHttpSocket@0xd31468a(wss://stage.realtime-sync-gw.wdprapps.disney.com:443/park-platform-pub/_blipsync)}.coreAckReceive: 63
04-12 18:58:14.978 8886 9038 I CouchbaseLite/REPLICATOR: {N8litecore4repl9RevFinderE#26381}==> N8litecore4repl9RevFinderE {Repl#26272} @0xb4000077c9891f30
04-12 18:58:14.979 8886 9038 V CouchbaseLite/REPLICATOR: {N8litecore4repl9RevFinderE#26381} {Coll#0} Handling 'changes' REQ#1
04-12 18:58:14.979 8886 9038 I CouchbaseLite/REPLICATOR: {N8litecore4repl9RevFinderE#26381} {Coll#0} Caught up with remote changes
04-12 18:58:14.979 8886 9038 V CouchbaseLite/REPLICATOR: {N8litecore4repl9RevFinderE#26381} {Coll#0} now idle
04-12 18:58:14.979 8886 9038 I CouchbaseLite/REPLICATOR: {Repl#26272} {Coll#-1} pushStatus=stopped, pullStatus=busy, progress=0/0/0
04-12 18:58:14.980 8886 9038 V CouchbaseLite/REPLICATOR: {Repl#26272} {Coll#-1} Replicator status collection-wise: pushStatus=stopped, pullStatus=busy, progress=0/0, docCount=0
04-12 18:58:14.980 8886 9038 I CouchbaseLite/REPLICATOR: {Repl#26272} {Coll#-1} activityLevel=busy: connectionState=2, savingChkpt=0
04-12 18:58:14.981 8886 9034 I CouchbaseLite/REPLICATOR: {N8litecore4repl6PullerE#26365} {Coll#0} activityLevel=idle: pendingResponseCount=0, _caughtUp=1, _pendingRevMessages=0, _activeIncomingRevs=0, _waitingRevMessages=0, _unfinishedIncomingRevs=0
04-12 18:58:14.981 8886 9034 V CouchbaseLite/REPLICATOR: {N8litecore4repl6PullerE#26365} {Coll#0} now idle
04-12 18:58:14.982 8886 9034 I CouchbaseLite/REPLICATOR: {Repl#26272} {Coll#-1} pushStatus=stopped, pullStatus=idle, progress=0/0/0
04-12 18:58:14.983 8886 9034 V CouchbaseLite/REPLICATOR: {Repl#26272} {Coll#-1} Replicator status collection-wise: pushStatus=stopped, pullStatus=idle, progress=0/0, docCount=0
04-12 18:58:15.002 8886 9034 I CouchbaseLite/REPLICATOR: {Repl#26272} {Coll#-1} activityLevel=idle: connectionState=2, savingChkpt=0
04-12 18:58:15.005 8886 9034 I CouchbaseLite/REPLICATOR: {Repl#26272} {Coll#-1} now idle
04-12 18:58:15.006 8886 9034 I CouchbaseLite/REPLICATOR: {C4Replicator#26273} State: idle, progress=0.00%
04-12 18:58:15.006 8886 9034 D CouchbaseLite/REPLICATOR: [JAVA] C4Replicator.statusChangedCallback(0x5f329f24) C4CommonRepl{@0xa0dbcd0/@xb4000077b980e4d0, @0x87bb582, SocketFactory{@URLEndpoint{url=wss://stage.realtime-sync-gw.wdprapps.disney.com/park-platform-pub/}}'}: C4ReplicatorStatus{level=3,completed=0,total=0,#docs=0,domain=0,code=0,info=0}
04-12 18:58:15.007 8886 9047 I CouchbaseLite/REPLICATOR: [JAVA] status changed: (0, 0) @C4ReplicatorStatus{level=3,completed=0,total=0,#docs=0,domain=0,code=0,info=0} for Replicator{@0x87bb582(<*),Database{@@0x5c116b6: 'finder.73600.en_us-stage'} => URLEndpoint{url=wss://stage.realtime-sync-gw.wdprapps.disney.com/park-platform-pub/}}$C4CommonRepl{@0xa0dbcd0/@xb4000077b980e4d0, @0x87bb582, SocketFactory{@URLEndpoint{url=wss://stage.realtime-sync-gw.wdprapps.disney.com/park-platform-pub/}}'}
04-12 18:58:15.007 8886 9047 D CouchbaseLite/NETWORK: [JAVA] Offline state change for com.couchbase.lite.internal.replicator.AndroidConnectivityObserver@b908332: BUSY -> true
04-12 18:58:15.007 8886 9047 I CouchbaseLite/REPLICATOR: [JAVA] State changed BUSY => IDLE(0/0): null for Replicator{@0x87bb582(<*),Database{@@0x5c116b6: 'finder.73600.en_us-stage'} => URLEndpoint{url=wss://stage.realtime-sync-gw.wdprapps.disney.com/park-platform-pub/}}$C4CommonRepl{@0xa0dbcd0/@xb4000077b980e4d0, @0x87bb582, SocketFactory{@URLEndpoint{url=wss://stage.realtime-sync-gw.wdprapps.disney.com/park-platform-pub/}}'}
04-12 18:58:18.078 8886 8886 I CouchbaseLite/REPLICATOR: [JAVA] Replicator{@0x87bb582(<*),Database{@@0x5c116b6: 'finder.73600.en_us-stage'} => URLEndpoint{url=wss://stage.realtime-sync-gw.wdprapps.disney.com/park-platform-pub/}}$C4CommonRepl{@0xa0dbcd0/@xb4000077b980e4d0, @0x87bb582, SocketFactory{@URLEndpoint{url=wss://stage.realtime-sync-gw.wdprapps.disney.com/park-platform-pub/}}'}: Replicator is stopping (C4CommonRepl{@0xa0dbcd0/@xb4000077b980e4d0, @0x87bb582, SocketFactory{@URLEndpoint{url=wss://stage.realtime-sync-gw.wdprapps.disney.com/park-platform-pub/}}'})
04-12 18:58:18.079 8886 8886 I CouchbaseLite/REPLICATOR: [JAVA] Replicator{@0x3f3a239(<*),Database{@@0x2e0afa2: 'finder-semi-private.73600.en_us'} => URLEndpoint{url=wss://stage.realtime-sync-gw.wdprapps.disney.com/park-platform-semipriv}}$C4CommonRepl{@0xc71e9df/@xb4000077b979dc10, @0x3f3a239, SocketFactory{@URLEndpoint{url=wss://stage.realtime-sync-gw.wdprapps.disney.com/park-platform-semipriv}}'}: Replicator is stopping (C4CommonRepl{@0xc71e9df/@xb4000077b979dc10, @0x3f3a239, SocketFactory{@URLEndpoint{url=wss://stage.realtime-sync-gw.wdprapps.disney.com/park-platform-semipriv}}'})
04-12 18:58:18.079 8886 8886 I CouchbaseLite/REPLICATOR: [JAVA] Replicator{@0xbf0025c(<*>),Database{@@0x97fb813: 'finder-private.73600.en_us'} => URLEndpoint{url=wss://stage.realtime-sync-gw.wdprapps.disney.com/park-platform-priv}}$C4CommonRepl{@0xf0663a/@xb4000077b983fa10, @0xbf0025c, SocketFactory{@URLEndpoint{url=wss://stage.realtime-sync-gw.wdprapps.disney.com/park-platform-priv}}'}: Replicator is stopping (C4CommonRepl{@0xf0663a/@xb4000077b983fa10, @0xbf0025c, SocketFactory{@URLEndpoint{url=wss://stage.realtime-sync-gw.wdprapps.disney.com/park-platform-priv}}'})
04-12 18:58:18.137 8886 9034 I CouchbaseLite/REPLICATOR: {Repl#26288} {Coll#-1} Told to stop!
04-12 18:58:18.138 8886 9034 I CouchbaseLite/NETWORK: {N8litecore4blip10ConnectionE#26287} Closing with code 1000, msg ''
04-12 18:58:18.138 8886 9034 I CouchbaseLite/REPLICATOR: {Repl#26288} {Coll#-1} activityLevel=busy: connectionState=3, savingChkpt=0
04-12 18:58:18.139 8886 9034 I CouchbaseLite/REPLICATOR: {Repl#26288} {Coll#-1} now busy
04-12 18:58:18.139 8886 9034 I CouchbaseLite/REPLICATOR: {C4Replicator#26290} State: busy, progress=0.00%
04-12 18:58:18.143 8886 9037 I CouchbaseLite/REPLICATOR: {Repl#26279} {Coll#-1} Told to stop!
04-12 18:58:18.153 8886 9034 D CouchbaseLite/REPLICATOR: [JAVA] C4Replicator.statusChangedCallback(0x529a5528) C4CommonRepl{@0xf0663a/@xb4000077b983fa10, @0xbf0025c, SocketFactory{@URLEndpoint{url=wss://stage.realtime-sync-gw.wdprapps.disney.com/park-platform-priv}}'}: C4ReplicatorStatus{level=4,completed=0,total=0,#docs=0,domain=0,code=0,info=0}
04-12 18:58:18.166 8886 9046 I CouchbaseLite/REPLICATOR: [JAVA] status changed: (0, 0) @C4ReplicatorStatus{level=4,completed=0,total=0,#docs=0,domain=0,code=0,info=0} for Replicator{@0xbf0025c(<*>),Database{@@0x97fb813: 'finder-private.73600.en_us'} => URLEndpoint{url=wss://stage.realtime-sync-gw.wdprapps.disney.com/park-platform-priv}}$C4CommonRepl{@0xf0663a/@xb4000077b983fa10, @0xbf0025c, SocketFactory{@URLEndpoint{url=wss://stage.realtime-sync-gw.wdprapps.disney.com/park-platform-priv}}'}
04-12 18:58:18.167 8886 9037 I CouchbaseLite/NETWORK: {N8litecore4blip10ConnectionE#26278} Closing with code 1000, msg ''
04-12 18:58:18.168 8886 9037 I CouchbaseLite/REPLICATOR: {Repl#26279} {Coll#-1} activityLevel=busy: connectionState=3, savingChkpt=0
04-12 18:58:18.168 8886 9038 I CouchbaseLite/NETWORK: {N8litecore4repl12C4SocketImplE#26291} Requesting close with status=1000, message=''
04-12 18:58:18.169 8886 9038 D CouchbaseLite/NETWORK: [JAVA] ^C4Socket.requestClose@b4000077c98c1980(1000): 'null'
04-12 18:58:18.171 8886 9049 D CouchbaseLite/NETWORK: [JAVA] CBLWebSocket@@0x85e2aa8{vC4Socket@xb4000077c98c1980 <=> OkHttpSocket@0xe2eb2cb(wss://stage.realtime-sync-gw.wdprapps.disney.com:443/park-platform-priv/_blipsync)}.coreRequestsClose: CloseStatus{6:1000, null}
04-12 18:58:18.172 8886 9049 D CouchbaseLite/NETWORK: [JAVA] OkHttpSocket@0xe2eb2cb.close: CloseStatus{6:1000, null}
04-12 18:58:18.173 8886 9046 D CouchbaseLite/NETWORK: [JAVA] Offline state change for com.couchbase.lite.internal.replicator.AndroidConnectivityObserver@1b7899a: IDLE -> true
