04-12 18:57:43.947 8886 8898 D CouchbaseLite/REPLICATOR: at com.couchbase.lite.internal.core.C4Replicator.createRemoteReplicator(SourceFile:408)
04-12 18:57:43.947 8886 8898 D CouchbaseLite/REPLICATOR: at com.couchbase.lite.internal.core.C4Database.createRemoteReplicator(SourceFile:476)
04-12 18:57:43.947 8886 8898 D CouchbaseLite/REPLICATOR: at com.couchbase.lite.AbstractDatabase.createRemoteReplicator(SourceFile:1094)
04-12 18:57:43.947 8886 8898 D CouchbaseLite/REPLICATOR: at com.couchbase.lite.AbstractReplicator.getRemoteC4Replicator(SourceFile:453)
04-12 18:57:43.947 8886 8898 D CouchbaseLite/REPLICATOR: at com.couchbase.lite.Replicator.createReplicatorForTarget(SourceFile:48)
04-12 18:57:43.947 8886 8898 D CouchbaseLite/REPLICATOR: at com.couchbase.lite.AbstractReplicator.getOrCreateC4Replicator(SourceFile:644)
04-12 18:57:43.947 8886 8898 D CouchbaseLite/REPLICATOR: at com.couchbase.lite.AbstractReplicator.start(SourceFile:173)
04-12 18:57:43.947 8886 8898 D CouchbaseLite/REPLICATOR: at com.couchbase.lite.AbstractReplicator.start(SourceFile:160)
04-12 18:57:43.947 8886 8898 D CouchbaseLite/REPLICATOR: at com.disney.wdpro.dash.couchbase.Database.H(SourceFile:315)
04-12 18:57:43.947 8886 8898 D CouchbaseLite/REPLICATOR: at com.disney.wdpro.dash.couchbase.f.k(SourceFile:113)
04-12 18:57:43.947 8886 8898 D CouchbaseLite/REPLICATOR: at com.disney.wdpro.park.q.onActivityResumed(SourceFile:223)
04-12 18:57:43.947 8886 8898 D CouchbaseLite/REPLICATOR: at android.app.Application.dispatchActivityResumed(Application.java:431)
04-12 18:57:43.947 8886 8898 D CouchbaseLite/REPLICATOR: at android.app.Activity.dispatchActivityResumed(Activity.java:1434)
04-12 18:57:43.947 8886 8898 D CouchbaseLite/REPLICATOR: at android.app.Activity.onResume(Activity.java:1995)
04-12 18:57:43.947 8886 8898 D CouchbaseLite/REPLICATOR: at androidx.fragment.app.FragmentActivity.onResume(SourceFile:310)
04-12 18:57:43.947 8886 8898 D CouchbaseLite/REPLICATOR: at com.disney.wdpro.commons.BaseActivity.onResume(SourceFile:150)
04-12 18:57:43.947 8886 8898 D CouchbaseLite/REPLICATOR: at com.disney.wdpro.park.activities.FinderActivity.onResume(SourceFile:297)
04-12 18:57:43.947 8886 8898 D CouchbaseLite/REPLICATOR: at android.app.Instrumentation.callActivityOnResume(Instrumentation.java:1531)
04-12 18:57:43.947 8886 8898 D CouchbaseLite/REPLICATOR: at android.app.Activity.performResume(Activity.java:8422)
04-12 18:57:43.947 8886 8898 D CouchbaseLite/REPLICATOR: at android.app.ActivityThread.performResumeActivity(ActivityThread.java:4793)
04-12 18:57:43.947 8886 8898 D CouchbaseLite/REPLICATOR: at android.app.ActivityThread.handleResumeActivity(ActivityThread.java:4836)
04-12 18:57:43.947 8886 8898 D CouchbaseLite/REPLICATOR: at android.app.servertransaction.ResumeActivityItem.execute(ResumeActivityItem.java:54)
04-12 18:57:43.947 8886 8898 D CouchbaseLite/REPLICATOR: at android.app.servertransaction.ActivityTransactionItem.execute(ActivityTransactionItem.java:45)
04-12 18:57:43.947 8886 8898 D CouchbaseLite/REPLICATOR: at android.app.servertransaction.TransactionExecutor.executeLifecycleState(TransactionExecutor.java:176)
04-12 18:57:43.947 8886 8898 D CouchbaseLite/REPLICATOR: at android.app.servertransaction.TransactionExecutor.execute(TransactionExecutor.java:97)
04-12 18:57:43.947 8886 8898 D CouchbaseLite/REPLICATOR: at android.app.ActivityThread$H.handleMessage(ActivityThread.java:2308)
04-12 18:57:43.947 8886 8898 D CouchbaseLite/REPLICATOR: at android.os.Handler.dispatchMessage(Handler.java:106)
04-12 18:57:43.947 8886 8898 D CouchbaseLite/REPLICATOR: at android.os.Looper.loopOnce(Looper.java:201)
04-12 18:57:43.947 8886 8898 D CouchbaseLite/REPLICATOR: at android.os.Looper.loop(Looper.java:288)
04-12 18:57:43.947 8886 8898 D CouchbaseLite/REPLICATOR: at android.app.ActivityThread.main(ActivityThread.java:7898)
04-12 18:57:43.947 8886 8898 D CouchbaseLite/REPLICATOR: at java.lang.reflect.Method.invoke(Native Method)
04-12 18:57:43.947 8886 8898 D CouchbaseLite/REPLICATOR: at com.android.internal.os.RuntimeInit$MethodAndArgsCaller.run(RuntimeInit.java:548)
04-12 18:57:43.947 8886 8898 D CouchbaseLite/REPLICATOR: at com.android.internal.os.ZygoteInit.main(ZygoteInit.java:936)
04-12 18:57:43.948 8886 8898 I CouchbaseLite/REPLICATOR: {C4Replicator#15437} Freeing C4BaseReplicator
04-12 18:57:43.949 8886 8898 D CouchbaseLite/REPLICATOR: [JAVA] C4CommonReplicator@0xb4000077b97e9e10: Expected this peer to have been closed previously
04-12 18:57:43.949 8886 8898 D CouchbaseLite/REPLICATOR: java.lang.Exception: At:
04-12 18:57:43.949 8886 8898 D CouchbaseLite/REPLICATOR: at com.couchbase.lite.internal.core.C4NativePeer.logCall(SourceFile:218)
04-12 18:57:43.949 8886 8898 D CouchbaseLite/REPLICATOR: at com.couchbase.lite.internal.core.C4NativePeer.releasePeer(SourceFile:181)
04-12 18:57:43.949 8886 8898 D CouchbaseLite/REPLICATOR: at com.couchbase.lite.internal.core.C4Replicator.closePeer(SourceFile:696)
04-12 18:57:43.949 8886 8898 D CouchbaseLite/REPLICATOR: at com.couchbase.lite.internal.core.C4Replicator.finalize(SourceFile:683)
04-12 18:57:43.949 8886 8898 D CouchbaseLite/REPLICATOR: at java.lang.Daemons$FinalizerDaemon.doFinalize(Daemons.java:339)
04-12 18:57:43.949 8886 8898 D CouchbaseLite/REPLICATOR: at java.lang.Daemons$FinalizerDaemon.processReference(Daemons.java:324)
04-12 18:57:43.949 8886 8898 D CouchbaseLite/REPLICATOR: at java.lang.Daemons$FinalizerDaemon.runInternal(Daemons.java:300)
04-12 18:57:43.949 8886 8898 D CouchbaseLite/REPLICATOR: at java.lang.Daemons$Daemon.run(Daemons.java:145)
04-12 18:57:43.949 8886 8898 D CouchbaseLite/REPLICATOR: at java.lang.Thread.run(Thread.java:1012)
04-12 18:57:43.949 8886 8898 D CouchbaseLite/REPLICATOR: Caused by: java.lang.Exception: Created at:
04-12 18:57:43.949 8886 8898 D CouchbaseLite/REPLICATOR: at com.couchbase.lite.internal.core.C4NativePeer.updateHistory(SourceFile:210)
04-12 18:57:43.949 8886 8898 D CouchbaseLite/REPLICATOR: at com.couchbase.lite.internal.core.C4NativePeer.(SourceFile:58)
04-12 18:57:43.949 8886 8898 D CouchbaseLite/REPLICATOR: at com.couchbase.lite.internal.core.C4Replicator.(SourceFile:630)
04-12 18:57:43.949 8886 8898 D CouchbaseLite/REPLICATOR: at com.couchbase.lite.internal.core.C4Replicator$C4CommonReplicator.(SourceFile:304)
04-12 18:57:43.949 8886 8898 D CouchbaseLite/REPLICATOR: at com.couchbase.lite.internal.core.C4Replicator.createRemoteReplicator(SourceFile:473)
04-12 18:57:43.949 8886 8898 D CouchbaseLite/REPLICATOR: at com.couchbase.lite.internal.core.C4Replicator.createRemoteReplicator(SourceFile:408)
04-12 18:57:43.949 8886 8898 D CouchbaseLite/REPLICATOR: at com.couchbase.lite.internal.core.C4Database.createRemoteReplicator(SourceFile:476)
04-12 18:57:43.949 8886 8898 D CouchbaseLite/REPLICATOR: at com.couchbase.lite.AbstractDatabase.createRemoteReplicator(SourceFile:1094)
04-12 18:57:43.949 8886 8898 D CouchbaseLite/REPLICATOR: at com.couchbase.lite.AbstractReplicator.getRemoteC4Replicator(SourceFile:453)
04-12 18:57:43.949 8886 8898 D CouchbaseLite/REPLICATOR: at com.couchbase.lite.Replicator.createReplicatorForTarget(SourceFile:48)
04-12 18:57:43.949 8886 8898 D CouchbaseLite/REPLICATOR: at com.couchbase.lite.AbstractReplicator.getOrCreateC4Replicator(SourceFile:644)
04-12 18:57:43.949 8886 8898 D CouchbaseLite/REPLICATOR: at com.couchbase.lite.AbstractReplicator.start(SourceFile:173)
04-12 18:57:43.949 8886 8898 D CouchbaseLite/REPLICATOR: at com.couchbase.lite.AbstractReplicator.start(SourceFile:160)
04-12 18:57:43.949 8886 8898 D CouchbaseLite/REPLICATOR: at com.disney.wdpro.dash.couchbase.Database.H(SourceFile:315)
04-12 18:57:43.949 8886 8898 D CouchbaseLite/REPLICATOR: at com.disney.wdpro.dash.couchbase.f.k(SourceFile:113)
04-12 18:57:43.949 8886 8898 D CouchbaseLite/REPLICATOR: at com.disney.wdpro.park.q.onActivityResumed(SourceFile:223)
04-12 18:57:43.949 8886 8898 D CouchbaseLite/REPLICATOR: at android.app.Application.dispatchActivityResumed(Application.java:431)
04-12 18:57:43.949 8886 8898 D CouchbaseLite/REPLICATOR: at android.app.Activity.dispatchActivityResumed(Activity.java:1434)
04-12 18:57:43.949 8886 8898 D CouchbaseLite/REPLICATOR: at android.app.Activity.onResume(Activity.java:1995)
04-12 18:57:43.949 8886 8898 D CouchbaseLite/REPLICATOR: at androidx.fragment.app.FragmentActivity.onResume(SourceFile:310)
04-12 18:57:43.949 8886 8898 D CouchbaseLite/REPLICATOR: at com.disney.wdpro.commons.BaseActivity.onResume(SourceFile:150)
04-12 18:57:43.949 8886 8898 D CouchbaseLite/REPLICATOR: at com.disney.wdpro.park.activities.FinderActivity.onResume(SourceFile:297)
04-12 18:57:43.949 8886 8898 D CouchbaseLite/REPLICATOR: at android.app.Instrumentation.callActivityOnResume(Instrumentation.java:1531)
04-12 18:57:43.949 8886 8898 D CouchbaseLite/REPLICATOR: at android.app.Activity.performResume(Activity.java:8422)
04-12 18:57:43.949 8886 8898 D CouchbaseLite/REPLICATOR: at android.app.ActivityThread.performResumeActivity(ActivityThread.java:4793)
04-12 18:57:43.949 8886 8898 D CouchbaseLite/REPLICATOR: at android.app.ActivityThread.handleResumeActivity(ActivityThread.java:4836)
04-12 18:57:43.949 8886 8898 D CouchbaseLite/REPLICATOR: at android.app.servertransaction.ResumeActivityItem.execute(ResumeActivityItem.java:54)
04-12 18:57:43.949 8886 8898 D CouchbaseLite/REPLICATOR: at android.app.servertransaction.ActivityTransactionItem.execute(ActivityTransactionItem.java:45)
04-12 18:57:43.949 8886 8898 D CouchbaseLite/REPLICATOR: at android.app.servertransaction.TransactionExecutor.executeLifecycleState(TransactionExecutor.java:176)
04-12 18:57:43.949 8886 8898 D CouchbaseLite/REPLICATOR: at android.app.servertransaction.TransactionExecutor.execute(TransactionExecutor.java:97)
04-12 18:57:43.949 8886 8898 D CouchbaseLite/REPLICATOR: at android.app.ActivityThread$H.handleMessage(ActivityThread.java:2308)
04-12 18:57:43.949 8886 8898 D CouchbaseLite/REPLICATOR: at android.os.Handler.dispatchMessage(Handler.java:106)
04-12 18:57:43.949 8886 8898 D CouchbaseLite/REPLICATOR: at android.os.Looper.loopOnce(Looper.java:201)
04-12 18:57:43.949 8886 8898 D CouchbaseLite/REPLICATOR: at android.os.Looper.loop(Looper.java:288)
04-12 18:57:43.949 8886 8898 D CouchbaseLite/REPLICATOR: at android.app.ActivityThread.main(ActivityThread.java:7898)
04-12 18:57:43.949 8886 8898 D CouchbaseLite/REPLICATOR: at java.lang.reflect.Method.invoke(Native Method)
04-12 18:57:43.949 8886 8898 D CouchbaseLite/REPLICATOR: at com.android.internal.os.RuntimeInit$MethodAndArgsCaller.run(RuntimeInit.java:548)
04-12 18:57:43.949 8886 8898 D CouchbaseLite/REPLICATOR: at com.android.internal.os.ZygoteInit.main(ZygoteInit.java:936)
04-12 18:57:43.949 8886 8898 I CouchbaseLite/REPLICATOR: {C4Replicator#15444} Freeing C4BaseReplicator
04-12 18:57:43.962 8886 8898 D CouchbaseLite/REPLICATOR: [JAVA] C4CommonReplicator@0xb4000077b979b750: Expected this peer to have been closed previously
04-12 18:57:43.962 8886 8898 D CouchbaseLite/REPLICATOR: java.lang.Exception: At:
04-12 18:57:43.962 8886 8898 D CouchbaseLite/REPLICATOR: at com.couchbase.lite.internal.core.C4NativePeer.logCall(SourceFile:218)
04-12 18:57:43.962 8886 8898 D CouchbaseLite/REPLICATOR: at com.couchbase.lite.internal.core.C4NativePeer.releasePeer(SourceFile:181)
04-12 18:57:43.962 8886 8898 D CouchbaseLite/REPLICATOR: at com.couchbase.lite.internal.core.C4Replicator.closePeer(SourceFile:696)
04-12 18:57:43.962 8886 8898 D CouchbaseLite/REPLICATOR: at com.couchbase.lite.internal.core.C4Replicator.finalize(SourceFile:683)
04-12 18:57:43.962 8886 8898 D CouchbaseLite/REPLICATOR: at java.lang.Daemons$FinalizerDaemon.doFinalize(Daemons.java:339)
04-12 18:57:43.962 8886 8898 D CouchbaseLite/REPLICATOR: at java.lang.Daemons$FinalizerDaemon.processReference(Daemons.java:324)
04-12 18:57:43.962 8886 8898 D CouchbaseLite/REPLICATOR: at java.lang.Daemons$FinalizerDaemon.runInternal(Daemons.java:300)
04-12 18:57:43.962 8886 8898 D CouchbaseLite/REPLICATOR: at java.lang.Daemons$Daemon.run(Daemons.java:145)
04-12 18:57:43.962 8886 8898 D CouchbaseLite/REPLICATOR: at java.lang.Thread.run(Thread.java:1012)
04-12 18:57:43.962 8886 8898 D CouchbaseLite/REPLICATOR: Caused by: java.lang.Exception: Created at:
04-12 18:57:43.962 8886 8898 D CouchbaseLite/REPLICATOR: at com.couchbase.lite.internal.core.C4NativePeer.updateHistory(SourceFile:210)
04-12 18:57:43.962 8886 8898 D CouchbaseLite/REPLICATOR: at com.couchbase.lite.internal.core.C4NativePeer.(SourceFile:58)
04-12 18:57:43.962 8886 8898 D CouchbaseLite/REPLICATOR: at com.couchbase.lite.internal.core.C4Replicator.(SourceFile:630)
04-12 18:57:43.962 8886 8898 D CouchbaseLite/REPLICATOR: at com.couchbase.lite.internal.core.C4Replicator$C4CommonReplicator.(SourceFile:304)
04-12 18:57:43.962 8886 8898 D CouchbaseLite/REPLICATOR: at com.couchbase.lite.internal.core.C4Replicator.createRemoteReplicator(SourceFile:473)
04-12 18:57:43.962 8886 8898 D CouchbaseLite/REPLICATOR: at com.couchbase.lite.internal.core.C4Replicator.createRemoteReplicator(SourceFile:408)
04-12 18:57:43.962 8886 8898 D CouchbaseLite/REPLICATOR: at com.couchbase.lite.internal.core.C4Database.createRemoteReplicator(SourceFile:476)
04-12 18:57:43.962 8886 8898 D CouchbaseLite/REPLICATOR: at com.couchbase.lite.AbstractDatabase.createRemoteReplicator(SourceFile:1094)
04-12 18:57:43.962 8886 8898 D CouchbaseLite/REPLICATOR: at com.couchbase.lite.AbstractReplicator.getRemoteC4Replicator(SourceFile:453)
04-12 18:57:43.962 8886 8898 D CouchbaseLite/REPLICATOR: at com.couchbase.lite.Replicator.createReplicatorForTarget(SourceFile:48)
04-12 18:57:43.962 8886 8898 D CouchbaseLite/REPLICATOR: at com.couchbase.lite.AbstractReplicator.getOrCreateC4Replicator(SourceFile:644)
04-12 18:57:43.962 8886 8898 D CouchbaseLite/REPLICATOR: at com.couchbase.lite.AbstractReplicator.start(SourceFile:173)
04-12 18:57:43.962 8886 8898 D CouchbaseLite/REPLICATOR: at com.couchbase.lite.AbstractReplicator.start(SourceFile:160)
04-12 18:57:43.962 8886 8898 D CouchbaseLite/REPLICATOR: at com.disney.wdpro.dash.couchbase.Database.H(SourceFile:315)
04-12 18:57:43.962 8886 8898 D CouchbaseLite/REPLICATOR: at com.disney.wdpro.dash.couchbase.f.k(SourceFile:113)
04-12 18:57:43.962 8886 8898 D CouchbaseLite/REPLICATOR: at com.disney.wdpro.park.q.onActivityResumed(SourceFile:223)
04-12 18:57:43.962 8886 8898 D CouchbaseLite/REPLICATOR: at android.app.Application.dispatchActivityResumed(Application.java:431)
04-12 18:57:43.962 8886 8898 D CouchbaseLite/REPLICATOR: at android.app.Activity.dispatchActivityResumed(Activity.java:1434)
04-12 18:57:43.962 8886 8898 D CouchbaseLite/REPLICATOR: at android.app.Activity.onResume(Activity.java:1995)
04-12 18:57:43.962 8886 8898 D CouchbaseLite/REPLICATOR: at androidx.fragment.app.FragmentActivity.onResume(SourceFile:310)
04-12 18:57:43.962 8886 8898 D CouchbaseLite/REPLICATOR: at com.disney.wdpro.commons.BaseActivity.onResume(SourceFile:150)
04-12 18:57:43.962 8886 8898 D CouchbaseLite/REPLICATOR: at com.disney.wdpro.park.activities.FinderActivity.onResume(SourceFile:297)
04-12 18:57:43.962 8886 8898 D CouchbaseLite/REPLICATOR: at android.app.Instrumentation.callActivityOnResume(Instrumentation.java:1531)
04-12 18:57:43.962 8886 8898 D CouchbaseLite/REPLICATOR: at android.app.Activity.performResume(Activity.java:8422)
04-12 18:57:43.962 8886 8898 D CouchbaseLite/REPLICATOR: at android.app.ActivityThread.performResumeActivity(ActivityThread.java:4793)
04-12 18:57:43.962 8886 8898 D CouchbaseLite/REPLICATOR: at android.app.ActivityThread.handleResumeActivity(ActivityThread.java:4836)
04-12 18:57:43.962 8886 8898 D CouchbaseLite/REPLICATOR: at android.app.servertransaction.ResumeActivityItem.execute(ResumeActivityItem.java:54)
04-12 18:57:43.962 8886 8898 D CouchbaseLite/REPLICATOR: at android.app.servertransaction.ActivityTransactionItem.execute(ActivityTransactionItem.java:45)
04-12 18:57:43.962 8886 8898 D CouchbaseLite/REPLICATOR: at android.app.servertransaction.TransactionExecutor.executeLifecycleState(TransactionExecutor.java:176)
04-12 18:57:43.962 8886 8898 D CouchbaseLite/REPLICATOR: at android.app.servertransaction.TransactionExecutor.execute(TransactionExecutor.java:97)
04-12 18:57:43.962 8886 8898 D CouchbaseLite/REPLICATOR: at android.app.ActivityThread$H.handleMessage(ActivityThread.java:2308)
04-12 18:57:43.962 8886 8898 D CouchbaseLite/REPLICATOR: at android.os.Handler.dispatchMessage(Handler.java:106)
04-12 18:57:43.962 8886 8898 D CouchbaseLite/REPLICATOR: at android.os.Looper.loopOnce(Looper.java:201)
04-12 18:57:43.962 8886 8898 D CouchbaseLite/REPLICATOR: at android.os.Looper.loop(Looper.java:288)
04-12 18:57:43.962 8886 8898 D CouchbaseLite/REPLICATOR: at android.app.ActivityThread.main(ActivityThread.java:7898)
04-12 18:57:43.962 8886 8898 D CouchbaseLite/REPLICATOR: at java.lang.reflect.Method.invoke(Native Method)
04-12 18:57:43.962 8886 8898 D CouchbaseLite/REPLICATOR: at com.android.internal.os.RuntimeInit$MethodAndArgsCaller.run(RuntimeInit.java:548)
04-12 18:57:43.962 8886 8898 D CouchbaseLite/REPLICATOR: at com.android.internal.os.ZygoteInit.main(ZygoteInit.java:936)
04-12 18:57:44.884 8886 8898 I CouchbaseLite/REPLICATOR: {C4Replicator#21114} Freeing C4BaseReplicator
04-12 18:57:44.896 8886 8898 D CouchbaseLite/REPLICATOR: [JAVA] C4CommonReplicator@0xb4000077b97d02d0: Expected this peer to have been closed previously
04-12 18:57:44.896 8886 8898 D CouchbaseLite/REPLICATOR: java.lang.Exception: At:
04-12 18:57:44.896 8886 8898 D CouchbaseLite/REPLICATOR: at com.couchbase.lite.internal.core.C4NativePeer.logCall(SourceFile:218)
04-12 18:57:44.896 8886 8898 D CouchbaseLite/REPLICATOR: at com.couchbase.lite.internal.core.C4NativePeer.releasePeer(SourceFile:181)
04-12 18:57:44.896 8886 8898 D CouchbaseLite/REPLICATOR: at com.couchbase.lite.internal.core.C4Replicator.closePeer(SourceFile:696)
04-12 18:57:44.896 8886 8898 D CouchbaseLite/REPLICATOR: at com.couchbase.lite.internal.core.C4Replicator.finalize(SourceFile:683)
04-12 18:57:44.896 8886 8898 D CouchbaseLite/REPLICATOR: at java.lang.Daemons$FinalizerDaemon.doFinalize(Daemons.java:339)
04-12 18:57:44.896 8886 8898 D CouchbaseLite/REPLICATOR: at java.lang.Daemons$FinalizerDaemon.processReference(Daemons.java:324)
04-12 18:57:44.896 8886 8898 D CouchbaseLite/REPLICATOR: at java.lang.Daemons$FinalizerDaemon.runInternal(Daemons.java:300)
04-12 18:57:44.896 8886 8898 D CouchbaseLite/REPLICATOR: at java.lang.Daemons$Daemon.run(Daemons.java:145)
04-12 18:57:44.896 8886 8898 D CouchbaseLite/REPLICATOR: at java.lang.Thread.run(Thread.java:1012)
04-12 18:57:44.896 8886 8898 D CouchbaseLite/REPLICATOR: Caused by: java.lang.Exception: Created at:
04-12 18:57:44.896 8886 8898 D CouchbaseLite/REPLICATOR: at com.couchbase.lite.internal.core.C4NativePeer.updateHistory(SourceFile:210)
04-12 18:57:44.896 8886 8898 D CouchbaseLite/REPLICATOR: at com.couchbase.lite.internal.core.C4NativePeer.(SourceFile:58)
04-12 18:57:44.896 8886 8898 D CouchbaseLite/REPLICATOR: at com.couchbase.lite.internal.core.C4Replicator.(SourceFile:630)
04-12 18:57:44.896 8886 8898 D CouchbaseLite/REPLICATOR: at com.couchbase.lite.internal.core.C4Replicator$C4CommonReplicator.(SourceFile:304)
04-12 18:57:44.896 8886 8898 D CouchbaseLite/REPLICATOR: at com.couchbase.lite.internal.core.C4Replicator.createRemoteReplicator(SourceFile:473)
04-12 18:57:44.896 8886 8898 D CouchbaseLite/REPLICATOR: at com.couchbase.lite.internal.core.C4Replicator.createRemoteReplicator(SourceFile:408)
04-12 18:57:44.896 8886 8898 D CouchbaseLite/REPLICATOR: at com.couchbase.lite.internal.core.C4Database.createRemoteReplicator(SourceFile:476)
04-12 18:57:44.896 8886 8898 D CouchbaseLite/REPLICATOR: at com.couchbase.lite.AbstractDatabase.createRemoteReplicator(SourceFile:1094)
04-12 18:57:44.896 8886 8898 D CouchbaseLite/REPLICATOR: at com.couchbase.lite.AbstractReplicator.getRemoteC4Replicator(SourceFile:453)
04-12 18:57:44.896 8886 8898 D CouchbaseLite/REPLICATOR: at com.couchbase.lite.Replicator.createReplicatorForTarget(SourceFile:48)
04-12 18:57:44.896 8886 8898 D CouchbaseLite/REPLICATOR: at com.couchbase.lite.AbstractReplicator.getOrCreateC4Replicator(SourceFile:644)
04-12 18:57:44.896 8886 8898 D CouchbaseLite/REPLICATOR: at com.couchbase.lite.AbstractReplicator.start(SourceFile:173)
04-12 18:57:44.896 8886 8898 D CouchbaseLite/REPLICATOR: at com.couchbase.lite.AbstractReplicator.start(SourceFile:160)
04-12 18:57:44.896 8886 8898 D CouchbaseLite/REPLICATOR: at com.disney.wdpro.dash.couchbase.Database.H(SourceFile:315)
04-12 18:57:44.896 8886 8898 D CouchbaseLite/REPLICATOR: at com.disney.wdpro.dash.couchbase.f.k(SourceFile:113)
04-12 18:57:44.896 8886 8898 D CouchbaseLite/REPLICATOR: at com.disney.wdpro.park.q.onActivityResumed(SourceFile:223)
04-12 18:57:44.896 8886 8898 D CouchbaseLite/REPLICATOR: at android.app.Application.dispatchActivityResumed(Application.java:431)
04-12 18:57:44.896 8886 8898 D CouchbaseLite/REPLICATOR: at android.app.Activity.dispatchActivityResumed(Activity.java:1434)
04-12 18:57:44.896 8886 8898 D CouchbaseLite/REPLICATOR: at android.app.Activity.onResume(Activity.java:1995)
04-12 18:57:44.896 8886 8898 D CouchbaseLite/REPLICATOR: at androidx.fragment.app.FragmentActivity.onResume(SourceFile:310)
04-12 18:57:44.896 8886 8898 D CouchbaseLite/REPLICATOR: at com.disney.wdpro.commons.BaseActivity.onResume(SourceFile:150)
04-12 18:57:44.896 8886 8898 D CouchbaseLite/REPLICATOR: at com.disney.wdpro.park.activities.FinderActivity.onResume(SourceFile:297)
04-12 18:57:44.896 8886 8898 D CouchbaseLite/REPLICATOR: at android.app.Instrumentation.callActivityOnResume(Instrumentation.java:1531)
04-12 18:57:44.896 8886 8898 D CouchbaseLite/REPLICATOR: at android.app.Activity.performResume(Activity.java:8422)
04-12 18:57:44.896 8886 8898 D CouchbaseLite/REPLICATOR: at android.app.ActivityThread.performResumeActivity(ActivityThread.java:4793)
04-12 18:57:44.896 8886 8898 D CouchbaseLite/REPLICATOR: at android.app.ActivityThread.handleResumeActivity(ActivityThread.java:4836)
04-12 18:57:44.896 8886 8898 D CouchbaseLite/REPLICATOR: at android.app.servertransaction.ResumeActivityItem.execute(ResumeActivityItem.java:54)
04-12 18:57:44.896 8886 8898 D CouchbaseLite/REPLICATOR: at android.app.servertransaction.ActivityTransactionItem.execute(ActivityTransactionItem.java:45)
04-12 18:57:44.896 8886 8898 D CouchbaseLite/REPLICATOR: at android.app.servertransaction.TransactionExecutor.executeLifecycleState(TransactionExecutor.java:176)
04-12 18:57:44.896 8886 8898 D CouchbaseLite/REPLICATOR: at android.app.servertransaction.TransactionExecutor.execute(TransactionExecutor.java:97)
04-12 18:57:44.896 8886 8898 D CouchbaseLite/REPLICATOR: at android.app.ActivityThread$H.handleMessage(ActivityThread.java:2308)
04-12 18:57:44.896 8886 8898 D CouchbaseLite/REPLICATOR: at android.os.Handler.dispatchMessage(Handler.java:106)
04-12 18:57:44.896 8886 8898 D CouchbaseLite/REPLICATOR: at android.os.Looper.loopOnce(Looper.java:201)
04-12 18:57:44.896 8886 8898 D CouchbaseLite/REPLICATOR: at android.os.Looper.loop(Looper.java:288)
04-12 18:57:44.896 8886 8898 D CouchbaseLite/REPLICATOR: at android.app.ActivityThread.main(ActivityThread.java:7898)
04-12 18:57:44.896 8886 8898 D CouchbaseLite/REPLICATOR: at java.lang.reflect.Method.invoke(Native Method)
04-12 18:57:44.896 8886 8898 D CouchbaseLite/REPLICATOR: at com.android.internal.os.RuntimeInit$MethodAndArgsCaller.run(RuntimeInit.java:548)
04-12 18:57:44.896 8886 8898 D CouchbaseLite/REPLICATOR: at com.android.internal.os.ZygoteInit.main(ZygoteInit.java:936)
04-12 18:57:44.905 8886 8898 I CouchbaseLite/REPLICATOR: {C4Replicator#21109} Freeing C4BaseReplicator
04-12 18:57:44.906 8886 8898 D CouchbaseLite/REPLICATOR: [JAVA] C4CommonReplicator@0xb4000077b97b9c10: Expected this peer to have been closed previously
04-12 18:57:44.906 8886 8898 D CouchbaseLite/REPLICATOR: java.lang.Exception: At:
04-12 18:57:44.906 8886 8898 D CouchbaseLite/REPLICATOR: at com.couchbase.lite.internal.core.C4NativePeer.logCall(SourceFile:218)
04-12 18:57:44.906 8886 8898 D CouchbaseLite/REPLICATOR: at com.couchbase.lite.internal.core.C4NativePeer.releasePeer(SourceFile:181)
04-12 18:57:44.906 8886 8898 D CouchbaseLite/REPLICATOR: at com.couchbase.lite.internal.core.C4Replicator.closePeer(SourceFile:696)
04-12 18:57:44.906 8886 8898 D CouchbaseLite/REPLICATOR: at com.couchbase.lite.internal.core.C4Replicator.finalize(SourceFile:683)
04-12 18:57:44.906 8886 8898 D CouchbaseLite/REPLICATOR: at java.lang.Daemons$FinalizerDaemon.doFinalize(Daemons.java:339)
04-12 18:57:44.906 8886 8898 D CouchbaseLite/REPLICATOR: at java.lang.Daemons$FinalizerDaemon.processReference(Daemons.java:324)
04-12 18:57:44.906 8886 8898 D CouchbaseLite/REPLICATOR: at java.lang.Daemons$FinalizerDaemon.runInternal(Daemons.java:300)
04-12 18:57:44.906 8886 8898 D CouchbaseLite/REPLICATOR: at java.lang.Daemons$Daemon.run(Daemons.java:145)
04-12 18:57:44.906 8886 8898 D CouchbaseLite/REPLICATOR: at java.lang.Thread.run(Thread.java:1012)
04-12 18:57:44.906 8886 8898 D CouchbaseLite/REPLICATOR: Caused by: java.lang.Exception: Created at:
04-12 18:57:44.906 8886 8898 D CouchbaseLite/REPLICATOR: at com.couchbase.lite.internal.core.C4NativePeer.updateHistory(SourceFile:210)
04-12 18:57:44.906 8886 8898 D CouchbaseLite/REPLICATOR: at com.couchbase.lite.internal.core.C4NativePeer.(SourceFile:58)
04-12 18:57:44.906 8886 8898 D CouchbaseLite/REPLICATOR: at com.couchbase.lite.internal.core.C4Replicator.(SourceFile:630)
04-12 18:57:44.906 8886 8898 D CouchbaseLite/REPLICATOR: at com.couchbase.lite.internal.core.C4Replicator$C4CommonReplicator.(SourceFile:304)
04-12 18:57:44.906 8886 8898 D CouchbaseLite/REPLICATOR: at com.couchbase.lite.internal.core.C4Replicator.createRemoteReplicator(SourceFile:473)
04-12 18:57:44.906 8886 8898 D CouchbaseLite/REPLICATOR: at com.couchbase.lite.internal.core.C4Replicator.createRemoteReplicator(SourceFile:408)
04-12 18:57:44.906 8886 8898 D CouchbaseLite/REPLICATOR: at com.couchbase.lite.internal.core.C4Database.createRemoteReplicator(SourceFile:476)
04-12 18:57:44.906 8886 8898 D CouchbaseLite/REPLICATOR: at com.couchbase.lite.AbstractDatabase.createRemoteReplicator(SourceFile:1094)
04-12 18:57:44.906 8886 8898 D CouchbaseLite/REPLICATOR: at com.couchbase.lite.AbstractReplicator.getRemoteC4Replicator(SourceFile:453)
04-12 18:57:44.906 8886 8898 D CouchbaseLite/REPLICATOR: at com.couchbase.lite.Replicator.createReplicatorForTarget(SourceFile:48)
04-12 18:57:44.906 8886 8898 D CouchbaseLite/REPLICATOR: at com.couchbase.lite.AbstractReplicator.getOrCreateC4Replicator(SourceFile:644)
04-12 18:57:44.906 8886 8898 D CouchbaseLite/REPLICATOR: at com.couchbase.lite.AbstractReplicator.start(SourceFile:173)
04-12 18:57:44.906 8886 8898 D CouchbaseLite/REPLICATOR: at com.couchbase.lite.AbstractReplicator.start(SourceFile:160)
04-12 18:57:44.906 8886 8898 D CouchbaseLite/REPLICATOR: at com.disney.wdpro.dash.couchbase.Database.H(SourceFile:315)
04-12 18:57:44.906 8886 8898 D CouchbaseLite/REPLICATOR: at com.disney.wdpro.dash.couchbase.f.k(SourceFile:113)
04-12 18:57:44.906 8886 8898 D CouchbaseLite/REPLICATOR: at com.disney.wdpro.park.q.onActivityResumed(SourceFile:223)
04-12 18:57:44.906 8886 8898 D CouchbaseLite/REPLICATOR: at android.app.Application.dispatchActivityResumed(Application.java:431)
04-12 18:57:44.906 8886 8898 D CouchbaseLite/REPLICATOR: at android.app.Activity.dispatchActivityResumed(Activity.java:1434)
04-12 18:57:44.906 8886 8898 D CouchbaseLite/REPLICATOR: at android.app.Activity.onResume(Activity.java:1995)
04-12 18:57:44.906 8886 8898 D CouchbaseLite/REPLICATOR: at androidx.fragment.app.FragmentActivity.onResume(SourceFile:310)
04-12 18:57:44.906 8886 8898 D CouchbaseLite/REPLICATOR: at com.disney.wdpro.commons.BaseActivity.onResume(SourceFile:150)
04-12 18:57:44.906 8886 8898 D CouchbaseLite/REPLICATOR: at com.disney.wdpro.park.activities.FinderActivity.onResume(SourceFile:297)
04-12 18:57:44.906 8886 8898 D CouchbaseLite/REPLICATOR: at android.app.Instrumentation.callActivityOnResume(Instrumentation.java:1531)
04-12 18:57:44.906 8886 8898 D CouchbaseLite/REPLICATOR: at android.app.Activity.performResume(Activity.java:8422)
04-12 18:57:44.906 8886 8898 D CouchbaseLite/REPLICATOR: at android.app.ActivityThread.performResumeActivity(ActivityThread.java:4793)
04-12 18:57:44.906 8886 8898 D CouchbaseLite/REPLICATOR: at android.app.ActivityThread.handleResumeActivity(ActivityThread.java:4836)
04-12 18:57:44.906 8886 8898 D CouchbaseLite/REPLICATOR: at android.app.servertransaction.ResumeActivityItem.execute(ResumeActivityItem.java:54)
04-12 18:57:44.906 8886 8898 D CouchbaseLite/REPLICATOR: at android.app.servertransaction.ActivityTransactionItem.execute(ActivityTransactionItem.java:45)
04-12 18:57:44.906 8886 8898 D CouchbaseLite/REPLICATOR: at android.app.servertransaction.TransactionExecutor.executeLifecycleState(TransactionExecutor.java:176)
04-12 18:57:44.906 8886 8898 D CouchbaseLite/REPLICATOR: at android.app.servertransaction.TransactionExecutor.execute(TransactionExecutor.java:97)
04-12 18:57:44.906 8886 8898 D CouchbaseLite/REPLICATOR: at android.app.ActivityThread$H.handleMessage(ActivityThread.java:2308)
04-12 18:57:44.906 8886 8898 D CouchbaseLite/REPLICATOR: at android.os.Handler.dispatchMessage(Handler.java:106)
04-12 18:57:44.906 8886 8898 D CouchbaseLite/REPLICATOR: at android.os.Looper.loopOnce(Looper.java:201)
04-12 18:57:44.906 8886 8898 D CouchbaseLite/REPLICATOR: at android.os.Looper.loop(Looper.java:288)
04-12 18:57:44.906 8886 8898 D CouchbaseLite/REPLICATOR: at android.app.ActivityThread.main(ActivityThread.java:7898)
04-12 18:57:44.906 8886 8898 D CouchbaseLite/REPLICATOR: at java.lang.reflect.Method.invoke(Native Method)
04-12 18:57:44.906 8886 8898 D CouchbaseLite/REPLICATOR: at com.android.internal.os.RuntimeInit$MethodAndArgsCaller.run(RuntimeInit.java:548)
04-12 18:57:44.906 8886 8898 D CouchbaseLite/REPLICATOR: at com.android.internal.os.ZygoteInit.main(ZygoteInit.java:936)
04-12 18:57:44.906 8886 8898 I CouchbaseLite/REPLICATOR: {C4Replicator#21104} Freeing C4BaseReplicator
04-12 18:57:44.908 8886 8898 D CouchbaseLite/REPLICATOR: [JAVA] C4CommonReplicator@0xb4000077b979fb90: Expected this peer to have been closed previously
04-12 18:57:44.908 8886 8898 D CouchbaseLite/REPLICATOR: java.lang.Exception: At:
04-12 18:57:44.908 8886 8898 D CouchbaseLite/REPLICATOR: at com.couchbase.lite.internal.core.C4NativePeer.logCall(SourceFile:218)
04-12 18:57:44.908 8886 8898 D CouchbaseLite/REPLICATOR: at com.couchbase.lite.internal.core.C4NativePeer.releasePeer(SourceFile:181)
04-12 18:57:44.908 8886 8898 D CouchbaseLite/REPLICATOR: at com.couchbase.lite.internal.core.C4Replicator.closePeer(SourceFile:696)
04-12 18:57:44.908 8886 8898 D CouchbaseLite/REPLICATOR: at com.couchbase.lite.internal.core.C4Replicator.finalize(SourceFile:683)
04-12 18:57:44.908 8886 8898 D CouchbaseLite/REPLICATOR: at java.lang.Daemons$FinalizerDaemon.doFinalize(Daemons.java:339)
04-12 18:57:44.908 8886 8898 D CouchbaseLite/REPLICATOR: at java.lang.Daemons$FinalizerDaemon.processReference(Daemons.java:324)
04-12 18:57:44.908 8886 8898 D CouchbaseLite/REPLICATOR: at java.lang.Daemons$FinalizerDaemon.runInternal(Daemons.java:300)
04-12 18:57:44.908 8886 8898 D CouchbaseLite/REPLICATOR: at java.lang.Daemons$Daemon.run(Daemons.java:145)
04-12 18:57:44.908 8886 8898 D CouchbaseLite/REPLICATOR: at java.lang.Thread.run(Thread.java:1012)
04-12 18:57:44.908 8886 8898 D CouchbaseLite/REPLICATOR: Caused by: java.lang.Exception: Created at:
04-12 18:57:44.908 8886 8898 D CouchbaseLite/REPLICATOR: at com.couchbase.lite.internal.core.C4NativePeer.updateHistory(SourceFile:210)
04-12 18:57:44.908 8886 8898 D CouchbaseLite/REPLICATOR: at com.couchbase.lite.internal.core.C4NativePeer.(SourceFile:58)
04-12 18:57:44.908 8886 8898 D CouchbaseLite/REPLICATOR: at com.couchbase.lite.internal.core.C4Replicator.(SourceFile:630)
04-12 18:57:44.908 8886 8898 D CouchbaseLite/REPLICATOR: at com.couchbase.lite.internal.core.C4Replicator$C4CommonReplicator.(SourceFile:304)
04-12 18:57:44.908 8886 8898 D CouchbaseLite/REPLICATOR: at com.couchbase.lite.internal.core.C4Replicator.createRemoteReplicator(SourceFile:473)
04-12 18:57:44.908 8886 8898 D CouchbaseLite/REPLICATOR: at com.couchbase.lite.internal.core.C4Replicator.createRemoteReplicator(SourceFile:408)
04-12 18:57:44.908 8886 8898 D CouchbaseLite/REPLICATOR: at com.couchbase.lite.internal.core.C4Database.createRemoteReplicator(SourceFile:476)
04-12 18:57:44.908 8886 8898 D CouchbaseLite/REPLICATOR: at com.couchbase.lite.AbstractDatabase.createRemoteReplicator(SourceFile:1094)
04-12 18:57:44.908 8886 8898 D CouchbaseLite/REPLICATOR: at com.couchbase.lite.AbstractReplicator.getRemoteC4Replicator(SourceFile:453)
04-12 18:57:44.908 8886 8898 D CouchbaseLite/REPLICATOR: at com.couchbase.lite.Replicator.createReplicatorForTarget(SourceFile:48)
04-12 18:57:44.908 8886 8898 D CouchbaseLite/REPLICATOR: at com.couchbase.lite.AbstractReplicator.getOrCreateC4Replicator(SourceFile:644)
04-12 18:57:44.908 8886 8898 D CouchbaseLite/REPLICATOR: at com.couchbase.lite.AbstractReplicator.start(SourceFile:173)
04-12 18:57:44.908 8886 8898 D CouchbaseLite/REPLICATOR: at com.couchbase.lite.AbstractReplicator.start(SourceFile:160)
04-12 18:57:44.908 8886 8898 D CouchbaseLite/REPLICATOR: at com.disney.wdpro.dash.couchbase.Database.H(SourceFile:315)
04-12 18:57:44.908 8886 8898 D CouchbaseLite/REPLICATOR: at com.disney.wdpro.dash.couchbase.f.k(SourceFile:113)
04-12 18:57:44.908 8886 8898 D CouchbaseLite/REPLICATOR: at com.disney.wdpro.park.q.onActivityResumed(SourceFile:223)
04-12 18:57:44.908 8886 8898 D CouchbaseLite/REPLICATOR: at android.app.Application.dispatchActivityResumed(Application.java:431)
04-12 18:57:44.908 8886 8898 D CouchbaseLite/REPLICATOR: at android.app.Activity.dispatchActivityResumed(Activity.java:1434)
04-12 18:57:44.908 8886 8898 D CouchbaseLite/REPLICATOR: at android.app.Activity.onResume(Activity.java:1995)
04-12 18:57:44.908 8886 8898 D CouchbaseLite/REPLICATOR: at androidx.fragment.app.FragmentActivity.onResume(SourceFile:310)
04-12 18:57:44.908 8886 8898 D CouchbaseLite/REPLICATOR: at com.disney.wdpro.commons.BaseActivity.onResume(SourceFile:150)
04-12 18:57:44.908 8886 8898 D CouchbaseLite/REPLICATOR: at com.disney.wdpro.park.activities.FinderActivity.onResume(SourceFile:297)
04-12 18:57:44.908 8886 8898 D CouchbaseLite/REPLICATOR: at android.app.Instrumentation.callActivityOnResume(Instrumentation.java:1531)
04-12 18:57:44.908 8886 8898 D CouchbaseLite/REPLICATOR: at android.app.Activity.performResume(Activity.java:8422)
04-12 18:57:44.908 8886 8898 D CouchbaseLite/REPLICATOR: at android.app.ActivityThread.performResumeActivity(ActivityThread.java:4793)
04-12 18:57:44.908 8886 8898 D CouchbaseLite/REPLICATOR: at android.app.ActivityThread.handleResumeActivity(ActivityThread.java:4836)
04-12 18:57:44.908 8886 8898 D CouchbaseLite/REPLICATOR: at android.app.servertransaction.ResumeActivityItem.execute(ResumeActivityItem.java:54)
04-12 18:57:44.908 8886 8898 D CouchbaseLite/REPLICATOR: at android.app.servertransaction.ActivityTransactionItem.execute(ActivityTransactionItem.java:45)
04-12 18:57:44.908 8886 8898 D CouchbaseLite/REPLICATOR: at android.app.servertransaction.TransactionExecutor.executeLifecycleState(TransactionExecutor.java:176)
04-12 18:57:44.908 8886 8898 D CouchbaseLite/REPLICATOR: at android.app.servertransaction.TransactionExecutor.execute(TransactionExecutor.java:97)
04-12 18:57:44.908 8886 8898 D CouchbaseLite/REPLICATOR: at android.app.ActivityThread$H.handleMessage(ActivityThread.java:2308)
04-12 18:57:44.908 8886 8898 D CouchbaseLite/REPLICATOR: at android.os.Handler.dispatchMessage(Handler.java:106)
04-12 18:57:44.908 8886 8898 D CouchbaseLite/REPLICATOR: at android.os.Looper.loopOnce(Looper.java:201)
04-12 18:57:44.908 8886 8898 D CouchbaseLite/REPLICATOR: at android.os.Looper.loop(Looper.java:288)
04-12 18:57:44.908 8886 8898 D CouchbaseLite/REPLICATOR: at android.app.ActivityThread.main(ActivityThread.java:7898)
04-12 18:57:44.908 8886 8898 D CouchbaseLite/REPLICATOR: at java.lang.reflect.Method.invoke(Native Method)
04-12 18:57:44.908 8886 8898 D CouchbaseLite/REPLICATOR: at com.android.internal.os.RuntimeInit$MethodAndArgsCaller.run(RuntimeInit.java:548)
04-12 18:57:44.908 8886 8898 D CouchbaseLite/REPLICATOR: at com.android.internal.os.ZygoteInit.main(ZygoteInit.java:936)
04-12 18:58:12.317 8886 8886 I CouchbaseLite/REPLICATOR: [JAVA] Replicator{@0x40fd188(<*),Database{@@0x5c116b6: 'finder.73600.en_us-stage'} => URLEndpoint{url=wss://stage.realtime-sync-gw.wdprapps.disney.com/park-platform-pub/}}$C4CommonRepl{@0x3c3d721/@xb4000077b9817450, @0x40fd188, SocketFactory{@URLEndpoint{url=wss://stage.realtime-sync-gw.wdprapps.disney.com/park-platform-pub/}}'}: Replicator is stopping (C4CommonRepl{@0x3c3d721/@xb4000077b9817450, @0x40fd188, SocketFactory{@URLEndpoint{url=wss://stage.realtime-sync-gw.wdprapps.disney.com/park-platform-pub/}}'})
04-12 18:58:12.317 8886 8886 I CouchbaseLite/REPLICATOR: [JAVA] Replicator{@0x46365f7(<*),Database{@@0x2e0afa2: 'finder-semi-private.73600.en_us'} => URLEndpoint{url=wss://stage.realtime-sync-gw.wdprapps.disney.com/park-platform-semipriv}}$C4CommonRepl{@0xb6ddc64/@xb4000077b97e98d0, @0x46365f7, SocketFactory{@URLEndpoint{url=wss://stage.realtime-sync-gw.wdprapps.disney.com/park-platform-semipriv}}'}: Replicator is stopping (C4CommonRepl{@0xb6ddc64/@xb4000077b97e98d0, @0x46365f7, SocketFactory{@URLEndpoint{url=wss://stage.realtime-sync-gw.wdprapps.disney.com/park-platform-semipriv}}'})
04-12 18:58:12.317 8886 9036 I CouchbaseLite/REPLICATOR: {Repl#21479} {Coll#-1} Told to stop!
04-12 18:58:12.318 8886 8886 I CouchbaseLite/REPLICATOR: [JAVA] Replicator{@0xcc71e83(<*>),Database{@@0x97fb813: 'finder-private.73600.en_us'} => URLEndpoint{url=wss://stage.realtime-sync-gw.wdprapps.disney.com/park-platform-priv}}$C4CommonRepl{@0x8661800/@xb4000077b9824d50, @0xcc71e83, SocketFactory{@URLEndpoint{url=wss://stage.realtime-sync-gw.wdprapps.disney.com/park-platform-priv}}'}: Replicator is stopping (C4CommonRepl{@0x8661800/@xb4000077b9824d50, @0xcc71e83, SocketFactory{@URLEndpoint{url=wss://stage.realtime-sync-gw.wdprapps.disney.com/park-platform-priv}}'})
04-12 18:58:12.318 8886 9036 I CouchbaseLite/NETWORK: {N8litecore4blip10ConnectionE#21478} Closing with code 1000, msg ''
04-12 18:58:12.318 8886 9036 I CouchbaseLite/REPLICATOR: {Repl#21479} {Coll#-1} activityLevel=busy: connectionState=3, savingChkpt=0
04-12 18:58:12.322 8886 9033 I CouchbaseLite/REPLICATOR: {Repl#21486} {Coll#-1} Told to stop!
04-12 18:58:12.323 8886 9033 I CouchbaseLite/NETWORK: {N8litecore4blip10ConnectionE#21485} Closing with code 1000, msg ''
04-12 18:58:12.324 8886 9033 I CouchbaseLite/REPLICATOR: {Repl#21486} {Coll#-1} activityLevel=busy: connectionState=3, savingChkpt=0
04-12 18:58:12.325 8886 9032 I CouchbaseLite/NETWORK: {N8litecore4repl12C4SocketImplE#21481} Requesting close with status=1000, message=''
04-12 18:58:12.329 8886 9032 D CouchbaseLite/NETWORK: [JAVA] ^C4Socket.requestClose@b4000077c984f6a0(1000): 'null'
04-12 18:58:12.330 8886 9033 I CouchbaseLite/REPLICATOR: {Repl#21486} {Coll#-1} now busy
04-12 18:58:12.330 8886 9037 I CouchbaseLite/REPLICATOR: {Repl#21499} {Coll#-1} Told to stop!
04-12 18:58:12.334 8886 9037 I CouchbaseLite/NETWORK: {N8litecore4blip10ConnectionE#21498} Closing with code 1000, msg ''
04-12 18:58:12.335 8886 9037 I CouchbaseLite/REPLICATOR: {Repl#21499} {Coll#-1} activityLevel=busy: connectionState=3, savingChkpt=0
04-12 18:58:12.339 8886 9047 D CouchbaseLite/NETWORK: [JAVA] CBLWebSocket@@0x79653fc{vC4Socket@xb4000077c984f6a0 <=> OkHttpSocket@0x2fb1cef(wss://stage.realtime-sync-gw.wdprapps.disney.com:443/park-platform-pub/_blipsync)}.coreRequestsClose: CloseStatus{6:1000, null}
04-12 18:58:12.340 8886 9047 D CouchbaseLite/NETWORK: [JAVA] OkHttpSocket@0x2fb1cef.close: CloseStatus{6:1000, null}
04-12 18:58:12.347 8886 9037 I CouchbaseLite/REPLICATOR: {Repl#21499} {Coll#-1} now busy
04-12 18:58:12.350 8886 9035 I CouchbaseLite/NETWORK: {N8litecore4repl12C4SocketImplE#21489} Requesting close with status=1000, message=''
04-12 18:58:12.355 8886 9035 D CouchbaseLite/NETWORK: [JAVA] ^C4Socket.requestClose@b4000077c977db30(1000): 'null'
04-12 18:58:12.357 8886 9050 D CouchbaseLite/NETWORK: [JAVA] CBLWebSocket@@0xa73dafb{vC4Socket@xb4000077c977db30 <=> OkHttpSocket@0xf94748a(wss://stage.realtime-sync-gw.wdprapps.disney.com:443/park-platform-semipriv/_blipsync)}.coreRequestsClose: CloseStatus{6:1000, null}
04-12 18:58:12.358 8886 9050 D CouchbaseLite/NETWORK: [JAVA] OkHttpSocket@0xf94748a.close: CloseStatus{6:1000, null}
04-12 18:58:12.359 8886 9033 I CouchbaseLite/REPLICATOR: {C4Replicator#21487} State: busy, progress=0.00%
04-12 18:58:12.360 8886 9034 I CouchbaseLite/NETWORK: {N8litecore4repl12C4SocketImplE#21502} Requesting close with status=1000, message=''
04-12 18:58:12.362 8886 9034 D CouchbaseLite/NETWORK: [JAVA] ^C4Socket.requestClose@b4000077c98a8720(1000): 'null'
04-12 18:58:12.363 8886 9030 D CouchbaseLite/NETWORK: [JAVA] CBLWebSocket@@0x63f7b08{vC4Socket@xb4000077c98a8720 <=> OkHttpSocket@0x23b88ab(wss://stage.realtime-sync-gw.wdprapps.disney.com:443/park-platform-priv/_blipsync)}.coreRequestsClose: CloseStatus{6:1000, null}
04-12 18:58:12.363 8886 9030 D CouchbaseLite/NETWORK: [JAVA] OkHttpSocket@0x23b88ab.close: CloseStatus{6:1000, null}
04-12 18:58:12.368 8886 9037 I CouchbaseLite/REPLICATOR: {C4Replicator#21501} State: busy, progress=0.00%
04-12 18:58:12.438 8886 9037 D CouchbaseLite/REPLICATOR: [JAVA] C4Replicator.statusChangedCallback(0x753023b3) C4CommonRepl{@0x8661800/@xb4000077b9824d50, @0xcc71e83, SocketFactory{@URLEndpoint{url=wss://stage.realtime-sync-gw.wdprapps.disney.com/park-platform-priv}}'}: C4ReplicatorStatus{level=4,completed=0,total=0,#docs=0,domain=0,code=0,info=0}
04-12 18:58:12.439 8886 9049 I CouchbaseLite/REPLICATOR: [JAVA] status changed: (0, 0) @C4ReplicatorStatus{level=4,completed=0,total=0,#docs=0,domain=0,code=0,info=0} for Replicator{@0xcc71e83(<*>),Database{@@0x97fb813: 'finder-private.73600.en_us'} => URLEndpoint{url=wss://stage.realtime-sync-gw.wdprapps.disney.com/park-platform-priv}}$C4CommonRepl{@0x8661800/@xb4000077b9824d50, @0xcc71e83, SocketFactory{@URLEndpoint{url=wss://stage.realtime-sync-gw.wdprapps.disney.com/park-platform-priv}}'}
04-12 18:58:12.440 8886 9036 I CouchbaseLite/REPLICATOR: {Repl#21479} {Coll#-1} now busy
04-12 18:58:12.440 8886 9036 I CouchbaseLite/REPLICATOR: {C4Replicator#21480} State: busy, progress=0.00%
04-12 18:58:12.441 8886 9036 D CouchbaseLite/REPLICATOR: [JAVA] C4Replicator.statusChangedCallback(0x10cb79f1) C4CommonRepl{@0x3c3d721/@xb4000077b9817450, @0x40fd188, SocketFactory{@URLEndpoint{url=wss://stage.realtime-sync-gw.wdprapps.disney.com/park-platform-pub/}}'}: C4ReplicatorStatus{level=4,completed=0,total=0,#docs=0,domain=0,code=0,info=0}
04-12 18:58:12.442 8886 9049 D CouchbaseLite/NETWORK: [JAVA] Offline state change for com.couchbase.lite.internal.replicator.AndroidConnectivityObserver@d62528f: IDLE -> true
04-12 18:58:12.443 8886 9049 I CouchbaseLite/REPLICATOR: [JAVA] State changed IDLE => BUSY(0/0): null for Replicator{@0xcc71e83(<*>),Database{@@0x97fb813: 'finder-private.73600.en_us'} => URLEndpoint{url=wss://stage.realtime-sync-gw.wdprapps.disney.com/park-platform-priv}}$C4CommonRepl{@0x8661800/@xb4000077b9824d50, @0xcc71e83, SocketFactory{@URLEndpoint{url=wss://stage.realtime-sync-gw.wdprapps.disney.com/park-platform-priv}}'}
04-12 18:58:12.443 8886 9039 I CouchbaseLite/REPLICATOR: [JAVA] status changed: (0, 0) @C4ReplicatorStatus{level=4,completed=0,total=0,#docs=0,domain=0,code=0,info=0} for Replicator{@0x40fd188(<*),Database{@@0x5c116b6: 'finder.73600.en_us-stage'} => URLEndpoint{url=wss://stage.realtime-sync-gw.wdprapps.disney.com/park-platform-pub/}}$C4CommonRepl{@0x3c3d721/@xb4000077b9817450, @0x40fd188, SocketFactory{@URLEndpoint{url=wss://stage.realtime-sync-gw.wdprapps.disney.com/park-platform-pub/}}'}
04-12 18:58:12.443 8886 9039 D CouchbaseLite/NETWORK: [JAVA] Offline state change for com.couchbase.lite.internal.replicator.AndroidConnectivityObserver@6ffca91: IDLE -> true
04-12 18:58:12.444 8886 9039 I CouchbaseLite/REPLICATOR: [JAVA] State changed IDLE => BUSY(0/0): null for Replicator{@0x40fd188(<*),Database{@@0x5c116b6: 'finder.73600.en_us-stage'} => URLEndpoint{url=wss://stage.realtime-sync-gw.wdprapps.disney.com/park-platform-pub/}}$C4CommonRepl{@0x3c3d721/@xb4000077b9817450, @0x40fd188, SocketFactory{@URLEndpoint{url=wss://stage.realtime-sync-gw.wdprapps.disney.com/park-platform-pub/}}'}
04-12 18:58:12.459 8886 9033 D CouchbaseLite/REPLICATOR: [JAVA] C4Replicator.statusChangedCallback(0x6390e353) C4CommonRepl{@0xb6ddc64/@xb4000077b97e98d0, @0x46365f7, SocketFactory{@URLEndpoint{url=wss://stage.realtime-sync-gw.wdprapps.disney.com/park-platform-semipriv}}'}: C4ReplicatorStatus{level=4,completed=0,total=0,#docs=0,domain=0,code=0,info=0}
04-12 18:58:12.465 8886 9048 I CouchbaseLite/REPLICATOR: [JAVA] status changed: (0, 0) @C4ReplicatorStatus{level=4,completed=0,total=0,#docs=0,domain=0,code=0,info=0} for Replicator{@0x46365f7(<*),Database{@@0x2e0afa2: 'finder-semi-private.73600.en_us'} => URLEndpoint{url=wss://stage.realtime-sync-gw.wdprapps.disney.com/park-platform-semipriv}}$C4CommonRepl{@0xb6ddc64/@xb4000077b97e98d0, @0x46365f7, SocketFactory{@URLEndpoint{url=wss://stage.realtime-sync-gw.wdprapps.disney.com/park-platform-semipriv}}'}
04-12 18:58:12.465 8886 9048 D CouchbaseLite/NETWORK: [JAVA] Offline state change for com.couchbase.lite.internal.replicator.AndroidConnectivityObserver@900b53d: IDLE -> true
04-12 18:58:12.466 8886 9048 I CouchbaseLite/REPLICATOR: [JAVA] State changed IDLE => BUSY(0/0): null for Replicator{@0x46365f7(<*),Database{@@0x2e0afa2: 'finder-semi-private.73600.en_us'} => URLEndpoint{url=wss://stage.realtime-sync-gw.wdprapps.disney.com/park-platform-semipriv}}$C4CommonRepl{@0xb6ddc64/@xb4000077b97e98d0, @0x46365f7, SocketFactory{@URLEndpoint{url=wss://stage.realtime-sync-gw.wdprapps.disney.com/park-platform-semipriv}}'}
04-12 18:58:12.470 8886 10542 D CouchbaseLite/NETWORK: [JAVA] OkHttpSocket@0x2fb1cef.onClosing(1000): ''
04-12 18:58:12.471 8886 10542 D CouchbaseLite/NETWORK: [JAVA] CBLWebSocket@@0x79653fc{vC4Socket@xb4000077c984f6a0 <=> OkHttpSocket@0x2fb1cef(wss://stage.realtime-sync-gw.wdprapps.disney.com:443/park-platform-pub/_blipsync)}.remoteRequestsClose: CloseStatus{0:1000, }
04-12 18:58:12.471 8886 10542 D CouchbaseLite/NETWORK: [JAVA] StateMachine@0x903bae7: transition OPEN => CLOSING
04-12 18:58:12.471 8886 10542 D CouchbaseLite/NETWORK: [JAVA] vC4Socket@xb4000077c984f6a0.requestCoreClose(1000): ''
04-12 18:58:12.472 8886 10542 V CouchbaseLite/NETWORK: {N8litecore4repl12C4SocketImplE#21481} Calling requestClose when the socket is pending close
04-12 18:58:12.472 8886 10542 D CouchbaseLite/NETWORK: [JAVA] OkHttpSocket@0x2fb1cef.onClosed(1000): ''
04-12 18:58:12.477 8886 10542 D CouchbaseLite/NETWORK: [JAVA] CBLWebSocket@@0x79653fc{vC4Socket@xb4000077c984f6a0 <=> OkHttpSocket@0x2fb1cef(wss://stage.realtime-sync-gw.wdprapps.disney.com:443/park-platform-pub/_blipsync)}.remoteClosed: CloseStatus{6:1000, }
04-12 18:58:12.478 8886 10542 D CouchbaseLite/NETWORK: [JAVA] StateMachine@0x903bae7: transition CLOSING => CLOSED
04-12 18:58:12.486 8886 10542 D CouchbaseLite/NETWORK: [JAVA] vC4Socket@xb4000077c984f6a0.closeCore(1, 0): ''
04-12 18:58:12.491 8886 10542 I CouchbaseLite/NETWORK: {N8litecore4repl12C4SocketImplE#21481} WebSocket closed normally
04-12 18:58:12.491 8886 10542 I CouchbaseLite/NETWORK: {N8litecore4repl12C4SocketImplE#21481} sent 1158 bytes, rcvd 160, in 40.955 sec (28/sec, 4/sec)
04-12 18:58:12.492 8886 9032 I CouchbaseLite/NETWORK: {N8litecore4blip10ConnectionE#21478} Closed with WebSocket/HTTP status 1000:
04-12 18:58:12.493 8886 9032 I CouchbaseLite/REPLICATOR: {Repl#21479} {Coll#-1} Connection closed with WebSocket/HTTP status 1000: "" (state=3->0)
04-12 18:58:12.498 8886 9032 I CouchbaseLite/REPLICATOR: {Repl#21479} {Coll#-1} activityLevel=stopped: connectionState=0, savingChkpt=0
04-12 18:58:12.499 8886 9031 I CouchbaseLite/REPLICATOR: {N8litecore4repl6PullerE#21625} {Coll#0} activityLevel=stopped: pendingResponseCount=0, _caughtUp=1, _pendingRevMessages=0, _activeIncomingRevs=0, _waitingRevMessages=0, _unfinishedIncomingRevs=0
04-12 18:58:12.500 8886 9031 V CouchbaseLite/REPLICATOR: {N8litecore4repl6PullerE#21625} {Coll#0} now stopped
04-12 18:58:12.504 8886 10541 D CouchbaseLite/NETWORK: [JAVA] OkHttpSocket@0x23b88ab.onClosing(1000): ''
04-12 18:58:12.504 8886 10541 D CouchbaseLite/NETWORK: [JAVA] CBLWebSocket@@0x63f7b08{vC4Socket@xb4000077c98a8720 <=> OkHttpSocket@0x23b88ab(wss://stage.realtime-sync-gw.wdprapps.disney.com:443/park-platform-priv/_blipsync)}.remoteRequestsClose: CloseStatus{0:1000, }
04-12 18:58:12.511 8886 10543 D CouchbaseLite/NETWORK: [JAVA] OkHttpSocket@0xf94748a.onClosing(1000): ''
04-12 18:58:12.511 8886 10543 D CouchbaseLite/NETWORK: [JAVA] CBLWebSocket@@0xa73dafb{vC4Socket@xb4000077c977db30 <=> OkHttpSocket@0xf94748a(wss://stage.realtime-sync-gw.wdprapps.disney.com:443/park-platform-semipriv/_blipsync)}.remoteRequestsClose: CloseStatus{0:1000, }
04-12 18:58:12.511 8886 10543 D CouchbaseLite/NETWORK: [JAVA] StateMachine@0xd9b2bd7: transition OPEN => CLOSING
04-12 18:58:12.512 8886 10543 D CouchbaseLite/NETWORK: [JAVA] vC4Socket@xb4000077c977db30.requestCoreClose(1000): ''
04-12 18:58:12.512 8886 10541 D CouchbaseLite/NETWORK: [JAVA] StateMachine@0xb8d7f52: transition OPEN => CLOSING
04-12 18:58:12.514 8886 9032 I CouchbaseLite/REPLICATOR: {Repl#21479} {Coll#-1} now stopped
04-12 18:58:12.519 8886 10541 D CouchbaseLite/NETWORK: [JAVA] vC4Socket@xb4000077c98a8720.requestCoreClose(1000): ''
04-12 18:58:12.519 8886 10541 V CouchbaseLite/NETWORK: {N8litecore4repl12C4SocketImplE#21502} Calling requestClose when the socket is pending close
