04-12 18:58:38.981 8886 9038 I CouchbaseLite/REPLICATOR: {Repl#28443} {Coll#-1} activityLevel=busy: connectionState=2, savingChkpt=0
04-12 18:58:38.981 8886 9038 I CouchbaseLite/REPLICATOR: {Repl#28443} {Coll#-1} now busy
04-12 18:58:38.981 8886 9038 I CouchbaseLite/REPLICATOR: {C4Replicator#28444} State: busy, progress=0.00%
04-12 18:58:38.982 8886 9038 D CouchbaseLite/REPLICATOR: [JAVA] C4Replicator.statusChangedCallback(0x26236f4e) C4CommonRepl{@0xe439d27/@xb4000077b97d2790, @0x19673e6, SocketFactory{@URLEndpoint{url=wss://stage.realtime-sync-gw.wdprapps.disney.com/park-platform-pub/}}'}: C4ReplicatorStatus{level=4,completed=0,total=0,#docs=0,domain=0,code=0,info=0}
04-12 18:58:38.982 8886 9033 I CouchbaseLite/NETWORK: {N8litecore4blip6BLIPIOE#28515}==> N8litecore4blip6BLIPIOE ->wss://stage.realtime-sync-gw.wdprapps.disney.com/park-platform-pub/_blipsync @0xb4000077e9aedc70
04-12 18:58:38.982 8886 9048 I CouchbaseLite/REPLICATOR: [JAVA] status changed: (0, 0) @C4ReplicatorStatus{level=4,completed=0,total=0,#docs=0,domain=0,code=0,info=0} for Replicator{@0x19673e6(<*),Database{@@0x5c116b6: 'finder.73600.en_us-stage'} => URLEndpoint{url=wss://stage.realtime-sync-gw.wdprapps.disney.com/park-platform-pub/}}$C4CommonRepl{@0xe439d27/@xb4000077b97d2790, @0x19673e6, SocketFactory{@URLEndpoint{url=wss://stage.realtime-sync-gw.wdprapps.disney.com/park-platform-pub/}}'}
04-12 18:58:38.982 8886 9048 D CouchbaseLite/NETWORK: [JAVA] Offline state change for com.couchbase.lite.internal.replicator.AndroidConnectivityObserver@80619be: CONNECTING -> true
04-12 18:58:38.982 8886 9048 I CouchbaseLite/REPLICATOR: [JAVA] State changed CONNECTING => BUSY(0/0): null for Replicator{@0x19673e6(<*),Database{@@0x5c116b6: 'finder.73600.en_us-stage'} => URLEndpoint{url=wss://stage.realtime-sync-gw.wdprapps.disney.com/park-platform-pub/}}$C4CommonRepl{@0xe439d27/@xb4000077b97d2790, @0x19673e6, SocketFactory{@URLEndpoint{url=wss://stage.realtime-sync-gw.wdprapps.disney.com/park-platform-pub/}}'}
04-12 18:58:38.984 8886 9033 V CouchbaseLite/NETWORK: {N8litecore4blip6BLIPIOE#28515} WebSocket is hungry!
04-12 18:58:38.984 8886 9033 V CouchbaseLite/NETWORK: {N8litecore4blip6BLIPIOE#28515} Starting writeToWebSocket loop...
04-12 18:58:38.987 8886 9033 V CouchbaseLite/NETWORK: {N8litecore4blip6BLIPIOE#28515} ...Wrote 0 bytes to WebSocket (writeable=1)
04-12 18:58:38.988 8886 9033 V CouchbaseLite/NETWORK: {N8litecore4blip6BLIPIOE#28515} Sending 'getCheckpoint' REQ #0
04-12 18:58:38.988 8886 9033 V CouchbaseLite/NETWORK: {N8litecore4blip6BLIPIOE#28515} Requeuing REQ #0...
04-12 18:58:38.989 8886 9033 V CouchbaseLite/NETWORK: {N8litecore4blip6BLIPIOE#28515} Starting writeToWebSocket loop...
04-12 18:58:38.991 8886 9033 V CouchbaseLite/NETWORK: {N8litecore4blip6BLIPIOE#28515} Sending frame: REQ #1 ----, bytes 0--65
04-12 18:58:38.991 8886 9033 V CouchbaseLite/NETWORK: {N8litecore4repl12C4SocketImplE#28445} Sending 68-byte message
04-12 18:58:38.992 8886 9033 D CouchbaseLite/NETWORK: [JAVA] ^C4Socket.write@b4000077c99337c0(68)
04-12 18:58:38.994 8886 9039 D CouchbaseLite/NETWORK: [JAVA] CBLWebSocket@@0xf7a7db1{vC4Socket@xb4000077c99337c0 <=> OkHttpSocket@0xc15b858(wss://stage.realtime-sync-gw.wdprapps.disney.com:443/park-platform-pub/_blipsync)}.coreWrites(68)
04-12 18:58:38.994 8886 9039 D CouchbaseLite/NETWORK: [JAVA] OkHttpSocket@0xc15b858.write(68)
04-12 18:58:38.995 8886 9039 D CouchbaseLite/NETWORK: [JAVA] vC4Socket@xb4000077c99337c0.ackWriteToCore(68)
04-12 18:58:38.998 8886 9033 V CouchbaseLite/NETWORK: {N8litecore4blip6BLIPIOE#28515} Finished sending REQ #1
04-12 18:58:38.999 8886 10543 D CouchbaseLite/NETWORK: [JAVA] OkHttpSocket@0xfcc8c83.onOpen: Response{protocol=http/1.1, code=101, message=Switching Protocols, url=https://stage.realtime-sync-gw.wdprapps.disney.com/park-platform-priv/_blipsync}
04-12 18:58:38.999 8886 10543 D CouchbaseLite/NETWORK: [JAVA] CBLWebSocket@@0x1c16ddf{vC4Socket@xb4000077c9932790 <=> OkHttpSocket@0xfcc8c83(wss://stage.realtime-sync-gw.wdprapps.disney.com:443/park-platform-priv/_blipsync)}.remoteOpened: {Server=Couchbase Sync Gateway/3.1.3 EE, Connection=Upgrade, Sec-Websocket-Protocol=BLIP_3+CBMobile_3, Upgrade=websocket, Date=Fri, 12 Apr 2024 22:58:37 GMT, Sec-Websocket-Accept=Y4O6KulMxMx9/x0feuSjtv+Jf/w=}
04-12 18:58:39.000 8886 10543 D CouchbaseLite/NETWORK: [JAVA] StateMachine@0x84fea2c: transition OPENING => OPEN
04-12 18:58:39.000 8886 10543 D CouchbaseLite/NETWORK: [JAVA] vC4Socket@xb4000077c9932790.ackOpenToCore
04-12 18:58:39.001 8886 9032 I CouchbaseLite/REPLICATOR: {Repl#28443} {Coll#-1} activityLevel=busy: connectionState=2, savingChkpt=0
04-12 18:58:39.002 8886 9033 V CouchbaseLite/NETWORK: {N8litecore4blip6BLIPIOE#28515} ...Wrote 68 bytes to WebSocket (writeable=1)
04-12 18:58:39.004 8886 10543 I CouchbaseLite/NETWORK: {N8litecore4repl12C4SocketImplE#28460} Got HTTP response (status 101)
04-12 18:58:39.004 8886 10543 I CouchbaseLite/NETWORK: {N8litecore4repl12C4SocketImplE#28460} Connected!
04-12 18:58:39.005 8886 9034 I CouchbaseLite/REPLICATOR: {Repl#28458} {Coll#-1} activityLevel=connecting: connectionState=1, savingChkpt=0
04-12 18:58:39.005 8886 10543 I CouchbaseLite/NETWORK: {N8litecore4blip10ConnectionE#28457} Connected!
04-12 18:58:39.005 8886 9037 I CouchbaseLite/NETWORK: {N8litecore4blip6BLIPIOE#28518}==> N8litecore4blip6BLIPIOE ->wss://stage.realtime-sync-gw.wdprapps.disney.com/park-platform-priv/_blipsync @0xb4000077e993b4b0
04-12 18:58:39.006 8886 9037 V CouchbaseLite/NETWORK: {N8litecore4blip6BLIPIOE#28518} WebSocket is hungry!
04-12 18:58:39.006 8886 9037 V CouchbaseLite/NETWORK: {N8litecore4blip6BLIPIOE#28518} Starting writeToWebSocket loop...
04-12 18:58:39.006 8886 9037 V CouchbaseLite/NETWORK: {N8litecore4blip6BLIPIOE#28518} ...Wrote 0 bytes to WebSocket (writeable=1)
04-12 18:58:39.006 8886 9031 I CouchbaseLite/REPLICATOR: {Repl#28458} {Coll#-1} Connected!
04-12 18:58:39.006 8886 9031 V CouchbaseLite/REPLICATOR: {Repl#28458} {Coll#-1} Requesting remote checkpoint 'cp-GeXYPlhmWYlGsECdqGVkCOk9Wpc=' of the default collection
04-12 18:58:39.007 8886 9031 I CouchbaseLite/NETWORK: SENDING: REQ #0 {
04-12 18:58:39.007 8886 9031 I CouchbaseLite/NETWORK: Profile: getCheckpoint
04-12 18:58:39.007 8886 9031 I CouchbaseLite/NETWORK: client: cp-GeXYPlhmWYlGsECdqGVkCOk9Wpc= }
04-12 18:58:39.008 8886 9036 V CouchbaseLite/NETWORK: {N8litecore4blip6BLIPIOE#28518} Sending 'getCheckpoint' REQ #0
04-12 18:58:39.009 8886 9036 V CouchbaseLite/NETWORK: {N8litecore4blip6BLIPIOE#28518} Requeuing REQ #0...
04-12 18:58:39.009 8886 9036 V CouchbaseLite/NETWORK: {N8litecore4blip6BLIPIOE#28518} Starting writeToWebSocket loop...
04-12 18:58:39.010 8886 9031 I CouchbaseLite/REPLICATOR: {Repl#28458} {Coll#-1} activityLevel=busy: connectionState=2, savingChkpt=0
04-12 18:58:39.010 8886 9031 I CouchbaseLite/REPLICATOR: {Repl#28458} {Coll#-1} now busy
04-12 18:58:39.010 8886 9031 I CouchbaseLite/REPLICATOR: {C4Replicator#28459} State: busy, progress=0.00%
04-12 18:58:39.010 8886 9031 D CouchbaseLite/REPLICATOR: [JAVA] C4Replicator.statusChangedCallback(0x5b25b4bc) C4CommonRepl{@0x8855222/@xb4000077b97a93d0, @0xc5a0204, SocketFactory{@URLEndpoint{url=wss://stage.realtime-sync-gw.wdprapps.disney.com/park-platform-priv}}'}: C4ReplicatorStatus{level=4,completed=0,total=0,#docs=0,domain=0,code=0,info=0}
04-12 18:58:39.013 8886 9046 I CouchbaseLite/REPLICATOR: [JAVA] status changed: (0, 0) @C4ReplicatorStatus{level=4,completed=0,total=0,#docs=0,domain=0,code=0,info=0} for Replicator{@0xc5a0204(<*>),Database{@@0x97fb813: 'finder-private.73600.en_us'} => URLEndpoint{url=wss://stage.realtime-sync-gw.wdprapps.disney.com/park-platform-priv}}$C4CommonRepl{@0x8855222/@xb4000077b97a93d0, @0xc5a0204, SocketFactory{@URLEndpoint{url=wss://stage.realtime-sync-gw.wdprapps.disney.com/park-platform-priv}}'}
04-12 18:58:39.013 8886 9046 D CouchbaseLite/NETWORK: [JAVA] Offline state change for com.couchbase.lite.internal.replicator.AndroidConnectivityObserver@43ad8c9: CONNECTING -> true
04-12 18:58:39.014 8886 9046 I CouchbaseLite/REPLICATOR: [JAVA] State changed CONNECTING => BUSY(0/0): null for Replicator{@0xc5a0204(<*>),Database{@@0x97fb813: 'finder-private.73600.en_us'} => URLEndpoint{url=wss://stage.realtime-sync-gw.wdprapps.disney.com/park-platform-priv}}$C4CommonRepl{@0x8855222/@xb4000077b97a93d0, @0xc5a0204, SocketFactory{@URLEndpoint{url=wss://stage.realtime-sync-gw.wdprapps.disney.com/park-platform-priv}}'}
04-12 18:58:39.017 8886 9036 V CouchbaseLite/NETWORK: {N8litecore4blip6BLIPIOE#28518} Sending frame: REQ #1 ----, bytes 0--65
04-12 18:58:39.017 8886 10541 D CouchbaseLite/NETWORK: [JAVA] OkHttpSocket@0x9f303a5.onOpen: Response{protocol=http/1.1, code=101, message=Switching Protocols, url=https://stage.realtime-sync-gw.wdprapps.disney.com/park-platform-semipriv/_blipsync}
04-12 18:58:39.017 8886 10541 D CouchbaseLite/NETWORK: [JAVA] CBLWebSocket@@0xe33037a{vC4Socket@xb4000077c98a66c0 <=> OkHttpSocket@0x9f303a5(wss://stage.realtime-sync-gw.wdprapps.disney.com:443/park-platform-semipriv/_blipsync)}.remoteOpened: {Server=Couchbase Sync Gateway/3.1.3 EE, Connection=Upgrade, Sec-Websocket-Protocol=BLIP_3+CBMobile_3, Upgrade=websocket, Date=Fri, 12 Apr 2024 22:58:37 GMT, Sec-Websocket-Accept=0mAYh4Vn7QQ38ggewJK9xyw1yDE=}
04-12 18:58:39.017 8886 9036 V CouchbaseLite/NETWORK: {N8litecore4repl12C4SocketImplE#28460} Sending 68-byte message
04-12 18:58:39.018 8886 10541 D CouchbaseLite/NETWORK: [JAVA] StateMachine@0x123d72b: transition OPENING => OPEN
04-12 18:58:39.018 8886 10541 D CouchbaseLite/NETWORK: [JAVA] vC4Socket@xb4000077c98a66c0.ackOpenToCore
04-12 18:58:39.018 8886 9036 D CouchbaseLite/NETWORK: [JAVA] ^C4Socket.write@b4000077c9932790(68)
04-12 18:58:39.018 8886 10541 I CouchbaseLite/NETWORK: {N8litecore4repl12C4SocketImplE#28452} Got HTTP response (status 101)
04-12 18:58:39.019 8886 10541 I CouchbaseLite/NETWORK: {N8litecore4repl12C4SocketImplE#28452} Connected!
04-12 18:58:39.019 8886 9050 D CouchbaseLite/NETWORK: [JAVA] CBLWebSocket@@0x1c16ddf{vC4Socket@xb4000077c9932790 <=> OkHttpSocket@0xfcc8c83(wss://stage.realtime-sync-gw.wdprapps.disney.com:443/park-platform-priv/_blipsync)}.coreWrites(68)
04-12 18:58:39.019 8886 10541 I CouchbaseLite/NETWORK: {N8litecore4blip10ConnectionE#28449} Connected!
04-12 18:58:39.019 8886 9050 D CouchbaseLite/NETWORK: [JAVA] OkHttpSocket@0xfcc8c83.write(68)
04-12 18:58:39.019 8886 9050 D CouchbaseLite/NETWORK: [JAVA] vC4Socket@xb4000077c9932790.ackWriteToCore(68)
04-12 18:58:39.021 8886 9032 I CouchbaseLite/NETWORK: {N8litecore4blip6BLIPIOE#28521}==> N8litecore4blip6BLIPIOE ->wss://stage.realtime-sync-gw.wdprapps.disney.com/park-platform-semipriv/_blipsync @0xb4000077e9ade6a0
04-12 18:58:39.021 8886 9032 V CouchbaseLite/NETWORK: {N8litecore4blip6BLIPIOE#28521} WebSocket is hungry!
04-12 18:58:39.022 8886 9032 V CouchbaseLite/NETWORK: {N8litecore4blip6BLIPIOE#28521} Starting writeToWebSocket loop...
04-12 18:58:39.022 8886 9032 V CouchbaseLite/NETWORK: {N8litecore4blip6BLIPIOE#28521} ...Wrote 0 bytes to WebSocket (writeable=1)
04-12 18:58:39.023 8886 9036 V CouchbaseLite/NETWORK: {N8litecore4blip6BLIPIOE#28518} Finished sending REQ #1
04-12 18:58:39.025 8886 9036 V CouchbaseLite/NETWORK: {N8litecore4blip6BLIPIOE#28518} ...Wrote 68 bytes to WebSocket (writeable=1)
04-12 18:58:39.025 8886 9035 I CouchbaseLite/REPLICATOR: {Repl#28450} {Coll#-1} activityLevel=connecting: connectionState=1, savingChkpt=0
04-12 18:58:39.026 8886 9038 I CouchbaseLite/REPLICATOR: {Repl#28458} {Coll#-1} activityLevel=busy: connectionState=2, savingChkpt=0
04-12 18:58:39.030 8886 9035 I CouchbaseLite/REPLICATOR: {Repl#28450} {Coll#-1} Connected!
04-12 18:58:39.030 8886 9035 V CouchbaseLite/REPLICATOR: {Repl#28450} {Coll#-1} Requesting remote checkpoint 'cp-SHpbnSwgcB4cOJXwvdZ39kOvanE=' of the default collection
04-12 18:58:39.031 8886 9035 I CouchbaseLite/NETWORK: SENDING: REQ #0 {
04-12 18:58:39.031 8886 9035 I CouchbaseLite/NETWORK: Profile: getCheckpoint
04-12 18:58:39.031 8886 9035 I CouchbaseLite/NETWORK: client: cp-SHpbnSwgcB4cOJXwvdZ39kOvanE= }
04-12 18:58:39.033 8886 9035 I CouchbaseLite/REPLICATOR: {Repl#28450} {Coll#-1} activityLevel=busy: connectionState=2, savingChkpt=0
04-12 18:58:39.033 8886 9035 I CouchbaseLite/REPLICATOR: {Repl#28450} {Coll#-1} now busy
04-12 18:58:39.034 8886 9035 I CouchbaseLite/REPLICATOR: {C4Replicator#28451} State: busy, progress=0.00%
04-12 18:58:39.035 8886 9035 D CouchbaseLite/REPLICATOR: [JAVA] C4Replicator.statusChangedCallback(0x63e3e2d0) C4CommonRepl{@0xecf3879/@xb4000077b97cfd90, @0xa810140, SocketFactory{@URLEndpoint{url=wss://stage.realtime-sync-gw.wdprapps.disney.com/park-platform-semipriv}}'}: C4ReplicatorStatus{level=4,completed=0,total=0,#docs=0,domain=0,code=0,info=0}
04-12 18:58:39.035 8886 9037 V CouchbaseLite/NETWORK: {N8litecore4blip6BLIPIOE#28521} Sending 'getCheckpoint' REQ #0
04-12 18:58:39.036 8886 9047 I CouchbaseLite/REPLICATOR: [JAVA] status changed: (0, 0) @C4ReplicatorStatus{level=4,completed=0,total=0,#docs=0,domain=0,code=0,info=0} for Replicator{@0xa810140(<*),Database{@@0x2e0afa2: 'finder-semi-private.73600.en_us'} => URLEndpoint{url=wss://stage.realtime-sync-gw.wdprapps.disney.com/park-platform-semipriv}}$C4CommonRepl{@0xecf3879/@xb4000077b97cfd90, @0xa810140, SocketFactory{@URLEndpoint{url=wss://stage.realtime-sync-gw.wdprapps.disney.com/park-platform-semipriv}}'}
04-12 18:58:39.036 8886 9047 D CouchbaseLite/NETWORK: [JAVA] Offline state change for com.couchbase.lite.internal.replicator.AndroidConnectivityObserver@3231e9: CONNECTING -> true
04-12 18:58:39.036 8886 9047 I CouchbaseLite/REPLICATOR: [JAVA] State changed CONNECTING => BUSY(0/0): null for Replicator{@0xa810140(<*),Database{@@0x2e0afa2: 'finder-semi-private.73600.en_us'} => URLEndpoint{url=wss://stage.realtime-sync-gw.wdprapps.disney.com/park-platform-semipriv}}$C4CommonRepl{@0xecf3879/@xb4000077b97cfd90, @0xa810140, SocketFactory{@URLEndpoint{url=wss://stage.realtime-sync-gw.wdprapps.disney.com/park-platform-semipriv}}'}
04-12 18:58:39.037 8886 9037 V CouchbaseLite/NETWORK: {N8litecore4blip6BLIPIOE#28521} Requeuing REQ #0...
04-12 18:58:39.037 8886 9037 V CouchbaseLite/NETWORK: {N8litecore4blip6BLIPIOE#28521} Starting writeToWebSocket loop...
04-12 18:58:39.043 8886 9034 I CouchbaseLite/REPLICATOR: {N8litecore4repl6PullerE#28523}==> N8litecore4repl6PullerE {Repl#28450} @0xb4000077e99bac80
04-12 18:58:39.044 8886 9034 I CouchbaseLite/REPLICATOR: {N8litecore4repl6PullerE#28523} {Coll#0} Starting pull from remote seq ''
04-12 18:58:39.044 8886 9034 I CouchbaseLite/REPLICATOR: {N8litecore4repl6PullerE#28523} {Coll#0} msg["revocations"]="true" due to enableAutoPurge()=1 or progressNotificationLevel()=0 > 0
04-12 18:58:39.045 8886 9034 I CouchbaseLite/NETWORK: SENDING: REQ #0 {
04-12 18:58:39.045 8886 9034 I CouchbaseLite/NETWORK: Profile: subChanges
04-12 18:58:39.045 8886 9034 I CouchbaseLite/NETWORK: continuous: true
04-12 18:58:39.045 8886 9034 I CouchbaseLite/NETWORK: batch: 200
04-12 18:58:39.045 8886 9034 I CouchbaseLite/NETWORK: versioning: rev-trees
04-12 18:58:39.045 8886 9034 I CouchbaseLite/NETWORK: activeOnly: true
04-12 18:58:39.045 8886 9034 I CouchbaseLite/NETWORK: revocations: true
04-12 18:58:39.045 8886 9034 I CouchbaseLite/NETWORK: filter: sync_gateway/bychannel
04-12 18:58:39.045 8886 9034 I CouchbaseLite/NETWORK: channels: wMDX-484976ec-55c1-4950-83f8-ff90775027b6.wdw.exp.1_0.en_us }
04-12 18:58:39.046 8886 9034 I CouchbaseLite/REPLICATOR: {N8litecore4repl6PullerE#28523} {Coll#0} activityLevel=busy: pendingResponseCount=1, _caughtUp=0, _pendingRevMessages=0, _activeIncomingRevs=0, _waitingRevMessages=0, _unfinishedIncomingRevs=0
04-12 18:58:39.046 8886 9034 V CouchbaseLite/REPLICATOR: {N8litecore4repl6PullerE#28523} {Coll#0} now busy
04-12 18:58:39.047 8886 9034 I CouchbaseLite/REPLICATOR: {Repl#28450} {Coll#-1} pushStatus=stopped, pullStatus=busy, progress=0/0/0
04-12 18:58:39.047 8886 9034 V CouchbaseLite/REPLICATOR: {Repl#28450} {Coll#-1} Replicator status collection-wise: pushStatus=stopped, pullStatus=busy, progress=0/0, docCount=0
04-12 18:58:39.048 8886 9034 I CouchbaseLite/REPLICATOR: {Repl#28450} {Coll#-1} activityLevel=busy: connectionState=2, savingChkpt=0
04-12 18:58:39.049 8886 9037 V CouchbaseLite/NETWORK: {N8litecore4blip6BLIPIOE#28521} Sending frame: REQ #1 ----, bytes 0--65
04-12 18:58:39.050 8886 9037 V CouchbaseLite/NETWORK: {N8litecore4repl12C4SocketImplE#28452} Sending 68-byte message
04-12 18:58:39.050 8886 9037 D CouchbaseLite/NETWORK: [JAVA] ^C4Socket.write@b4000077c98a66c0(68)
04-12 18:58:39.050 8886 9032 I CouchbaseLite/REPLICATOR: {Repl#28450} {Coll#-1} activityLevel=busy: connectionState=2, savingChkpt=0
04-12 18:58:39.051 8886 9030 D CouchbaseLite/NETWORK: [JAVA] CBLWebSocket@@0xe33037a{vC4Socket@xb4000077c98a66c0 <=> OkHttpSocket@0x9f303a5(wss://stage.realtime-sync-gw.wdprapps.disney.com:443/park-platform-semipriv/_blipsync)}.coreWrites(68)
04-12 18:58:39.052 8886 9030 D CouchbaseLite/NETWORK: [JAVA] OkHttpSocket@0x9f303a5.write(68)
04-12 18:58:39.054 8886 9030 D CouchbaseLite/NETWORK: [JAVA] vC4Socket@xb4000077c98a66c0.ackWriteToCore(68)
04-12 18:58:39.054 8886 9037 V CouchbaseLite/NETWORK: {N8litecore4blip6BLIPIOE#28521} Finished sending REQ #1
04-12 18:58:39.055 8886 9037 V CouchbaseLite/NETWORK: {N8litecore4blip6BLIPIOE#28521} ...Wrote 68 bytes to WebSocket (writeable=1)
04-12 18:58:39.056 8886 9037 V CouchbaseLite/NETWORK: {N8litecore4blip6BLIPIOE#28521} Sending 'subChanges' REQ #0
04-12 18:58:39.057 8886 9037 V CouchbaseLite/NETWORK: {N8litecore4blip6BLIPIOE#28521} Requeuing REQ #0...
04-12 18:58:39.059 8886 9037 V CouchbaseLite/NETWORK: {N8litecore4blip6BLIPIOE#28521} Starting writeToWebSocket loop...
04-12 18:58:39.062 8886 9037 V CouchbaseLite/NETWORK: {N8litecore4blip6BLIPIOE#28521} Sending frame: REQ #2 ----, bytes 0--203
04-12 18:58:39.063 8886 9037 V CouchbaseLite/NETWORK: {N8litecore4repl12C4SocketImplE#28452} Sending 206-byte message
04-12 18:58:39.064 8886 9037 D CouchbaseLite/NETWORK: [JAVA] ^C4Socket.write@b4000077c98a66c0(206)
04-12 18:58:39.065 8886 9038 I CouchbaseLite/REPLICATOR: {N8litecore4repl6PullerE#28523} {Coll#0} activityLevel=busy: pendingResponseCount=1, _caughtUp=0, _pendingRevMessages=0, _activeIncomingRevs=0, _waitingRevMessages=0, _unfinishedIncomingRevs=0
04-12 18:58:39.065 8886 9049 D CouchbaseLite/NETWORK: [JAVA] CBLWebSocket@@0xe33037a{vC4Socket@xb4000077c98a66c0 <=> OkHttpSocket@0x9f303a5(wss://stage.realtime-sync-gw.wdprapps.disney.com:443/park-platform-semipriv/_blipsync)}.coreWrites(206)
04-12 18:58:39.066 8886 9049 D CouchbaseLite/NETWORK: [JAVA] OkHttpSocket@0x9f303a5.write(206)
04-12 18:58:39.066 8886 9049 D CouchbaseLite/NETWORK: [JAVA] vC4Socket@xb4000077c98a66c0.ackWriteToCore(206)
04-12 18:58:39.067 8886 9037 V CouchbaseLite/NETWORK: {N8litecore4blip6BLIPIOE#28521} Finished sending REQ #2
04-12 18:58:39.068 8886 9037 V CouchbaseLite/NETWORK: {N8litecore4blip6BLIPIOE#28521} ...Wrote 206 bytes to WebSocket (writeable=1)
04-12 18:58:39.122 8886 10542 D CouchbaseLite/NETWORK: [JAVA] OkHttpSocket@0xc15b858.onBytes(90)
04-12 18:58:39.122 8886 10542 D CouchbaseLite/NETWORK: [JAVA] CBLWebSocket@@0xf7a7db1{vC4Socket@xb4000077c99337c0 <=> OkHttpSocket@0xc15b858(wss://stage.realtime-sync-gw.wdprapps.disney.com:443/park-platform-pub/_blipsync)}.remoteWrites: 90
04-12 18:58:39.122 8886 10542 D CouchbaseLite/NETWORK: [JAVA] vC4Socket@xb4000077c99337c0.sendToCore(90)
04-12 18:58:39.122 8886 10542 V CouchbaseLite/NETWORK: {N8litecore4repl12C4SocketImplE#28445} Received 90-byte message
04-12 18:58:39.123 8886 9033 V CouchbaseLite/NETWORK: {N8litecore4blip6BLIPIOE#28515} Received frame: RES #1 ---C, length 88
04-12 18:58:39.123 8886 9033 V CouchbaseLite/NETWORK: {N8litecore4blip6BLIPIOE#28515} RES #1 has reached the end of its frames
04-12 18:58:39.128 8886 9033 V CouchbaseLite/NETWORK: {N8litecore4blip10ConnectionE#28442} Receiving RES #1 Z
04-12 18:58:39.129 8886 9033 V CouchbaseLite/NETWORK: {N8litecore4blip10ConnectionE#28442} Finished receiving RES #1 Z
04-12 18:58:39.129 8886 9033 I CouchbaseLite/NETWORK: RECEIVED: RES #1 Z {
04-12 18:58:39.129 8886 9033 I CouchbaseLite/NETWORK: Content-Type: application/json
04-12 18:58:39.129 8886 9033 I CouchbaseLite/NETWORK: rev: 0-45
04-12 18:58:39.129 8886 9033 I CouchbaseLite/NETWORK: BODY: {"remote":376872135,"time":1712962648} }
04-12 18:58:39.130 8886 9035 I CouchbaseLite/REPLICATOR: {Repl#28443} {Coll#-1} Received remote checkpoint (rev='0-45'): {"remote":376872135,"time":1712962648} of the default collection
04-12 18:58:39.130 8886 9035 I CouchbaseLite/REPLICATOR: {Repl#28443} {Coll#-1} activityLevel=busy: connectionState=2, savingChkpt=0
04-12 18:58:39.131 8886 9033 D CouchbaseLite/NETWORK: [JAVA] ^C4Socket.completedReceive@b4000077c99337c0(90)
04-12 18:58:39.131 8886 9031 I CouchbaseLite/REPLICATOR: {N8litecore4repl6PullerE#28540}==> N8litecore4repl6PullerE {Repl#28443} @0xb4000077e98dd3a0
04-12 18:58:39.131 8886 9031 I CouchbaseLite/REPLICATOR: {N8litecore4repl6PullerE#28540} {Coll#0} Starting pull from remote seq '376872135'
04-12 18:58:39.132 8886 9031 I CouchbaseLite/REPLICATOR: {N8litecore4repl6PullerE#28540} {Coll#0} msg["revocations"]="true" due to enableAutoPurge()=1 or progressNotificationLevel()=0 > 0
04-12 18:58:39.133 8886 9031 I CouchbaseLite/NETWORK: SENDING: REQ #0 {
04-12 18:58:39.133 8886 9031 I CouchbaseLite/NETWORK: Profile: subChanges
04-12 18:58:39.133 8886 9031 I CouchbaseLite/NETWORK: since: 376872135
04-12 18:58:39.133 8886 9031 I CouchbaseLite/NETWORK: continuous: true
04-12 18:58:39.133 8886 9031 I CouchbaseLite/NETWORK: batch: 200
04-12 18:58:39.133 8886 9031 I CouchbaseLite/NETWORK: versioning: rev-trees
04-12 18:58:39.133 8886 9031 I CouchbaseLite/NETWORK: revocations: true
04-12 18:58:39.133 8886 9031 I CouchbaseLite/NETWORK: filter: sync_gateway/bychannel
04-12 18:58:39.133 8886 9031 I CouchbaseLite/NETWORK: channels: wdw.characters.1_0,wdw.blockouts.2_0.en_us,wdw.today.1_0,wdw.calendar.1_0,wdw.closedrestaurants.1_0,wdw.facilities.1_0.en_us,wdw.featured-happenings.1_0.en_us,wdw.categories.3_0.en_us,wdw.category-filters.2_0.en_us,wdw.category-list.2_0.en_us,wdw.facilitystatus.1_0,wdw.virtual-queue_content-page.1_0.en_us,wdw.search_content-page.1_0.en_us,wdw.mobile-network.1_0.en_us,wdw.dashboard.1_0.en_us,wdw.exp.1_0.en_us,wdw.feature-menu.7_36.en_us,wdw.experience.1_0.en_us,wdw.merlin.1_0.en_us,wdw.food-and-beverage.1_0.en_us,wdw.itinerary.1_0.en_us,wdw.feature-link-account.1_0.en_us,wdw.e-services.1_0.en_us,wdw.digital-pass.1_0.en_us,wdw.mobile-magic-access.1_0.en_us,wdw.photopass.1_0.en_us,wdw.commerce.1_0.en_us,wdw.forecastedwaittimes.1_0.en_us,wdw.permissions.2_0.en_us,wdw.gluetext.7_36.en_us,wdw.hub.1_0.en_us,wdw.extended-categories.1_0.en_us,wdw.actionsheet.7_36.en_us,wdw.checklist.1_0.en_us,wdw.userdata.1_0.en_us,wdw.analytics.1_0.en_us }
04-12 18:58:39.133 8886 9048 D CouchbaseLite/NETWORK: [JAVA] CBLWebSocket@@0xf7a7db1{vC4Socket@xb4000077c99337c0 <=> OkHttpSocket@0xc15b858(wss://stage.realtime-sync-gw.wdprapps.disney.com:443/park-platform-pub/_blipsync)}.coreAckReceive: 90
04-12 18:58:39.133 8886 9031 I CouchbaseLite/REPLICATOR: {N8litecore4repl6PullerE#28540} {Coll#0} activityLevel=busy: pendingResponseCount=1, _caughtUp=0, _pendingRevMessages=0, _activeIncomingRevs=0, _waitingRevMessages=0, _unfinishedIncomingRevs=0
04-12 18:58:39.134 8886 9031 V CouchbaseLite/REPLICATOR: {N8litecore4repl6PullerE#28540} {Coll#0} now busy
04-12 18:58:39.134 8886 9031 I CouchbaseLite/REPLICATOR: {Repl#28443} {Coll#-1} pushStatus=stopped, pullStatus=busy, progress=0/0/0
04-12 18:58:39.135 8886 9031 V CouchbaseLite/REPLICATOR: {Repl#28443} {Coll#-1} Replicator status collection-wise: pushStatus=stopped, pullStatus=busy, progress=0/0, docCount=0
04-12 18:58:39.135 8886 9031 I CouchbaseLite/REPLICATOR: {Repl#28443} {Coll#-1} activityLevel=busy: connectionState=2, savingChkpt=0
04-12 18:58:39.135 8886 9034 V CouchbaseLite/NETWORK: {N8litecore4blip6BLIPIOE#28515} Sending 'subChanges' REQ #0
04-12 18:58:39.135 8886 9034 V CouchbaseLite/NETWORK: {N8litecore4blip6BLIPIOE#28515} Requeuing REQ #0...
04-12 18:58:39.136 8886 9034 V CouchbaseLite/NETWORK: {N8litecore4blip6BLIPIOE#28515} Starting writeToWebSocket loop...
04-12 18:58:39.136 8886 9034 V CouchbaseLite/NETWORK: {N8litecore4blip6BLIPIOE#28515} Sending frame: REQ #2 ----, bytes 0--1087
04-12 18:58:39.137 8886 9034 V CouchbaseLite/NETWORK: {N8litecore4repl12C4SocketImplE#28445} Sending 1090-byte message
04-12 18:58:39.138 8886 9036 I CouchbaseLite/REPLICATOR: {N8litecore4repl6PullerE#28540} {Coll#0} activityLevel=busy: pendingResponseCount=1, _caughtUp=0, _pendingRevMessages=0, _activeIncomingRevs=0, _waitingRevMessages=0, _unfinishedIncomingRevs=0
04-12 18:58:39.138 8886 9034 D CouchbaseLite/NETWORK: [JAVA] ^C4Socket.write@b4000077c99337c0(1090)
04-12 18:58:39.138 8886 9039 D CouchbaseLite/NETWORK: [JAVA] CBLWebSocket@@0xf7a7db1{vC4Socket@xb4000077c99337c0 <=> OkHttpSocket@0xc15b858(wss://stage.realtime-sync-gw.wdprapps.disney.com:443/park-platform-pub/_blipsync)}.coreWrites(1090)
04-12 18:58:39.139 8886 9039 D CouchbaseLite/NETWORK: [JAVA] OkHttpSocket@0xc15b858.write(1090)
04-12 18:58:39.139 8886 9039 D CouchbaseLite/NETWORK: [JAVA] vC4Socket@xb4000077c99337c0.ackWriteToCore(1090)
04-12 18:58:39.139 8886 9034 V CouchbaseLite/NETWORK: {N8litecore4blip6BLIPIOE#28515} Finished sending REQ #2
04-12 18:58:39.140 8886 9034 V CouchbaseLite/NETWORK: {N8litecore4blip6BLIPIOE#28515} ...Wrote 1090 bytes to WebSocket (writeable=1)
04-12 18:58:39.146 8886 10543 D CouchbaseLite/NETWORK: [JAVA] OkHttpSocket@0xfcc8c83.onBytes(98)
04-12 18:58:39.146 8886 10543 D CouchbaseLite/NETWORK: [JAVA] CBLWebSocket@@0x1c16ddf{vC4Socket@xb4000077c9932790 <=> OkHttpSocket@0xfcc8c83(wss://stage.realtime-sync-gw.wdprapps.disney.com:443/park-platform-priv/_blipsync)}.remoteWrites: 98
04-12 18:58:39.146 8886 10543 D CouchbaseLite/NETWORK: [JAVA] vC4Socket@xb4000077c9932790.sendToCore(98)
04-12 18:58:39.147 8886 10543 V CouchbaseLite/NETWORK: {N8litecore4repl12C4SocketImplE#28460} Received 98-byte message
04-12 18:58:39.147 8886 9038 V CouchbaseLite/NETWORK: {N8litecore4blip6BLIPIOE#28518} Received frame: RES #1 ---C, length 96
04-12 18:58:39.148 8886 9038 V CouchbaseLite/NETWORK: {N8litecore4blip6BLIPIOE#28518} RES #1 has reached the end of its frames
04-12 18:58:39.149 8886 9038 V CouchbaseLite/NETWORK: {N8litecore4blip10ConnectionE#28457} Receiving RES #1 Z
04-12 18:58:39.150 8886 9038 V CouchbaseLite/NETWORK: {N8litecore4blip10ConnectionE#28457} Finished receiving RES #1 Z
04-12 18:58:39.150 8886 9038 I CouchbaseLite/NETWORK: RECEIVED: RES #1 Z {
04-12 18:58:39.150 8886 9038 I CouchbaseLite/NETWORK: rev: 0-2
04-12 18:58:39.150 8886 9038 I CouchbaseLite/NETWORK: Content-Type: application/json
04-12 18:58:39.150 8886 9038 I CouchbaseLite/NETWORK: BODY: {"local":7,"remote":45262888,"time":1712962450} }
04-12 18:58:39.151 8886 9038 D CouchbaseLite/NETWORK: [JAVA] ^C4Socket.completedReceive@b4000077c9932790(98)
04-12 18:58:39.151 8886 9037 I CouchbaseLite/REPLICATOR: {Repl#28458} {Coll#-1} Received remote checkpoint (rev='0-2'): {"local":7,"remote":45262888,"time":1712962450} of the default collection
04-12 18:58:39.152 8886 9037 I CouchbaseLite/REPLICATOR: {Repl#28458} {Coll#-1} activityLevel=busy: connectionState=2, savingChkpt=0
04-12 18:58:39.152 8886 9046 D CouchbaseLite/NETWORK: [JAVA] CBLWebSocket@@0x1c16ddf{vC4Socket@xb4000077c9932790 <=> OkHttpSocket@0xfcc8c83(wss://stage.realtime-sync-gw.wdprapps.disney.com:443/park-platform-priv/_blipsync)}.coreAckReceive: 98
04-12 18:58:39.153 8886 9035 I CouchbaseLite/REPLICATOR: {N8litecore4repl6PusherE#28544}==> N8litecore4repl6PusherE {Repl#28458} @0xb4000077d97fe220
04-12 18:58:39.153 8886 9035 I CouchbaseLite/REPLICATOR: {N8litecore4repl6PusherE#28544} {Coll#0} Starting continuous push from local seq #8
04-12 18:58:39.154 8886 9035 I CouchbaseLite/REPLICATOR: {N8litecore4repl21ReplicatorChangesFeedE#28545}==> N8litecore4repl21ReplicatorChangesFeedE 0xb4000077d97fe3a8 @0xb4000077d97fe3a8
04-12 18:58:39.154 8886 9035 V CouchbaseLite/REPLICATOR: {N8litecore4repl21ReplicatorChangesFeedE#28545} Starting DB observer
04-12 18:58:39.155 8886 9033 I CouchbaseLite/REPLICATOR: {N8litecore4repl6PullerE#28546}==> N8litecore4repl6PullerE {Repl#28458} @0xb4000077e9ae2750
04-12 18:58:39.156 8886 9033 I CouchbaseLite/REPLICATOR: {N8litecore4repl6PullerE#28546} {Coll#0} Starting pull from remote seq '45262888'
04-12 18:58:39.158 8886 9033 I CouchbaseLite/REPLICATOR: {N8litecore4repl6PullerE#28546} {Coll#0} msg["revocations"]="true" due to enableAutoPurge()=1 or progressNotificationLevel()=0 > 0
04-12 18:58:39.160 8886 9035 V CouchbaseLite/REPLICATOR: {N8litecore4repl21ReplicatorChangesFeedE#28545} Reading up to 200 local changes since #7
04-12 18:58:39.161 8886 9033 I CouchbaseLite/NETWORK: SENDING: REQ #0 {
04-12 18:58:39.161 8886 9033 I CouchbaseLite/NETWORK: Profile: subChanges
04-12 18:58:39.161 8886 9033 I CouchbaseLite/NETWORK: since: 45262888
04-12 18:58:39.161 8886 9033 I CouchbaseLite/NETWORK: continuous: true
04-12 18:58:39.161 8886 9033 I CouchbaseLite/NETWORK: batch: 200
04-12 18:58:39.161 8886 9033 I CouchbaseLite/NETWORK: versioning: rev-trees
04-12 18:58:39.161 8886 9033 I CouchbaseLite/NETWORK: revocations: true
04-12 18:58:39.161 8886 9033 I CouchbaseLite/NETWORK: filter: sync_gateway/bychannel
04-12 18:58:39.161 8886 9033 I CouchbaseLite/NETWORK: channels: {63B01F9F-BC25-4824-9104-70D27ED77981}.wdw.exp.1_0.en_us,{63B01F9F-BC25-4824-9104-70D27ED77981}.wdw.userdata.1_0.en_us }
04-12 18:58:39.162 8886 9032 V CouchbaseLite/NETWORK: {N8litecore4blip6BLIPIOE#28518} Sending 'subChanges' REQ #0
04-12 18:58:39.163 8886 9032 V CouchbaseLite/NETWORK: {N8litecore4blip6BLIPIOE#28518} Requeuing REQ #0...
04-12 18:58:39.164 8886 9032 V CouchbaseLite/NETWORK: {N8litecore4blip6BLIPIOE#28518} Starting writeToWebSocket loop...
04-12 18:58:39.166 8886 9032 V CouchbaseLite/NETWORK: {N8litecore4blip6BLIPIOE#28518} Sending frame: REQ #2 ----, bytes 0--261
04-12 18:58:39.168 8886 9032 V CouchbaseLite/NETWORK: {N8litecore4repl12C4SocketImplE#28460} Sending 264-byte message
04-12 18:58:39.169 8886 9033 I CouchbaseLite/REPLICATOR: {N8litecore4repl6PullerE#28546} {Coll#0} activityLevel=busy: pendingResponseCount=1, _caughtUp=0, _pendingRevMessages=0, _activeIncomingRevs=0, _waitingRevMessages=0, _unfinishedIncomingRevs=0
04-12 18:58:39.169 8886 9032 D CouchbaseLite/NETWORK: [JAVA] ^C4Socket.write@b4000077c9932790(264)
04-12 18:58:39.170 8886 9050 D CouchbaseLite/NETWORK: [JAVA] CBLWebSocket@@0x1c16ddf{vC4Socket@xb4000077c9932790 <=> OkHttpSocket@0xfcc8c83(wss://stage.realtime-sync-gw.wdprapps.disney.com:443/park-platform-priv/_blipsync)}.coreWrites(264)
04-12 18:58:39.170 8886 9050 D CouchbaseLite/NETWORK: [JAVA] OkHttpSocket@0xfcc8c83.write(264)
04-12 18:58:39.170 8886 9050 D CouchbaseLite/NETWORK: [JAVA] vC4Socket@xb4000077c9932790.ackWriteToCore(264)
04-12 18:58:39.172 8886 9033 V CouchbaseLite/REPLICATOR: {N8litecore4repl6PullerE#28546} {Coll#0} now busy
04-12 18:58:39.173 8886 9032 V CouchbaseLite/NETWORK: {N8litecore4blip6BLIPIOE#28518} Finished sending REQ #2
04-12 18:58:39.173 8886 9033 I CouchbaseLite/REPLICATOR: {Repl#28458} {Coll#-1} pushStatus=busy, pullStatus=busy, progress=0/0/0
04-12 18:58:39.174 8886 9033 V CouchbaseLite/REPLICATOR: {Repl#28458} {Coll#-1} Replicator status collection-wise: pushStatus=busy, pullStatus=busy, progress=0/0, docCount=0
04-12 18:58:39.174 8886 9033 I CouchbaseLite/REPLICATOR: {Repl#28458} {Coll#-1} activityLevel=busy: connectionState=2, savingChkpt=0
04-12 18:58:39.175 8886 9032 V CouchbaseLite/NETWORK: {N8litecore4blip6BLIPIOE#28518} ...Wrote 264 bytes to WebSocket (writeable=1)
04-12 18:58:39.176 8886 9031 I CouchbaseLite/REPLICATOR: {N8litecore4repl6PullerE#28546} {Coll#0} activityLevel=busy: pendingResponseCount=1, _caughtUp=0, _pendingRevMessages=0, _activeIncomingRevs=0, _waitingRevMessages=0, _unfinishedIncomingRevs=0
04-12 18:58:39.183 8886 9035 I CouchbaseLite/REPLICATOR: {N8litecore4repl6PusherE#28544} {Coll#0} Found 0 changes up to #7
04-12 18:58:39.184 8886 9035 I CouchbaseLite/NETWORK: SENDING: REQ #0 UN {
04-12 18:58:39.184 8886 9035 I CouchbaseLite/NETWORK: Profile: proposeChanges
04-12 18:58:39.184 8886 9035 I CouchbaseLite/NETWORK: conflictIncludesRev: true
04-12 18:58:39.184 8886 9035 I CouchbaseLite/NETWORK: BODY: [] }
04-12 18:58:39.184 8886 9035 I CouchbaseLite/REPLICATOR: {N8litecore4repl6PusherE#28544} {Coll#0} activityLevel=busy: pendingResponseCount=0, caughtUp=0, changeLists=0, revsInFlight=0, blobsInFlight=0, awaitingReply=0, revsToSend=0, pushingDocs=0, pendingSequences=0
04-12 18:58:39.186 8886 9035 V CouchbaseLite/REPLICATOR: {N8litecore4repl6PusherE#28544} {Coll#0} now busy
04-12 18:58:39.186 8886 10541 D CouchbaseLite/NETWORK: [JAVA] OkHttpSocket@0x9f303a5.onBytes(47)
04-12 18:58:39.187 8886 10541 D CouchbaseLite/NETWORK: [JAVA] CBLWebSocket@@0xe33037a{vC4Socket@xb4000077c98a66c0 <=> OkHttpSocket@0x9f303a5(wss://stage.realtime-sync-gw.wdprapps.disney.com:443/park-platform-semipriv/_blipsync)}.remoteWrites: 47
04-12 18:58:39.187 8886 9034 V CouchbaseLite/NETWORK: {N8litecore4blip6BLIPIOE#28518} Sending 'proposeChanges' REQ #0 UN
04-12 18:58:39.187 8886 10541 D CouchbaseLite/NETWORK: [JAVA] vC4Socket@xb4000077c98a66c0.sendToCore(47)
04-12 18:58:39.187 8886 9034 V CouchbaseLite/NETWORK: {N8litecore4blip6BLIPIOE#28518} Requeuing REQ #0...
04-12 18:58:39.188 8886 9034 V CouchbaseLite/NETWORK: {N8litecore4blip6BLIPIOE#28518} Starting writeToWebSocket loop...
04-12 18:58:39.189 8886 9034 V CouchbaseLite/NETWORK: {N8litecore4blip6BLIPIOE#28518} Sending frame: REQ #3 -UN-, bytes 0--54
04-12 18:58:39.190 8886 9034 V CouchbaseLite/NETWORK: {N8litecore4repl12C4SocketImplE#28460} Sending 57-byte message
04-12 18:58:39.190 8886 10541 V CouchbaseLite/NETWORK: {N8litecore4repl12C4SocketImplE#28452} Received 47-byte message
04-12 18:58:39.191 8886 9034 D CouchbaseLite/NETWORK: [JAVA] ^C4Socket.write@b4000077c9932790(57)
04-12 18:58:39.191 8886 9036 V CouchbaseLite/NETWORK: {N8litecore4blip6BLIPIOE#28521} Received frame: ERR #1 ----, length 45
04-12 18:58:39.191 8886 9047 D CouchbaseLite/NETWORK: [JAVA] CBLWebSocket@@0x1c16ddf{vC4Socket@xb4000077c9932790 <=> OkHttpSocket@0xfcc8c83(wss://stage.realtime-sync-gw.wdprapps.disney.com:443/park-platform-priv/_blipsync)}.coreWrites(57)
04-12 18:58:39.191 8886 9047 D CouchbaseLite/NETWORK: [JAVA] OkHttpSocket@0xfcc8c83.write(57)
04-12 18:58:39.191 8886 9036 V CouchbaseLite/NETWORK: {N8litecore4blip6BLIPIOE#28521} RES #1 has reached the end of its frames
04-12 18:58:39.192 8886 9047 D CouchbaseLite/NETWORK: [JAVA] vC4Socket@xb4000077c9932790.ackWriteToCore(57)
04-12 18:58:39.193 8886 9036 V CouchbaseLite/NETWORK: {N8litecore4blip10ConnectionE#28449} Receiving ERR #1
04-12 18:58:39.193 8886 9036 V CouchbaseLite/NETWORK: {N8litecore4blip10ConnectionE#28449} Finished receiving ERR #1
04-12 18:58:39.193 8886 9034 V CouchbaseLite/NETWORK: {N8litecore4blip6BLIPIOE#28518} Finished sending REQ #3 UN
04-12 18:58:39.194 8886 9036 I CouchbaseLite/NETWORK: RECEIVED: ERR #1 {
04-12 18:58:39.194 8886 9036 I CouchbaseLite/NETWORK: Error-Domain: HTTP
04-12 18:58:39.194 8886 9036 I CouchbaseLite/NETWORK: Error-Code: 404
04-12 18:58:39.194 8886 9036 I CouchbaseLite/NETWORK: BODY: missing }
04-12 18:58:39.195 8886 9036 D CouchbaseLite/NETWORK: [JAVA] ^C4Socket.completedReceive@b4000077c98a66c0(47)
04-12 18:58:39.195 8886 9033 I CouchbaseLite/REPLICATOR: {Repl#28450} {Coll#-1} No remote checkpoint 'cp-SHpbnSwgcB4cOJXwvdZ39kOvanE=' of the default collection
04-12 18:58:39.195 8886 9030 D CouchbaseLite/NETWORK: [JAVA] CBLWebSocket@@0xe33037a{vC4Socket@xb4000077c98a66c0 <=> OkHttpSocket@0x9f303a5(wss://stage.realtime-sync-gw.wdprapps.disney.com:443/park-platform-semipriv/_blipsync)}.coreAckReceive: 47
04-12 18:58:39.195 8886 9033 I CouchbaseLite/REPLICATOR: {Repl#28450} {Coll#-1} activityLevel=busy: connectionState=2, savingChkpt=0
04-12 18:58:39.196 8886 9038 I CouchbaseLite/REPLICATOR: {Repl#28458} {Coll#-1} pushStatus=busy, pullStatus=busy, progress=0/0/0
04-12 18:58:39.196 8886 9035 V CouchbaseLite/REPLICATOR: {N8litecore4repl21ReplicatorChangesFeedE#28545} Asking DB observer for 200 new changes since sequence #7 ...
04-12 18:58:39.201 8886 9034 V CouchbaseLite/NETWORK: {N8litecore4blip6BLIPIOE#28518} ...Wrote 57 bytes to WebSocket (writeable=1)
04-12 18:58:39.201 8886 9038 V CouchbaseLite/REPLICATOR: {Repl#28458} {Coll#-1} Replicator status collection-wise: pushStatus=busy, pullStatus=busy, progress=0/0, docCount=0
04-12 18:58:39.201 8886 9038 I CouchbaseLite/REPLICATOR: {Repl#28458} {Coll#-1} activityLevel=busy: connectionState=2, savingChkpt=0
04-12 18:58:39.208 8886 9035 I CouchbaseLite/REPLICATOR: {N8litecore4repl21ReplicatorChangesFeedE#28545} No new observed changes...
04-12 18:58:39.213 8886 9035 I CouchbaseLite/REPLICATOR: {N8litecore4repl6PusherE#28544} {Coll#0} Found 0 changes up to #7
04-12 18:58:39.214 8886 9035 I CouchbaseLite/NETWORK: SENDING: REQ #0 UN {
04-12 18:58:39.214 8886 9035 I CouchbaseLite/NETWORK: Profile: proposeChanges
04-12 18:58:39.214 8886 9035 I CouchbaseLite/NETWORK: conflictIncludesRev: true
04-12 18:58:39.214 8886 9035 I CouchbaseLite/NETWORK: BODY: [] }
04-12 18:58:39.215 8886 9035 I CouchbaseLite/REPLICATOR: {N8litecore4repl6PusherE#28544} {Coll#0} Caught up, at lastSequence #7
04-12 18:58:39.216 8886 9035 I CouchbaseLite/REPLICATOR: {N8litecore4repl6PusherE#28544} {Coll#0} activityLevel=busy: pendingResponseCount=0, caughtUp=1, changeLists=0, revsInFlight=0, blobsInFlight=0, awaitingReply=0, revsToSend=0, pushingDocs=0, pendingSequences=0
04-12 18:58:39.217 8886 9031 V CouchbaseLite/NETWORK: {N8litecore4blip6BLIPIOE#28518} Sending 'proposeChanges' REQ #0 UN
04-12 18:58:39.217 8886 9031 V CouchbaseLite/NETWORK: {N8litecore4blip6BLIPIOE#28518} Requeuing REQ #0...
04-12 18:58:39.218 8886 9031 V CouchbaseLite/NETWORK: {N8litecore4blip6BLIPIOE#28518} Starting writeToWebSocket loop...
04-12 18:58:39.220 8886 9031 V CouchbaseLite/NETWORK: {N8litecore4blip6BLIPIOE#28518} Sending frame: REQ #4 -UN-, bytes 0--54
04-12 18:58:39.220 8886 9031 V CouchbaseLite/NETWORK: {N8litecore4repl12C4SocketImplE#28460} Sending 57-byte message
04-12 18:58:39.221 8886 9031 D CouchbaseLite/NETWORK: [JAVA] ^C4Socket.write@b4000077c9932790(57)
04-12 18:58:39.222 8886 9031 V CouchbaseLite/NETWORK: {N8litecore4blip6BLIPIOE#28518} Finished sending REQ #4 UN
04-12 18:58:39.223 8886 9048 D CouchbaseLite/NETWORK: [JAVA] CBLWebSocket@@0x1c16ddf{vC4Socket@xb4000077c9932790 <=> OkHttpSocket@0xfcc8c83(wss://stage.realtime-sync-gw.wdprapps.disney.com:443/park-platform-priv/_blipsync)}.coreWrites(57)
04-12 18:58:39.223 8886 9031 V CouchbaseLite/NETWORK: {N8litecore4blip6BLIPIOE#28518} ...Wrote 57 bytes to WebSocket (writeable=1)
04-12 18:58:39.224 8886 9048 D CouchbaseLite/NETWORK: [JAVA] OkHttpSocket@0xfcc8c83.write(57)
04-12 18:58:39.224 8886 9048 D CouchbaseLite/NETWORK: [JAVA] vC4Socket@xb4000077c9932790.ackWriteToCore(57)
04-12 18:58:39.228 8886 10541 D CouchbaseLite/NETWORK: [JAVA] OkHttpSocket@0x9f303a5.onBytes(7)
04-12 18:58:39.228 8886 10541 D CouchbaseLite/NETWORK: [JAVA] CBLWebSocket@@0xe33037a{vC4Socket@xb4000077c98a66c0 <=> OkHttpSocket@0x9f303a5(wss://stage.realtime-sync-gw.wdprapps.disney.com:443/park-platform-semipriv/_blipsync)}.remoteWrites: 7
04-12 18:58:39.229 8886 10541 D CouchbaseLite/NETWORK: [JAVA] vC4Socket@xb4000077c98a66c0.sendToCore(7)
04-12 18:58:39.229 8886 9035 V CouchbaseLite/REPLICATOR: {N8litecore4repl21ReplicatorChangesFeedE#28545} Asking DB observer for 200 new changes since sequence #7 ...
04-12 18:58:39.230 8886 9035 I CouchbaseLite/REPLICATOR: {N8litecore4repl21ReplicatorChangesFeedE#28545} No new observed changes...
04-12 18:58:39.232 8886 9035 I CouchbaseLite/REPLICATOR: {N8litecore4repl6PusherE#28544} {Coll#0} Found 0 changes up to #7
04-12 18:58:39.235 8886 9035 I CouchbaseLite/NETWORK: SENDING: REQ #0 UN {
04-12 18:58:39.235 8886 9035 I CouchbaseLite/NETWORK: Profile: proposeChanges
04-12 18:58:39.235 8886 9035 I CouchbaseLite/NETWORK: conflictIncludesRev: true
04-12 18:58:39.235 8886 9035 I CouchbaseLite/NETWORK: BODY: [] }
04-12 18:58:39.236 8886 10541 V CouchbaseLite/NETWORK: {N8litecore4repl12C4SocketImplE#28452} Received 7-byte message
04-12 18:58:39.237 8886 9033 V CouchbaseLite/NETWORK: {N8litecore4blip6BLIPIOE#28518} Sending 'proposeChanges' REQ #0 UN
04-12 18:58:39.237 8886 9033 V CouchbaseLite/NETWORK: {N8litecore4blip6BLIPIOE#28518} Requeuing REQ #0...
04-12 18:58:39.238 8886 9033 V CouchbaseLite/NETWORK: {N8litecore4blip6BLIPIOE#28518} Starting writeToWebSocket loop...
04-12 18:58:39.240 8886 9033 V CouchbaseLite/NETWORK: {N8litecore4blip6BLIPIOE#28518} Sending frame: REQ #5 -UN-, bytes 0--54
04-12 18:58:39.241 8886 10541 D CouchbaseLite/NETWORK: [JAVA] OkHttpSocket@0x9f303a5.onBytes(63)
04-12 18:58:39.241 8886 10541 D CouchbaseLite/NETWORK: [JAVA] CBLWebSocket@@0xe33037a{vC4Socket@xb4000077c98a66c0 <=> OkHttpSocket@0x9f303a5(wss://stage.realtime-sync-gw.wdprapps.disney.com:443/park-platform-semipriv/_blipsync)}.remoteWrites: 63
04-12 18:58:39.241 8886 9033 V CouchbaseLite/NETWORK: {N8litecore4repl12C4SocketImplE#28460} Sending 57-byte message
04-12 18:58:39.241 8886 10541 D CouchbaseLite/NETWORK: [JAVA] vC4Socket@xb4000077c98a66c0.sendToCore(63)
04-12 18:58:39.242 8886 9036 V CouchbaseLite/NETWORK: {N8litecore4blip6BLIPIOE#28521} Received frame: RES #2 ----, length 5
04-12 18:58:39.243 8886 9036 V CouchbaseLite/NETWORK: {N8litecore4blip6BLIPIOE#28521} RES #2 has reached the end of its frames
04-12 18:58:39.245 8886 9036 V CouchbaseLite/NETWORK: {N8litecore4blip10ConnectionE#28449} Receiving RES #2
04-12 18:58:39.246 8886 9033 D CouchbaseLite/NETWORK: [JAVA] ^C4Socket.write@b4000077c9932790(57)
04-12 18:58:39.247 8886 9036 V CouchbaseLite/NETWORK: {N8litecore4blip10ConnectionE#28449} Finished receiving RES #2
04-12 18:58:39.247 8886 9035 I CouchbaseLite/REPLICATOR: {N8litecore4repl6PusherE#28544} {Coll#0} activityLevel=busy: pendingResponseCount=0, caughtUp=1, changeLists=0, revsInFlight=0, blobsInFlight=0, awaitingReply=0, revsToSend=0, pushingDocs=0, pendingSequences=0
04-12 18:58:39.247 8886 9039 D CouchbaseLite/NETWORK: [JAVA] CBLWebSocket@@0x1c16ddf{vC4Socket@xb4000077c9932790 <=> OkHttpSocket@0xfcc8c83(wss://stage.realtime-sync-gw.wdprapps.disney.com:443/park-platform-priv/_blipsync)}.coreWrites(57)
04-12 18:58:39.248 8886 9039 D CouchbaseLite/NETWORK: [JAVA] OkHttpSocket@0xfcc8c83.write(57)
04-12 18:58:39.248 8886 9039 D CouchbaseLite/NETWORK: [JAVA] vC4Socket@xb4000077c9932790.ackWriteToCore(57)
04-12 18:58:39.248 8886 10541 V CouchbaseLite/NETWORK: {N8litecore4repl12C4SocketImplE#28452} Received 63-byte message
04-12 18:58:39.254 8886 9036 I CouchbaseLite/NETWORK: RECEIVED: RES #2 { }
04-12 18:58:39.254 8886 9038 I CouchbaseLite/REPLICATOR: {N8litecore4repl6PullerE#28523} {Coll#0} activityLevel=busy: pendingResponseCount=0, _caughtUp=0, _pendingRevMessages=0, _activeIncomingRevs=0, _waitingRevMessages=0, _unfinishedIncomingRevs=0
04-12 18:58:39.255 8886 9036 D CouchbaseLite/NETWORK: [JAVA] ^C4Socket.completedReceive@b4000077c98a66c0(7)
04-12 18:58:39.255 8886 9046 D CouchbaseLite/NETWORK: [JAVA] CBLWebSocket@@0xe33037a{vC4Socket@xb4000077c98a66c0 <=> OkHttpSocket@0x9f303a5(wss://stage.realtime-sync-gw.wdprapps.disney.com:443/park-platform-semipriv/_blipsync)}.coreAckReceive: 7
04-12 18:58:39.255 8886 9033 V CouchbaseLite/NETWORK: {N8litecore4blip6BLIPIOE#28518} Finished sending REQ #5 UN
04-12 18:58:39.256 8886 9033 V CouchbaseLite/NETWORK: {N8litecore4blip6BLIPIOE#28518} ...Wrote 57 bytes to WebSocket (writeable=1)
04-12 18:58:39.257 8886 9036 V CouchbaseLite/NETWORK: {N8litecore4blip6BLIPIOE#28521} Received frame: REQ #1 --NC, length 61
04-12 18:58:39.258 8886 10542 D CouchbaseLite/NETWORK: [JAVA] OkHttpSocket@0xc15b858.onBytes(7)
04-12 18:58:39.258 8886 10542 D CouchbaseLite/NETWORK: [JAVA] CBLWebSocket@@0xf7a7db1{vC4Socket@xb4000077c99337c0 <=> OkHttpSocket@0xc15b858(wss://stage.realtime-sync-gw.wdprapps.disney.com:443/park-platform-pub/_blipsync)}.remoteWrites: 7
04-12 18:58:39.258 8886 10542 D CouchbaseLite/NETWORK: [JAVA] vC4Socket@xb4000077c99337c0.sendToCore(7)
04-12 18:58:39.261 8886 9035 I CouchbaseLite/REPLICATOR: {N8litecore4repl6PusherE#28544} {Coll#0} activityLevel=idle: pendingResponseCount=0, caughtUp=1, changeLists=0, revsInFlight=0, blobsInFlight=0, awaitingReply=0, revsToSend=0, pushingDocs=0, pendingSequences=0
04-12 18:58:39.261 8886 10542 V CouchbaseLite/NETWORK: {N8litecore4repl12C4SocketImplE#28445} Received 7-byte message
04-12 18:58:39.262 8886 9036 V CouchbaseLite/NETWORK: {N8litecore4blip10ConnectionE#28449} Receiving 'changes' REQ #1 NZ
04-12 18:58:39.268 8886 9035 V CouchbaseLite/REPLICATOR: {N8litecore4repl6PusherE#28544} {Coll#0} now idle
04-12 18:58:39.269 8886 9035 I CouchbaseLite/REPLICATOR: {Repl#28458} {Coll#-1} pushStatus=idle, pullStatus=busy, progress=0/0/0
04-12 18:58:39.269 8886 9035 V CouchbaseLite/REPLICATOR: {Repl#28458} {Coll#-1} Replicator status collection-wise: pushStatus=idle, pullStatus=busy, progress=0/0, docCount=0
04-12 18:58:39.270 8886 9035 I CouchbaseLite/REPLICATOR: {Repl#28458} {Coll#-1} activityLevel=busy: connectionState=2, savingChkpt=0
04-12 18:58:39.270 8886 9031 V CouchbaseLite/NETWORK: {N8litecore4blip6BLIPIOE#28515} Received frame: RES #2 ----, length 5
04-12 18:58:39.271 8886 9031 V CouchbaseLite/NETWORK: {N8litecore4blip6BLIPIOE#28515} RES #2 has reached the end of its frames
04-12 18:58:39.276 8886 9036 V CouchbaseLite/NETWORK: {N8litecore4blip10ConnectionE#28449} Finished receiving 'changes' REQ #1 NZ
04-12 18:58:39.278 8886 10542 D CouchbaseLite/NETWORK: [JAVA] OkHttpSocket@0xc15b858.onBytes(63)
04-12 18:58:39.278 8886 10542 D CouchbaseLite/NETWORK: [JAVA] CBLWebSocket@@0xf7a7db1{vC4Socket@xb4000077c99337c0 <=> OkHttpSocket@0xc15b858(wss://stage.realtime-sync-gw.wdprapps.disney.com:443/park-platform-pub/_blipsync)}.remoteWrites: 63
04-12 18:58:39.278 8886 10542 D CouchbaseLite/NETWORK: [JAVA] vC4Socket@xb4000077c99337c0.sendToCore(63)
04-12 18:58:39.279 8886 9036 I CouchbaseLite/NETWORK: RECEIVED: REQ #1 NZ {
04-12 18:58:39.279 8886 9036 I CouchbaseLite/NETWORK: Profile: changes
04-12 18:58:39.279 8886 9036 I CouchbaseLite/NETWORK: Content-Type: application/json
04-12 18:58:39.279 8886 9036 I CouchbaseLite/NETWORK: BODY: null }
04-12 18:58:39.280 8886 9036 D CouchbaseLite/NETWORK: [JAVA] ^C4Socket.completedReceive@b4000077c98a66c0(63)
04-12 18:58:39.281 8886 9050 D CouchbaseLite/NETWORK: [JAVA] CBLWebSocket@@0xe33037a{vC4Socket@xb4000077c98a66c0 <=> OkHttpSocket@0x9f303a5(wss://stage.realtime-sync-gw.wdprapps.disney.com:443/park-platform-semipriv/_blipsync)}.coreAckReceive: 63
04-12 18:58:39.281 8886 9038 I CouchbaseLite/REPLICATOR: {Repl#28450} {Coll#-1} activityLevel=busy: connectionState=2, savingChkpt=0
04-12 18:58:39.282 8886 9031 V CouchbaseLite/NETWORK: {N8litecore4blip10ConnectionE#28442} Receiving RES #2
04-12 18:58:39.283 8886 10542 V CouchbaseLite/NETWORK: {N8litecore4repl12C4SocketImplE#28445} Received 63-byte message
04-12 18:58:39.283 8886 9031 V CouchbaseLite/NETWORK: {N8litecore4blip10ConnectionE#28442} Finished receiving RES #2
04-12 18:58:39.284 8886 9033 I CouchbaseLite/REPLICATOR: {N8litecore4repl9RevFinderE#28562}==> N8litecore4repl9RevFinderE {Repl#28450} @0xb4000077c99245c0
04-12 18:58:39.284 8886 9033 V CouchbaseLite/REPLICATOR: {N8litecore4repl9RevFinderE#28562} {Coll#0} Handling 'changes' REQ#1
04-12 18:58:39.285 8886 9031 I CouchbaseLite/NETWORK: RECEIVED: RES #2 { }
04-12 18:58:39.285 8886 9031 D CouchbaseLite/NETWORK: [JAVA] ^C4Socket.completedReceive@b4000077c99337c0(7)
04-12 18:58:39.286 8886 9030 D CouchbaseLite/NETWORK: [JAVA] CBLWebSocket@@0xf7a7db1{vC4Socket@xb4000077c99337c0 <=> OkHttpSocket@0xc15b858(wss://stage.realtime-sync-gw.wdprapps.disney.com:443/park-platform-pub/_blipsync)}.coreAckReceive: 7
04-12 18:58:39.286 8886 9032 V CouchbaseLite/NETWORK: {N8litecore4blip6BLIPIOE#28515} Received frame: REQ #1 --NC, length 61
04-12 18:58:39.287 8886 9032 V CouchbaseLite/NETWORK: {N8litecore4blip10ConnectionE#28442} Receiving 'changes' REQ #1 NZ
04-12 18:58:39.287 8886 9032 V CouchbaseLite/NETWORK: {N8litecore4blip10ConnectionE#28442} Finished receiving 'changes' REQ #1 NZ
04-12 18:58:39.288 8886 9033 I CouchbaseLite/REPLICATOR: {N8litecore4repl9RevFinderE#28562} {Coll#0} Caught up with remote changes
04-12 18:58:39.290 8886 9031 I CouchbaseLite/REPLICATOR: {N8litecore4repl6PullerE#28540} {Coll#0} activityLevel=busy: pendingResponseCount=0, _caughtUp=0, _pendingRevMessages=0, _activeIncomingRevs=0, _waitingRevMessages=0, _unfinishedIncomingRevs=0
04-12 18:58:39.291 8886 9032 I CouchbaseLite/NETWORK: RECEIVED: REQ #1 NZ {
04-12 18:58:39.291 8886 9032 I CouchbaseLite/NETWORK: Profile: changes
04-12 18:58:39.291 8886 9032 I CouchbaseLite/NETWORK: Content-Type: application/json
04-12 18:58:39.291 8886 9032 I CouchbaseLite/NETWORK: BODY: null }
04-12 18:58:39.292 8886 9035 I CouchbaseLite/REPLICATOR: {Repl#28443} {Coll#-1} activityLevel=busy: connectionState=2, savingChkpt=0
04-12 18:58:39.292 8886 9032 D CouchbaseLite/NETWORK: [JAVA] ^C4Socket.completedReceive@b4000077c99337c0(63)
04-12 18:58:39.292 8886 9035 I CouchbaseLite/REPLICATOR: {N8litecore4repl9RevFinderE#28563}==> N8litecore4repl9RevFinderE {Repl#28443} @0xb4000077c98d4b90
04-12 18:58:39.292 8886 9035 V CouchbaseLite/REPLICATOR: {N8litecore4repl9RevFinderE#28563} {Coll#0} Handling 'changes' REQ#1
04-12 18:58:39.297 8886 9049 D CouchbaseLite/NETWORK: [JAVA] CBLWebSocket@@0xf7a7db1{vC4Socket@xb4000077c99337c0 <=> OkHttpSocket@0xc15b858(wss://stage.realtime-sync-gw.wdprapps.disney.com:443/park-platform-pub/_blipsync)}.coreAckReceive: 63
04-12 18:58:39.298 8886 10543 D CouchbaseLite/NETWORK: [JAVA] OkHttpSocket@0xfcc8c83.onBytes(7)
