04-12 18:57:28.110 8886 9035 V CouchbaseLite/NETWORK: {N8litecore4blip6BLIPIOE#21384} ...Wrote 57 bytes to WebSocket (writeable=1)
04-12 18:57:28.111 8886 10543 D CouchbaseLite/NETWORK: [JAVA] OkHttpSocket@0xf8f3281.onBytes(63)
04-12 18:57:28.111 8886 9033 V CouchbaseLite/NETWORK: {N8litecore4blip6BLIPIOE#21388} Received frame: RES #2 ----, length 5
04-12 18:57:28.111 8886 9033 V CouchbaseLite/NETWORK: {N8litecore4blip6BLIPIOE#21388} RES #2 has reached the end of its frames
04-12 18:57:28.112 8886 10543 D CouchbaseLite/NETWORK: [JAVA] CBLWebSocket@@0x221ff26{vC4Socket@xb4000077c98d3ce0 <=> OkHttpSocket@0xf8f3281(wss://stage.realtime-sync-gw.wdprapps.disney.com:443/park-platform-semipriv/_blipsync)}.remoteWrites: 63
04-12 18:57:28.112 8886 10543 D CouchbaseLite/NETWORK: [JAVA] vC4Socket@xb4000077c98d3ce0.sendToCore(63)
04-12 18:57:28.112 8886 10543 V CouchbaseLite/NETWORK: {N8litecore4repl12C4SocketImplE#21309} Received 63-byte message
04-12 18:57:28.114 8886 9033 V CouchbaseLite/NETWORK: {N8litecore4blip10ConnectionE#21107} Receiving RES #2
04-12 18:57:28.115 8886 9033 V CouchbaseLite/NETWORK: {N8litecore4blip10ConnectionE#21107} Finished receiving RES #2
04-12 18:57:28.116 8886 9033 I CouchbaseLite/NETWORK: RECEIVED: RES #2 { }
04-12 18:57:28.117 8886 9038 I CouchbaseLite/NETWORK: SENDING: REQ #0 UN {
04-12 18:57:28.117 8886 9038 I CouchbaseLite/NETWORK: Profile: proposeChanges
04-12 18:57:28.117 8886 9038 I CouchbaseLite/NETWORK: conflictIncludesRev: true
04-12 18:57:28.117 8886 9038 I CouchbaseLite/NETWORK: BODY: [] }
04-12 18:57:28.118 8886 9033 D CouchbaseLite/NETWORK: [JAVA] ^C4Socket.completedReceive@b4000077c98d3ce0(7)
04-12 18:57:28.119 8886 9031 I CouchbaseLite/REPLICATOR: {N8litecore4repl6PullerE#21389} {Coll#0} activityLevel=busy: pendingResponseCount=0, _caughtUp=0, _pendingRevMessages=0, _activeIncomingRevs=0, _waitingRevMessages=0, _unfinishedIncomingRevs=0
04-12 18:57:28.119 8886 9050 D CouchbaseLite/NETWORK: [JAVA] CBLWebSocket@@0x221ff26{vC4Socket@xb4000077c98d3ce0 <=> OkHttpSocket@0xf8f3281(wss://stage.realtime-sync-gw.wdprapps.disney.com:443/park-platform-semipriv/_blipsync)}.coreAckReceive: 7
04-12 18:57:28.123 8886 10541 D CouchbaseLite/NETWORK: [JAVA] OkHttpSocket@0xa9644dd.onBytes(7)
04-12 18:57:28.123 8886 10541 D CouchbaseLite/NETWORK: [JAVA] CBLWebSocket@@0xae4d852{vC4Socket@xb4000077c9852980 <=> OkHttpSocket@0xa9644dd(wss://stage.realtime-sync-gw.wdprapps.disney.com:443/park-platform-pub/_blipsync)}.remoteWrites: 7
04-12 18:57:28.123 8886 10541 D CouchbaseLite/NETWORK: [JAVA] vC4Socket@xb4000077c9852980.sendToCore(7)
04-12 18:57:28.127 8886 9038 I CouchbaseLite/REPLICATOR: {N8litecore4repl6PusherE#21399} {Coll#0} Caught up, at lastSequence #7
04-12 18:57:28.128 8886 10541 V CouchbaseLite/NETWORK: {N8litecore4repl12C4SocketImplE#21302} Received 7-byte message
04-12 18:57:28.128 8886 9033 V CouchbaseLite/NETWORK: {N8litecore4blip6BLIPIOE#21384} Sending 'proposeChanges' REQ #0 UN
04-12 18:57:28.129 8886 10541 D CouchbaseLite/NETWORK: [JAVA] OkHttpSocket@0xa9644dd.onBytes(267)
04-12 18:57:28.131 8886 10541 D CouchbaseLite/NETWORK: [JAVA] CBLWebSocket@@0xae4d852{vC4Socket@xb4000077c9852980 <=> OkHttpSocket@0xa9644dd(wss://stage.realtime-sync-gw.wdprapps.disney.com:443/park-platform-pub/_blipsync)}.remoteWrites: 267
04-12 18:57:28.131 8886 10541 D CouchbaseLite/NETWORK: [JAVA] vC4Socket@xb4000077c9852980.sendToCore(267)
04-12 18:57:28.138 8886 9033 V CouchbaseLite/NETWORK: {N8litecore4blip6BLIPIOE#21384} Requeuing REQ #0...
04-12 18:57:28.150 8886 9033 V CouchbaseLite/NETWORK: {N8litecore4blip6BLIPIOE#21384} Starting writeToWebSocket loop...
04-12 18:57:28.152 8886 9033 V CouchbaseLite/NETWORK: {N8litecore4blip6BLIPIOE#21384} Sending frame: REQ #4 -UN-, bytes 0--54
04-12 18:57:28.154 8886 9033 V CouchbaseLite/NETWORK: {N8litecore4repl12C4SocketImplE#21308} Sending 57-byte message
04-12 18:57:28.155 8886 9033 D CouchbaseLite/NETWORK: [JAVA] ^C4Socket.write@b4000077c980ecf0(57)
04-12 18:57:28.156 8886 9038 I CouchbaseLite/REPLICATOR: {N8litecore4repl6PusherE#21399} {Coll#0} activityLevel=busy: pendingResponseCount=0, caughtUp=1, changeLists=0, revsInFlight=0, blobsInFlight=0, awaitingReply=0, revsToSend=0, pushingDocs=0, pendingSequences=0
04-12 18:57:28.156 8886 9037 V CouchbaseLite/NETWORK: {N8litecore4blip6BLIPIOE#21382} Received frame: RES #2 ----, length 5
04-12 18:57:28.157 8886 9037 V CouchbaseLite/NETWORK: {N8litecore4blip6BLIPIOE#21382} RES #2 has reached the end of its frames
04-12 18:57:28.158 8886 9047 D CouchbaseLite/NETWORK: [JAVA] CBLWebSocket@@0x15eb05{vC4Socket@xb4000077c980ecf0 <=> OkHttpSocket@0x77f67c(wss://stage.realtime-sync-gw.wdprapps.disney.com:443/park-platform-priv/_blipsync)}.coreWrites(57)
04-12 18:57:28.159 8886 9047 D CouchbaseLite/NETWORK: [JAVA] OkHttpSocket@0x77f67c.write(57)
04-12 18:57:28.159 8886 9033 V CouchbaseLite/NETWORK: {N8litecore4blip6BLIPIOE#21384} Finished sending REQ #4 UN
04-12 18:57:28.160 8886 9047 D CouchbaseLite/NETWORK: [JAVA] vC4Socket@xb4000077c980ecf0.ackWriteToCore(57)
04-12 18:57:28.160 8886 9033 V CouchbaseLite/NETWORK: {N8litecore4blip6BLIPIOE#21384} ...Wrote 57 bytes to WebSocket (writeable=1)
04-12 18:57:28.161 8886 9037 V CouchbaseLite/NETWORK: {N8litecore4blip10ConnectionE#21102} Receiving RES #2
04-12 18:57:28.162 8886 9038 V CouchbaseLite/REPLICATOR: {N8litecore4repl21ReplicatorChangesFeedE#21400} Asking DB observer for 200 new changes since sequence #7 ...
04-12 18:57:28.163 8886 9038 I CouchbaseLite/REPLICATOR: {N8litecore4repl21ReplicatorChangesFeedE#21400} No new observed changes...
04-12 18:57:28.164 8886 9038 I CouchbaseLite/REPLICATOR: {N8litecore4repl6PusherE#21399} {Coll#0} Found 0 changes up to #7
04-12 18:57:28.164 8886 9038 I CouchbaseLite/NETWORK: SENDING: REQ #0 UN {
04-12 18:57:28.164 8886 9038 I CouchbaseLite/NETWORK: Profile: proposeChanges
04-12 18:57:28.164 8886 9038 I CouchbaseLite/NETWORK: conflictIncludesRev: true
04-12 18:57:28.164 8886 9038 I CouchbaseLite/NETWORK: BODY: [] }
04-12 18:57:28.164 8886 9034 V CouchbaseLite/NETWORK: {N8litecore4blip6BLIPIOE#21388} Received frame: REQ #1 --NC, length 61
04-12 18:57:28.168 8886 9037 V CouchbaseLite/NETWORK: {N8litecore4blip10ConnectionE#21102} Finished receiving RES #2
04-12 18:57:28.169 8886 9038 I CouchbaseLite/REPLICATOR: {N8litecore4repl6PusherE#21399} {Coll#0} activityLevel=busy: pendingResponseCount=0, caughtUp=1, changeLists=0, revsInFlight=0, blobsInFlight=0, awaitingReply=0, revsToSend=0, pushingDocs=0, pendingSequences=0
04-12 18:57:28.170 8886 10541 V CouchbaseLite/NETWORK: {N8litecore4repl12C4SocketImplE#21302} Received 267-byte message
04-12 18:57:28.172 8886 9037 I CouchbaseLite/NETWORK: RECEIVED: RES #2 { }
04-12 18:57:28.173 8886 9031 I CouchbaseLite/REPLICATOR: {N8litecore4repl6PullerE#21393} {Coll#0} activityLevel=busy: pendingResponseCount=0, _caughtUp=0, _pendingRevMessages=0, _activeIncomingRevs=0, _waitingRevMessages=0, _unfinishedIncomingRevs=0
04-12 18:57:28.173 8886 9037 D CouchbaseLite/NETWORK: [JAVA] ^C4Socket.completedReceive@b4000077c9852980(7)
04-12 18:57:28.173 8886 9048 D CouchbaseLite/NETWORK: [JAVA] CBLWebSocket@@0xae4d852{vC4Socket@xb4000077c9852980 <=> OkHttpSocket@0xa9644dd(wss://stage.realtime-sync-gw.wdprapps.disney.com:443/park-platform-pub/_blipsync)}.coreAckReceive: 7
04-12 18:57:28.174 8886 9038 I CouchbaseLite/REPLICATOR: {N8litecore4repl6PusherE#21399} {Coll#0} activityLevel=idle: pendingResponseCount=0, caughtUp=1, changeLists=0, revsInFlight=0, blobsInFlight=0, awaitingReply=0, revsToSend=0, pushingDocs=0, pendingSequences=0
04-12 18:57:28.174 8886 9038 V CouchbaseLite/REPLICATOR: {N8litecore4repl6PusherE#21399} {Coll#0} now idle
04-12 18:57:28.175 8886 9035 V CouchbaseLite/NETWORK: {N8litecore4blip6BLIPIOE#21384} Sending 'proposeChanges' REQ #0 UN
04-12 18:57:28.175 8886 9035 V CouchbaseLite/NETWORK: {N8litecore4blip6BLIPIOE#21384} Requeuing REQ #0...
04-12 18:57:28.175 8886 9035 V CouchbaseLite/NETWORK: {N8litecore4blip6BLIPIOE#21384} Starting writeToWebSocket loop...
04-12 18:57:28.176 8886 9035 V CouchbaseLite/NETWORK: {N8litecore4blip6BLIPIOE#21384} Sending frame: REQ #5 -UN-, bytes 0--54
04-12 18:57:28.176 8886 9035 V CouchbaseLite/NETWORK: {N8litecore4repl12C4SocketImplE#21308} Sending 57-byte message
04-12 18:57:28.177 8886 9035 D CouchbaseLite/NETWORK: [JAVA] ^C4Socket.write@b4000077c980ecf0(57)
04-12 18:57:28.177 8886 9038 I CouchbaseLite/REPLICATOR: {Repl#21113} {Coll#-1} pushStatus=idle, pullStatus=busy, progress=0/0/0
04-12 18:57:28.177 8886 9046 D CouchbaseLite/NETWORK: [JAVA] CBLWebSocket@@0x15eb05{vC4Socket@xb4000077c980ecf0 <=> OkHttpSocket@0x77f67c(wss://stage.realtime-sync-gw.wdprapps.disney.com:443/park-platform-priv/_blipsync)}.coreWrites(57)
04-12 18:57:28.177 8886 9046 D CouchbaseLite/NETWORK: [JAVA] OkHttpSocket@0x77f67c.write(57)
04-12 18:57:28.177 8886 9038 V CouchbaseLite/REPLICATOR: {Repl#21113} {Coll#-1} Replicator status collection-wise: pushStatus=idle, pullStatus=busy, progress=0/0, docCount=0
04-12 18:57:28.178 8886 9046 D CouchbaseLite/NETWORK: [JAVA] vC4Socket@xb4000077c980ecf0.ackWriteToCore(57)
04-12 18:57:28.178 8886 9038 I CouchbaseLite/REPLICATOR: {Repl#21113} {Coll#-1} activityLevel=busy: connectionState=2, savingChkpt=0
04-12 18:57:28.178 8886 10542 D CouchbaseLite/NETWORK: [JAVA] OkHttpSocket@0x77f67c.onBytes(7)
04-12 18:57:28.179 8886 10542 D CouchbaseLite/NETWORK: [JAVA] CBLWebSocket@@0x15eb05{vC4Socket@xb4000077c980ecf0 <=> OkHttpSocket@0x77f67c(wss://stage.realtime-sync-gw.wdprapps.disney.com:443/park-platform-priv/_blipsync)}.remoteWrites: 7
04-12 18:57:28.179 8886 10542 D CouchbaseLite/NETWORK: [JAVA] vC4Socket@xb4000077c980ecf0.sendToCore(7)
04-12 18:57:28.180 8886 9034 V CouchbaseLite/NETWORK: {N8litecore4blip10ConnectionE#21107} Receiving 'changes' REQ #1 NZ
04-12 18:57:28.181 8886 9034 V CouchbaseLite/NETWORK: {N8litecore4blip10ConnectionE#21107} Finished receiving 'changes' REQ #1 NZ
04-12 18:57:28.181 8886 10542 V CouchbaseLite/NETWORK: {N8litecore4repl12C4SocketImplE#21308} Received 7-byte message
04-12 18:57:28.182 8886 10542 D CouchbaseLite/NETWORK: [JAVA] OkHttpSocket@0x77f67c.onBytes(63)
04-12 18:57:28.182 8886 10542 D CouchbaseLite/NETWORK: [JAVA] CBLWebSocket@@0x15eb05{vC4Socket@xb4000077c980ecf0 <=> OkHttpSocket@0x77f67c(wss://stage.realtime-sync-gw.wdprapps.disney.com:443/park-platform-priv/_blipsync)}.remoteWrites: 63
04-12 18:57:28.182 8886 10542 D CouchbaseLite/NETWORK: [JAVA] vC4Socket@xb4000077c980ecf0.sendToCore(63)
04-12 18:57:28.182 8886 10542 V CouchbaseLite/NETWORK: {N8litecore4repl12C4SocketImplE#21308} Received 63-byte message
04-12 18:57:28.186 8886 9035 V CouchbaseLite/NETWORK: {N8litecore4blip6BLIPIOE#21384} Finished sending REQ #5 UN
04-12 18:57:28.187 8886 9035 V CouchbaseLite/NETWORK: {N8litecore4blip6BLIPIOE#21384} ...Wrote 57 bytes to WebSocket (writeable=1)
04-12 18:57:28.188 8886 9037 V CouchbaseLite/NETWORK: {N8litecore4blip6BLIPIOE#21382} Received frame: REQ #1 ---C, length 265
04-12 18:57:28.193 8886 9035 V CouchbaseLite/NETWORK: {N8litecore4blip6BLIPIOE#21384} Received frame: RES #2 ----, length 5
04-12 18:57:28.194 8886 9035 V CouchbaseLite/NETWORK: {N8litecore4blip6BLIPIOE#21384} RES #2 has reached the end of its frames
04-12 18:57:28.194 8886 9035 V CouchbaseLite/NETWORK: {N8litecore4blip10ConnectionE#21112} Receiving RES #2
04-12 18:57:28.195 8886 9035 V CouchbaseLite/NETWORK: {N8litecore4blip10ConnectionE#21112} Finished receiving RES #2
04-12 18:57:28.195 8886 9034 I CouchbaseLite/NETWORK: RECEIVED: REQ #1 NZ {
04-12 18:57:28.195 8886 9034 I CouchbaseLite/NETWORK: Profile: changes
04-12 18:57:28.195 8886 9034 I CouchbaseLite/NETWORK: Content-Type: application/json
04-12 18:57:28.195 8886 9034 I CouchbaseLite/NETWORK: BODY: null }
04-12 18:57:28.195 8886 9034 D CouchbaseLite/NETWORK: [JAVA] ^C4Socket.completedReceive@b4000077c98d3ce0(63)
04-12 18:57:28.195 8886 9033 I CouchbaseLite/REPLICATOR: {N8litecore4repl9RevFinderE#21413}==> N8litecore4repl9RevFinderE {Repl#21108} @0xb4000077c982ff50
04-12 18:57:28.196 8886 9033 V CouchbaseLite/REPLICATOR: {N8litecore4repl9RevFinderE#21413} {Coll#0} Handling 'changes' REQ#1
04-12 18:57:28.197 8886 9031 I CouchbaseLite/REPLICATOR: {N8litecore4repl6PullerE#21402} {Coll#0} activityLevel=busy: pendingResponseCount=0, _caughtUp=0, _pendingRevMessages=0, _activeIncomingRevs=0, _waitingRevMessages=0, _unfinishedIncomingRevs=0
04-12 18:57:28.197 8886 9039 D CouchbaseLite/NETWORK: [JAVA] CBLWebSocket@@0x221ff26{vC4Socket@xb4000077c98d3ce0 <=> OkHttpSocket@0xf8f3281(wss://stage.realtime-sync-gw.wdprapps.disney.com:443/park-platform-semipriv/_blipsync)}.coreAckReceive: 63
04-12 18:57:28.197 8886 9036 I CouchbaseLite/REPLICATOR: {Repl#21108} {Coll#-1} activityLevel=busy: connectionState=2, savingChkpt=0
04-12 18:57:28.197 8886 9037 V CouchbaseLite/NETWORK: {N8litecore4blip10ConnectionE#21102} Receiving 'changes' REQ #1 Z
04-12 18:57:28.200 8886 9037 V CouchbaseLite/NETWORK: {N8litecore4blip10ConnectionE#21102} Finished receiving 'changes' REQ #1 Z
04-12 18:57:28.201 8886 9033 I CouchbaseLite/REPLICATOR: {N8litecore4repl9RevFinderE#21413} {Coll#0} Caught up with remote changes
04-12 18:57:28.201 8886 9033 V CouchbaseLite/REPLICATOR: {N8litecore4repl9RevFinderE#21413} {Coll#0} now idle
04-12 18:57:28.202 8886 9033 I CouchbaseLite/REPLICATOR: {Repl#21108} {Coll#-1} pushStatus=stopped, pullStatus=busy, progress=0/0/0
04-12 18:57:28.202 8886 9037 I CouchbaseLite/NETWORK: RECEIVED: REQ #1 Z {
04-12 18:57:28.202 8886 9037 I CouchbaseLite/NETWORK: Profile: changes
04-12 18:57:28.202 8886 9037 I CouchbaseLite/NETWORK: Content-Type: application/json
04-12 18:57:28.202 8886 9037 I CouchbaseLite/NETWORK: BODY: [[376872128,"wdw.facilities.1_0.en_us.tour.17122;entityType=tour","6225-ad608bc8781b67175986ae9f68aa3824"],[376872132,"wdw.facilities.1_0.en_us.tour.13438;entityType=tour","6073-d75f5292c2cb54f99a1684c3ec51e208"],[376872133,"wdw.facilities.1_0.en_us.tour.16247184;entityType=tour","6716-8fadd4524b45f8a1a58f3b8d11ca281a"],[376872135,"wdw.facilities.1_0.en_us.tour.16247184;entityType=tour:16886427;entityType=point-of-interest","6697-28158391f3e0da893227f4046cdac822"]] }
04-12 18:57:28.203 8886 9037 D CouchbaseLite/NETWORK: [JAVA] ^C4Socket.completedReceive@b4000077c9852980(267)
04-12 18:57:28.204 8886 9038 I CouchbaseLite/REPLICATOR: {N8litecore4repl6PullerE#21389} {Coll#0} activityLevel=idle: pendingResponseCount=0, _caughtUp=1, _pendingRevMessages=0, _activeIncomingRevs=0, _waitingRevMessages=0, _unfinishedIncomingRevs=0
04-12 18:57:28.204 8886 9049 D CouchbaseLite/NETWORK: [JAVA] CBLWebSocket@@0xae4d852{vC4Socket@xb4000077c9852980 <=> OkHttpSocket@0xa9644dd(wss://stage.realtime-sync-gw.wdprapps.disney.com:443/park-platform-pub/_blipsync)}.coreAckReceive: 267
04-12 18:57:28.205 8886 9038 V CouchbaseLite/REPLICATOR: {N8litecore4repl6PullerE#21389} {Coll#0} now idle
04-12 18:57:28.205 8886 9035 I CouchbaseLite/NETWORK: RECEIVED: RES #2 { }
04-12 18:57:28.206 8886 9033 V CouchbaseLite/REPLICATOR: {Repl#21108} {Coll#-1} Replicator status collection-wise: pushStatus=stopped, pullStatus=busy, progress=0/0, docCount=0
04-12 18:57:28.207 8886 9035 D CouchbaseLite/NETWORK: [JAVA] ^C4Socket.completedReceive@b4000077c980ecf0(7)
04-12 18:57:28.207 8886 9030 D CouchbaseLite/NETWORK: [JAVA] CBLWebSocket@@0x15eb05{vC4Socket@xb4000077c980ecf0 <=> OkHttpSocket@0x77f67c(wss://stage.realtime-sync-gw.wdprapps.disney.com:443/park-platform-priv/_blipsync)}.coreAckReceive: 7
04-12 18:57:28.208 8886 9033 I CouchbaseLite/REPLICATOR: {Repl#21108} {Coll#-1} activityLevel=busy: connectionState=2, savingChkpt=0
04-12 18:57:28.209 8886 9031 I CouchbaseLite/REPLICATOR: {N8litecore4repl9RevFinderE#21414}==> N8litecore4repl9RevFinderE {Repl#21103} @0xb4000077c98b65f0
04-12 18:57:28.210 8886 9031 V CouchbaseLite/REPLICATOR: {N8litecore4repl9RevFinderE#21414} {Coll#0} Handling 'changes' REQ#1
04-12 18:57:28.211 8886 9031 I CouchbaseLite/REPLICATOR: {N8litecore4repl9RevFinderE#21414} {Coll#0} Received 4 changes (seq '376872128'..'376872135')
04-12 18:57:28.212 8886 9035 V CouchbaseLite/NETWORK: {N8litecore4blip6BLIPIOE#21384} Received frame: REQ #1 --NC, length 61
04-12 18:57:28.215 8886 9034 I CouchbaseLite/REPLICATOR: {Repl#21103} {Coll#-1} activityLevel=busy: connectionState=2, savingChkpt=0
04-12 18:57:28.218 8886 9033 I CouchbaseLite/REPLICATOR: {Repl#21108} {Coll#-1} pushStatus=stopped, pullStatus=idle, progress=0/0/0
04-12 18:57:28.223 8886 9033 V CouchbaseLite/REPLICATOR: {Repl#21108} {Coll#-1} Replicator status collection-wise: pushStatus=stopped, pullStatus=idle, progress=0/0, docCount=0
04-12 18:57:28.223 8886 9033 I CouchbaseLite/REPLICATOR: {Repl#21108} {Coll#-1} activityLevel=idle: connectionState=2, savingChkpt=0
04-12 18:57:28.223 8886 9033 I CouchbaseLite/REPLICATOR: {Repl#21108} {Coll#-1} now idle
04-12 18:57:28.224 8886 9033 I CouchbaseLite/REPLICATOR: {C4Replicator#21109} State: idle, progress=0.00%
04-12 18:57:28.224 8886 9033 D CouchbaseLite/REPLICATOR: [JAVA] C4Replicator.statusChangedCallback(0x68ae90cd) C4CommonRepl{@0xecf7c50/@xb4000077b97b9c10, @0x1412213, SocketFactory{@URLEndpoint{url=wss://stage.realtime-sync-gw.wdprapps.disney.com/park-platform-semipriv}}'}: C4ReplicatorStatus{level=3,completed=0,total=0,#docs=0,domain=0,code=0,info=0}
04-12 18:57:28.224 8886 9035 V CouchbaseLite/NETWORK: {N8litecore4blip10ConnectionE#21112} Receiving 'changes' REQ #1 NZ
04-12 18:57:28.225 8886 9050 I CouchbaseLite/REPLICATOR: [JAVA] status changed: (0, 0) @C4ReplicatorStatus{level=3,completed=0,total=0,#docs=0,domain=0,code=0,info=0} for Replicator{@0x1412213(<*),Database{@@0x2e0afa2: 'finder-semi-private.73600.en_us'} => URLEndpoint{url=wss://stage.realtime-sync-gw.wdprapps.disney.com/park-platform-semipriv}}$C4CommonRepl{@0xecf7c50/@xb4000077b97b9c10, @0x1412213, SocketFactory{@URLEndpoint{url=wss://stage.realtime-sync-gw.wdprapps.disney.com/park-platform-semipriv}}'}
04-12 18:57:28.225 8886 9050 D CouchbaseLite/NETWORK: [JAVA] Offline state change for com.couchbase.lite.internal.replicator.AndroidConnectivityObserver@ab80d7c: BUSY -> true
04-12 18:57:28.225 8886 9050 I CouchbaseLite/REPLICATOR: [JAVA] State changed BUSY => IDLE(0/0): null for Replicator{@0x1412213(<*),Database{@@0x2e0afa2: 'finder-semi-private.73600.en_us'} => URLEndpoint{url=wss://stage.realtime-sync-gw.wdprapps.disney.com/park-platform-semipriv}}$C4CommonRepl{@0xecf7c50/@xb4000077b97b9c10, @0x1412213, SocketFactory{@URLEndpoint{url=wss://stage.realtime-sync-gw.wdprapps.disney.com/park-platform-semipriv}}'}
04-12 18:57:28.227 8886 9031 I CouchbaseLite/NETWORK: SENDING: RES #1 Z {
04-12 18:57:28.227 8886 9031 I CouchbaseLite/NETWORK: maxHistory: 50
04-12 18:57:28.227 8886 9031 I CouchbaseLite/NETWORK: blobs: true
04-12 18:57:28.227 8886 9031 I CouchbaseLite/NETWORK: deltas: true
04-12 18:57:28.227 8886 9031 I CouchbaseLite/NETWORK: BODY: [] }
04-12 18:57:28.227 8886 9032 V CouchbaseLite/REPLICATOR: {N8litecore4repl6PullerE#21393} {Coll#0} Checkpoint now at '376872128' (collection: 0
04-12 18:57:28.229 8886 9035 V CouchbaseLite/NETWORK: {N8litecore4blip10ConnectionE#21112} Finished receiving 'changes' REQ #1 NZ
04-12 18:57:28.229 8886 9035 I CouchbaseLite/NETWORK: RECEIVED: REQ #1 NZ {
04-12 18:57:28.229 8886 9035 I CouchbaseLite/NETWORK: Profile: changes
04-12 18:57:28.229 8886 9035 I CouchbaseLite/NETWORK: Content-Type: application/json
04-12 18:57:28.229 8886 9035 I CouchbaseLite/NETWORK: BODY: null }
04-12 18:57:28.230 8886 9037 V CouchbaseLite/NETWORK: {N8litecore4blip6BLIPIOE#21382} Sending RES #1 Z
04-12 18:57:28.230 8886 9035 D CouchbaseLite/NETWORK: [JAVA] ^C4Socket.completedReceive@b4000077c980ecf0(63)
04-12 18:57:28.230 8886 9037 V CouchbaseLite/NETWORK: {N8litecore4blip6BLIPIOE#21382} Requeuing RES #1...
04-12 18:57:28.231 8886 9047 D CouchbaseLite/NETWORK: [JAVA] CBLWebSocket@@0x15eb05{vC4Socket@xb4000077c980ecf0 <=> OkHttpSocket@0x77f67c(wss://stage.realtime-sync-gw.wdprapps.disney.com:443/park-platform-priv/_blipsync)}.coreAckReceive: 63
04-12 18:57:28.231 8886 9037 V CouchbaseLite/NETWORK: {N8litecore4blip6BLIPIOE#21382} Starting writeToWebSocket loop...
04-12 18:57:28.234 8886 9038 I CouchbaseLite/REPLICATOR: {Repl#21113} {Coll#-1} activityLevel=busy: connectionState=2, savingChkpt=0
04-12 18:57:28.234 8886 9031 I CouchbaseLite/REPLICATOR: {N8litecore4repl9RevFinderE#21414} {Coll#0} Responded to 'changes' REQ#1 w/request for 0 revs in 0.015437 sec
04-12 18:57:28.234 8886 9031 V CouchbaseLite/REPLICATOR: {N8litecore4repl9RevFinderE#21414} {Coll#0} now idle
04-12 18:57:28.235 8886 9031 I CouchbaseLite/REPLICATOR: {Repl#21103} {Coll#-1} pushStatus=stopped, pullStatus=busy, progress=0/0/0
04-12 18:57:28.235 8886 9031 V CouchbaseLite/REPLICATOR: {Repl#21103} {Coll#-1} Replicator status collection-wise: pushStatus=stopped, pullStatus=busy, progress=0/0, docCount=0
04-12 18:57:28.236 8886 9036 I CouchbaseLite/REPLICATOR: {N8litecore4repl9RevFinderE#21415}==> N8litecore4repl9RevFinderE {Repl#21113} @0xb4000077c98cd5a0
04-12 18:57:28.237 8886 9036 V CouchbaseLite/REPLICATOR: {N8litecore4repl9RevFinderE#21415} {Coll#0} Handling 'changes' REQ#1
04-12 18:57:28.238 8886 9036 I CouchbaseLite/REPLICATOR: {N8litecore4repl9RevFinderE#21415} {Coll#0} Caught up with remote changes
04-12 18:57:28.239 8886 9036 V CouchbaseLite/REPLICATOR: {N8litecore4repl9RevFinderE#21415} {Coll#0} now idle
04-12 18:57:28.240 8886 9035 I CouchbaseLite/REPLICATOR: {Repl#21113} {Coll#-1} pushStatus=idle, pullStatus=busy, progress=0/0/0
04-12 18:57:28.241 8886 9035 V CouchbaseLite/REPLICATOR: {Repl#21113} {Coll#-1} Replicator status collection-wise: pushStatus=idle, pullStatus=busy, progress=0/0, docCount=0
04-12 18:57:28.241 8886 9035 I CouchbaseLite/REPLICATOR: {Repl#21113} {Coll#-1} activityLevel=busy: connectionState=2, savingChkpt=0
04-12 18:57:28.245 8886 9033 I CouchbaseLite/REPLICATOR: {N8litecore4repl6PullerE#21402} {Coll#0} activityLevel=idle: pendingResponseCount=0, _caughtUp=1, _pendingRevMessages=0, _activeIncomingRevs=0, _waitingRevMessages=0, _unfinishedIncomingRevs=0
04-12 18:57:28.245 8886 9033 V CouchbaseLite/REPLICATOR: {N8litecore4repl6PullerE#21402} {Coll#0} now idle
04-12 18:57:28.246 8886 9031 I CouchbaseLite/REPLICATOR: {Repl#21103} {Coll#-1} activityLevel=busy: connectionState=2, savingChkpt=1
04-12 18:57:28.246 8886 9032 V CouchbaseLite/REPLICATOR: {N8litecore4repl6PullerE#21393} {Coll#0} Checkpoint now at '376872132' (collection: 0
04-12 18:57:28.251 8886 9037 V CouchbaseLite/NETWORK: {N8litecore4blip6BLIPIOE#21382} Sending frame: RES #1 ---C, bytes 0--40
04-12 18:57:28.251 8886 9037 V CouchbaseLite/NETWORK: {N8litecore4repl12C4SocketImplE#21302} Sending 43-byte message
04-12 18:57:28.251 8886 9032 V CouchbaseLite/REPLICATOR: {N8litecore4repl6PullerE#21393} {Coll#0} Checkpoint now at '376872133' (collection: 0
04-12 18:57:28.252 8886 9037 D CouchbaseLite/NETWORK: [JAVA] ^C4Socket.write@b4000077c9852980(43)
04-12 18:57:28.252 8886 9033 I CouchbaseLite/REPLICATOR: {Repl#21113} {Coll#-1} pushStatus=idle, pullStatus=idle, progress=0/0/0
04-12 18:57:28.253 8886 9031 V CouchbaseLite/REPLICATOR: {Repl#21103} {Coll#0} Saving remote checkpoint 'cp-EUIwC4qPpttqvSBmzfkR34rhris=' over rev='0-43': {"time":1712962648,"remote":376872128} ...
04-12 18:57:28.253 8886 9032 V CouchbaseLite/REPLICATOR: {N8litecore4repl6PullerE#21393} {Coll#0} Checkpoint now at '376872135' (collection: 0
04-12 18:57:28.254 8886 9048 D CouchbaseLite/NETWORK: [JAVA] CBLWebSocket@@0xae4d852{vC4Socket@xb4000077c9852980 <=> OkHttpSocket@0xa9644dd(wss://stage.realtime-sync-gw.wdprapps.disney.com:443/park-platform-pub/_blipsync)}.coreWrites(43)
04-12 18:57:28.254 8886 9037 V CouchbaseLite/NETWORK: {N8litecore4blip6BLIPIOE#21382} Finished sending RES #1 Z
04-12 18:57:28.254 8886 9037 V CouchbaseLite/NETWORK: {N8litecore4blip6BLIPIOE#21382} ...Wrote 43 bytes to WebSocket (writeable=1)
04-12 18:57:28.255 8886 9048 D CouchbaseLite/NETWORK: [JAVA] OkHttpSocket@0xa9644dd.write(43)
04-12 18:57:28.255 8886 9031 I CouchbaseLite/NETWORK: SENDING: REQ #0 {
04-12 18:57:28.255 8886 9031 I CouchbaseLite/NETWORK: Profile: setCheckpoint
04-12 18:57:28.255 8886 9031 I CouchbaseLite/NETWORK: client: cp-EUIwC4qPpttqvSBmzfkR34rhris=
04-12 18:57:28.255 8886 9031 I CouchbaseLite/NETWORK: rev: 0-43
04-12 18:57:28.255 8886 9031 I CouchbaseLite/NETWORK: BODY: {"time":1712962648,"remote":376872128} }
04-12 18:57:28.256 8886 9048 D CouchbaseLite/NETWORK: [JAVA] vC4Socket@xb4000077c9852980.ackWriteToCore(43)
04-12 18:57:28.256 8886 9032 V CouchbaseLite/REPLICATOR: {N8litecore4repl6PullerE#21393} {Coll#0} Now waiting for 0 'rev' messages; 0 known sequences pending
04-12 18:57:28.257 8886 9032 I CouchbaseLite/REPLICATOR: {N8litecore4repl6PullerE#21393} {Coll#0} activityLevel=busy: pendingResponseCount=0, _caughtUp=0, _pendingRevMessages=0, _activeIncomingRevs=0, _waitingRevMessages=0, _unfinishedIncomingRevs=0
04-12 18:57:28.258 8886 9031 I CouchbaseLite/REPLICATOR: {Repl#21103} {Coll#-1} activityLevel=busy: connectionState=2, savingChkpt=1
04-12 18:57:28.258 8886 9036 V CouchbaseLite/NETWORK: {N8litecore4blip6BLIPIOE#21382} Sending 'setCheckpoint' REQ #0
04-12 18:57:28.259 8886 9036 V CouchbaseLite/NETWORK: {N8litecore4blip6BLIPIOE#21382} Requeuing REQ #0...
04-12 18:57:28.261 8886 9036 V CouchbaseLite/NETWORK: {N8litecore4blip6BLIPIOE#21382} Starting writeToWebSocket loop...
04-12 18:57:28.263 8886 9033 V CouchbaseLite/REPLICATOR: {Repl#21113} {Coll#-1} Replicator status collection-wise: pushStatus=idle, pullStatus=idle, progress=0/0, docCount=0
04-12 18:57:28.264 8886 9036 V CouchbaseLite/NETWORK: {N8litecore4blip6BLIPIOE#21382} Sending frame: REQ #3 ----, bytes 0--112
04-12 18:57:28.265 8886 9036 V CouchbaseLite/NETWORK: {N8litecore4repl12C4SocketImplE#21302} Sending 115-byte message
04-12 18:57:28.266 8886 9033 I CouchbaseLite/REPLICATOR: {Repl#21113} {Coll#-1} activityLevel=idle: connectionState=2, savingChkpt=0
04-12 18:57:28.266 8886 9036 D CouchbaseLite/NETWORK: [JAVA] ^C4Socket.write@b4000077c9852980(115)
04-12 18:57:28.267 8886 9035 I CouchbaseLite/REPLICATOR: {Repl#21103} {Coll#-1} activityLevel=busy: connectionState=2, savingChkpt=1
04-12 18:57:28.268 8886 9046 D CouchbaseLite/NETWORK: [JAVA] CBLWebSocket@@0xae4d852{vC4Socket@xb4000077c9852980 <=> OkHttpSocket@0xa9644dd(wss://stage.realtime-sync-gw.wdprapps.disney.com:443/park-platform-pub/_blipsync)}.coreWrites(115)
04-12 18:57:28.268 8886 9033 I CouchbaseLite/REPLICATOR: {Repl#21113} {Coll#-1} now idle
04-12 18:57:28.268 8886 9046 D CouchbaseLite/NETWORK: [JAVA] OkHttpSocket@0xa9644dd.write(115)
04-12 18:57:28.268 8886 9033 I CouchbaseLite/REPLICATOR: {C4Replicator#21114} State: idle, progress=0.00%
04-12 18:57:28.269 8886 9033 D CouchbaseLite/REPLICATOR: [JAVA] C4Replicator.statusChangedCallback(0x6dca7ff1) C4CommonRepl{@0xe61b605/@xb4000077b97d02d0, @0x211cc6f, SocketFactory{@URLEndpoint{url=wss://stage.realtime-sync-gw.wdprapps.disney.com/park-platform-priv}}'}: C4ReplicatorStatus{level=3,completed=0,total=0,#docs=0,domain=0,code=0,info=0}
04-12 18:57:28.270 8886 9036 V CouchbaseLite/NETWORK: {N8litecore4blip6BLIPIOE#21382} Finished sending REQ #3
04-12 18:57:28.270 8886 9046 D CouchbaseLite/NETWORK: [JAVA] vC4Socket@xb4000077c9852980.ackWriteToCore(115)
04-12 18:57:28.270 8886 9039 I CouchbaseLite/REPLICATOR: [JAVA] status changed: (0, 0) @C4ReplicatorStatus{level=3,completed=0,total=0,#docs=0,domain=0,code=0,info=0} for Replicator{@0x211cc6f(<*>),Database{@@0x97fb813: 'finder-private.73600.en_us'} => URLEndpoint{url=wss://stage.realtime-sync-gw.wdprapps.disney.com/park-platform-priv}}$C4CommonRepl{@0xe61b605/@xb4000077b97d02d0, @0x211cc6f, SocketFactory{@URLEndpoint{url=wss://stage.realtime-sync-gw.wdprapps.disney.com/park-platform-priv}}'}
04-12 18:57:28.271 8886 9039 D CouchbaseLite/NETWORK: [JAVA] Offline state change for com.couchbase.lite.internal.replicator.AndroidConnectivityObserver@4368568: BUSY -> true
04-12 18:57:28.271 8886 9036 V CouchbaseLite/NETWORK: {N8litecore4blip6BLIPIOE#21382} ...Wrote 115 bytes to WebSocket (writeable=1)
04-12 18:57:28.271 8886 9039 I CouchbaseLite/REPLICATOR: [JAVA] State changed BUSY => IDLE(0/0): null for Replicator{@0x211cc6f(<*>),Database{@@0x97fb813: 'finder-private.73600.en_us'} => URLEndpoint{url=wss://stage.realtime-sync-gw.wdprapps.disney.com/park-platform-priv}}$C4CommonRepl{@0xe61b605/@xb4000077b97d02d0, @0x211cc6f, SocketFactory{@URLEndpoint{url=wss://stage.realtime-sync-gw.wdprapps.disney.com/park-platform-priv}}'}
04-12 18:57:28.370 8886 10541 D CouchbaseLite/NETWORK: [JAVA] OkHttpSocket@0xa9644dd.onBytes(63)
04-12 18:57:28.371 8886 10541 D CouchbaseLite/NETWORK: [JAVA] CBLWebSocket@@0xae4d852{vC4Socket@xb4000077c9852980 <=> OkHttpSocket@0xa9644dd(wss://stage.realtime-sync-gw.wdprapps.disney.com:443/park-platform-pub/_blipsync)}.remoteWrites: 63
04-12 18:57:28.371 8886 10541 D CouchbaseLite/NETWORK: [JAVA] vC4Socket@xb4000077c9852980.sendToCore(63)
04-12 18:57:28.372 8886 10541 V CouchbaseLite/NETWORK: {N8litecore4repl12C4SocketImplE#21302} Received 63-byte message
04-12 18:57:28.377 8886 9034 V CouchbaseLite/NETWORK: {N8litecore4blip6BLIPIOE#21382} Received frame: REQ #2 --NC, length 61
04-12 18:57:28.385 8886 9034 V CouchbaseLite/NETWORK: {N8litecore4blip10ConnectionE#21102} Receiving 'changes' REQ #2 NZ
04-12 18:57:28.390 8886 9034 V CouchbaseLite/NETWORK: {N8litecore4blip10ConnectionE#21102} Finished receiving 'changes' REQ #2 NZ
04-12 18:57:28.392 8886 9034 I CouchbaseLite/NETWORK: RECEIVED: REQ #2 NZ {
04-12 18:57:28.392 8886 9034 I CouchbaseLite/NETWORK: Profile: changes
04-12 18:57:28.392 8886 9034 I CouchbaseLite/NETWORK: Content-Type: application/json
04-12 18:57:28.392 8886 9034 I CouchbaseLite/NETWORK: BODY: null }
04-12 18:57:28.402 8886 9032 I CouchbaseLite/REPLICATOR: {Repl#21103} {Coll#-1} activityLevel=busy: connectionState=2, savingChkpt=1
04-12 18:57:28.403 8886 9031 V CouchbaseLite/REPLICATOR: {N8litecore4repl9RevFinderE#21414} {Coll#0} Handling 'changes' REQ#2
04-12 18:57:28.403 8886 9031 I CouchbaseLite/REPLICATOR: {N8litecore4repl9RevFinderE#21414} {Coll#0} Caught up with remote changes
04-12 18:57:28.404 8886 9031 I CouchbaseLite/REPLICATOR: {N8litecore4repl6PullerE#21393} {Coll#0} activityLevel=idle: pendingResponseCount=0, _caughtUp=1, _pendingRevMessages=0, _activeIncomingRevs=0, _waitingRevMessages=0, _unfinishedIncomingRevs=0
04-12 18:57:28.404 8886 9031 V CouchbaseLite/REPLICATOR: {N8litecore4repl6PullerE#21393} {Coll#0} now idle
04-12 18:57:28.404 8886 9031 I CouchbaseLite/REPLICATOR: {Repl#21103} {Coll#-1} pushStatus=stopped, pullStatus=idle, progress=0/0/0
04-12 18:57:28.404 8886 9031 V CouchbaseLite/REPLICATOR: {Repl#21103} {Coll#-1} Replicator status collection-wise: pushStatus=stopped, pullStatus=idle, progress=0/0, docCount=0
04-12 18:57:28.405 8886 9031 I CouchbaseLite/REPLICATOR: {Repl#21103} {Coll#-1} activityLevel=busy: connectionState=2, savingChkpt=1
04-12 18:57:28.411 8886 9034 D CouchbaseLite/NETWORK: [JAVA] ^C4Socket.completedReceive@b4000077c9852980(63)
04-12 18:57:28.414 8886 9047 D CouchbaseLite/NETWORK: [JAVA] CBLWebSocket@@0xae4d852{vC4Socket@xb4000077c9852980 <=> OkHttpSocket@0xa9644dd(wss://stage.realtime-sync-gw.wdprapps.disney.com:443/park-platform-pub/_blipsync)}.coreAckReceive: 63
04-12 18:57:28.437 8886 10541 D CouchbaseLite/NETWORK: [JAVA] OkHttpSocket@0xa9644dd.onBytes(16)
04-12 18:57:28.439 8886 10541 D CouchbaseLite/NETWORK: [JAVA] CBLWebSocket@@0xae4d852{vC4Socket@xb4000077c9852980 <=> OkHttpSocket@0xa9644dd(wss://stage.realtime-sync-gw.wdprapps.disney.com:443/park-platform-pub/_blipsync)}.remoteWrites: 16
04-12 18:57:28.439 8886 10541 D CouchbaseLite/NETWORK: [JAVA] vC4Socket@xb4000077c9852980.sendToCore(16)
04-12 18:57:28.451 8886 10541 V CouchbaseLite/NETWORK: {N8litecore4repl12C4SocketImplE#21302} Received 16-byte message
04-12 18:57:28.458 8886 9036 V CouchbaseLite/NETWORK: {N8litecore4blip6BLIPIOE#21382} Received frame: RES #3 ----, length 14
04-12 18:57:28.459 8886 9036 V CouchbaseLite/NETWORK: {N8litecore4blip6BLIPIOE#21382} RES #3 has reached the end of its frames
04-12 18:57:28.463 8886 9036 V CouchbaseLite/NETWORK: {N8litecore4blip10ConnectionE#21102} Receiving RES #3
04-12 18:57:28.464 8886 9036 V CouchbaseLite/NETWORK: {N8litecore4blip10ConnectionE#21102} Finished receiving RES #3
04-12 18:57:28.465 8886 9036 I CouchbaseLite/NETWORK: RECEIVED: RES #3 {
04-12 18:57:28.465 8886 9036 I CouchbaseLite/NETWORK: rev: 0-44 }
04-12 18:57:28.465 8886 9036 D CouchbaseLite/NETWORK: [JAVA] ^C4Socket.completedReceive@b4000077c9852980(16)
04-12 18:57:28.466 8886 9048 D CouchbaseLite/NETWORK: [JAVA] CBLWebSocket@@0xae4d852{vC4Socket@xb4000077c9852980 <=> OkHttpSocket@0xa9644dd(wss://stage.realtime-sync-gw.wdprapps.disney.com:443/park-platform-pub/_blipsync)}.coreAckReceive: 16
04-12 18:57:28.466 8886 9038 I CouchbaseLite/REPLICATOR: {Repl#21103} {Coll#0} Saved remote checkpoint 'cp-EUIwC4qPpttqvSBmzfkR34rhris=' as rev='0-44'
04-12 18:57:28.547 8886 9038 I CouchbaseLite/REPLICATOR: {Repl#21103} {Coll#0} Saved local checkpoint 'cp-EUIwC4qPpttqvSBmzfkR34rhris=': {"time":1712962648,"remote":376872128}
04-12 18:57:28.551 8886 9038 I CouchbaseLite/REPLICATOR: {Repl#21103} {Coll#-1} activityLevel=busy: connectionState=2, savingChkpt=1
04-12 18:57:28.551 8886 9032 V CouchbaseLite/REPLICATOR: {Repl#21103} {Coll#0} Saving remote checkpoint 'cp-EUIwC4qPpttqvSBmzfkR34rhris=' over rev='0-44': {"time":1712962648,"remote":376872135} ...
04-12 18:57:28.551 8886 9032 I CouchbaseLite/NETWORK: SENDING: REQ #0 {
04-12 18:57:28.551 8886 9032 I CouchbaseLite/NETWORK: Profile: setCheckpoint
04-12 18:57:28.551 8886 9032 I CouchbaseLite/NETWORK: client: cp-EUIwC4qPpttqvSBmzfkR34rhris=
04-12 18:57:28.551 8886 9032 I CouchbaseLite/NETWORK: rev: 0-44
04-12 18:57:28.551 8886 9032 I CouchbaseLite/NETWORK: BODY: {"time":1712962648,"remote":376872135} }
04-12 18:57:28.552 8886 9032 I CouchbaseLite/REPLICATOR: {Repl#21103} {Coll#-1} activityLevel=busy: connectionState=2, savingChkpt=1
04-12 18:57:28.553 8886 9035 V CouchbaseLite/NETWORK: {N8litecore4blip6BLIPIOE#21382} Sending 'setCheckpoint' REQ #0
04-12 18:57:28.558 8886 9035 V CouchbaseLite/NETWORK: {N8litecore4blip6BLIPIOE#21382} Requeuing REQ #0...
04-12 18:57:28.560 8886 9035 V CouchbaseLite/NETWORK: {N8litecore4blip6BLIPIOE#21382} Starting writeToWebSocket loop...
04-12 18:57:28.564 8886 9035 V CouchbaseLite/NETWORK: {N8litecore4blip6BLIPIOE#21382} Sending frame: REQ #4 ----, bytes 0--112
04-12 18:57:28.573 8886 9031 I CouchbaseLite/REPLICATOR: {Repl#21103} {Coll#-1} activityLevel=busy: connectionState=2, savingChkpt=1
04-12 18:57:28.618 8886 9035 V CouchbaseLite/NETWORK: {N8litecore4repl12C4SocketImplE#21302} Sending 115-byte message
04-12 18:57:28.620 8886 9035 D CouchbaseLite/NETWORK: [JAVA] ^C4Socket.write@b4000077c9852980(115)
04-12 18:57:28.621 8886 9046 D CouchbaseLite/NETWORK: [JAVA] CBLWebSocket@@0xae4d852{vC4Socket@xb4000077c9852980 <=> OkHttpSocket@0xa9644dd(wss://stage.realtime-sync-gw.wdprapps.disney.com:443/park-platform-pub/_blipsync)}.coreWrites(115)
04-12 18:57:28.622 8886 9046 D CouchbaseLite/NETWORK: [JAVA] OkHttpSocket@0xa9644dd.write(115)
04-12 18:57:28.622 8886 9035 V CouchbaseLite/NETWORK: {N8litecore4blip6BLIPIOE#21382} Finished sending REQ #4
04-12 18:57:28.631 8886 9046 D CouchbaseLite/NETWORK: [JAVA] vC4Socket@xb4000077c9852980.ackWriteToCore(115)
04-12 18:57:28.636 8886 9035 V CouchbaseLite/NETWORK: {N8litecore4blip6BLIPIOE#21382} ...Wrote 115 bytes to WebSocket (writeable=1)
04-12 18:57:28.747 8886 10541 D CouchbaseLite/NETWORK: [JAVA] OkHttpSocket@0xa9644dd.onBytes(16)
04-12 18:57:28.748 8886 10541 D CouchbaseLite/NETWORK: [JAVA] CBLWebSocket@@0xae4d852{vC4Socket@xb4000077c9852980 <=> OkHttpSocket@0xa9644dd(wss://stage.realtime-sync-gw.wdprapps.disney.com:443/park-platform-pub/_blipsync)}.remoteWrites: 16
04-12 18:57:28.750 8886 10541 D CouchbaseLite/NETWORK: [JAVA] vC4Socket@xb4000077c9852980.sendToCore(16)
04-12 18:57:28.750 8886 10541 V CouchbaseLite/NETWORK: {N8litecore4repl12C4SocketImplE#21302} Received 16-byte message
04-12 18:57:28.751 8886 9034 V CouchbaseLite/NETWORK: {N8litecore4blip6BLIPIOE#21382} Received frame: RES #4 ----, length 14
04-12 18:57:28.757 8886 9034 V CouchbaseLite/NETWORK: {N8litecore4blip6BLIPIOE#21382} RES #4 has reached the end of its frames
04-12 18:57:28.760 8886 9034 V CouchbaseLite/NETWORK: {N8litecore4blip10ConnectionE#21102} Receiving RES #4
04-12 18:57:28.761 8886 9034 V CouchbaseLite/NETWORK: {N8litecore4blip10ConnectionE#21102} Finished receiving RES #4
04-12 18:57:28.768 8886 9034 I CouchbaseLite/NETWORK: RECEIVED: RES #4 {
04-12 18:57:28.768 8886 9034 I CouchbaseLite/NETWORK: rev: 0-45 }
04-12 18:57:28.770 8886 9036 I CouchbaseLite/REPLICATOR: {Repl#21103} {Coll#0} Saved remote checkpoint 'cp-EUIwC4qPpttqvSBmzfkR34rhris=' as rev='0-45'
04-12 18:57:28.770 8886 9034 D CouchbaseLite/NETWORK: [JAVA] ^C4Socket.completedReceive@b4000077c9852980(16)
04-12 18:57:28.776 8886 9039 D CouchbaseLite/NETWORK: [JAVA] CBLWebSocket@@0xae4d852{vC4Socket@xb4000077c9852980 <=> OkHttpSocket@0xa9644dd(wss://stage.realtime-sync-gw.wdprapps.disney.com:443/park-platform-pub/_blipsync)}.coreAckReceive: 16
04-12 18:57:28.782 8886 9036 I CouchbaseLite/REPLICATOR: {Repl#21103} {Coll#0} Saved local checkpoint 'cp-EUIwC4qPpttqvSBmzfkR34rhris=': {"time":1712962648,"remote":376872135}
04-12 18:57:28.784 8886 9036 I CouchbaseLite/REPLICATOR: {Repl#21103} {Coll#-1} activityLevel=idle: connectionState=2, savingChkpt=0
04-12 18:57:28.786 8886 9036 I CouchbaseLite/REPLICATOR: {Repl#21103} {Coll#-1} now idle
04-12 18:57:28.787 8886 9036 I CouchbaseLite/REPLICATOR: {C4Replicator#21104} State: idle, progress=0.00%
04-12 18:57:28.799 8886 9036 D CouchbaseLite/REPLICATOR: [JAVA] C4Replicator.statusChangedCallback(0x7953bae) C4CommonRepl{@0xed30b20/@xb4000077b979fb90, @0xb116a23, SocketFactory{@URLEndpoint{url=wss://stage.realtime-sync-gw.wdprapps.disney.com/park-platform-pub/}}'}: C4ReplicatorStatus{level=3,completed=0,total=0,#docs=0,domain=0,code=0,info=0}
04-12 18:57:28.800 8886 9049 I CouchbaseLite/REPLICATOR: [JAVA] status changed: (0, 0) @C4ReplicatorStatus{level=3,completed=0,total=0,#docs=0,domain=0,code=0,info=0} for Replicator{@0xb116a23(<*),Database{@@0x5c116b6: 'finder.73600.en_us-stage'} => URLEndpoint{url=wss://stage.realtime-sync-gw.wdprapps.disney.com/park-platform-pub/}}$C4CommonRepl{@0xed30b20/@xb4000077b979fb90, @0xb116a23, SocketFactory{@URLEndpoint{url=wss://stage.realtime-sync-gw.wdprapps.disney.com/park-platform-pub/}}'}
04-12 18:57:28.801 8886 9049 D CouchbaseLite/NETWORK: [JAVA] Offline state change for com.couchbase.lite.internal.replicator.AndroidConnectivityObserver@987e5e4: BUSY -> true
04-12 18:57:28.802 8886 9049 I CouchbaseLite/REPLICATOR: [JAVA] State changed BUSY => IDLE(0/0): null for Replicator{@0xb116a23(<*),Database{@@0x5c116b6: 'finder.73600.en_us-stage'} => URLEndpoint{url=wss://stage.realtime-sync-gw.wdprapps.disney.com/park-platform-pub/}}$C4CommonRepl{@0xed30b20/@xb4000077b979fb90, @0xb116a23, SocketFactory{@URLEndpoint{url=wss://stage.realtime-sync-gw.wdprapps.disney.com/park-platform-pub/}}'}
04-12 18:57:30.058 8886 8886 I CouchbaseLite/REPLICATOR: [JAVA] Replicator{@0xb116a23(<*),Database{@@0x5c116b6: 'finder.73600.en_us-stage'} => URLEndpoint{url=wss://stage.realtime-sync-gw.wdprapps.disney.com/park-platform-pub/}}$C4CommonRepl{@0xed30b20/@xb4000077b979fb90, @0xb116a23, SocketFactory{@URLEndpoint{url=wss://stage.realtime-sync-gw.wdprapps.disney.com/park-platform-pub/}}'}: Replicator is stopping (C4CommonRepl{@0xed30b20/@xb4000077b979fb90, @0xb116a23, SocketFactory{@URLEndpoint{url=wss://stage.realtime-sync-gw.wdprapps.disney.com/park-platform-pub/}}'})
04-12 18:57:30.060 8886 9032 I CouchbaseLite/REPLICATOR: {Repl#21103} {Coll#-1} Told to stop!
04-12 18:57:30.060 8886 9032 I CouchbaseLite/NETWORK: {N8litecore4blip10ConnectionE#21102} Closing with code 1000, msg ''
04-12 18:57:30.061 8886 9038 I CouchbaseLite/NETWORK: {N8litecore4repl12C4SocketImplE#21302} Requesting close with status=1000, message=''
04-12 18:57:30.064 8886 9038 D CouchbaseLite/NETWORK: [JAVA] ^C4Socket.requestClose@b4000077c9852980(1000): 'null'
04-12 18:57:30.066 8886 9030 D CouchbaseLite/NETWORK: [JAVA] CBLWebSocket@@0xae4d852{vC4Socket@xb4000077c9852980 <=> OkHttpSocket@0xa9644dd(wss://stage.realtime-sync-gw.wdprapps.disney.com:443/park-platform-pub/_blipsync)}.coreRequestsClose: CloseStatus{6:1000, null}
04-12 18:57:30.066 8886 9030 D CouchbaseLite/NETWORK: [JAVA] OkHttpSocket@0xa9644dd.close: CloseStatus{6:1000, null}
04-12 18:57:30.073 8886 9032 I CouchbaseLite/REPLICATOR: {Repl#21103} {Coll#-1} activityLevel=busy: connectionState=3, savingChkpt=0
04-12 18:57:30.074 8886 9032 I CouchbaseLite/REPLICATOR: {Repl#21103} {Coll#-1} now busy
04-12 18:57:30.095 8886 9032 I CouchbaseLite/REPLICATOR: {C4Replicator#21104} State: busy, progress=0.00%
04-12 18:57:30.098 8886 9032 D CouchbaseLite/REPLICATOR: [JAVA] C4Replicator.statusChangedCallback(0x7953bae) C4CommonRepl{@0xed30b20/@xb4000077b979fb90, @0xb116a23, SocketFactory{@URLEndpoint{url=wss://stage.realtime-sync-gw.wdprapps.disney.com/park-platform-pub/}}'}: C4ReplicatorStatus{level=4,completed=0,total=0,#docs=0,domain=0,code=0,info=0}
04-12 18:57:30.100 8886 9050 I CouchbaseLite/REPLICATOR: [JAVA] status changed: (0, 0) @C4ReplicatorStatus{level=4,completed=0,total=0,#docs=0,domain=0,code=0,info=0} for Replicator{@0xb116a23(<*),Database{@@0x5c116b6: 'finder.73600.en_us-stage'} => URLEndpoint{url=wss://stage.realtime-sync-gw.wdprapps.disney.com/park-platform-pub/}}$C4CommonRepl{@0xed30b20/@xb4000077b979fb90, @0xb116a23, SocketFactory{@URLEndpoint{url=wss://stage.realtime-sync-gw.wdprapps.disney.com/park-platform-pub/}}'}
04-12 18:57:30.101 8886 9050 D CouchbaseLite/NETWORK: [JAVA] Offline state change for com.couchbase.lite.internal.replicator.AndroidConnectivityObserver@987e5e4: IDLE -> true
04-12 18:57:30.102 8886 9050 I CouchbaseLite/REPLICATOR: [JAVA] State changed IDLE => BUSY(0/0): null for Replicator{@0xb116a23(<*),Database{@@0x5c116b6: 'finder.73600.en_us-stage'} => URLEndpoint{url=wss://stage.realtime-sync-gw.wdprapps.disney.com/park-platform-pub/}}$C4CommonRepl{@0xed30b20/@xb4000077b979fb90, @0xb116a23, SocketFactory{@URLEndpoint{url=wss://stage.realtime-sync-gw.wdprapps.disney.com/park-platform-pub/}}'}
04-12 18:57:30.109 8886 8886 I CouchbaseLite/REPLICATOR: [JAVA] Replicator{@0x1412213(<*),Database{@@0x2e0afa2: 'finder-semi-private.73600.en_us'} => URLEndpoint{url=wss://stage.realtime-sync-gw.wdprapps.disney.com/park-platform-semipriv}}$C4CommonRepl{@0xecf7c50/@xb4000077b97b9c10, @0x1412213, SocketFactory{@URLEndpoint{url=wss://stage.realtime-sync-gw.wdprapps.disney.com/park-platform-semipriv}}'}: Replicator is stopping (C4CommonRepl{@0xecf7c50/@xb4000077b97b9c10, @0x1412213, SocketFactory{@URLEndpoint{url=wss://stage.realtime-sync-gw.wdprapps.disney.com/park-platform-semipriv}}'})
04-12 18:57:30.111 8886 9031 I CouchbaseLite/REPLICATOR: {Repl#21108} {Coll#-1} Told to stop!
04-12 18:57:30.112 8886 9031 I CouchbaseLite/NETWORK: {N8litecore4blip10ConnectionE#21107} Closing with code 1000, msg ''
04-12 18:57:30.115 8886 9033 I CouchbaseLite/NETWORK: {N8litecore4repl12C4SocketImplE#21309} Requesting close with status=1000, message=''
04-12 18:57:30.116 8886 9033 D CouchbaseLite/NETWORK: [JAVA] ^C4Socket.requestClose@b4000077c98d3ce0(1000): 'null'
04-12 18:57:30.118 8886 9047 D CouchbaseLite/NETWORK: [JAVA] CBLWebSocket@@0x221ff26{vC4Socket@xb4000077c98d3ce0 <=> OkHttpSocket@0xf8f3281(wss://stage.realtime-sync-gw.wdprapps.disney.com:443/park-platform-semipriv/_blipsync)}.coreRequestsClose: CloseStatus{6:1000, null}
04-12 18:57:30.119 8886 9047 D CouchbaseLite/NETWORK: [JAVA] OkHttpSocket@0xf8f3281.close: CloseStatus{6:1000, null}
04-12 18:57:30.126 8886 9031 I CouchbaseLite/REPLICATOR: {Repl#21108} {Coll#-1} activityLevel=busy: connectionState=3, savingChkpt=0
04-12 18:57:30.127 8886 9031 I CouchbaseLite/REPLICATOR: {Repl#21108} {Coll#-1} now busy
04-12 18:57:30.137 8886 9031 I CouchbaseLite/REPLICATOR: {C4Replicator#21109} State: busy, progress=0.00%
04-12 18:57:30.140 8886 9031 D CouchbaseLite/REPLICATOR: [JAVA] C4Replicator.statusChangedCallback(0x68ae90cd) C4CommonRepl{@0xecf7c50/@xb4000077b97b9c10, @0x1412213, SocketFactory{@URLEndpoint{url=wss://stage.realtime-sync-gw.wdprapps.disney.com/park-platform-semipriv}}'}: C4ReplicatorStatus{level=4,completed=0,total=0,#docs=0,domain=0,code=0,info=0}
04-12 18:57:30.141 8886 9048 I CouchbaseLite/REPLICATOR: [JAVA] status changed: (0, 0) @C4ReplicatorStatus{level=4,completed=0,total=0,#docs=0,domain=0,code=0,info=0} for Replicator{@0x1412213(<*),Database{@@0x2e0afa2: 'finder-semi-private.73600.en_us'} => URLEndpoint{url=wss://stage.realtime-sync-gw.wdprapps.disney.com/park-platform-semipriv}}$C4CommonRepl{@0xecf7c50/@xb4000077b97b9c10, @0x1412213, SocketFactory{@URLEndpoint{url=wss://stage.realtime-sync-gw.wdprapps.disney.com/park-platform-semipriv}}'}
04-12 18:57:30.141 8886 8886 I CouchbaseLite/REPLICATOR: [JAVA] Replicator{@0x211cc6f(<*>),Database{@@0x97fb813: 'finder-private.73600.en_us'} => URLEndpoint{url=wss://stage.realtime-sync-gw.wdprapps.disney.com/park-platform-priv}}$C4CommonRepl{@0xe61b605/@xb4000077b97d02d0, @0x211cc6f, SocketFactory{@URLEndpoint{url=wss://stage.realtime-sync-gw.wdprapps.disney.com/park-platform-priv}}'}: Replicator is stopping (C4CommonRepl{@0xe61b605/@xb4000077b97d02d0, @0x211cc6f, SocketFactory{@URLEndpoint{url=wss://stage.realtime-sync-gw.wdprapps.disney.com/park-platform-priv}}'})
04-12 18:57:30.141 8886 9037 I CouchbaseLite/REPLICATOR: {Repl#21113} {Coll#-1} Told to stop!
04-12 18:57:30.142 8886 9037 I CouchbaseLite/NETWORK: {N8litecore4blip10ConnectionE#21112} Closing with code 1000, msg ''
04-12 18:57:30.142 8886 9037 I CouchbaseLite/REPLICATOR: {Repl#21113} {Coll#-1} activityLevel=busy: connectionState=3, savingChkpt=0
04-12 18:57:30.142 8886 9037 I CouchbaseLite/REPLICATOR: {Repl#21113} {Coll#-1} now busy
04-12 18:57:30.142 8886 9037 I CouchbaseLite/REPLICATOR: {C4Replicator#21114} State: busy, progress=0.00%
04-12 18:57:30.143 8886 9037 D CouchbaseLite/REPLICATOR: [JAVA] C4Replicator.statusChangedCallback(0x6dca7ff1) C4CommonRepl{@0xe61b605/@xb4000077b97d02d0, @0x211cc6f, SocketFactory{@URLEndpoint{url=wss://stage.realtime-sync-gw.wdprapps.disney.com/park-platform-priv}}'}: C4ReplicatorStatus{level=4,completed=0,total=0,#docs=0,domain=0,code=0,info=0}
04-12 18:57:30.143 8886 9035 I CouchbaseLite/NETWORK: {N8litecore4repl12C4SocketImplE#21308} Requesting close with status=1000, message=''
04-12 18:57:30.144 8886 9046 I CouchbaseLite/REPLICATOR: [JAVA] status changed: (0, 0) @C4ReplicatorStatus{level=4,completed=0,total=0,#docs=0,domain=0,code=0,info=0} for Replicator{@0x211cc6f(<*>),Database{@@0x97fb813: 'finder-private.73600.en_us'} => URLEndpoint{url=wss://stage.realtime-sync-gw.wdprapps.disney.com/park-platform-priv}}$C4CommonRepl{@0xe61b605/@xb4000077b97d02d0, @0x211cc6f, SocketFactory{@URLEndpoint{url=wss://stage.realtime-sync-gw.wdprapps.disney.com/park-platform-priv}}'}
04-12 18:57:30.144 8886 9046 D CouchbaseLite/NETWORK: [JAVA] Offline state change for com.couchbase.lite.internal.replicator.AndroidConnectivityObserver@4368568: IDLE -> true
04-12 18:57:30.146 8886 9046 I CouchbaseLite/REPLICATOR: [JAVA] State changed IDLE => BUSY(0/0): null for Replicator{@0x211cc6f(<*>),Database{@@0x97fb813: 'finder-private.73600.en_us'} => URLEndpoint{url=wss://stage.realtime-sync-gw.wdprapps.disney.com/park-platform-priv}}$C4CommonRepl{@0xe61b605/@xb4000077b97d02d0, @0x211cc6f, SocketFactory{@URLEndpoint{url=wss://stage.realtime-sync-gw.wdprapps.disney.com/park-platform-priv}}'}
04-12 18:57:30.147 8886 9048 D CouchbaseLite/NETWORK: [JAVA] Offline state change for com.couchbase.lite.internal.replicator.AndroidConnectivityObserver@ab80d7c: IDLE -> true
04-12 18:57:30.147 8886 9048 I CouchbaseLite/REPLICATOR: [JAVA] State changed IDLE => BUSY(0/0): null for Replicator{@0x1412213(<*),Database{@@0x2e0afa2: 'finder-semi-private.73600.en_us'} => URLEndpoint{url=wss://stage.realtime-sync-gw.wdprapps.disney.com/park-platform-semipriv}}$C4CommonRepl{@0xecf7c50/@xb4000077b97b9c10, @0x1412213, SocketFactory{@URLEndpoint{url=wss://stage.realtime-sync-gw.wdprapps.disney.com/park-platform-semipriv}}'}
04-12 18:57:30.153 8886 9035 D CouchbaseLite/NETWORK: [JAVA] ^C4Socket.requestClose@b4000077c980ecf0(1000): 'null'
04-12 18:57:30.154 8886 9039 D CouchbaseLite/NETWORK: [JAVA] CBLWebSocket@@0x15eb05{vC4Socket@xb4000077c980ecf0 <=> OkHttpSocket@0x77f67c(wss://stage.realtime-sync-gw.wdprapps.disney.com:443/park-platform-priv/_blipsync)}.coreRequestsClose: CloseStatus{6:1000, null}
04-12 18:57:30.154 8886 9039 D CouchbaseLite/NETWORK: [JAVA] OkHttpSocket@0x77f67c.close: CloseStatus{6:1000, null}
04-12 18:57:30.202 8886 10541 D CouchbaseLite/NETWORK: [JAVA] OkHttpSocket@0xa9644dd.onClosing(1000): ''
04-12 18:57:30.202 8886 10541 D CouchbaseLite/NETWORK: [JAVA] CBLWebSocket@@0xae4d852{vC4Socket@xb4000077c9852980 <=> OkHttpSocket@0xa9644dd(wss://stage.realtime-sync-gw.wdprapps.disney.com:443/park-platform-pub/_blipsync)}.remoteRequestsClose: CloseStatus{0:1000, }
04-12 18:57:30.202 8886 10541 D CouchbaseLite/NETWORK: [JAVA] StateMachine@0xec54723: transition OPEN => CLOSING
04-12 18:57:30.203 8886 10541 D CouchbaseLite/NETWORK: [JAVA] vC4Socket@xb4000077c9852980.requestCoreClose(1000): ''
04-12 18:57:30.217 8886 10541 V CouchbaseLite/NETWORK: {N8litecore4repl12C4SocketImplE#21302} Calling requestClose when the socket is pending close
04-12 18:57:30.218 8886 10541 D CouchbaseLite/NETWORK: [JAVA] OkHttpSocket@0xa9644dd.onClosed(1000): ''
04-12 18:57:30.218 8886 10541 D CouchbaseLite/NETWORK: [JAVA] CBLWebSocket@@0xae4d852{vC4Socket@xb4000077c9852980 <=> OkHttpSocket@0xa9644dd(wss://stage.realtime-sync-gw.wdprapps.disney.com:443/park-platform-pub/_blipsync)}.remoteClosed: CloseStatus{6:1000, }
