04-12 18:55:07.471 8886 8886 I CouchbaseLite/REPLICATOR: [JAVA] Replicator is starting
04-12 18:55:07.472 8886 8886 D CouchbaseLite/REPLICATOR: [JAVA] Replication options: {headers={User-Agent=CouchbaseLite/3.1.6-vf002-50983 (Java; Android 13; Pixel 7 Pro) EE/debug, Commit/cddb9521ab@e80006cb3780 Core/3.1.6 (50971)}, maxRetryInterval=300, maxRetries=9, acceptParentDomainCookies=false, auth={password=r7JQaAsQhxT682iv, type=Basic, username=DPECP-MOBILE.WDW.ANDROID-STAGE}, heartbeat=300, onlySelfSignedServer=false, autoPurge=true}
04-12 18:55:07.472 8886 8886 D CouchbaseLite/REPLICATOR: [JAVA] Setting c4 replicator @0xc58f0f0 for replicator @0xe2b0533
04-12 18:55:07.474 8886 8886 I CouchbaseLite/NETWORK: {N8litecore4blip10ConnectionE#3517}==> N8litecore4blip10ConnectionE ->wss://stage.realtime-sync-gw.wdprapps.disney.com/park-platform-pub/_blipsync @0xb400007759812840
04-12 18:55:07.474 8886 8886 I CouchbaseLite/NETWORK: {N8litecore4blip10ConnectionE#3517} Opening connection...
04-12 18:55:07.474 8886 8886 I CouchbaseLite/REPLICATOR: {Repl#3518}==> N8litecore4repl10ReplicatorE /data/data/com.disney.wdw.android.debug/files/finder.73600.en_us-stage.cblite2/ ->wss://stage.realtime-sync-gw.wdprapps.disney.com/park-platform-pub/_blipsync @0xb4000077e99c1ca0
04-12 18:55:07.474 8886 8886 I CouchbaseLite/REPLICATOR: {Repl#3518} {Coll#-1} {{Coll#0} "_default": {"Push": disabled, "Pull": continuous}}
04-12 18:55:07.474 8886 8886 I CouchbaseLite/REPLICATOR: Options={acceptParentDomainCookies:false, auth:{password:"********", type:"Basic", username:"DPECP-MOBILE.WDW.ANDROID-STAGE"}, autoPurge:true, headers:{User-Agent:"CouchbaseLite/3.1.6-vf002-50983 (Java; Android 13; Pixel 7 Pro) EE/debug, Commit/cddb9521ab@e80006cb3780 Core/3.1.6 (50971)"}, heartbeat:300, maxRetries:9, maxRetryInterval:300, onlySelfSignedServer:false}
04-12 18:55:07.475 8886 8886 V CouchbaseLite/REPLICATOR: {Repl#3518} {Coll#-1} Remote-DB ID 1 found for target
04-12 18:55:07.475 8886 8886 I CouchbaseLite/REPLICATOR: {C4Replicator#3519}==> N8litecore18C4RemoteReplicatorE 0xb4000077b979f2e0 @0xb4000077b979f2e0
04-12 18:55:07.475 8886 8886 V CouchbaseLite/REPLICATOR: {C4Replicator#3519} C4RemoteRepl 0xb4000077b979f2e0 created Repl 0xb4000077e99c1ca0
04-12 18:55:07.475 8886 8886 I CouchbaseLite/REPLICATOR: {C4Replicator#3519} Starting Replicator {Repl#3518} with config: {{{Coll#0} "_default": {"Push": disabled, "Pull": continuous}}
04-12 18:55:07.475 8886 8886 I CouchbaseLite/REPLICATOR: Options={acceptParentDomainCookies:false, auth:{password:"********", type:"Basic", username:"DPECP-MOBILE.WDW.ANDROID-STAGE"}, autoPurge:true, headers:{User-Agent:"CouchbaseLite/3.1.6-vf002-50983 (Java; Android 13; Pixel 7 Pro) EE/debug, Commit/cddb9521ab@e80006cb3780 Core/3.1.6 (50971)"}, heartbeat:300, maxRetries:9, maxRetryInterval:300, onlySelfSignedServer:false}}
04-12 18:55:07.475 8886 8886 I CouchbaseLite/REPLICATOR: [JAVA] State changed STOPPED => CONNECTING(0/0): null for Replicator{@0xe2b0533(<*),Database{@@0x5c116b6: 'finder.73600.en_us-stage'} => URLEndpoint{url=wss://stage.realtime-sync-gw.wdprapps.disney.com/park-platform-pub/}}$C4CommonRepl{@0xc58f0f0/@xb4000077b979f2d0, @0xe2b0533, SocketFactory{@URLEndpoint{url=wss://stage.realtime-sync-gw.wdprapps.disney.com/park-platform-pub/}}'}
04-12 18:55:07.476 8886 8886 I CouchbaseLite/REPLICATOR: [JAVA] Replicator is starting
04-12 18:55:07.476 8886 8886 D CouchbaseLite/REPLICATOR: [JAVA] Replication options: {headers={User-Agent=CouchbaseLite/3.1.6-vf002-50983 (Java; Android 13; Pixel 7 Pro) EE/debug, Commit/cddb9521ab@e80006cb3780 Core/3.1.6 (50971)}, maxRetryInterval=300, maxRetries=9, acceptParentDomainCookies=false, auth={password=K8ynstages73eHBgT612, type=Basic, username=MOBILE.WDW.ANDROID-SPRIV-STAGE}, heartbeat=300, onlySelfSignedServer=false, autoPurge=true}
04-12 18:55:07.476 8886 8886 D CouchbaseLite/REPLICATOR: [JAVA] Setting c4 replicator @0x806c18f for replicator @0xd2748ee
04-12 18:55:07.477 8886 9034 I CouchbaseLite/NETWORK: {N8litecore4repl12C4SocketImplE#3521}==> N8litecore4repl12C4SocketImplE wss://stage.realtime-sync-gw.wdprapps.disney.com/park-platform-pub/_blipsync @0xb4000077c986b398
04-12 18:55:07.478 8886 9034 I CouchbaseLite/NETWORK: {N8litecore4repl12C4SocketImplE#3521} Connecting...
04-12 18:55:07.478 8886 9046 I CouchbaseLite/REPLICATOR: [JAVA] status changed: (0, 0) @C4ReplicatorStatus{level=2,completed=0,total=0,#docs=0,domain=0,code=0,info=0} for Replicator{@0xe2b0533(<*),Database{@@0x5c116b6: 'finder.73600.en_us-stage'} => URLEndpoint{url=wss://stage.realtime-sync-gw.wdprapps.disney.com/park-platform-pub/}}$C4CommonRepl{@0xc58f0f0/@xb4000077b979f2d0, @0xe2b0533, SocketFactory{@URLEndpoint{url=wss://stage.realtime-sync-gw.wdprapps.disney.com/park-platform-pub/}}'}
04-12 18:55:07.478 8886 9046 D CouchbaseLite/NETWORK: [JAVA] Offline state change for com.couchbase.lite.internal.replicator.AndroidConnectivityObserver@d742c1c: CONNECTING -> true
04-12 18:55:07.478 8886 9034 D CouchbaseLite/NETWORK: [JAVA] ^C4Socket.open@b4000077c986b4f0: null@71c8ca39
04-12 18:55:07.479 8886 9046 I CouchbaseLite/REPLICATOR: [JAVA] State changed CONNECTING => CONNECTING(0/0): null for Replicator{@0xe2b0533(<*),Database{@@0x5c116b6: 'finder.73600.en_us-stage'} => URLEndpoint{url=wss://stage.realtime-sync-gw.wdprapps.disney.com/park-platform-pub/}}$C4CommonRepl{@0xc58f0f0/@xb4000077b979f2d0, @0xe2b0533, SocketFactory{@URLEndpoint{url=wss://stage.realtime-sync-gw.wdprapps.disney.com/park-platform-pub/}}'}
04-12 18:55:07.482 8886 9034 D CouchbaseLite/NETWORK: [JAVA] OkHttpSocket@0xcc305fa.init: CBLWebSocket@@0x437e7ab{vC4Socket@xb4000077c986b4f0 <=> OkHttpSocket@0xcc305fa(wss://stage.realtime-sync-gw.wdprapps.disney.com:443/park-platform-pub/_blipsync)}
04-12 18:55:07.482 8886 9034 D CouchbaseLite/NETWORK: [JAVA] vC4Socket@xb4000077c986b4f0.init: CBLWebSocket@@0x437e7ab{vC4Socket@xb4000077c986b4f0 <=> OkHttpSocket@0xcc305fa(wss://stage.realtime-sync-gw.wdprapps.disney.com:443/park-platform-pub/_blipsync)}
04-12 18:55:07.483 8886 8886 I CouchbaseLite/NETWORK: {N8litecore4blip10ConnectionE#3523}==> N8litecore4blip10ConnectionE ->wss://stage.realtime-sync-gw.wdprapps.disney.com/park-platform-semipriv/_blipsync @0xb400007759872fc0
04-12 18:55:07.483 8886 8886 I CouchbaseLite/NETWORK: {N8litecore4blip10ConnectionE#3523} Opening connection...
04-12 18:55:07.483 8886 8886 I CouchbaseLite/REPLICATOR: {Repl#3524}==> N8litecore4repl10ReplicatorE /data/data/com.disney.wdw.android.debug/files/finder-semi-private.73600.en_us.cblite2/ ->wss://stage.realtime-sync-gw.wdprapps.disney.com/park-platform-semipriv/_blipsync @0xb4000077e99701f0
04-12 18:55:07.483 8886 8886 I CouchbaseLite/REPLICATOR: {Repl#3524} {Coll#-1} {{Coll#0} "_default": {"Push": disabled, "Pull": continuous}}
04-12 18:55:07.483 8886 8886 I CouchbaseLite/REPLICATOR: Options={acceptParentDomainCookies:false, auth:{password:"********", type:"Basic", username:"MOBILE.WDW.ANDROID-SPRIV-STAGE"}, autoPurge:true, headers:{User-Agent:"CouchbaseLite/3.1.6-vf002-50983 (Java; Android 13; Pixel 7 Pro) EE/debug, Commit/cddb9521ab@e80006cb3780 Core/3.1.6 (50971)"}, heartbeat:300, maxRetries:9, maxRetryInterval:300, onlySelfSignedServer:false}
04-12 18:55:07.484 8886 8886 V CouchbaseLite/REPLICATOR: {Repl#3524} {Coll#-1} Remote-DB ID 1 found for target
04-12 18:55:07.484 8886 8886 I CouchbaseLite/REPLICATOR: {C4Replicator#3525}==> N8litecore18C4RemoteReplicatorE 0xb4000077b977bbe0 @0xb4000077b977bbe0
04-12 18:55:07.484 8886 8886 V CouchbaseLite/REPLICATOR: {C4Replicator#3525} C4RemoteRepl 0xb4000077b977bbe0 created Repl 0xb4000077e99701f0
04-12 18:55:07.484 8886 8886 I CouchbaseLite/REPLICATOR: {C4Replicator#3525} Starting Replicator {Repl#3524} with config: {{{Coll#0} "_default": {"Push": disabled, "Pull": continuous}}
04-12 18:55:07.484 8886 8886 I CouchbaseLite/REPLICATOR: Options={acceptParentDomainCookies:false, auth:{password:"********", type:"Basic", username:"MOBILE.WDW.ANDROID-SPRIV-STAGE"}, autoPurge:true, headers:{User-Agent:"CouchbaseLite/3.1.6-vf002-50983 (Java; Android 13; Pixel 7 Pro) EE/debug, Commit/cddb9521ab@e80006cb3780 Core/3.1.6 (50971)"}, heartbeat:300, maxRetries:9, maxRetryInterval:300, onlySelfSignedServer:false}}
04-12 18:55:07.484 8886 9049 D CouchbaseLite/NETWORK: [JAVA] CBLWebSocket@@0x437e7ab{vC4Socket@xb4000077c986b4f0 <=> OkHttpSocket@0xcc305fa(wss://stage.realtime-sync-gw.wdprapps.disney.com:443/park-platform-pub/_blipsync)}.coreRequestedOpen
04-12 18:55:07.484 8886 8886 I CouchbaseLite/REPLICATOR: [JAVA] State changed STOPPED => CONNECTING(0/0): null for Replicator{@0xd2748ee(<*),Database{@@0x2e0afa2: 'finder-semi-private.73600.en_us'} => URLEndpoint{url=wss://stage.realtime-sync-gw.wdprapps.disney.com/park-platform-semipriv}}$C4CommonRepl{@0x806c18f/@xb4000077b977bbd0, @0xd2748ee, SocketFactory{@URLEndpoint{url=wss://stage.realtime-sync-gw.wdprapps.disney.com/park-platform-semipriv}}'}
04-12 18:55:07.485 8886 8886 I CouchbaseLite/REPLICATOR: [JAVA] Replicator is starting
04-12 18:55:07.485 8886 8886 D CouchbaseLite/REPLICATOR: [JAVA] Replication options: {headers={User-Agent=CouchbaseLite/3.1.6-vf002-50983 (Java; Android 13; Pixel 7 Pro) EE/debug, Commit/cddb9521ab@e80006cb3780 Core/3.1.6 (50971)}, maxRetryInterval=300, maxRetries=9, acceptParentDomainCookies=false, heartbeat=300, onlySelfSignedServer=false, cookies=SyncGatewaySession=caac7ee0f4b92d40fdd90fc04b4d1ce8fa347518, autoPurge=true}
04-12 18:55:07.486 8886 9039 I CouchbaseLite/REPLICATOR: [JAVA] status changed: (0, 0) @C4ReplicatorStatus{level=2,completed=0,total=0,#docs=0,domain=0,code=0,info=0} for Replicator{@0xd2748ee(<*),Database{@@0x2e0afa2: 'finder-semi-private.73600.en_us'} => URLEndpoint{url=wss://stage.realtime-sync-gw.wdprapps.disney.com/park-platform-semipriv}}$C4CommonRepl{@0x806c18f/@xb4000077b977bbd0, @0xd2748ee, SocketFactory{@URLEndpoint{url=wss://stage.realtime-sync-gw.wdprapps.disney.com/park-platform-semipriv}}'}
04-12 18:55:07.486 8886 8886 D CouchbaseLite/REPLICATOR: [JAVA] Setting c4 replicator @0x20b5387 for replicator @0xf2b87c6
04-12 18:55:07.486 8886 9031 I CouchbaseLite/NETWORK: {N8litecore4repl12C4SocketImplE#3526}==> N8litecore4repl12C4SocketImplE wss://stage.realtime-sync-gw.wdprapps.disney.com/park-platform-semipriv/_blipsync @0xb4000077c98bb958
04-12 18:55:07.486 8886 9031 I CouchbaseLite/NETWORK: {N8litecore4repl12C4SocketImplE#3526} Connecting...
04-12 18:55:07.487 8886 9031 D CouchbaseLite/NETWORK: [JAVA] ^C4Socket.open@b4000077c98bbab0: null@15df3a92
04-12 18:55:07.487 8886 9049 D CouchbaseLite/NETWORK: [JAVA] StateMachine@0xda5ee08: transition UNOPENED => OPENING
04-12 18:55:07.487 8886 9031 D CouchbaseLite/NETWORK: [JAVA] OkHttpSocket@0x42e8edd.init: CBLWebSocket@@0x3485a52{vC4Socket@xb4000077c98bbab0 <=> OkHttpSocket@0x42e8edd(wss://stage.realtime-sync-gw.wdprapps.disney.com:443/park-platform-semipriv/_blipsync)}
04-12 18:55:07.487 8886 9049 D CouchbaseLite/NETWORK: [JAVA] OkHttpSocket@0xcc305fa.open: wss://stage.realtime-sync-gw.wdprapps.disney.com:443/park-platform-pub/_blipsync, {headers={User-Agent=CouchbaseLite/3.1.6-vf002-50983 (Java; Android 13; Pixel 7 Pro) EE/debug, Commit/cddb9521ab@e80006cb3780 Core/3.1.6 (50971)}, acceptParentDomainCookies=false, maxRetries=9, maxRetryInterval=300, auth={password=r7JQaAsQhxT682iv, type=Basic, username=DPECP-MOBILE.WDW.ANDROID-STAGE}, heartbeat=300, onlySelfSignedServer=false, WS-Protocols=BLIP_3+CBMobile_3,BLIP_3+CBMobile_2, autoPurge=true}
04-12 18:55:07.488 8886 9031 D CouchbaseLite/NETWORK: [JAVA] vC4Socket@xb4000077c98bbab0.init: CBLWebSocket@@0x3485a52{vC4Socket@xb4000077c98bbab0 <=> OkHttpSocket@0x42e8edd(wss://stage.realtime-sync-gw.wdprapps.disney.com:443/park-platform-semipriv/_blipsync)}
04-12 18:55:07.488 8886 9050 D CouchbaseLite/NETWORK: [JAVA] CBLWebSocket@@0x3485a52{vC4Socket@xb4000077c98bbab0 <=> OkHttpSocket@0x42e8edd(wss://stage.realtime-sync-gw.wdprapps.disney.com:443/park-platform-semipriv/_blipsync)}.coreRequestedOpen
04-12 18:55:07.488 8886 9050 D CouchbaseLite/NETWORK: [JAVA] StateMachine@0xec27620: transition UNOPENED => OPENING
04-12 18:55:07.488 8886 9039 D CouchbaseLite/NETWORK: [JAVA] Offline state change for com.couchbase.lite.internal.replicator.AndroidConnectivityObserver@3afe2b4: CONNECTING -> true
04-12 18:55:07.488 8886 9050 D CouchbaseLite/NETWORK: [JAVA] OkHttpSocket@0x42e8edd.open: wss://stage.realtime-sync-gw.wdprapps.disney.com:443/park-platform-semipriv/_blipsync, {headers={User-Agent=CouchbaseLite/3.1.6-vf002-50983 (Java; Android 13; Pixel 7 Pro) EE/debug, Commit/cddb9521ab@e80006cb3780 Core/3.1.6 (50971)}, acceptParentDomainCookies=false, maxRetries=9, maxRetryInterval=300, auth={password=K8ynstages73eHBgT612, type=Basic, username=MOBILE.WDW.ANDROID-SPRIV-STAGE}, heartbeat=300, onlySelfSignedServer=false, WS-Protocols=BLIP_3+CBMobile_3,BLIP_3+CBMobile_2, autoPurge=true}
04-12 18:55:07.489 8886 9039 I CouchbaseLite/REPLICATOR: [JAVA] State changed CONNECTING => CONNECTING(0/0): null for Replicator{@0xd2748ee(<*),Database{@@0x2e0afa2: 'finder-semi-private.73600.en_us'} => URLEndpoint{url=wss://stage.realtime-sync-gw.wdprapps.disney.com/park-platform-semipriv}}$C4CommonRepl{@0x806c18f/@xb4000077b977bbd0, @0xd2748ee, SocketFactory{@URLEndpoint{url=wss://stage.realtime-sync-gw.wdprapps.disney.com/park-platform-semipriv}}'}
04-12 18:55:07.489 8886 9032 I CouchbaseLite/REPLICATOR: {Repl#3524} {Coll#0} Scanning for pre-existing conflicts...
04-12 18:55:07.490 8886 9032 I CouchbaseLite/REPLICATOR: {Repl#3524} {Coll#0} Found 0 conflicted docs in 0.006 sec
04-12 18:55:07.494 8886 9033 I CouchbaseLite/REPLICATOR: {Repl#3518} {Coll#0} Scanning for pre-existing conflicts...
04-12 18:55:07.500 8886 9032 I CouchbaseLite/REPLICATOR: {Repl#3524} {Coll#0} No local checkpoint 'cp-SHpbnSwgcB4cOJXwvdZ39kOvanE='
04-12 18:55:07.504 8886 9032 I CouchbaseLite/REPLICATOR: {Repl#3524} {Coll#-1} activityLevel=connecting: connectionState=1, savingChkpt=0
04-12 18:55:07.504 8886 8886 I CouchbaseLite/NETWORK: {N8litecore4blip10ConnectionE#3529}==> N8litecore4blip10ConnectionE ->wss://stage.realtime-sync-gw.wdprapps.disney.com/park-platform-priv/_blipsync @0xb4000077597f6880
04-12 18:55:07.505 8886 8886 I CouchbaseLite/NETWORK: {N8litecore4blip10ConnectionE#3529} Opening connection...
04-12 18:55:07.505 8886 8886 I CouchbaseLite/REPLICATOR: {Repl#3530}==> N8litecore4repl10ReplicatorE /data/data/com.disney.wdw.android.debug/files/finder-private.73600.en_us.cblite2/ ->wss://stage.realtime-sync-gw.wdprapps.disney.com/park-platform-priv/_blipsync @0xb4000077e98f75f0
04-12 18:55:07.505 8886 8886 I CouchbaseLite/REPLICATOR: {Repl#3530} {Coll#-1} {{Coll#0} "_default": {"Push": continuous, "Pull": continuous}}
04-12 18:55:07.505 8886 8886 I CouchbaseLite/REPLICATOR: Options={acceptParentDomainCookies:false, autoPurge:true, cookies:"SyncGatewaySession=caac7ee0f4b92d40fdd90fc04b4d1ce8fa347518", headers:{User-Agent:"CouchbaseLite/3.1.6-vf002-50983 (Java; Android 13; Pixel 7 Pro) EE/debug, Commit/cddb9521ab@e80006cb3780 Core/3.1.6 (50971)"}, heartbeat:300, maxRetries:9, maxRetryInterval:300, onlySelfSignedServer:false}
04-12 18:55:07.505 8886 8886 V CouchbaseLite/REPLICATOR: {Repl#3530} {Coll#-1} Remote-DB ID 1 found for target
04-12 18:55:07.505 8886 8886 I CouchbaseLite/REPLICATOR: {C4Replicator#3531}==> N8litecore18C4RemoteReplicatorE 0xb4000077b98361e0 @0xb4000077b98361e0
04-12 18:55:07.505 8886 8886 V CouchbaseLite/REPLICATOR: {C4Replicator#3531} C4RemoteRepl 0xb4000077b98361e0 created Repl 0xb4000077e98f75f0
04-12 18:55:07.505 8886 8886 I CouchbaseLite/REPLICATOR: {C4Replicator#3531} Starting Replicator {Repl#3530} with config: {{{Coll#0} "_default": {"Push": continuous, "Pull": continuous}}
04-12 18:55:07.505 8886 8886 I CouchbaseLite/REPLICATOR: Options={acceptParentDomainCookies:false, autoPurge:true, cookies:"SyncGatewaySession=caac7ee0f4b92d40fdd90fc04b4d1ce8fa347518", headers:{User-Agent:"CouchbaseLite/3.1.6-vf002-50983 (Java; Android 13; Pixel 7 Pro) EE/debug, Commit/cddb9521ab@e80006cb3780 Core/3.1.6 (50971)"}, heartbeat:300, maxRetries:9, maxRetryInterval:300, onlySelfSignedServer:false}}
04-12 18:55:07.505 8886 8886 I CouchbaseLite/REPLICATOR: [JAVA] State changed STOPPED => CONNECTING(0/0): null for Replicator{@0xf2b87c6(<*>),Database{@@0x97fb813: 'finder-private.73600.en_us'} => URLEndpoint{url=wss://stage.realtime-sync-gw.wdprapps.disney.com/park-platform-priv}}$C4CommonRepl{@0x20b5387/@xb4000077b98361d0, @0xf2b87c6, SocketFactory{@URLEndpoint{url=wss://stage.realtime-sync-gw.wdprapps.disney.com/park-platform-priv}}'}
04-12 18:55:07.506 8886 9037 I CouchbaseLite/NETWORK: {N8litecore4repl12C4SocketImplE#3532}==> N8litecore4repl12C4SocketImplE wss://stage.realtime-sync-gw.wdprapps.disney.com/park-platform-priv/_blipsync @0xb4000077c98ab1b8
04-12 18:55:07.506 8886 9037 I CouchbaseLite/NETWORK: {N8litecore4repl12C4SocketImplE#3532} Connecting...
04-12 18:55:07.506 8886 9037 D CouchbaseLite/NETWORK: [JAVA] ^C4Socket.open@b4000077c98ab310: null@484fc7a8
04-12 18:55:07.507 8886 9048 I CouchbaseLite/REPLICATOR: [JAVA] status changed: (0, 0) @C4ReplicatorStatus{level=2,completed=0,total=0,#docs=0,domain=0,code=0,info=0} for Replicator{@0xf2b87c6(<*>),Database{@@0x97fb813: 'finder-private.73600.en_us'} => URLEndpoint{url=wss://stage.realtime-sync-gw.wdprapps.disney.com/park-platform-priv}}$C4CommonRepl{@0x20b5387/@xb4000077b98361d0, @0xf2b87c6, SocketFactory{@URLEndpoint{url=wss://stage.realtime-sync-gw.wdprapps.disney.com/park-platform-priv}}'}
04-12 18:55:07.507 8886 9048 D CouchbaseLite/NETWORK: [JAVA] Offline state change for com.couchbase.lite.internal.replicator.AndroidConnectivityObserver@d59bc95: CONNECTING -> true
04-12 18:55:07.508 8886 9048 I CouchbaseLite/REPLICATOR: [JAVA] State changed CONNECTING => CONNECTING(0/0): null for Replicator{@0xf2b87c6(<*>),Database{@@0x97fb813: 'finder-private.73600.en_us'} => URLEndpoint{url=wss://stage.realtime-sync-gw.wdprapps.disney.com/park-platform-priv}}$C4CommonRepl{@0x20b5387/@xb4000077b98361d0, @0xf2b87c6, SocketFactory{@URLEndpoint{url=wss://stage.realtime-sync-gw.wdprapps.disney.com/park-platform-priv}}'}
04-12 18:55:07.510 8886 9035 I CouchbaseLite/REPLICATOR: {Repl#3530} {Coll#0} Scanning for pre-existing conflicts...
04-12 18:55:07.511 8886 9037 D CouchbaseLite/NETWORK: [JAVA] OkHttpSocket@0xf668d11.init: CBLWebSocket@@0x9cb6e76{vC4Socket@xb4000077c98ab310 <=> OkHttpSocket@0xf668d11(wss://stage.realtime-sync-gw.wdprapps.disney.com:443/park-platform-priv/_blipsync)}
04-12 18:55:07.511 8886 9037 D CouchbaseLite/NETWORK: [JAVA] vC4Socket@xb4000077c98ab310.init: CBLWebSocket@@0x9cb6e76{vC4Socket@xb4000077c98ab310 <=> OkHttpSocket@0xf668d11(wss://stage.realtime-sync-gw.wdprapps.disney.com:443/park-platform-priv/_blipsync)}
04-12 18:55:07.512 8886 9035 I CouchbaseLite/REPLICATOR: {Repl#3530} {Coll#0} Found 0 conflicted docs in 0.007 sec
04-12 18:55:07.512 8886 9030 D CouchbaseLite/NETWORK: [JAVA] CBLWebSocket@@0x9cb6e76{vC4Socket@xb4000077c98ab310 <=> OkHttpSocket@0xf668d11(wss://stage.realtime-sync-gw.wdprapps.disney.com:443/park-platform-priv/_blipsync)}.coreRequestedOpen
04-12 18:55:07.513 8886 9030 D CouchbaseLite/NETWORK: [JAVA] StateMachine@0xc8a2c77: transition UNOPENED => OPENING
04-12 18:55:07.513 8886 9030 D CouchbaseLite/NETWORK: [JAVA] OkHttpSocket@0xf668d11.open: wss://stage.realtime-sync-gw.wdprapps.disney.com:443/park-platform-priv/_blipsync, {headers={User-Agent=CouchbaseLite/3.1.6-vf002-50983 (Java; Android 13; Pixel 7 Pro) EE/debug, Commit/cddb9521ab@e80006cb3780 Core/3.1.6 (50971)}, acceptParentDomainCookies=false, maxRetries=9, maxRetryInterval=300, heartbeat=300, onlySelfSignedServer=false, WS-Protocols=BLIP_3+CBMobile_3,BLIP_3+CBMobile_2, autoPurge=true, cookies=SyncGatewaySession=caac7ee0f4b92d40fdd90fc04b4d1ce8fa347518}
04-12 18:55:07.514 8886 9035 I CouchbaseLite/REPLICATOR: {Repl#3530} {Coll#0} Read local checkpoint 'cp-GeXYPlhmWYlGsECdqGVkCOk9Wpc=': {"time":1712962450,"local":7,"remote":45262888}
04-12 18:55:07.514 8886 9035 I CouchbaseLite/REPLICATOR: {Repl#3530} {Coll#-1} activityLevel=connecting: connectionState=1, savingChkpt=0
04-12 18:55:07.527 8886 9033 I CouchbaseLite/REPLICATOR: {Repl#3518} {Coll#0} Found 0 conflicted docs in 0.052 sec
04-12 18:55:07.531 8886 9033 I CouchbaseLite/REPLICATOR: {Repl#3518} {Coll#0} Read local checkpoint 'cp-EUIwC4qPpttqvSBmzfkR34rhris=': {"time":1712962485,"remote":376871862}
04-12 18:55:07.531 8886 9033 I CouchbaseLite/REPLICATOR: {Repl#3518} {Coll#-1} activityLevel=connecting: connectionState=1, savingChkpt=0
04-12 18:55:07.724 8886 9418 D CouchbaseLite/NETWORK: [JAVA] Extended trust check: 4, GENERIC, stage.realtime-sync-gw.wdprapps.disney.com
04-12 18:55:07.739 8886 9420 D CouchbaseLite/NETWORK: [JAVA] Extended trust check: 4, GENERIC, stage.realtime-sync-gw.wdprapps.disney.com
04-12 18:55:07.739 8886 9811 D CouchbaseLite/NETWORK: [JAVA] Extended trust check: 4, GENERIC, stage.realtime-sync-gw.wdprapps.disney.com
04-12 18:55:08.153 8886 9418 D CouchbaseLite/NETWORK: [JAVA] OkHttpSocket@0xf668d11.onOpen: Response{protocol=http/1.1, code=101, message=Switching Protocols, url=https://stage.realtime-sync-gw.wdprapps.disney.com/park-platform-priv/_blipsync}
04-12 18:55:08.154 8886 9420 D CouchbaseLite/NETWORK: [JAVA] OkHttpSocket@0x42e8edd.onOpen: Response{protocol=http/1.1, code=101, message=Switching Protocols, url=https://stage.realtime-sync-gw.wdprapps.disney.com/park-platform-semipriv/_blipsync}
04-12 18:55:08.154 8886 9420 D CouchbaseLite/NETWORK: [JAVA] CBLWebSocket@@0x3485a52{vC4Socket@xb4000077c98bbab0 <=> OkHttpSocket@0x42e8edd(wss://stage.realtime-sync-gw.wdprapps.disney.com:443/park-platform-semipriv/_blipsync)}.remoteOpened: {Server=Couchbase Sync Gateway/3.1.3 EE, Connection=Upgrade, Sec-Websocket-Protocol=BLIP_3+CBMobile_3, Upgrade=websocket, Date=Fri, 12 Apr 2024 22:55:06 GMT, Sec-Websocket-Accept=n1LD9BL0wIxl9BYFpbMerkUCW30=}
04-12 18:55:08.154 8886 9420 D CouchbaseLite/NETWORK: [JAVA] StateMachine@0xec27620: transition OPENING => OPEN
04-12 18:55:08.155 8886 9420 D CouchbaseLite/NETWORK: [JAVA] vC4Socket@xb4000077c98bbab0.ackOpenToCore
04-12 18:55:08.155 8886 9420 I CouchbaseLite/NETWORK: {N8litecore4repl12C4SocketImplE#3526} Got HTTP response (status 101)
04-12 18:55:08.155 8886 9420 I CouchbaseLite/NETWORK: {N8litecore4repl12C4SocketImplE#3526} Connected!
04-12 18:55:08.155 8886 9420 I CouchbaseLite/NETWORK: {N8litecore4blip10ConnectionE#3523} Connected!
04-12 18:55:08.155 8886 9038 I CouchbaseLite/REPLICATOR: {Repl#3524} {Coll#-1} activityLevel=connecting: connectionState=1, savingChkpt=0
04-12 18:55:08.156 8886 9418 D CouchbaseLite/NETWORK: [JAVA] CBLWebSocket@@0x9cb6e76{vC4Socket@xb4000077c98ab310 <=> OkHttpSocket@0xf668d11(wss://stage.realtime-sync-gw.wdprapps.disney.com:443/park-platform-priv/_blipsync)}.remoteOpened: {Server=Couchbase Sync Gateway/3.1.3 EE, Connection=Upgrade, Sec-Websocket-Protocol=BLIP_3+CBMobile_3, Upgrade=websocket, Date=Fri, 12 Apr 2024 22:55:06 GMT, Sec-Websocket-Accept=fJjAQlc+3r7fKb3Z9vFXR+NUhZE=}
04-12 18:55:08.156 8886 9418 D CouchbaseLite/NETWORK: [JAVA] StateMachine@0xc8a2c77: transition OPENING => OPEN
04-12 18:55:08.157 8886 9418 D CouchbaseLite/NETWORK: [JAVA] vC4Socket@xb4000077c98ab310.ackOpenToCore
04-12 18:55:08.157 8886 9418 I CouchbaseLite/NETWORK: {N8litecore4repl12C4SocketImplE#3532} Got HTTP response (status 101)
04-12 18:55:08.157 8886 9418 I CouchbaseLite/NETWORK: {N8litecore4repl12C4SocketImplE#3532} Connected!
04-12 18:55:08.157 8886 9418 I CouchbaseLite/NETWORK: {N8litecore4blip10ConnectionE#3529} Connected!
04-12 18:55:08.157 8886 9037 I CouchbaseLite/REPLICATOR: {Repl#3530} {Coll#-1} activityLevel=connecting: connectionState=1, savingChkpt=0
04-12 18:55:08.158 8886 9037 I CouchbaseLite/REPLICATOR: {Repl#3530} {Coll#-1} Connected!
04-12 18:55:08.158 8886 9037 V CouchbaseLite/REPLICATOR: {Repl#3530} {Coll#-1} Requesting remote checkpoint 'cp-GeXYPlhmWYlGsECdqGVkCOk9Wpc=' of the default collection
04-12 18:55:08.159 8886 9034 I CouchbaseLite/NETWORK: {N8litecore4blip6BLIPIOE#3599}==> N8litecore4blip6BLIPIOE ->wss://stage.realtime-sync-gw.wdprapps.disney.com/park-platform-semipriv/_blipsync @0xb4000077e99ae620
04-12 18:55:08.159 8886 9034 V CouchbaseLite/NETWORK: {N8litecore4blip6BLIPIOE#3599} WebSocket is hungry!
04-12 18:55:08.159 8886 9034 V CouchbaseLite/NETWORK: {N8litecore4blip6BLIPIOE#3599} Starting writeToWebSocket loop...
04-12 18:55:08.159 8886 9034 V CouchbaseLite/NETWORK: {N8litecore4blip6BLIPIOE#3599} ...Wrote 0 bytes to WebSocket (writeable=1)
04-12 18:55:08.160 8886 9035 I CouchbaseLite/NETWORK: {N8litecore4blip6BLIPIOE#3600}==> N8litecore4blip6BLIPIOE ->wss://stage.realtime-sync-gw.wdprapps.disney.com/park-platform-priv/_blipsync @0xb4000077e9972d10
04-12 18:55:08.161 8886 9035 V CouchbaseLite/NETWORK: {N8litecore4blip6BLIPIOE#3600} WebSocket is hungry!
04-12 18:55:08.162 8886 9035 V CouchbaseLite/NETWORK: {N8litecore4blip6BLIPIOE#3600} Starting writeToWebSocket loop...
04-12 18:55:08.163 8886 9035 V CouchbaseLite/NETWORK: {N8litecore4blip6BLIPIOE#3600} ...Wrote 0 bytes to WebSocket (writeable=1)
04-12 18:55:08.167 8886 9038 I CouchbaseLite/REPLICATOR: {Repl#3524} {Coll#-1} Connected!
04-12 18:55:08.167 8886 9038 V CouchbaseLite/REPLICATOR: {Repl#3524} {Coll#-1} Requesting remote checkpoint 'cp-SHpbnSwgcB4cOJXwvdZ39kOvanE=' of the default collection
04-12 18:55:08.168 8886 9038 I CouchbaseLite/NETWORK: SENDING: REQ #0 {
04-12 18:55:08.168 8886 9038 I CouchbaseLite/NETWORK: Profile: getCheckpoint
04-12 18:55:08.168 8886 9038 I CouchbaseLite/NETWORK: client: cp-SHpbnSwgcB4cOJXwvdZ39kOvanE= }
04-12 18:55:08.169 8886 9032 V CouchbaseLite/NETWORK: {N8litecore4blip6BLIPIOE#3599} Sending 'getCheckpoint' REQ #0
04-12 18:55:08.170 8886 9032 V CouchbaseLite/NETWORK: {N8litecore4blip6BLIPIOE#3599} Requeuing REQ #0...
04-12 18:55:08.171 8886 9811 D CouchbaseLite/NETWORK: [JAVA] OkHttpSocket@0xcc305fa.onOpen: Response{protocol=http/1.1, code=101, message=Switching Protocols, url=https://stage.realtime-sync-gw.wdprapps.disney.com/park-platform-pub/_blipsync}
04-12 18:55:08.171 8886 9811 D CouchbaseLite/NETWORK: [JAVA] CBLWebSocket@@0x437e7ab{vC4Socket@xb4000077c986b4f0 <=> OkHttpSocket@0xcc305fa(wss://stage.realtime-sync-gw.wdprapps.disney.com:443/park-platform-pub/_blipsync)}.remoteOpened: {Server=Couchbase Sync Gateway/3.1.3 EE, Connection=Upgrade, Sec-Websocket-Protocol=BLIP_3+CBMobile_3, Upgrade=websocket, Date=Fri, 12 Apr 2024 22:55:06 GMT, Sec-Websocket-Accept=n4GBDOO2PaOFLr9xVg9H9lQtous=}
04-12 18:55:08.171 8886 9811 D CouchbaseLite/NETWORK: [JAVA] StateMachine@0xda5ee08: transition OPENING => OPEN
04-12 18:55:08.171 8886 9811 D CouchbaseLite/NETWORK: [JAVA] vC4Socket@xb4000077c986b4f0.ackOpenToCore
04-12 18:55:08.172 8886 9032 V CouchbaseLite/NETWORK: {N8litecore4blip6BLIPIOE#3599} Starting writeToWebSocket loop...
04-12 18:55:08.178 8886 9032 V CouchbaseLite/NETWORK: {N8litecore4blip6BLIPIOE#3599} Sending frame: REQ #1 ----, bytes 0--65
04-12 18:55:08.180 8886 9032 V CouchbaseLite/NETWORK: {N8litecore4repl12C4SocketImplE#3526} Sending 68-byte message
04-12 18:55:08.180 8886 9032 D CouchbaseLite/NETWORK: [JAVA] ^C4Socket.write@b4000077c98bbab0(68)
04-12 18:55:08.180 8886 9032 V CouchbaseLite/NETWORK: {N8litecore4blip6BLIPIOE#3599} Finished sending REQ #1
04-12 18:55:08.181 8886 9048 D CouchbaseLite/NETWORK: [JAVA] CBLWebSocket@@0x3485a52{vC4Socket@xb4000077c98bbab0 <=> OkHttpSocket@0x42e8edd(wss://stage.realtime-sync-gw.wdprapps.disney.com:443/park-platform-semipriv/_blipsync)}.coreWrites(68)
04-12 18:55:08.183 8886 9048 D CouchbaseLite/NETWORK: [JAVA] OkHttpSocket@0x42e8edd.write(68)
04-12 18:55:08.185 8886 9032 V CouchbaseLite/NETWORK: {N8litecore4blip6BLIPIOE#3599} ...Wrote 68 bytes to WebSocket (writeable=1)
04-12 18:55:08.185 8886 9037 I CouchbaseLite/NETWORK: SENDING: REQ #0 {
04-12 18:55:08.185 8886 9037 I CouchbaseLite/NETWORK: Profile: getCheckpoint
04-12 18:55:08.185 8886 9037 I CouchbaseLite/NETWORK: client: cp-GeXYPlhmWYlGsECdqGVkCOk9Wpc= }
04-12 18:55:08.186 8886 9037 I CouchbaseLite/REPLICATOR: {Repl#3530} {Coll#-1} activityLevel=busy: connectionState=2, savingChkpt=0
04-12 18:55:08.186 8886 9037 I CouchbaseLite/REPLICATOR: {Repl#3530} {Coll#-1} now busy
04-12 18:55:08.187 8886 9037 I CouchbaseLite/REPLICATOR: {C4Replicator#3531} State: busy, progress=0.00%
04-12 18:55:08.187 8886 9048 D CouchbaseLite/NETWORK: [JAVA] vC4Socket@xb4000077c98bbab0.ackWriteToCore(68)
04-12 18:55:08.187 8886 9037 D CouchbaseLite/REPLICATOR: [JAVA] C4Replicator.statusChangedCallback(0x72e80939) C4CommonRepl{@0x20b5387/@xb4000077b98361d0, @0xf2b87c6, SocketFactory{@URLEndpoint{url=wss://stage.realtime-sync-gw.wdprapps.disney.com/park-platform-priv}}'}: C4ReplicatorStatus{level=4,completed=0,total=0,#docs=0,domain=0,code=0,info=0}
04-12 18:55:08.188 8886 9030 I CouchbaseLite/REPLICATOR: [JAVA] status changed: (0, 0) @C4ReplicatorStatus{level=4,completed=0,total=0,#docs=0,domain=0,code=0,info=0} for Replicator{@0xf2b87c6(<*>),Database{@@0x97fb813: 'finder-private.73600.en_us'} => URLEndpoint{url=wss://stage.realtime-sync-gw.wdprapps.disney.com/park-platform-priv}}$C4CommonRepl{@0x20b5387/@xb4000077b98361d0, @0xf2b87c6, SocketFactory{@URLEndpoint{url=wss://stage.realtime-sync-gw.wdprapps.disney.com/park-platform-priv}}'}
04-12 18:55:08.188 8886 9030 D CouchbaseLite/NETWORK: [JAVA] Offline state change for com.couchbase.lite.internal.replicator.AndroidConnectivityObserver@d59bc95: CONNECTING -> true
04-12 18:55:08.188 8886 9035 V CouchbaseLite/NETWORK: {N8litecore4blip6BLIPIOE#3600} Sending 'getCheckpoint' REQ #0
04-12 18:55:08.189 8886 9035 V CouchbaseLite/NETWORK: {N8litecore4blip6BLIPIOE#3600} Requeuing REQ #0...
04-12 18:55:08.189 8886 9035 V CouchbaseLite/NETWORK: {N8litecore4blip6BLIPIOE#3600} Starting writeToWebSocket loop...
04-12 18:55:08.191 8886 9035 V CouchbaseLite/NETWORK: {N8litecore4blip6BLIPIOE#3600} Sending frame: REQ #1 ----, bytes 0--65
04-12 18:55:08.191 8886 9030 I CouchbaseLite/REPLICATOR: [JAVA] State changed CONNECTING => BUSY(0/0): null for Replicator{@0xf2b87c6(<*>),Database{@@0x97fb813: 'finder-private.73600.en_us'} => URLEndpoint{url=wss://stage.realtime-sync-gw.wdprapps.disney.com/park-platform-priv}}$C4CommonRepl{@0x20b5387/@xb4000077b98361d0, @0xf2b87c6, SocketFactory{@URLEndpoint{url=wss://stage.realtime-sync-gw.wdprapps.disney.com/park-platform-priv}}'}
04-12 18:55:08.192 8886 9035 V CouchbaseLite/NETWORK: {N8litecore4repl12C4SocketImplE#3532} Sending 68-byte message
04-12 18:55:08.198 8886 9035 D CouchbaseLite/NETWORK: [JAVA] ^C4Socket.write@b4000077c98ab310(68)
04-12 18:55:08.198 8886 9038 I CouchbaseLite/REPLICATOR: {Repl#3524} {Coll#-1} activityLevel=busy: connectionState=2, savingChkpt=0
04-12 18:55:08.198 8886 9047 D CouchbaseLite/NETWORK: [JAVA] CBLWebSocket@@0x9cb6e76{vC4Socket@xb4000077c98ab310 <=> OkHttpSocket@0xf668d11(wss://stage.realtime-sync-gw.wdprapps.disney.com:443/park-platform-priv/_blipsync)}.coreWrites(68)
04-12 18:55:08.198 8886 9047 D CouchbaseLite/NETWORK: [JAVA] OkHttpSocket@0xf668d11.write(68)
04-12 18:55:08.198 8886 9047 D CouchbaseLite/NETWORK: [JAVA] vC4Socket@xb4000077c98ab310.ackWriteToCore(68)
04-12 18:55:08.199 8886 9038 I CouchbaseLite/REPLICATOR: {Repl#3524} {Coll#-1} now busy
04-12 18:55:08.199 8886 9038 I CouchbaseLite/REPLICATOR: {C4Replicator#3525} State: busy, progress=0.00%
04-12 18:55:08.200 8886 9038 D CouchbaseLite/REPLICATOR: [JAVA] C4Replicator.statusChangedCallback(0x46b0de02) C4CommonRepl{@0x806c18f/@xb4000077b977bbd0, @0xd2748ee, SocketFactory{@URLEndpoint{url=wss://stage.realtime-sync-gw.wdprapps.disney.com/park-platform-semipriv}}'}: C4ReplicatorStatus{level=4,completed=0,total=0,#docs=0,domain=0,code=0,info=0}
04-12 18:55:08.200 8886 9032 I CouchbaseLite/REPLICATOR: {Repl#3530} {Coll#-1} activityLevel=busy: connectionState=2, savingChkpt=0
04-12 18:55:08.202 8886 9046 I CouchbaseLite/REPLICATOR: [JAVA] status changed: (0, 0) @C4ReplicatorStatus{level=4,completed=0,total=0,#docs=0,domain=0,code=0,info=0} for Replicator{@0xd2748ee(<*),Database{@@0x2e0afa2: 'finder-semi-private.73600.en_us'} => URLEndpoint{url=wss://stage.realtime-sync-gw.wdprapps.disney.com/park-platform-semipriv}}$C4CommonRepl{@0x806c18f/@xb4000077b977bbd0, @0xd2748ee, SocketFactory{@URLEndpoint{url=wss://stage.realtime-sync-gw.wdprapps.disney.com/park-platform-semipriv}}'}
04-12 18:55:08.203 8886 9046 D CouchbaseLite/NETWORK: [JAVA] Offline state change for com.couchbase.lite.internal.replicator.AndroidConnectivityObserver@3afe2b4: CONNECTING -> true
04-12 18:55:08.203 8886 9034 I CouchbaseLite/REPLICATOR: {N8litecore4repl6PullerE#3603}==> N8litecore4repl6PullerE {Repl#3524} @0xb4000077e9953480
04-12 18:55:08.204 8886 9046 I CouchbaseLite/REPLICATOR: [JAVA] State changed CONNECTING => BUSY(0/0): null for Replicator{@0xd2748ee(<*),Database{@@0x2e0afa2: 'finder-semi-private.73600.en_us'} => URLEndpoint{url=wss://stage.realtime-sync-gw.wdprapps.disney.com/park-platform-semipriv}}$C4CommonRepl{@0x806c18f/@xb4000077b977bbd0, @0xd2748ee, SocketFactory{@URLEndpoint{url=wss://stage.realtime-sync-gw.wdprapps.disney.com/park-platform-semipriv}}'}
04-12 18:55:08.204 8886 9034 I CouchbaseLite/REPLICATOR: {N8litecore4repl6PullerE#3603} {Coll#0} Starting pull from remote seq ''
04-12 18:55:08.204 8886 9034 I CouchbaseLite/REPLICATOR: {N8litecore4repl6PullerE#3603} {Coll#0} msg["revocations"]="true" due to enableAutoPurge()=1 or progressNotificationLevel()=0 > 0
04-12 18:55:08.205 8886 9035 V CouchbaseLite/NETWORK: {N8litecore4blip6BLIPIOE#3600} Finished sending REQ #1
04-12 18:55:08.210 8886 9038 I CouchbaseLite/REPLICATOR: {Repl#3524} {Coll#-1} activityLevel=busy: connectionState=2, savingChkpt=0
04-12 18:55:08.211 8886 9034 I CouchbaseLite/NETWORK: SENDING: REQ #0 {
04-12 18:55:08.211 8886 9034 I CouchbaseLite/NETWORK: Profile: subChanges
04-12 18:55:08.211 8886 9034 I CouchbaseLite/NETWORK: continuous: true
04-12 18:55:08.211 8886 9034 I CouchbaseLite/NETWORK: batch: 200
04-12 18:55:08.211 8886 9034 I CouchbaseLite/NETWORK: versioning: rev-trees
04-12 18:55:08.211 8886 9034 I CouchbaseLite/NETWORK: activeOnly: true
04-12 18:55:08.211 8886 9034 I CouchbaseLite/NETWORK: revocations: true
04-12 18:55:08.211 8886 9034 I CouchbaseLite/NETWORK: filter: sync_gateway/bychannel
04-12 18:55:08.211 8886 9034 I CouchbaseLite/NETWORK: channels: wMDX-484976ec-55c1-4950-83f8-ff90775027b6.wdw.exp.1_0.en_us }
04-12 18:55:08.211 8886 9035 V CouchbaseLite/NETWORK: {N8litecore4blip6BLIPIOE#3600} ...Wrote 68 bytes to WebSocket (writeable=1)
04-12 18:55:08.211 8886 9811 I CouchbaseLite/NETWORK: {N8litecore4repl12C4SocketImplE#3521} Got HTTP response (status 101)
04-12 18:55:08.211 8886 9811 I CouchbaseLite/NETWORK: {N8litecore4repl12C4SocketImplE#3521} Connected!
04-12 18:55:08.211 8886 9811 I CouchbaseLite/NETWORK: {N8litecore4blip10ConnectionE#3517} Connected!
04-12 18:55:08.212 8886 9038 I CouchbaseLite/REPLICATOR: {Repl#3518} {Coll#-1} activityLevel=connecting: connectionState=1, savingChkpt=0
04-12 18:55:08.212 8886 9038 I CouchbaseLite/NETWORK: {N8litecore4blip6BLIPIOE#3604}==> N8litecore4blip6BLIPIOE ->wss://stage.realtime-sync-gw.wdprapps.disney.com/park-platform-pub/_blipsync @0xb4000077e99c54b0
04-12 18:55:08.212 8886 9038 V CouchbaseLite/NETWORK: {N8litecore4blip6BLIPIOE#3604} WebSocket is hungry!
04-12 18:55:08.212 8886 9038 V CouchbaseLite/NETWORK: {N8litecore4blip6BLIPIOE#3604} Starting writeToWebSocket loop...
04-12 18:55:08.213 8886 9038 V CouchbaseLite/NETWORK: {N8litecore4blip6BLIPIOE#3604} ...Wrote 0 bytes to WebSocket (writeable=1)
04-12 18:55:08.213 8886 9038 I CouchbaseLite/REPLICATOR: {Repl#3518} {Coll#-1} Connected!
04-12 18:55:08.213 8886 9038 V CouchbaseLite/REPLICATOR: {Repl#3518} {Coll#-1} Requesting remote checkpoint 'cp-EUIwC4qPpttqvSBmzfkR34rhris=' of the default collection
04-12 18:55:08.213 8886 9038 I CouchbaseLite/NETWORK: SENDING: REQ #0 {
04-12 18:55:08.213 8886 9038 I CouchbaseLite/NETWORK: Profile: getCheckpoint
04-12 18:55:08.213 8886 9038 I CouchbaseLite/NETWORK: client: cp-EUIwC4qPpttqvSBmzfkR34rhris= }
04-12 18:55:08.214 8886 9038 I CouchbaseLite/REPLICATOR: {Repl#3518} {Coll#-1} activityLevel=busy: connectionState=2, savingChkpt=0
04-12 18:55:08.214 8886 9038 I CouchbaseLite/REPLICATOR: {Repl#3518} {Coll#-1} now busy
04-12 18:55:08.214 8886 9038 I CouchbaseLite/REPLICATOR: {C4Replicator#3519} State: busy, progress=0.00%
04-12 18:55:08.214 8886 9038 D CouchbaseLite/REPLICATOR: [JAVA] C4Replicator.statusChangedCallback(0x5fc1934d) C4CommonRepl{@0xc58f0f0/@xb4000077b979f2d0, @0xe2b0533, SocketFactory{@URLEndpoint{url=wss://stage.realtime-sync-gw.wdprapps.disney.com/park-platform-pub/}}'}: C4ReplicatorStatus{level=4,completed=0,total=0,#docs=0,domain=0,code=0,info=0}
04-12 18:55:08.216 8886 9050 I CouchbaseLite/REPLICATOR: [JAVA] status changed: (0, 0) @C4ReplicatorStatus{level=4,completed=0,total=0,#docs=0,domain=0,code=0,info=0} for Replicator{@0xe2b0533(<*),Database{@@0x5c116b6: 'finder.73600.en_us-stage'} => URLEndpoint{url=wss://stage.realtime-sync-gw.wdprapps.disney.com/park-platform-pub/}}$C4CommonRepl{@0xc58f0f0/@xb4000077b979f2d0, @0xe2b0533, SocketFactory{@URLEndpoint{url=wss://stage.realtime-sync-gw.wdprapps.disney.com/park-platform-pub/}}'}
04-12 18:55:08.217 8886 9050 D CouchbaseLite/NETWORK: [JAVA] Offline state change for com.couchbase.lite.internal.replicator.AndroidConnectivityObserver@d742c1c: CONNECTING -> true
04-12 18:55:08.218 8886 9050 I CouchbaseLite/REPLICATOR: [JAVA] State changed CONNECTING => BUSY(0/0): null for Replicator{@0xe2b0533(<*),Database{@@0x5c116b6: 'finder.73600.en_us-stage'} => URLEndpoint{url=wss://stage.realtime-sync-gw.wdprapps.disney.com/park-platform-pub/}}$C4CommonRepl{@0xc58f0f0/@xb4000077b979f2d0, @0xe2b0533, SocketFactory{@URLEndpoint{url=wss://stage.realtime-sync-gw.wdprapps.disney.com/park-platform-pub/}}'}
04-12 18:55:08.228 8886 9034 I CouchbaseLite/REPLICATOR: {N8litecore4repl6PullerE#3603} {Coll#0} activityLevel=busy: pendingResponseCount=1, _caughtUp=0, _pendingRevMessages=0, _activeIncomingRevs=0, _waitingRevMessages=0, _unfinishedIncomingRevs=0
04-12 18:55:08.229 8886 9034 V CouchbaseLite/REPLICATOR: {N8litecore4repl6PullerE#3603} {Coll#0} now busy
04-12 18:55:08.235 8886 9032 V CouchbaseLite/NETWORK: {N8litecore4blip6BLIPIOE#3599} Sending 'subChanges' REQ #0
04-12 18:55:08.236 8886 9032 V CouchbaseLite/NETWORK: {N8litecore4blip6BLIPIOE#3599} Requeuing REQ #0...
04-12 18:55:08.236 8886 9032 V CouchbaseLite/NETWORK: {N8litecore4blip6BLIPIOE#3599} Starting writeToWebSocket loop...
04-12 18:55:08.238 8886 9032 V CouchbaseLite/NETWORK: {N8litecore4blip6BLIPIOE#3599} Sending frame: REQ #2 ----, bytes 0--203
04-12 18:55:08.238 8886 9032 V CouchbaseLite/NETWORK: {N8litecore4repl12C4SocketImplE#3526} Sending 206-byte message
04-12 18:55:08.239 8886 9032 D CouchbaseLite/NETWORK: [JAVA] ^C4Socket.write@b4000077c98bbab0(206)
04-12 18:55:08.239 8886 9048 D CouchbaseLite/NETWORK: [JAVA] CBLWebSocket@@0x3485a52{vC4Socket@xb4000077c98bbab0 <=> OkHttpSocket@0x42e8edd(wss://stage.realtime-sync-gw.wdprapps.disney.com:443/park-platform-semipriv/_blipsync)}.coreWrites(206)
04-12 18:55:08.240 8886 9048 D CouchbaseLite/NETWORK: [JAVA] OkHttpSocket@0x42e8edd.write(206)
04-12 18:55:08.241 8886 9048 D CouchbaseLite/NETWORK: [JAVA] vC4Socket@xb4000077c98bbab0.ackWriteToCore(206)
04-12 18:55:08.243 8886 9032 V CouchbaseLite/NETWORK: {N8litecore4blip6BLIPIOE#3599} Finished sending REQ #2
04-12 18:55:08.244 8886 9033 I CouchbaseLite/REPLICATOR: {N8litecore4repl6PullerE#3603} {Coll#0} activityLevel=busy: pendingResponseCount=1, _caughtUp=0, _pendingRevMessages=0, _activeIncomingRevs=0, _waitingRevMessages=0, _unfinishedIncomingRevs=0
04-12 18:55:08.246 8886 9034 I CouchbaseLite/REPLICATOR: {Repl#3524} {Coll#-1} pushStatus=stopped, pullStatus=busy, progress=0/0/0
04-12 18:55:08.246 8886 9034 V CouchbaseLite/REPLICATOR: {Repl#3524} {Coll#-1} Replicator status collection-wise: pushStatus=stopped, pullStatus=busy, progress=0/0, docCount=0
04-12 18:55:08.246 8886 9034 I CouchbaseLite/REPLICATOR: {Repl#3524} {Coll#-1} activityLevel=busy: connectionState=2, savingChkpt=0
04-12 18:55:08.252 8886 9035 V CouchbaseLite/NETWORK: {N8litecore4blip6BLIPIOE#3604} Sending 'getCheckpoint' REQ #0
04-12 18:55:08.252 8886 9035 V CouchbaseLite/NETWORK: {N8litecore4blip6BLIPIOE#3604} Requeuing REQ #0...
04-12 18:55:08.253 8886 9035 V CouchbaseLite/NETWORK: {N8litecore4blip6BLIPIOE#3604} Starting writeToWebSocket loop...
04-12 18:55:08.254 8886 9035 V CouchbaseLite/NETWORK: {N8litecore4blip6BLIPIOE#3604} Sending frame: REQ #1 ----, bytes 0--65
04-12 18:55:08.254 8886 9035 V CouchbaseLite/NETWORK: {N8litecore4repl12C4SocketImplE#3521} Sending 68-byte message
04-12 18:55:08.255 8886 9035 D CouchbaseLite/NETWORK: [JAVA] ^C4Socket.write@b4000077c986b4f0(68)
04-12 18:55:08.255 8886 9030 D CouchbaseLite/NETWORK: [JAVA] CBLWebSocket@@0x437e7ab{vC4Socket@xb4000077c986b4f0 <=> OkHttpSocket@0xcc305fa(wss://stage.realtime-sync-gw.wdprapps.disney.com:443/park-platform-pub/_blipsync)}.coreWrites(68)
04-12 18:55:08.255 8886 9030 D CouchbaseLite/NETWORK: [JAVA] OkHttpSocket@0xcc305fa.write(68)
04-12 18:55:08.255 8886 9030 D CouchbaseLite/NETWORK: [JAVA] vC4Socket@xb4000077c986b4f0.ackWriteToCore(68)
04-12 18:55:08.258 8886 9032 V CouchbaseLite/NETWORK: {N8litecore4blip6BLIPIOE#3599} ...Wrote 206 bytes to WebSocket (writeable=1)
04-12 18:55:08.263 8886 9033 I CouchbaseLite/REPLICATOR: {Repl#3518} {Coll#-1} activityLevel=busy: connectionState=2, savingChkpt=0
04-12 18:55:08.276 8886 9035 V CouchbaseLite/NETWORK: {N8litecore4blip6BLIPIOE#3604} Finished sending REQ #1
04-12 18:55:08.277 8886 9035 V CouchbaseLite/NETWORK: {N8litecore4blip6BLIPIOE#3604} ...Wrote 68 bytes to WebSocket (writeable=1)
04-12 18:55:08.316 8886 9420 D CouchbaseLite/NETWORK: [JAVA] OkHttpSocket@0x42e8edd.onBytes(47)
04-12 18:55:08.316 8886 9420 D CouchbaseLite/NETWORK: [JAVA] CBLWebSocket@@0x3485a52{vC4Socket@xb4000077c98bbab0 <=> OkHttpSocket@0x42e8edd(wss://stage.realtime-sync-gw.wdprapps.disney.com:443/park-platform-semipriv/_blipsync)}.remoteWrites: 47
04-12 18:55:08.316 8886 9420 D CouchbaseLite/NETWORK: [JAVA] vC4Socket@xb4000077c98bbab0.sendToCore(47)
04-12 18:55:08.316 8886 9420 V CouchbaseLite/NETWORK: {N8litecore4repl12C4SocketImplE#3526} Received 47-byte message
04-12 18:55:08.316 8886 9031 V CouchbaseLite/NETWORK: {N8litecore4blip6BLIPIOE#3599} Received frame: ERR #1 ----, length 45
04-12 18:55:08.316 8886 9031 V CouchbaseLite/NETWORK: {N8litecore4blip6BLIPIOE#3599} RES #1 has reached the end of its frames
04-12 18:55:08.318 8886 9031 V CouchbaseLite/NETWORK: {N8litecore4blip10ConnectionE#3523} Receiving ERR #1
04-12 18:55:08.319 8886 9031 V CouchbaseLite/NETWORK: {N8litecore4blip10ConnectionE#3523} Finished receiving ERR #1
04-12 18:55:08.321 8886 9418 D CouchbaseLite/NETWORK: [JAVA] OkHttpSocket@0xf668d11.onBytes(98)
04-12 18:55:08.321 8886 9418 D CouchbaseLite/NETWORK: [JAVA] CBLWebSocket@@0x9cb6e76{vC4Socket@xb4000077c98ab310 <=> OkHttpSocket@0xf668d11(wss://stage.realtime-sync-gw.wdprapps.disney.com:443/park-platform-priv/_blipsync)}.remoteWrites: 98
04-12 18:55:08.321 8886 9418 D CouchbaseLite/NETWORK: [JAVA] vC4Socket@xb4000077c98ab310.sendToCore(98)
04-12 18:55:08.323 8886 9031 I CouchbaseLite/NETWORK: RECEIVED: ERR #1 {
04-12 18:55:08.323 8886 9031 I CouchbaseLite/NETWORK: Error-Domain: HTTP
04-12 18:55:08.323 8886 9031 I CouchbaseLite/NETWORK: Error-Code: 404
04-12 18:55:08.323 8886 9031 I CouchbaseLite/NETWORK: BODY: missing }
04-12 18:55:08.325 8886 9035 I CouchbaseLite/REPLICATOR: {Repl#3524} {Coll#-1} No remote checkpoint 'cp-SHpbnSwgcB4cOJXwvdZ39kOvanE=' of the default collection
04-12 18:55:08.325 8886 9035 I CouchbaseLite/REPLICATOR: {Repl#3524} {Coll#-1} activityLevel=busy: connectionState=2, savingChkpt=0
04-12 18:55:08.325 8886 9418 V CouchbaseLite/NETWORK: {N8litecore4repl12C4SocketImplE#3532} Received 98-byte message
04-12 18:55:08.326 8886 9032 V CouchbaseLite/NETWORK: {N8litecore4blip6BLIPIOE#3600} Received frame: RES #1 ---C, length 96
04-12 18:55:08.326 8886 9032 V CouchbaseLite/NETWORK: {N8litecore4blip6BLIPIOE#3600} RES #1 has reached the end of its frames
04-12 18:55:08.326 8886 9031 D CouchbaseLite/NETWORK: [JAVA] ^C4Socket.completedReceive@b4000077c98bbab0(47)
04-12 18:55:08.327 8886 9030 D CouchbaseLite/NETWORK: [JAVA] CBLWebSocket@@0x3485a52{vC4Socket@xb4000077c98bbab0 <=> OkHttpSocket@0x42e8edd(wss://stage.realtime-sync-gw.wdprapps.disney.com:443/park-platform-semipriv/_blipsync)}.coreAckReceive: 47
04-12 18:55:08.329 8886 9032 V CouchbaseLite/NETWORK: {N8litecore4blip10ConnectionE#3529} Receiving RES #1 Z
04-12 18:55:08.330 8886 9032 V CouchbaseLite/NETWORK: {N8litecore4blip10ConnectionE#3529} Finished receiving RES #1 Z
04-12 18:55:08.330 8886 9037 I CouchbaseLite/REPLICATOR: {Repl#3530} {Coll#-1} Received remote checkpoint (rev='0-2'): {"local":7,"remote":45262888,"time":1712962450} of the default collection
04-12 18:55:08.330 8886 9037 I CouchbaseLite/REPLICATOR: {Repl#3530} {Coll#-1} activityLevel=busy: connectionState=2, savingChkpt=0
04-12 18:55:08.330 8886 9037 I CouchbaseLite/REPLICATOR: {N8litecore4repl6PusherE#3622}==> N8litecore4repl6PusherE {Repl#3530} @0xb4000077d978dd40
04-12 18:55:08.331 8886 9037 I CouchbaseLite/REPLICATOR: {N8litecore4repl6PusherE#3622} {Coll#0} Starting continuous push from local seq #8
04-12 18:55:08.331 8886 9037 I CouchbaseLite/REPLICATOR: {N8litecore4repl21ReplicatorChangesFeedE#3623}==> N8litecore4repl21ReplicatorChangesFeedE 0xb4000077d978dec8 @0xb4000077d978dec8
04-12 18:55:08.331 8886 9037 V CouchbaseLite/REPLICATOR: {N8litecore4repl21ReplicatorChangesFeedE#3623} Starting DB observer
04-12 18:55:08.332 8886 9037 V CouchbaseLite/REPLICATOR: {N8litecore4repl21ReplicatorChangesFeedE#3623} Reading up to 200 local changes since #7
04-12 18:55:08.336 8886 9037 I CouchbaseLite/REPLICATOR: {N8litecore4repl6PusherE#3622} {Coll#0} Found 0 changes up to #7
04-12 18:55:08.337 8886 9037 I CouchbaseLite/NETWORK: SENDING: REQ #0 UN {
04-12 18:55:08.337 8886 9037 I CouchbaseLite/NETWORK: Profile: proposeChanges
04-12 18:55:08.337 8886 9037 I CouchbaseLite/NETWORK: conflictIncludesRev: true
04-12 18:55:08.337 8886 9037 I CouchbaseLite/NETWORK: BODY: [] }
04-12 18:55:08.337 8886 9037 I CouchbaseLite/REPLICATOR: {N8litecore4repl6PusherE#3622} {Coll#0} activityLevel=busy: pendingResponseCount=0, caughtUp=0, changeLists=0, revsInFlight=0, blobsInFlight=0, awaitingReply=0, revsToSend=0, pushingDocs=0, pendingSequences=0
04-12 18:55:08.337 8886 9037 V CouchbaseLite/REPLICATOR: {N8litecore4repl6PusherE#3622} {Coll#0} now busy
04-12 18:55:08.337 8886 9037 I CouchbaseLite/REPLICATOR: {Repl#3530} {Coll#-1} pushStatus=busy, pullStatus=busy, progress=0/0/0
04-12 18:55:08.337 8886 9037 V CouchbaseLite/REPLICATOR: {Repl#3530} {Coll#-1} Replicator status collection-wise: pushStatus=busy, pullStatus=busy, progress=0/0, docCount=0
04-12 18:55:08.338 8886 9037 I CouchbaseLite/REPLICATOR: {Repl#3530} {Coll#-1} activityLevel=busy: connectionState=2, savingChkpt=0
04-12 18:55:08.338 8886 9032 I CouchbaseLite/NETWORK: RECEIVED: RES #1 Z {
04-12 18:55:08.338 8886 9032 I CouchbaseLite/NETWORK: rev: 0-2
04-12 18:55:08.338 8886 9032 I CouchbaseLite/NETWORK: Content-Type: application/json
04-12 18:55:08.338 8886 9032 I CouchbaseLite/NETWORK: BODY: {"local":7,"remote":45262888,"time":1712962450} }
04-12 18:55:08.338 8886 9032 D CouchbaseLite/NETWORK: [JAVA] ^C4Socket.completedReceive@b4000077c98ab310(98)
04-12 18:55:08.339 8886 9031 V CouchbaseLite/REPLICATOR: {N8litecore4repl21ReplicatorChangesFeedE#3623} Asking DB observer for 200 new changes since sequence #7 ...
04-12 18:55:08.339 8886 9047 D CouchbaseLite/NETWORK: [JAVA] CBLWebSocket@@0x9cb6e76{vC4Socket@xb4000077c98ab310 <=> OkHttpSocket@0xf668d11(wss://stage.realtime-sync-gw.wdprapps.disney.com:443/park-platform-priv/_blipsync)}.coreAckReceive: 98
04-12 18:55:08.340 8886 9031 I CouchbaseLite/REPLICATOR: {N8litecore4repl21ReplicatorChangesFeedE#3623} No new observed changes...
04-12 18:55:08.341 8886 9035 I CouchbaseLite/REPLICATOR: {N8litecore4repl6PullerE#3625}==> N8litecore4repl6PullerE {Repl#3530} @0xb4000077e99cc4d0
04-12 18:55:08.342 8886 9035 I CouchbaseLite/REPLICATOR: {N8litecore4repl6PullerE#3625} {Coll#0} Starting pull from remote seq '45262888'
04-12 18:55:08.342 8886 9031 I CouchbaseLite/REPLICATOR: {N8litecore4repl6PusherE#3622} {Coll#0} Found 0 changes up to #7
04-12 18:55:08.345 8886 9032 V CouchbaseLite/NETWORK: {N8litecore4blip6BLIPIOE#3600} Sending 'proposeChanges' REQ #0 UN
04-12 18:55:08.345 8886 9032 V CouchbaseLite/NETWORK: {N8litecore4blip6BLIPIOE#3600} Requeuing REQ #0...
04-12 18:55:08.346 8886 9032 V CouchbaseLite/NETWORK: {N8litecore4blip6BLIPIOE#3600} Starting writeToWebSocket loop...
04-12 18:55:08.346 8886 9032 V CouchbaseLite/NETWORK: {N8litecore4blip6BLIPIOE#3600} Sending frame: REQ #2 -UN-, bytes 0--54
04-12 18:55:08.347 8886 9032 V CouchbaseLite/NETWORK: {N8litecore4repl12C4SocketImplE#3532} Sending 57-byte message
04-12 18:55:08.347 8886 9031 I CouchbaseLite/NETWORK: SENDING: REQ #0 UN {
04-12 18:55:08.347 8886 9031 I CouchbaseLite/NETWORK: Profile: proposeChanges
04-12 18:55:08.347 8886 9031 I CouchbaseLite/NETWORK: conflictIncludesRev: true
04-12 18:55:08.347 8886 9031 I CouchbaseLite/NETWORK: BODY: [] }
04-12 18:55:08.347 8886 9032 D CouchbaseLite/NETWORK: [JAVA] ^C4Socket.write@b4000077c98ab310(57)
04-12 18:55:08.348 8886 9046 D CouchbaseLite/NETWORK: [JAVA] CBLWebSocket@@0x9cb6e76{vC4Socket@xb4000077c98ab310 <=> OkHttpSocket@0xf668d11(wss://stage.realtime-sync-gw.wdprapps.disney.com:443/park-platform-priv/_blipsync)}.coreWrites(57)
04-12 18:55:08.349 8886 9046 D CouchbaseLite/NETWORK: [JAVA] OkHttpSocket@0xf668d11.write(57)
04-12 18:55:08.349 8886 9046 D CouchbaseLite/NETWORK: [JAVA] vC4Socket@xb4000077c98ab310.ackWriteToCore(57)
04-12 18:55:08.351 8886 9032 V CouchbaseLite/NETWORK: {N8litecore4blip6BLIPIOE#3600} Finished sending REQ #2 UN
