04-12 18:58:18.174 8886 9046 I CouchbaseLite/REPLICATOR: [JAVA] State changed IDLE => BUSY(0/0): null for Replicator{@0xbf0025c(<*>),Database{@@0x97fb813: 'finder-private.73600.en_us'} => URLEndpoint{url=wss://stage.realtime-sync-gw.wdprapps.disney.com/park-platform-priv}}$C4CommonRepl{@0xf0663a/@xb4000077b983fa10, @0xbf0025c, SocketFactory{@URLEndpoint{url=wss://stage.realtime-sync-gw.wdprapps.disney.com/park-platform-priv}}'}
04-12 18:58:18.182 8886 9035 I CouchbaseLite/NETWORK: {N8litecore4repl12C4SocketImplE#26282} Requesting close with status=1000, message=''
04-12 18:58:18.183 8886 9035 D CouchbaseLite/NETWORK: [JAVA] ^C4Socket.requestClose@b4000077c98d1c80(1000): 'null'
04-12 18:58:18.185 8886 9048 D CouchbaseLite/NETWORK: [JAVA] CBLWebSocket@@0xad3252e{vC4Socket@xb4000077c98d1c80 <=> OkHttpSocket@0x7248ba9(wss://stage.realtime-sync-gw.wdprapps.disney.com:443/park-platform-semipriv/_blipsync)}.coreRequestsClose: CloseStatus{6:1000, null}
04-12 18:58:18.185 8886 9048 D CouchbaseLite/NETWORK: [JAVA] OkHttpSocket@0x7248ba9.close: CloseStatus{6:1000, null}
04-12 18:58:18.195 8886 9037 I CouchbaseLite/REPLICATOR: {Repl#26279} {Coll#-1} now busy
04-12 18:58:18.195 8886 9037 I CouchbaseLite/REPLICATOR: {C4Replicator#26281} State: busy, progress=0.00%
04-12 18:58:18.197 8886 9037 D CouchbaseLite/REPLICATOR: [JAVA] C4Replicator.statusChangedCallback(0x1c0cc2b9) C4CommonRepl{@0xc71e9df/@xb4000077b979dc10, @0x3f3a239, SocketFactory{@URLEndpoint{url=wss://stage.realtime-sync-gw.wdprapps.disney.com/park-platform-semipriv}}'}: C4ReplicatorStatus{level=4,completed=0,total=0,#docs=0,domain=0,code=0,info=0}
04-12 18:58:18.197 8886 9047 I CouchbaseLite/REPLICATOR: [JAVA] status changed: (0, 0) @C4ReplicatorStatus{level=4,completed=0,total=0,#docs=0,domain=0,code=0,info=0} for Replicator{@0x3f3a239(<*),Database{@@0x2e0afa2: 'finder-semi-private.73600.en_us'} => URLEndpoint{url=wss://stage.realtime-sync-gw.wdprapps.disney.com/park-platform-semipriv}}$C4CommonRepl{@0xc71e9df/@xb4000077b979dc10, @0x3f3a239, SocketFactory{@URLEndpoint{url=wss://stage.realtime-sync-gw.wdprapps.disney.com/park-platform-semipriv}}'}
04-12 18:58:18.198 8886 9047 D CouchbaseLite/NETWORK: [JAVA] Offline state change for com.couchbase.lite.internal.replicator.AndroidConnectivityObserver@80c1ce2: IDLE -> true
04-12 18:58:18.198 8886 9047 I CouchbaseLite/REPLICATOR: [JAVA] State changed IDLE => BUSY(0/0): null for Replicator{@0x3f3a239(<*),Database{@@0x2e0afa2: 'finder-semi-private.73600.en_us'} => URLEndpoint{url=wss://stage.realtime-sync-gw.wdprapps.disney.com/park-platform-semipriv}}$C4CommonRepl{@0xc71e9df/@xb4000077b979dc10, @0x3f3a239, SocketFactory{@URLEndpoint{url=wss://stage.realtime-sync-gw.wdprapps.disney.com/park-platform-semipriv}}'}
04-12 18:58:18.215 8886 9032 I CouchbaseLite/REPLICATOR: {Repl#26272} {Coll#-1} Told to stop!
04-12 18:58:18.215 8886 9032 I CouchbaseLite/NETWORK: {N8litecore4blip10ConnectionE#26271} Closing with code 1000, msg ''
04-12 18:58:18.216 8886 9032 I CouchbaseLite/REPLICATOR: {Repl#26272} {Coll#-1} activityLevel=busy: connectionState=3, savingChkpt=0
04-12 18:58:18.217 8886 9032 I CouchbaseLite/REPLICATOR: {Repl#26272} {Coll#-1} now busy
04-12 18:58:18.218 8886 9032 I CouchbaseLite/REPLICATOR: {C4Replicator#26273} State: busy, progress=0.00%
04-12 18:58:18.218 8886 9032 D CouchbaseLite/REPLICATOR: [JAVA] C4Replicator.statusChangedCallback(0x5f329f24) C4CommonRepl{@0xa0dbcd0/@xb4000077b980e4d0, @0x87bb582, SocketFactory{@URLEndpoint{url=wss://stage.realtime-sync-gw.wdprapps.disney.com/park-platform-pub/}}'}: C4ReplicatorStatus{level=4,completed=0,total=0,#docs=0,domain=0,code=0,info=0}
04-12 18:58:18.219 8886 9039 I CouchbaseLite/REPLICATOR: [JAVA] status changed: (0, 0) @C4ReplicatorStatus{level=4,completed=0,total=0,#docs=0,domain=0,code=0,info=0} for Replicator{@0x87bb582(<*),Database{@@0x5c116b6: 'finder.73600.en_us-stage'} => URLEndpoint{url=wss://stage.realtime-sync-gw.wdprapps.disney.com/park-platform-pub/}}$C4CommonRepl{@0xa0dbcd0/@xb4000077b980e4d0, @0x87bb582, SocketFactory{@URLEndpoint{url=wss://stage.realtime-sync-gw.wdprapps.disney.com/park-platform-pub/}}'}
04-12 18:58:18.220 8886 9039 D CouchbaseLite/NETWORK: [JAVA] Offline state change for com.couchbase.lite.internal.replicator.AndroidConnectivityObserver@b908332: IDLE -> true
04-12 18:58:18.220 8886 9039 I CouchbaseLite/REPLICATOR: [JAVA] State changed IDLE => BUSY(0/0): null for Replicator{@0x87bb582(<*),Database{@@0x5c116b6: 'finder.73600.en_us-stage'} => URLEndpoint{url=wss://stage.realtime-sync-gw.wdprapps.disney.com/park-platform-pub/}}$C4CommonRepl{@0xa0dbcd0/@xb4000077b980e4d0, @0x87bb582, SocketFactory{@URLEndpoint{url=wss://stage.realtime-sync-gw.wdprapps.disney.com/park-platform-pub/}}'}
04-12 18:58:18.222 8886 9036 I CouchbaseLite/NETWORK: {N8litecore4repl12C4SocketImplE#26274} Requesting close with status=1000, message=''
04-12 18:58:18.223 8886 9036 D CouchbaseLite/NETWORK: [JAVA] ^C4Socket.requestClose@b4000077c989b950(1000): 'null'
04-12 18:58:18.225 8886 9030 D CouchbaseLite/NETWORK: [JAVA] CBLWebSocket@@0xa3544fb{vC4Socket@xb4000077c989b950 <=> OkHttpSocket@0xd31468a(wss://stage.realtime-sync-gw.wdprapps.disney.com:443/park-platform-pub/_blipsync)}.coreRequestsClose: CloseStatus{6:1000, null}
04-12 18:58:18.225 8886 9030 D CouchbaseLite/NETWORK: [JAVA] OkHttpSocket@0xd31468a.close: CloseStatus{6:1000, null}
04-12 18:58:18.292 8886 10542 D CouchbaseLite/NETWORK: [JAVA] OkHttpSocket@0xe2eb2cb.onClosing(1000): ''
04-12 18:58:18.292 8886 10542 D CouchbaseLite/NETWORK: [JAVA] CBLWebSocket@@0x85e2aa8{vC4Socket@xb4000077c98c1980 <=> OkHttpSocket@0xe2eb2cb(wss://stage.realtime-sync-gw.wdprapps.disney.com:443/park-platform-priv/_blipsync)}.remoteRequestsClose: CloseStatus{0:1000, }
04-12 18:58:18.293 8886 10542 D CouchbaseLite/NETWORK: [JAVA] StateMachine@0xcf3b0a7: transition OPEN => CLOSING
04-12 18:58:18.293 8886 10542 D CouchbaseLite/NETWORK: [JAVA] vC4Socket@xb4000077c98c1980.requestCoreClose(1000): ''
04-12 18:58:18.310 8886 10543 D CouchbaseLite/NETWORK: [JAVA] OkHttpSocket@0x7248ba9.onClosing(1000): ''
04-12 18:58:18.311 8886 10543 D CouchbaseLite/NETWORK: [JAVA] CBLWebSocket@@0xad3252e{vC4Socket@xb4000077c98d1c80 <=> OkHttpSocket@0x7248ba9(wss://stage.realtime-sync-gw.wdprapps.disney.com:443/park-platform-semipriv/_blipsync)}.remoteRequestsClose: CloseStatus{0:1000, }
04-12 18:58:18.311 8886 10543 D CouchbaseLite/NETWORK: [JAVA] StateMachine@0x5113965: transition OPEN => CLOSING
04-12 18:58:18.311 8886 10543 D CouchbaseLite/NETWORK: [JAVA] vC4Socket@xb4000077c98d1c80.requestCoreClose(1000): ''
04-12 18:58:18.343 8886 10542 V CouchbaseLite/NETWORK: {N8litecore4repl12C4SocketImplE#26291} Calling requestClose when the socket is pending close
04-12 18:58:18.344 8886 10542 D CouchbaseLite/NETWORK: [JAVA] OkHttpSocket@0xe2eb2cb.onClosed(1000): ''
04-12 18:58:18.344 8886 10542 D CouchbaseLite/NETWORK: [JAVA] CBLWebSocket@@0x85e2aa8{vC4Socket@xb4000077c98c1980 <=> OkHttpSocket@0xe2eb2cb(wss://stage.realtime-sync-gw.wdprapps.disney.com:443/park-platform-priv/_blipsync)}.remoteClosed: CloseStatus{6:1000, }
04-12 18:58:18.345 8886 10542 D CouchbaseLite/NETWORK: [JAVA] StateMachine@0xcf3b0a7: transition CLOSING => CLOSED
04-12 18:58:18.347 8886 10543 V CouchbaseLite/NETWORK: {N8litecore4repl12C4SocketImplE#26282} Calling requestClose when the socket is pending close
04-12 18:58:18.349 8886 10541 D CouchbaseLite/NETWORK: [JAVA] OkHttpSocket@0xd31468a.onClosing(1000): ''
04-12 18:58:18.350 8886 10541 D CouchbaseLite/NETWORK: [JAVA] CBLWebSocket@@0xa3544fb{vC4Socket@xb4000077c989b950 <=> OkHttpSocket@0xd31468a(wss://stage.realtime-sync-gw.wdprapps.disney.com:443/park-platform-pub/_blipsync)}.remoteRequestsClose: CloseStatus{0:1000, }
04-12 18:58:18.350 8886 10541 D CouchbaseLite/NETWORK: [JAVA] StateMachine@0x8d50918: transition OPEN => CLOSING
04-12 18:58:18.350 8886 10541 D CouchbaseLite/NETWORK: [JAVA] vC4Socket@xb4000077c989b950.requestCoreClose(1000): ''
04-12 18:58:18.353 8886 10543 D CouchbaseLite/NETWORK: [JAVA] OkHttpSocket@0x7248ba9.onClosed(1000): ''
04-12 18:58:18.354 8886 10543 D CouchbaseLite/NETWORK: [JAVA] CBLWebSocket@@0xad3252e{vC4Socket@xb4000077c98d1c80 <=> OkHttpSocket@0x7248ba9(wss://stage.realtime-sync-gw.wdprapps.disney.com:443/park-platform-semipriv/_blipsync)}.remoteClosed: CloseStatus{6:1000, }
04-12 18:58:18.354 8886 10543 D CouchbaseLite/NETWORK: [JAVA] StateMachine@0x5113965: transition CLOSING => CLOSED
04-12 18:58:18.354 8886 10543 D CouchbaseLite/NETWORK: [JAVA] vC4Socket@xb4000077c98d1c80.closeCore(1, 0): ''
04-12 18:58:18.356 8886 10542 D CouchbaseLite/NETWORK: [JAVA] vC4Socket@xb4000077c98c1980.closeCore(1, 0): ''
04-12 18:58:18.356 8886 10543 I CouchbaseLite/NETWORK: {N8litecore4repl12C4SocketImplE#26282} WebSocket closed normally
04-12 18:58:18.356 8886 10543 I CouchbaseLite/NETWORK: {N8litecore4repl12C4SocketImplE#26282} sent 274 bytes, rcvd 117, in 3.805 sec (72/sec, 31/sec)
04-12 18:58:18.357 8886 9034 I CouchbaseLite/NETWORK: {N8litecore4blip10ConnectionE#26278} Closed with WebSocket/HTTP status 1000:
04-12 18:58:18.357 8886 9034 I CouchbaseLite/REPLICATOR: {Repl#26279} {Coll#-1} Connection closed with WebSocket/HTTP status 1000: "" (state=3->0)
04-12 18:58:18.358 8886 10542 I CouchbaseLite/NETWORK: {N8litecore4repl12C4SocketImplE#26291} WebSocket closed normally
04-12 18:58:18.360 8886 10542 I CouchbaseLite/NETWORK: {N8litecore4repl12C4SocketImplE#26291} sent 503 bytes, rcvd 168, in 3.828 sec (131/sec, 44/sec)
04-12 18:58:18.360 8886 9038 I CouchbaseLite/REPLICATOR: {N8litecore4repl6PullerE#26333} {Coll#0} activityLevel=stopped: pendingResponseCount=0, _caughtUp=1, _pendingRevMessages=0, _activeIncomingRevs=0, _waitingRevMessages=0, _unfinishedIncomingRevs=0
04-12 18:58:18.361 8886 9038 V CouchbaseLite/REPLICATOR: {N8litecore4repl6PullerE#26333} {Coll#0} now stopped
04-12 18:58:18.373 8886 9038 I CouchbaseLite/NETWORK: {N8litecore4blip10ConnectionE#26287} Closed with WebSocket/HTTP status 1000:
04-12 18:58:18.374 8886 9036 I CouchbaseLite/REPLICATOR: {Repl#26288} {Coll#-1} Connection closed with WebSocket/HTTP status 1000: "" (state=3->0)
04-12 18:58:18.375 8886 9036 I CouchbaseLite/REPLICATOR: {Repl#26288} {Coll#-1} activityLevel=stopped: connectionState=0, savingChkpt=0
04-12 18:58:18.376 8886 9036 I CouchbaseLite/REPLICATOR: {Repl#26288} {Coll#-1} now stopped
04-12 18:58:18.377 8886 9034 I CouchbaseLite/REPLICATOR: {Repl#26279} {Coll#-1} activityLevel=stopped: connectionState=0, savingChkpt=0
04-12 18:58:18.377 8886 9034 I CouchbaseLite/REPLICATOR: {Repl#26279} {Coll#-1} now stopped
04-12 18:58:18.378 8886 9031 I CouchbaseLite/REPLICATOR: {N8litecore4repl6PusherE#26354} {Coll#0} activityLevel=stopped: pendingResponseCount=0, caughtUp=1, changeLists=0, revsInFlight=0, blobsInFlight=0, awaitingReply=0, revsToSend=0, pushingDocs=0, pendingSequences=0
04-12 18:58:18.379 8886 9031 V CouchbaseLite/REPLICATOR: {N8litecore4repl6PusherE#26354} {Coll#0} now stopped
04-12 18:58:18.380 8886 9035 I CouchbaseLite/REPLICATOR: {N8litecore4repl6PullerE#26357} {Coll#0} activityLevel=stopped: pendingResponseCount=0, _caughtUp=1, _pendingRevMessages=0, _activeIncomingRevs=0, _waitingRevMessages=0, _unfinishedIncomingRevs=0
04-12 18:58:18.381 8886 9035 V CouchbaseLite/REPLICATOR: {N8litecore4repl6PullerE#26357} {Coll#0} now stopped
04-12 18:58:18.398 8886 9036 I CouchbaseLite/REPLICATOR: {C4Replicator#26290} State: stopped, progress=0.00%
04-12 18:58:18.400 8886 10541 V CouchbaseLite/NETWORK: {N8litecore4repl12C4SocketImplE#26274} Calling requestClose when the socket is pending close
04-12 18:58:18.401 8886 10541 D CouchbaseLite/NETWORK: [JAVA] OkHttpSocket@0xd31468a.onClosed(1000): ''
04-12 18:58:18.401 8886 10541 D CouchbaseLite/NETWORK: [JAVA] CBLWebSocket@@0xa3544fb{vC4Socket@xb4000077c989b950 <=> OkHttpSocket@0xd31468a(wss://stage.realtime-sync-gw.wdprapps.disney.com:443/park-platform-pub/_blipsync)}.remoteClosed: CloseStatus{6:1000, }
04-12 18:58:18.401 8886 10541 D CouchbaseLite/NETWORK: [JAVA] StateMachine@0x8d50918: transition CLOSING => CLOSED
04-12 18:58:18.402 8886 10541 D CouchbaseLite/NETWORK: [JAVA] vC4Socket@xb4000077c989b950.closeCore(1, 0): ''
04-12 18:58:18.405 8886 9036 D CouchbaseLite/REPLICATOR: [JAVA] C4Replicator.statusChangedCallback(0x529a5528) C4CommonRepl{@0xf0663a/@xb4000077b983fa10, @0xbf0025c, SocketFactory{@URLEndpoint{url=wss://stage.realtime-sync-gw.wdprapps.disney.com/park-platform-priv}}'}: C4ReplicatorStatus{level=0,completed=0,total=0,#docs=0,domain=0,code=0,info=0}
04-12 18:58:18.407 8886 9049 I CouchbaseLite/REPLICATOR: [JAVA] status changed: (0, 0) @C4ReplicatorStatus{level=0,completed=0,total=0,#docs=0,domain=0,code=0,info=0} for Replicator{@0xbf0025c(<*>),Database{@@0x97fb813: 'finder-private.73600.en_us'} => URLEndpoint{url=wss://stage.realtime-sync-gw.wdprapps.disney.com/park-platform-priv}}$C4CommonRepl{@0xf0663a/@xb4000077b983fa10, @0xbf0025c, SocketFactory{@URLEndpoint{url=wss://stage.realtime-sync-gw.wdprapps.disney.com/park-platform-priv}}'}
04-12 18:58:18.407 8886 9049 D CouchbaseLite/NETWORK: [JAVA] Offline state change for com.couchbase.lite.internal.replicator.AndroidConnectivityObserver@1b7899a: BUSY -> true
04-12 18:58:18.408 8886 9049 I CouchbaseLite/REPLICATOR: [JAVA] State changed BUSY => STOPPED(0/0): null for Replicator{@0xbf0025c(<*>),Database{@@0x97fb813: 'finder-private.73600.en_us'} => URLEndpoint{url=wss://stage.realtime-sync-gw.wdprapps.disney.com/park-platform-priv}}$C4CommonRepl{@0xf0663a/@xb4000077b983fa10, @0xbf0025c, SocketFactory{@URLEndpoint{url=wss://stage.realtime-sync-gw.wdprapps.disney.com/park-platform-priv}}'}
04-12 18:58:18.411 8886 10541 I CouchbaseLite/NETWORK: {N8litecore4repl12C4SocketImplE#26274} WebSocket closed normally
04-12 18:58:18.411 8886 10541 I CouchbaseLite/NETWORK: {N8litecore4repl12C4SocketImplE#26274} sent 1158 bytes, rcvd 160, in 3.802 sec (305/sec, 42/sec)
04-12 18:58:18.412 8886 9037 I CouchbaseLite/NETWORK: {N8litecore4blip10ConnectionE#26271} Closed with WebSocket/HTTP status 1000:
04-12 18:58:18.412 8886 9037 I CouchbaseLite/REPLICATOR: {Repl#26272} {Coll#-1} Connection closed with WebSocket/HTTP status 1000: "" (state=3->0)
04-12 18:58:18.413 8886 9037 I CouchbaseLite/REPLICATOR: {Repl#26272} {Coll#-1} activityLevel=stopped: connectionState=0, savingChkpt=0
04-12 18:58:18.413 8886 9037 I CouchbaseLite/REPLICATOR: {Repl#26272} {Coll#-1} now stopped
04-12 18:58:18.432 8886 9033 I CouchbaseLite/REPLICATOR: {N8litecore4repl6PullerE#26365} {Coll#0} activityLevel=stopped: pendingResponseCount=0, _caughtUp=1, _pendingRevMessages=0, _activeIncomingRevs=0, _waitingRevMessages=0, _unfinishedIncomingRevs=0
04-12 18:58:18.433 8886 9033 V CouchbaseLite/REPLICATOR: {N8litecore4repl6PullerE#26365} {Coll#0} now stopped
04-12 18:58:18.458 8886 9034 I CouchbaseLite/REPLICATOR: {C4Replicator#26281} State: stopped, progress=0.00%
04-12 18:58:18.459 8886 9034 D CouchbaseLite/REPLICATOR: [JAVA] C4Replicator.statusChangedCallback(0x1c0cc2b9) C4CommonRepl{@0xc71e9df/@xb4000077b979dc10, @0x3f3a239, SocketFactory{@URLEndpoint{url=wss://stage.realtime-sync-gw.wdprapps.disney.com/park-platform-semipriv}}'}: C4ReplicatorStatus{level=0,completed=0,total=0,#docs=0,domain=0,code=0,info=0}
04-12 18:58:18.460 8886 9046 I CouchbaseLite/REPLICATOR: [JAVA] status changed: (0, 0) @C4ReplicatorStatus{level=0,completed=0,total=0,#docs=0,domain=0,code=0,info=0} for Replicator{@0x3f3a239(<*),Database{@@0x2e0afa2: 'finder-semi-private.73600.en_us'} => URLEndpoint{url=wss://stage.realtime-sync-gw.wdprapps.disney.com/park-platform-semipriv}}$C4CommonRepl{@0xc71e9df/@xb4000077b979dc10, @0x3f3a239, SocketFactory{@URLEndpoint{url=wss://stage.realtime-sync-gw.wdprapps.disney.com/park-platform-semipriv}}'}
04-12 18:58:18.460 8886 9046 D CouchbaseLite/NETWORK: [JAVA] Offline state change for com.couchbase.lite.internal.replicator.AndroidConnectivityObserver@80c1ce2: BUSY -> true
04-12 18:58:18.461 8886 9046 I CouchbaseLite/REPLICATOR: [JAVA] State changed BUSY => STOPPED(0/0): null for Replicator{@0x3f3a239(<*),Database{@@0x2e0afa2: 'finder-semi-private.73600.en_us'} => URLEndpoint{url=wss://stage.realtime-sync-gw.wdprapps.disney.com/park-platform-semipriv}}$C4CommonRepl{@0xc71e9df/@xb4000077b979dc10, @0x3f3a239, SocketFactory{@URLEndpoint{url=wss://stage.realtime-sync-gw.wdprapps.disney.com/park-platform-semipriv}}'}
04-12 18:58:18.503 8886 9037 I CouchbaseLite/REPLICATOR: {C4Replicator#26273} State: stopped, progress=0.00%
04-12 18:58:18.504 8886 9037 D CouchbaseLite/REPLICATOR: [JAVA] C4Replicator.statusChangedCallback(0x5f329f24) C4CommonRepl{@0xa0dbcd0/@xb4000077b980e4d0, @0x87bb582, SocketFactory{@URLEndpoint{url=wss://stage.realtime-sync-gw.wdprapps.disney.com/park-platform-pub/}}'}: C4ReplicatorStatus{level=0,completed=0,total=0,#docs=0,domain=0,code=0,info=0}
04-12 18:58:18.506 8886 9048 I CouchbaseLite/REPLICATOR: [JAVA] status changed: (0, 0) @C4ReplicatorStatus{level=0,completed=0,total=0,#docs=0,domain=0,code=0,info=0} for Replicator{@0x87bb582(<*),Database{@@0x5c116b6: 'finder.73600.en_us-stage'} => URLEndpoint{url=wss://stage.realtime-sync-gw.wdprapps.disney.com/park-platform-pub/}}$C4CommonRepl{@0xa0dbcd0/@xb4000077b980e4d0, @0x87bb582, SocketFactory{@URLEndpoint{url=wss://stage.realtime-sync-gw.wdprapps.disney.com/park-platform-pub/}}'}
04-12 18:58:18.506 8886 9048 D CouchbaseLite/NETWORK: [JAVA] Offline state change for com.couchbase.lite.internal.replicator.AndroidConnectivityObserver@b908332: BUSY -> true
04-12 18:58:18.506 8886 9048 I CouchbaseLite/REPLICATOR: [JAVA] State changed BUSY => STOPPED(0/0): null for Replicator{@0x87bb582(<*),Database{@@0x5c116b6: 'finder.73600.en_us-stage'} => URLEndpoint{url=wss://stage.realtime-sync-gw.wdprapps.disney.com/park-platform-pub/}}$C4CommonRepl{@0xa0dbcd0/@xb4000077b980e4d0, @0x87bb582, SocketFactory{@URLEndpoint{url=wss://stage.realtime-sync-gw.wdprapps.disney.com/park-platform-pub/}}'}
04-12 18:58:18.573 8886 9034 I CouchbaseLite/REPLICATOR: BLIP sent 2 msgs (274 bytes), rcvd 1 msgs (117 bytes) in 3.998 sec. Max outbox depth was 1, avg 1.00
04-12 18:58:18.579 8886 9037 I CouchbaseLite/REPLICATOR: BLIP sent 2 msgs (1158 bytes), rcvd 1 msgs (160 bytes) in 3.939 sec. Max outbox depth was 1, avg 1.00
04-12 18:58:18.627 8886 9036 I CouchbaseLite/REPLICATOR: BLIP sent 5 msgs (503 bytes), rcvd 1 msgs (168 bytes) in 4.092 sec. Max outbox depth was 1, avg 1.00
04-12 18:58:18.805 8886 8886 I CouchbaseLite/REPLICATOR: [JAVA] Replicator is starting
04-12 18:58:18.807 8886 8886 D CouchbaseLite/REPLICATOR: [JAVA] Replication options: {headers={User-Agent=CouchbaseLite/3.1.6-vf002-50983 (Java; Android 13; Pixel 7 Pro) EE/debug, Commit/cddb9521ab@e80006cb3780 Core/3.1.6 (50971)}, maxRetryInterval=300, maxRetries=9, acceptParentDomainCookies=false, auth={password=r7JQaAsQhxT682iv, type=Basic, username=DPECP-MOBILE.WDW.ANDROID-STAGE}, heartbeat=300, onlySelfSignedServer=false, autoPurge=true}
04-12 18:58:18.818 8886 8886 D CouchbaseLite/REPLICATOR: [JAVA] Setting c4 replicator @0x91e0e77 for replicator @0x71fd39b
04-12 18:58:18.854 8886 8886 I CouchbaseLite/NETWORK: {N8litecore4blip10ConnectionE#26665}==> N8litecore4blip10ConnectionE ->wss://stage.realtime-sync-gw.wdprapps.disney.com/park-platform-pub/_blipsync @0xb400007759888ad0
04-12 18:58:18.855 8886 8886 I CouchbaseLite/NETWORK: {N8litecore4blip10ConnectionE#26665} Opening connection...
04-12 18:58:18.855 8886 8886 I CouchbaseLite/REPLICATOR: {Repl#26666}==> N8litecore4repl10ReplicatorE /data/data/com.disney.wdw.android.debug/files/finder.73600.en_us-stage.cblite2/ ->wss://stage.realtime-sync-gw.wdprapps.disney.com/park-platform-pub/_blipsync @0xb4000077e9a868c0
04-12 18:58:18.855 8886 8886 I CouchbaseLite/REPLICATOR: {Repl#26666} {Coll#-1} {{Coll#0} "_default": {"Push": disabled, "Pull": continuous}}
04-12 18:58:18.855 8886 8886 I CouchbaseLite/REPLICATOR: Options={acceptParentDomainCookies:false, auth:{password:"********", type:"Basic", username:"DPECP-MOBILE.WDW.ANDROID-STAGE"}, autoPurge:true, headers:{User-Agent:"CouchbaseLite/3.1.6-vf002-50983 (Java; Android 13; Pixel 7 Pro) EE/debug, Commit/cddb9521ab@e80006cb3780 Core/3.1.6 (50971)"}, heartbeat:300, maxRetries:9, maxRetryInterval:300, onlySelfSignedServer:false}
04-12 18:58:18.855 8886 8886 V CouchbaseLite/REPLICATOR: {Repl#26666} {Coll#-1} Remote-DB ID 1 found for target
04-12 18:58:18.857 8886 8886 I CouchbaseLite/REPLICATOR: {C4Replicator#26667}==> N8litecore18C4RemoteReplicatorE 0xb4000077b97e2c60 @0xb4000077b97e2c60
04-12 18:58:18.857 8886 8886 V CouchbaseLite/REPLICATOR: {C4Replicator#26667} C4RemoteRepl 0xb4000077b97e2c60 created Repl 0xb4000077e9a868c0
04-12 18:58:18.857 8886 8886 I CouchbaseLite/REPLICATOR: {C4Replicator#26667} Starting Replicator {Repl#26666} with config: {{{Coll#0} "_default": {"Push": disabled, "Pull": continuous}}
04-12 18:58:18.857 8886 8886 I CouchbaseLite/REPLICATOR: Options={acceptParentDomainCookies:false, auth:{password:"********", type:"Basic", username:"DPECP-MOBILE.WDW.ANDROID-STAGE"}, autoPurge:true, headers:{User-Agent:"CouchbaseLite/3.1.6-vf002-50983 (Java; Android 13; Pixel 7 Pro) EE/debug, Commit/cddb9521ab@e80006cb3780 Core/3.1.6 (50971)"}, heartbeat:300, maxRetries:9, maxRetryInterval:300, onlySelfSignedServer:false}}
04-12 18:58:18.857 8886 8886 I CouchbaseLite/REPLICATOR: [JAVA] State changed STOPPED => CONNECTING(0/0): null for Replicator{@0x71fd39b(<*),Database{@@0x5c116b6: 'finder.73600.en_us-stage'} => URLEndpoint{url=wss://stage.realtime-sync-gw.wdprapps.disney.com/park-platform-pub/}}$C4CommonRepl{@0x91e0e77/@xb4000077b97e2c50, @0x71fd39b, SocketFactory{@URLEndpoint{url=wss://stage.realtime-sync-gw.wdprapps.disney.com/park-platform-pub/}}'}
04-12 18:58:18.858 8886 9049 I CouchbaseLite/REPLICATOR: [JAVA] status changed: (0, 0) @C4ReplicatorStatus{level=2,completed=0,total=0,#docs=0,domain=0,code=0,info=0} for Replicator{@0x71fd39b(<*),Database{@@0x5c116b6: 'finder.73600.en_us-stage'} => URLEndpoint{url=wss://stage.realtime-sync-gw.wdprapps.disney.com/park-platform-pub/}}$C4CommonRepl{@0x91e0e77/@xb4000077b97e2c50, @0x71fd39b, SocketFactory{@URLEndpoint{url=wss://stage.realtime-sync-gw.wdprapps.disney.com/park-platform-pub/}}'}
04-12 18:58:18.859 8886 9049 D CouchbaseLite/NETWORK: [JAVA] Offline state change for com.couchbase.lite.internal.replicator.AndroidConnectivityObserver@52b135a: CONNECTING -> true
04-12 18:58:18.859 8886 9032 I CouchbaseLite/NETWORK: {N8litecore4repl12C4SocketImplE#26668}==> N8litecore4repl12C4SocketImplE wss://stage.realtime-sync-gw.wdprapps.disney.com/park-platform-pub/_blipsync @0xb4000077c990f1f8
04-12 18:58:18.859 8886 9032 I CouchbaseLite/NETWORK: {N8litecore4repl12C4SocketImplE#26668} Connecting...
04-12 18:58:18.860 8886 9049 I CouchbaseLite/REPLICATOR: [JAVA] State changed CONNECTING => CONNECTING(0/0): null for Replicator{@0x71fd39b(<*),Database{@@0x5c116b6: 'finder.73600.en_us-stage'} => URLEndpoint{url=wss://stage.realtime-sync-gw.wdprapps.disney.com/park-platform-pub/}}$C4CommonRepl{@0x91e0e77/@xb4000077b97e2c50, @0x71fd39b, SocketFactory{@URLEndpoint{url=wss://stage.realtime-sync-gw.wdprapps.disney.com/park-platform-pub/}}'}
04-12 18:58:18.860 8886 8886 I CouchbaseLite/REPLICATOR: [JAVA] Replicator is starting
04-12 18:58:18.863 8886 8886 D CouchbaseLite/REPLICATOR: [JAVA] Replication options: {headers={User-Agent=CouchbaseLite/3.1.6-vf002-50983 (Java; Android 13; Pixel 7 Pro) EE/debug, Commit/cddb9521ab@e80006cb3780 Core/3.1.6 (50971)}, maxRetryInterval=300, maxRetries=9, acceptParentDomainCookies=false, auth={password=K8ynstages73eHBgT612, type=Basic, username=MOBILE.WDW.ANDROID-SPRIV-STAGE}, heartbeat=300, onlySelfSignedServer=false, autoPurge=true}
04-12 18:58:18.863 8886 9032 D CouchbaseLite/NETWORK: [JAVA] ^C4Socket.open@b4000077c990f350: null@33114ff5
04-12 18:58:18.864 8886 8886 D CouchbaseLite/REPLICATOR: [JAVA] Setting c4 replicator @0xcf70b26 for replicator @0xf1f2a68
04-12 18:58:18.871 8886 9032 D CouchbaseLite/NETWORK: [JAVA] OkHttpSocket@0xf6cf1bd.init: CBLWebSocket@@0x838b3b2{vC4Socket@xb4000077c990f350 <=> OkHttpSocket@0xf6cf1bd(wss://stage.realtime-sync-gw.wdprapps.disney.com:443/park-platform-pub/_blipsync)}
04-12 18:58:18.871 8886 9032 D CouchbaseLite/NETWORK: [JAVA] vC4Socket@xb4000077c990f350.init: CBLWebSocket@@0x838b3b2{vC4Socket@xb4000077c990f350 <=> OkHttpSocket@0xf6cf1bd(wss://stage.realtime-sync-gw.wdprapps.disney.com:443/park-platform-pub/_blipsync)}
04-12 18:58:18.872 8886 9046 D CouchbaseLite/NETWORK: [JAVA] CBLWebSocket@@0x838b3b2{vC4Socket@xb4000077c990f350 <=> OkHttpSocket@0xf6cf1bd(wss://stage.realtime-sync-gw.wdprapps.disney.com:443/park-platform-pub/_blipsync)}.coreRequestedOpen
04-12 18:58:18.872 8886 9046 D CouchbaseLite/NETWORK: [JAVA] StateMachine@0x9dade80: transition UNOPENED => OPENING
04-12 18:58:18.873 8886 9046 D CouchbaseLite/NETWORK: [JAVA] OkHttpSocket@0xf6cf1bd.open: wss://stage.realtime-sync-gw.wdprapps.disney.com:443/park-platform-pub/_blipsync, {headers={User-Agent=CouchbaseLite/3.1.6-vf002-50983 (Java; Android 13; Pixel 7 Pro) EE/debug, Commit/cddb9521ab@e80006cb3780 Core/3.1.6 (50971)}, acceptParentDomainCookies=false, maxRetries=9, maxRetryInterval=300, auth={password=r7JQaAsQhxT682iv, type=Basic, username=DPECP-MOBILE.WDW.ANDROID-STAGE}, heartbeat=300, onlySelfSignedServer=false, WS-Protocols=BLIP_3+CBMobile_3,BLIP_3+CBMobile_2, autoPurge=true}
04-12 18:58:18.880 8886 8886 I CouchbaseLite/NETWORK: {N8litecore4blip10ConnectionE#26672}==> N8litecore4blip10ConnectionE ->wss://stage.realtime-sync-gw.wdprapps.disney.com/park-platform-semipriv/_blipsync @0xb400007759847760
04-12 18:58:18.880 8886 8886 I CouchbaseLite/NETWORK: {N8litecore4blip10ConnectionE#26672} Opening connection...
04-12 18:58:18.880 8886 8886 I CouchbaseLite/REPLICATOR: {Repl#26673}==> N8litecore4repl10ReplicatorE /data/data/com.disney.wdw.android.debug/files/finder-semi-private.73600.en_us.cblite2/ ->wss://stage.realtime-sync-gw.wdprapps.disney.com/park-platform-semipriv/_blipsync @0xb4000077e9ab9c20
04-12 18:58:18.881 8886 8886 I CouchbaseLite/REPLICATOR: {Repl#26673} {Coll#-1} {{Coll#0} "_default": {"Push": disabled, "Pull": continuous}}
04-12 18:58:18.881 8886 8886 I CouchbaseLite/REPLICATOR: Options={acceptParentDomainCookies:false, auth:{password:"********", type:"Basic", username:"MOBILE.WDW.ANDROID-SPRIV-STAGE"}, autoPurge:true, headers:{User-Agent:"CouchbaseLite/3.1.6-vf002-50983 (Java; Android 13; Pixel 7 Pro) EE/debug, Commit/cddb9521ab@e80006cb3780 Core/3.1.6 (50971)"}, heartbeat:300, maxRetries:9, maxRetryInterval:300, onlySelfSignedServer:false}
04-12 18:58:18.881 8886 8886 V CouchbaseLite/REPLICATOR: {Repl#26673} {Coll#-1} Remote-DB ID 1 found for target
04-12 18:58:18.881 8886 8886 I CouchbaseLite/REPLICATOR: {C4Replicator#26674}==> N8litecore18C4RemoteReplicatorE 0xb4000077b982c620 @0xb4000077b982c620
04-12 18:58:18.881 8886 8886 V CouchbaseLite/REPLICATOR: {C4Replicator#26674} C4RemoteRepl 0xb4000077b982c620 created Repl 0xb4000077e9ab9c20
04-12 18:58:18.881 8886 8886 I CouchbaseLite/REPLICATOR: {C4Replicator#26674} Starting Replicator {Repl#26673} with config: {{{Coll#0} "_default": {"Push": disabled, "Pull": continuous}}
04-12 18:58:18.881 8886 8886 I CouchbaseLite/REPLICATOR: Options={acceptParentDomainCookies:false, auth:{password:"********", type:"Basic", username:"MOBILE.WDW.ANDROID-SPRIV-STAGE"}, autoPurge:true, headers:{User-Agent:"CouchbaseLite/3.1.6-vf002-50983 (Java; Android 13; Pixel 7 Pro) EE/debug, Commit/cddb9521ab@e80006cb3780 Core/3.1.6 (50971)"}, heartbeat:300, maxRetries:9, maxRetryInterval:300, onlySelfSignedServer:false}}
04-12 18:58:18.881 8886 8886 I CouchbaseLite/REPLICATOR: [JAVA] State changed STOPPED => CONNECTING(0/0): null for Replicator{@0xf1f2a68(<*),Database{@@0x2e0afa2: 'finder-semi-private.73600.en_us'} => URLEndpoint{url=wss://stage.realtime-sync-gw.wdprapps.disney.com/park-platform-semipriv}}$C4CommonRepl{@0xcf70b26/@xb4000077b982c610, @0xf1f2a68, SocketFactory{@URLEndpoint{url=wss://stage.realtime-sync-gw.wdprapps.disney.com/park-platform-semipriv}}'}
04-12 18:58:18.882 8886 8886 I CouchbaseLite/REPLICATOR: [JAVA] Replicator is starting
04-12 18:58:18.883 8886 8886 D CouchbaseLite/REPLICATOR: [JAVA] Replication options: {headers={User-Agent=CouchbaseLite/3.1.6-vf002-50983 (Java; Android 13; Pixel 7 Pro) EE/debug, Commit/cddb9521ab@e80006cb3780 Core/3.1.6 (50971)}, maxRetryInterval=300, maxRetries=9, acceptParentDomainCookies=false, heartbeat=300, onlySelfSignedServer=false, cookies=SyncGatewaySession=caac7ee0f4b92d40fdd90fc04b4d1ce8fa347518, autoPurge=true}
04-12 18:58:18.883 8886 9048 I CouchbaseLite/REPLICATOR: [JAVA] status changed: (0, 0) @C4ReplicatorStatus{level=2,completed=0,total=0,#docs=0,domain=0,code=0,info=0} for Replicator{@0xf1f2a68(<*),Database{@@0x2e0afa2: 'finder-semi-private.73600.en_us'} => URLEndpoint{url=wss://stage.realtime-sync-gw.wdprapps.disney.com/park-platform-semipriv}}$C4CommonRepl{@0xcf70b26/@xb4000077b982c610, @0xf1f2a68, SocketFactory{@URLEndpoint{url=wss://stage.realtime-sync-gw.wdprapps.disney.com/park-platform-semipriv}}'}
04-12 18:58:18.883 8886 9048 D CouchbaseLite/NETWORK: [JAVA] Offline state change for com.couchbase.lite.internal.replicator.AndroidConnectivityObserver@3e59b75: CONNECTING -> true
04-12 18:58:18.883 8886 8886 D CouchbaseLite/REPLICATOR: [JAVA] Setting c4 replicator @0xf9f070a for replicator @0x94f62ac
04-12 18:58:18.884 8886 9048 I CouchbaseLite/REPLICATOR: [JAVA] State changed CONNECTING => CONNECTING(0/0): null for Replicator{@0xf1f2a68(<*),Database{@@0x2e0afa2: 'finder-semi-private.73600.en_us'} => URLEndpoint{url=wss://stage.realtime-sync-gw.wdprapps.disney.com/park-platform-semipriv}}$C4CommonRepl{@0xcf70b26/@xb4000077b982c610, @0xf1f2a68, SocketFactory{@URLEndpoint{url=wss://stage.realtime-sync-gw.wdprapps.disney.com/park-platform-semipriv}}'}
04-12 18:58:18.893 8886 9033 I CouchbaseLite/NETWORK: {N8litecore4repl12C4SocketImplE#26675}==> N8litecore4repl12C4SocketImplE wss://stage.realtime-sync-gw.wdprapps.disney.com/park-platform-semipriv/_blipsync @0xb4000077c9881318
04-12 18:58:18.902 8886 9033 I CouchbaseLite/NETWORK: {N8litecore4repl12C4SocketImplE#26675} Connecting...
04-12 18:58:18.904 8886 9033 D CouchbaseLite/NETWORK: [JAVA] ^C4Socket.open@b4000077c9881470: null@59095776
04-12 18:58:18.905 8886 9034 I CouchbaseLite/REPLICATOR: {Repl#26666} {Coll#0} Scanning for pre-existing conflicts...
04-12 18:58:18.909 8886 9033 D CouchbaseLite/NETWORK: [JAVA] OkHttpSocket@0xf6cfdae.init: CBLWebSocket@@0x947374f{vC4Socket@xb4000077c9881470 <=> OkHttpSocket@0xf6cfdae(wss://stage.realtime-sync-gw.wdprapps.disney.com:443/park-platform-semipriv/_blipsync)}
04-12 18:58:18.910 8886 9033 D CouchbaseLite/NETWORK: [JAVA] vC4Socket@xb4000077c9881470.init: CBLWebSocket@@0x947374f{vC4Socket@xb4000077c9881470 <=> OkHttpSocket@0xf6cfdae(wss://stage.realtime-sync-gw.wdprapps.disney.com:443/park-platform-semipriv/_blipsync)}
04-12 18:58:18.913 8886 9050 D CouchbaseLite/NETWORK: [JAVA] CBLWebSocket@@0x947374f{vC4Socket@xb4000077c9881470 <=> OkHttpSocket@0xf6cfdae(wss://stage.realtime-sync-gw.wdprapps.disney.com:443/park-platform-semipriv/_blipsync)}.coreRequestedOpen
04-12 18:58:18.913 8886 9050 D CouchbaseLite/NETWORK: [JAVA] StateMachine@0xc46cedc: transition UNOPENED => OPENING
04-12 18:58:18.913 8886 9050 D CouchbaseLite/NETWORK: [JAVA] OkHttpSocket@0xf6cfdae.open: wss://stage.realtime-sync-gw.wdprapps.disney.com:443/park-platform-semipriv/_blipsync, {headers={User-Agent=CouchbaseLite/3.1.6-vf002-50983 (Java; Android 13; Pixel 7 Pro) EE/debug, Commit/cddb9521ab@e80006cb3780 Core/3.1.6 (50971)}, acceptParentDomainCookies=false, maxRetries=9, maxRetryInterval=300, auth={password=K8ynstages73eHBgT612, type=Basic, username=MOBILE.WDW.ANDROID-SPRIV-STAGE}, heartbeat=300, onlySelfSignedServer=false, WS-Protocols=BLIP_3+CBMobile_3,BLIP_3+CBMobile_2, autoPurge=true}
04-12 18:58:18.921 8886 8886 I CouchbaseLite/NETWORK: {N8litecore4blip10ConnectionE#26679}==> N8litecore4blip10ConnectionE ->wss://stage.realtime-sync-gw.wdprapps.disney.com/park-platform-priv/_blipsync @0xb4000077598a30b0
04-12 18:58:18.921 8886 8886 I CouchbaseLite/NETWORK: {N8litecore4blip10ConnectionE#26679} Opening connection...
04-12 18:58:18.922 8886 8886 I CouchbaseLite/REPLICATOR: {Repl#26680}==> N8litecore4repl10ReplicatorE /data/data/com.disney.wdw.android.debug/files/finder-private.73600.en_us.cblite2/ ->wss://stage.realtime-sync-gw.wdprapps.disney.com/park-platform-priv/_blipsync @0xb4000077e9a37d80
04-12 18:58:18.922 8886 8886 I CouchbaseLite/REPLICATOR: {Repl#26680} {Coll#-1} {{Coll#0} "_default": {"Push": continuous, "Pull": continuous}}
04-12 18:58:18.922 8886 8886 I CouchbaseLite/REPLICATOR: Options={acceptParentDomainCookies:false, autoPurge:true, cookies:"SyncGatewaySession=caac7ee0f4b92d40fdd90fc04b4d1ce8fa347518", headers:{User-Agent:"CouchbaseLite/3.1.6-vf002-50983 (Java; Android 13; Pixel 7 Pro) EE/debug, Commit/cddb9521ab@e80006cb3780 Core/3.1.6 (50971)"}, heartbeat:300, maxRetries:9, maxRetryInterval:300, onlySelfSignedServer:false}
04-12 18:58:18.922 8886 8886 V CouchbaseLite/REPLICATOR: {Repl#26680} {Coll#-1} Remote-DB ID 1 found for target
04-12 18:58:18.922 8886 8886 I CouchbaseLite/REPLICATOR: {C4Replicator#26681}==> N8litecore18C4RemoteReplicatorE 0xb4000077b97e6620 @0xb4000077b97e6620
04-12 18:58:18.922 8886 8886 V CouchbaseLite/REPLICATOR: {C4Replicator#26681} C4RemoteRepl 0xb4000077b97e6620 created Repl 0xb4000077e9a37d80
04-12 18:58:18.922 8886 8886 I CouchbaseLite/REPLICATOR: {C4Replicator#26681} Starting Replicator {Repl#26680} with config: {{{Coll#0} "_default": {"Push": continuous, "Pull": continuous}}
04-12 18:58:18.922 8886 8886 I CouchbaseLite/REPLICATOR: Options={acceptParentDomainCookies:false, autoPurge:true, cookies:"SyncGatewaySession=caac7ee0f4b92d40fdd90fc04b4d1ce8fa347518", headers:{User-Agent:"CouchbaseLite/3.1.6-vf002-50983 (Java; Android 13; Pixel 7 Pro) EE/debug, Commit/cddb9521ab@e80006cb3780 Core/3.1.6 (50971)"}, heartbeat:300, maxRetries:9, maxRetryInterval:300, onlySelfSignedServer:false}}
04-12 18:58:18.923 8886 8886 I CouchbaseLite/REPLICATOR: [JAVA] State changed STOPPED => CONNECTING(0/0): null for Replicator{@0x94f62ac(<*>),Database{@@0x97fb813: 'finder-private.73600.en_us'} => URLEndpoint{url=wss://stage.realtime-sync-gw.wdprapps.disney.com/park-platform-priv}}$C4CommonRepl{@0xf9f070a/@xb4000077b97e6610, @0x94f62ac, SocketFactory{@URLEndpoint{url=wss://stage.realtime-sync-gw.wdprapps.disney.com/park-platform-priv}}'}
04-12 18:58:18.927 8886 9030 I CouchbaseLite/REPLICATOR: [JAVA] status changed: (0, 0) @C4ReplicatorStatus{level=2,completed=0,total=0,#docs=0,domain=0,code=0,info=0} for Replicator{@0x94f62ac(<*>),Database{@@0x97fb813: 'finder-private.73600.en_us'} => URLEndpoint{url=wss://stage.realtime-sync-gw.wdprapps.disney.com/park-platform-priv}}$C4CommonRepl{@0xf9f070a/@xb4000077b97e6610, @0x94f62ac, SocketFactory{@URLEndpoint{url=wss://stage.realtime-sync-gw.wdprapps.disney.com/park-platform-priv}}'}
04-12 18:58:18.927 8886 9030 D CouchbaseLite/NETWORK: [JAVA] Offline state change for com.couchbase.lite.internal.replicator.AndroidConnectivityObserver@7554be5: CONNECTING -> true
04-12 18:58:18.929 8886 9030 I CouchbaseLite/REPLICATOR: [JAVA] State changed CONNECTING => CONNECTING(0/0): null for Replicator{@0x94f62ac(<*>),Database{@@0x97fb813: 'finder-private.73600.en_us'} => URLEndpoint{url=wss://stage.realtime-sync-gw.wdprapps.disney.com/park-platform-priv}}$C4CommonRepl{@0xf9f070a/@xb4000077b97e6610, @0x94f62ac, SocketFactory{@URLEndpoint{url=wss://stage.realtime-sync-gw.wdprapps.disney.com/park-platform-priv}}'}
04-12 18:58:18.938 8886 9035 I CouchbaseLite/NETWORK: {N8litecore4repl12C4SocketImplE#26682}==> N8litecore4repl12C4SocketImplE wss://stage.realtime-sync-gw.wdprapps.disney.com/park-platform-priv/_blipsync @0xb4000077c98f07b8
04-12 18:58:18.938 8886 9035 I CouchbaseLite/NETWORK: {N8litecore4repl12C4SocketImplE#26682} Connecting...
04-12 18:58:18.939 8886 9035 D CouchbaseLite/NETWORK: [JAVA] ^C4Socket.open@b4000077c98f0910: null@280254a8
04-12 18:58:18.946 8886 9035 D CouchbaseLite/NETWORK: [JAVA] OkHttpSocket@0xfd79ce0.init: CBLWebSocket@@0x5da3b99{vC4Socket@xb4000077c98f0910 <=> OkHttpSocket@0xfd79ce0(wss://stage.realtime-sync-gw.wdprapps.disney.com:443/park-platform-priv/_blipsync)}
04-12 18:58:18.946 8886 9035 D CouchbaseLite/NETWORK: [JAVA] vC4Socket@xb4000077c98f0910.init: CBLWebSocket@@0x5da3b99{vC4Socket@xb4000077c98f0910 <=> OkHttpSocket@0xfd79ce0(wss://stage.realtime-sync-gw.wdprapps.disney.com:443/park-platform-priv/_blipsync)}
04-12 18:58:18.948 8886 9039 D CouchbaseLite/NETWORK: [JAVA] CBLWebSocket@@0x5da3b99{vC4Socket@xb4000077c98f0910 <=> OkHttpSocket@0xfd79ce0(wss://stage.realtime-sync-gw.wdprapps.disney.com:443/park-platform-priv/_blipsync)}.coreRequestedOpen
04-12 18:58:18.948 8886 9039 D CouchbaseLite/NETWORK: [JAVA] StateMachine@0xd6a2e5e: transition UNOPENED => OPENING
04-12 18:58:18.949 8886 9039 D CouchbaseLite/NETWORK: [JAVA] OkHttpSocket@0xfd79ce0.open: wss://stage.realtime-sync-gw.wdprapps.disney.com:443/park-platform-priv/_blipsync, {headers={User-Agent=CouchbaseLite/3.1.6-vf002-50983 (Java; Android 13; Pixel 7 Pro) EE/debug, Commit/cddb9521ab@e80006cb3780 Core/3.1.6 (50971)}, acceptParentDomainCookies=false, maxRetries=9, maxRetryInterval=300, heartbeat=300, onlySelfSignedServer=false, WS-Protocols=BLIP_3+CBMobile_3,BLIP_3+CBMobile_2, autoPurge=true, cookies=SyncGatewaySession=caac7ee0f4b92d40fdd90fc04b4d1ce8fa347518}
04-12 18:58:18.973 8886 9036 I CouchbaseLite/REPLICATOR: {Repl#26680} {Coll#0} Scanning for pre-existing conflicts...
04-12 18:58:18.998 8886 9036 I CouchbaseLite/REPLICATOR: {Repl#26680} {Coll#0} Found 0 conflicted docs in 0.060 sec
04-12 18:58:18.999 8886 9037 I CouchbaseLite/REPLICATOR: {Repl#26673} {Coll#0} Scanning for pre-existing conflicts...
04-12 18:58:19.000 8886 9034 I CouchbaseLite/REPLICATOR: {Repl#26666} {Coll#0} Found 0 conflicted docs in 0.136 sec
04-12 18:58:19.003 8886 9037 I CouchbaseLite/REPLICATOR: {Repl#26673} {Coll#0} Found 0 conflicted docs in 0.119 sec
04-12 18:58:19.018 8886 9036 I CouchbaseLite/REPLICATOR: {Repl#26680} {Coll#0} Read local checkpoint 'cp-GeXYPlhmWYlGsECdqGVkCOk9Wpc=': {"time":1712962450,"local":7,"remote":45262888}
04-12 18:58:19.018 8886 9036 I CouchbaseLite/REPLICATOR: {Repl#26680} {Coll#-1} activityLevel=connecting: connectionState=1, savingChkpt=0
04-12 18:58:19.036 8886 9034 I CouchbaseLite/REPLICATOR: {Repl#26666} {Coll#0} Read local checkpoint 'cp-EUIwC4qPpttqvSBmzfkR34rhris=': {"time":1712962648,"remote":376872135}
04-12 18:58:19.039 8886 9034 I CouchbaseLite/REPLICATOR: {Repl#26666} {Coll#-1} activityLevel=connecting: connectionState=1, savingChkpt=0
04-12 18:58:19.051 8886 9037 I CouchbaseLite/REPLICATOR: {Repl#26673} {Coll#0} No local checkpoint 'cp-SHpbnSwgcB4cOJXwvdZ39kOvanE='
04-12 18:58:19.074 8886 9037 I CouchbaseLite/REPLICATOR: {Repl#26673} {Coll#-1} activityLevel=connecting: connectionState=1, savingChkpt=0
04-12 18:58:19.135 8886 10542 D CouchbaseLite/NETWORK: [JAVA] Extended trust check: 4, GENERIC, stage.realtime-sync-gw.wdprapps.disney.com
04-12 18:58:19.138 8886 10541 D CouchbaseLite/NETWORK: [JAVA] Extended trust check: 4, GENERIC, stage.realtime-sync-gw.wdprapps.disney.com
04-12 18:58:19.144 8886 10543 D CouchbaseLite/NETWORK: [JAVA] Extended trust check: 4, GENERIC, stage.realtime-sync-gw.wdprapps.disney.com
04-12 18:58:19.566 8886 10543 D CouchbaseLite/NETWORK: [JAVA] OkHttpSocket@0xfd79ce0.onOpen: Response{protocol=http/1.1, code=101, message=Switching Protocols, url=https://stage.realtime-sync-gw.wdprapps.disney.com/park-platform-priv/_blipsync}
04-12 18:58:19.567 8886 10543 D CouchbaseLite/NETWORK: [JAVA] CBLWebSocket@@0x5da3b99{vC4Socket@xb4000077c98f0910 <=> OkHttpSocket@0xfd79ce0(wss://stage.realtime-sync-gw.wdprapps.disney.com:443/park-platform-priv/_blipsync)}.remoteOpened: {Server=Couchbase Sync Gateway/3.1.3 EE, Connection=Upgrade, Sec-Websocket-Protocol=BLIP_3+CBMobile_3, Upgrade=websocket, Date=Fri, 12 Apr 2024 22:58:17 GMT, Sec-Websocket-Accept=3qcK5oKNkv/2m3Dv1D1JxVJGGes=}
04-12 18:58:19.567 8886 10543 D CouchbaseLite/NETWORK: [JAVA] StateMachine@0xd6a2e5e: transition OPENING => OPEN
04-12 18:58:19.569 8886 10543 D CouchbaseLite/NETWORK: [JAVA] vC4Socket@xb4000077c98f0910.ackOpenToCore
04-12 18:58:19.570 8886 10543 I CouchbaseLite/NETWORK: {N8litecore4repl12C4SocketImplE#26682} Got HTTP response (status 101)
04-12 18:58:19.570 8886 10543 I CouchbaseLite/NETWORK: {N8litecore4repl12C4SocketImplE#26682} Connected!
04-12 18:58:19.570 8886 10543 I CouchbaseLite/NETWORK: {N8litecore4blip10ConnectionE#26679} Connected!
04-12 18:58:19.571 8886 9031 I CouchbaseLite/REPLICATOR: {Repl#26680} {Coll#-1} activityLevel=connecting: connectionState=1, savingChkpt=0
04-12 18:58:19.573 8886 9033 I CouchbaseLite/NETWORK: {N8litecore4blip6BLIPIOE#26724}==> N8litecore4blip6BLIPIOE ->wss://stage.realtime-sync-gw.wdprapps.disney.com/park-platform-priv/_blipsync @0xb4000077e9aa9960
04-12 18:58:19.578 8886 9033 V CouchbaseLite/NETWORK: {N8litecore4blip6BLIPIOE#26724} WebSocket is hungry!
04-12 18:58:19.578 8886 9033 V CouchbaseLite/NETWORK: {N8litecore4blip6BLIPIOE#26724} Starting writeToWebSocket loop...
04-12 18:58:19.580 8886 9033 V CouchbaseLite/NETWORK: {N8litecore4blip6BLIPIOE#26724} ...Wrote 0 bytes to WebSocket (writeable=1)
04-12 18:58:19.580 8886 9031 I CouchbaseLite/REPLICATOR: {Repl#26680} {Coll#-1} Connected!
04-12 18:58:19.580 8886 9031 V CouchbaseLite/REPLICATOR: {Repl#26680} {Coll#-1} Requesting remote checkpoint 'cp-GeXYPlhmWYlGsECdqGVkCOk9Wpc=' of the default collection
04-12 18:58:19.585 8886 9031 I CouchbaseLite/NETWORK: SENDING: REQ #0 {
04-12 18:58:19.585 8886 9031 I CouchbaseLite/NETWORK: Profile: getCheckpoint
04-12 18:58:19.585 8886 9031 I CouchbaseLite/NETWORK: client: cp-GeXYPlhmWYlGsECdqGVkCOk9Wpc= }
04-12 18:58:19.587 8886 9031 I CouchbaseLite/REPLICATOR: {Repl#26680} {Coll#-1} activityLevel=busy: connectionState=2, savingChkpt=0
04-12 18:58:19.589 8886 9036 V CouchbaseLite/NETWORK: {N8litecore4blip6BLIPIOE#26724} Sending 'getCheckpoint' REQ #0
04-12 18:58:19.589 8886 9036 V CouchbaseLite/NETWORK: {N8litecore4blip6BLIPIOE#26724} Requeuing REQ #0...
04-12 18:58:19.589 8886 9036 V CouchbaseLite/NETWORK: {N8litecore4blip6BLIPIOE#26724} Starting writeToWebSocket loop...
04-12 18:58:19.590 8886 9031 I CouchbaseLite/REPLICATOR: {Repl#26680} {Coll#-1} now busy
04-12 18:58:19.591 8886 9031 I CouchbaseLite/REPLICATOR: {C4Replicator#26681} State: busy, progress=0.00%
04-12 18:58:19.593 8886 9036 V CouchbaseLite/NETWORK: {N8litecore4blip6BLIPIOE#26724} Sending frame: REQ #1 ----, bytes 0--65
04-12 18:58:19.593 8886 9031 D CouchbaseLite/REPLICATOR: [JAVA] C4Replicator.statusChangedCallback(0x3aed9ce1) C4CommonRepl{@0xf9f070a/@xb4000077b97e6610, @0x94f62ac, SocketFactory{@URLEndpoint{url=wss://stage.realtime-sync-gw.wdprapps.disney.com/park-platform-priv}}'}: C4ReplicatorStatus{level=4,completed=0,total=0,#docs=0,domain=0,code=0,info=0}
04-12 18:58:19.593 8886 9036 V CouchbaseLite/NETWORK: {N8litecore4repl12C4SocketImplE#26682} Sending 68-byte message
04-12 18:58:19.594 8886 9036 D CouchbaseLite/NETWORK: [JAVA] ^C4Socket.write@b4000077c98f0910(68)
04-12 18:58:19.595 8886 9030 D CouchbaseLite/NETWORK: [JAVA] CBLWebSocket@@0x5da3b99{vC4Socket@xb4000077c98f0910 <=> OkHttpSocket@0xfd79ce0(wss://stage.realtime-sync-gw.wdprapps.disney.com:443/park-platform-priv/_blipsync)}.coreWrites(68)
04-12 18:58:19.595 8886 9046 I CouchbaseLite/REPLICATOR: [JAVA] status changed: (0, 0) @C4ReplicatorStatus{level=4,completed=0,total=0,#docs=0,domain=0,code=0,info=0} for Replicator{@0x94f62ac(<*>),Database{@@0x97fb813: 'finder-private.73600.en_us'} => URLEndpoint{url=wss://stage.realtime-sync-gw.wdprapps.disney.com/park-platform-priv}}$C4CommonRepl{@0xf9f070a/@xb4000077b97e6610, @0x94f62ac, SocketFactory{@URLEndpoint{url=wss://stage.realtime-sync-gw.wdprapps.disney.com/park-platform-priv}}'}
04-12 18:58:19.595 8886 9030 D CouchbaseLite/NETWORK: [JAVA] OkHttpSocket@0xfd79ce0.write(68)
04-12 18:58:19.595 8886 9046 D CouchbaseLite/NETWORK: [JAVA] Offline state change for com.couchbase.lite.internal.replicator.AndroidConnectivityObserver@7554be5: CONNECTING -> true
04-12 18:58:19.595 8886 9030 D CouchbaseLite/NETWORK: [JAVA] vC4Socket@xb4000077c98f0910.ackWriteToCore(68)
04-12 18:58:19.595 8886 9036 V CouchbaseLite/NETWORK: {N8litecore4blip6BLIPIOE#26724} Finished sending REQ #1
04-12 18:58:19.596 8886 9046 I CouchbaseLite/REPLICATOR: [JAVA] State changed CONNECTING => BUSY(0/0): null for Replicator{@0x94f62ac(<*>),Database{@@0x97fb813: 'finder-private.73600.en_us'} => URLEndpoint{url=wss://stage.realtime-sync-gw.wdprapps.disney.com/park-platform-priv}}$C4CommonRepl{@0xf9f070a/@xb4000077b97e6610, @0x94f62ac, SocketFactory{@URLEndpoint{url=wss://stage.realtime-sync-gw.wdprapps.disney.com/park-platform-priv}}'}
04-12 18:58:19.596 8886 9036 V CouchbaseLite/NETWORK: {N8litecore4blip6BLIPIOE#26724} ...Wrote 68 bytes to WebSocket (writeable=1)
04-12 18:58:19.604 8886 9031 I CouchbaseLite/REPLICATOR: {Repl#26680} {Coll#-1} activityLevel=busy: connectionState=2, savingChkpt=0
04-12 18:58:19.620 8886 10541 D CouchbaseLite/NETWORK: [JAVA] OkHttpSocket@0xf6cf1bd.onOpen: Response{protocol=http/1.1, code=101, message=Switching Protocols, url=https://stage.realtime-sync-gw.wdprapps.disney.com/park-platform-pub/_blipsync}
04-12 18:58:19.620 8886 10541 D CouchbaseLite/NETWORK: [JAVA] CBLWebSocket@@0x838b3b2{vC4Socket@xb4000077c990f350 <=> OkHttpSocket@0xf6cf1bd(wss://stage.realtime-sync-gw.wdprapps.disney.com:443/park-platform-pub/_blipsync)}.remoteOpened: {Server=Couchbase Sync Gateway/3.1.3 EE, Connection=Upgrade, Sec-Websocket-Protocol=BLIP_3+CBMobile_3, Upgrade=websocket, Date=Fri, 12 Apr 2024 22:58:17 GMT, Sec-Websocket-Accept=FnI+B4ZB54JMkhq8D0ImdnXisqw=}
04-12 18:58:19.620 8886 10541 D CouchbaseLite/NETWORK: [JAVA] StateMachine@0x9dade80: transition OPENING => OPEN
04-12 18:58:19.622 8886 10541 D CouchbaseLite/NETWORK: [JAVA] vC4Socket@xb4000077c990f350.ackOpenToCore
04-12 18:58:19.622 8886 10541 I CouchbaseLite/NETWORK: {N8litecore4repl12C4SocketImplE#26668} Got HTTP response (status 101)
04-12 18:58:19.622 8886 10541 I CouchbaseLite/NETWORK: {N8litecore4repl12C4SocketImplE#26668} Connected!
04-12 18:58:19.622 8886 9037 I CouchbaseLite/REPLICATOR: {Repl#26666} {Coll#-1} activityLevel=connecting: connectionState=1, savingChkpt=0
04-12 18:58:19.626 8886 10541 I CouchbaseLite/NETWORK: {N8litecore4blip10ConnectionE#26665} Connected!
04-12 18:58:19.626 8886 9032 I CouchbaseLite/REPLICATOR: {Repl#26666} {Coll#-1} Connected!
04-12 18:58:19.627 8886 9032 V CouchbaseLite/REPLICATOR: {Repl#26666} {Coll#-1} Requesting remote checkpoint 'cp-EUIwC4qPpttqvSBmzfkR34rhris=' of the default collection
04-12 18:58:19.628 8886 9032 I CouchbaseLite/NETWORK: SENDING: REQ #0 {
04-12 18:58:19.628 8886 9032 I CouchbaseLite/NETWORK: Profile: getCheckpoint
04-12 18:58:19.628 8886 9032 I CouchbaseLite/NETWORK: client: cp-EUIwC4qPpttqvSBmzfkR34rhris= }
04-12 18:58:19.628 8886 9032 I CouchbaseLite/REPLICATOR: {Repl#26666} {Coll#-1} activityLevel=busy: connectionState=2, savingChkpt=0
04-12 18:58:19.629 8886 9032 I CouchbaseLite/REPLICATOR: {Repl#26666} {Coll#-1} now busy
04-12 18:58:19.630 8886 9032 I CouchbaseLite/REPLICATOR: {C4Replicator#26667} State: busy, progress=0.00%
04-12 18:58:19.631 8886 9032 D CouchbaseLite/REPLICATOR: [JAVA] C4Replicator.statusChangedCallback(0x4efa4dae) C4CommonRepl{@0x91e0e77/@xb4000077b97e2c50, @0x71fd39b, SocketFactory{@URLEndpoint{url=wss://stage.realtime-sync-gw.wdprapps.disney.com/park-platform-pub/}}'}: C4ReplicatorStatus{level=4,completed=0,total=0,#docs=0,domain=0,code=0,info=0}
04-12 18:58:19.631 8886 9050 I CouchbaseLite/REPLICATOR: [JAVA] status changed: (0, 0) @C4ReplicatorStatus{level=4,completed=0,total=0,#docs=0,domain=0,code=0,info=0} for Replicator{@0x71fd39b(<*),Database{@@0x5c116b6: 'finder.73600.en_us-stage'} => URLEndpoint{url=wss://stage.realtime-sync-gw.wdprapps.disney.com/park-platform-pub/}}$C4CommonRepl{@0x91e0e77/@xb4000077b97e2c50, @0x71fd39b, SocketFactory{@URLEndpoint{url=wss://stage.realtime-sync-gw.wdprapps.disney.com/park-platform-pub/}}'}
04-12 18:58:19.631 8886 9050 D CouchbaseLite/NETWORK: [JAVA] Offline state change for com.couchbase.lite.internal.replicator.AndroidConnectivityObserver@52b135a: CONNECTING -> true
04-12 18:58:19.632 8886 9050 I CouchbaseLite/REPLICATOR: [JAVA] State changed CONNECTING => BUSY(0/0): null for Replicator{@0x71fd39b(<*),Database{@@0x5c116b6: 'finder.73600.en_us-stage'} => URLEndpoint{url=wss://stage.realtime-sync-gw.wdprapps.disney.com/park-platform-pub/}}$C4CommonRepl{@0x91e0e77/@xb4000077b97e2c50, @0x71fd39b, SocketFactory{@URLEndpoint{url=wss://stage.realtime-sync-gw.wdprapps.disney.com/park-platform-pub/}}'}
04-12 18:58:19.641 8886 9038 I CouchbaseLite/NETWORK: {N8litecore4blip6BLIPIOE#26726}==> N8litecore4blip6BLIPIOE ->wss://stage.realtime-sync-gw.wdprapps.disney.com/park-platform-pub/_blipsync @0xb4000077e9a191e0
04-12 18:58:19.642 8886 9038 V CouchbaseLite/NETWORK: {N8litecore4blip6BLIPIOE#26726} WebSocket is hungry!
04-12 18:58:19.643 8886 9038 V CouchbaseLite/NETWORK: {N8litecore4blip6BLIPIOE#26726} Starting writeToWebSocket loop...
04-12 18:58:19.643 8886 9038 V CouchbaseLite/NETWORK: {N8litecore4blip6BLIPIOE#26726} ...Wrote 0 bytes to WebSocket (writeable=1)
04-12 18:58:19.644 8886 9038 V CouchbaseLite/NETWORK: {N8litecore4blip6BLIPIOE#26726} Sending 'getCheckpoint' REQ #0
04-12 18:58:19.644 8886 9038 V CouchbaseLite/NETWORK: {N8litecore4blip6BLIPIOE#26726} Requeuing REQ #0...
04-12 18:58:19.644 8886 9038 V CouchbaseLite/NETWORK: {N8litecore4blip6BLIPIOE#26726} Starting writeToWebSocket loop...
04-12 18:58:19.645 8886 9033 I CouchbaseLite/REPLICATOR: {Repl#26666} {Coll#-1} activityLevel=busy: connectionState=2, savingChkpt=0
