04-12 18:58:20.018 8886 9033 V CouchbaseLite/NETWORK: {N8litecore4blip10ConnectionE#26665} Finished receiving 'changes' REQ #1 NZ
04-12 18:58:20.018 8886 9033 I CouchbaseLite/NETWORK: RECEIVED: REQ #1 NZ {
04-12 18:58:20.018 8886 9033 I CouchbaseLite/NETWORK: Profile: changes
04-12 18:58:20.018 8886 9033 I CouchbaseLite/NETWORK: Content-Type: application/json
04-12 18:58:20.018 8886 9033 I CouchbaseLite/NETWORK: BODY: null }
04-12 18:58:20.019 8886 9033 D CouchbaseLite/NETWORK: [JAVA] ^C4Socket.completedReceive@b4000077c990f350(63)
04-12 18:58:20.019 8886 9032 I CouchbaseLite/REPLICATOR: {Repl#26666} {Coll#-1} activityLevel=busy: connectionState=2, savingChkpt=0
04-12 18:58:20.020 8886 9050 D CouchbaseLite/NETWORK: [JAVA] CBLWebSocket@@0x838b3b2{vC4Socket@xb4000077c990f350 <=> OkHttpSocket@0xf6cf1bd(wss://stage.realtime-sync-gw.wdprapps.disney.com:443/park-platform-pub/_blipsync)}.coreAckReceive: 63
04-12 18:58:20.021 8886 9032 I CouchbaseLite/REPLICATOR: {N8litecore4repl9RevFinderE#26763}==> N8litecore4repl9RevFinderE {Repl#26666} @0xb4000077c98cca10
04-12 18:58:20.021 8886 9032 V CouchbaseLite/REPLICATOR: {N8litecore4repl9RevFinderE#26763} {Coll#0} Handling 'changes' REQ#1
04-12 18:58:20.021 8886 9032 I CouchbaseLite/REPLICATOR: {N8litecore4repl9RevFinderE#26763} {Coll#0} Caught up with remote changes
04-12 18:58:20.025 8886 9032 V CouchbaseLite/REPLICATOR: {N8litecore4repl9RevFinderE#26763} {Coll#0} now idle
04-12 18:58:20.026 8886 9032 I CouchbaseLite/REPLICATOR: {Repl#26666} {Coll#-1} pushStatus=stopped, pullStatus=busy, progress=0/0/0
04-12 18:58:20.026 8886 9032 V CouchbaseLite/REPLICATOR: {Repl#26666} {Coll#-1} Replicator status collection-wise: pushStatus=stopped, pullStatus=busy, progress=0/0, docCount=0
04-12 18:58:20.026 8886 9032 I CouchbaseLite/REPLICATOR: {Repl#26666} {Coll#-1} activityLevel=busy: connectionState=2, savingChkpt=0
04-12 18:58:20.029 8886 9031 I CouchbaseLite/REPLICATOR: {N8litecore4repl6PullerE#26740} {Coll#0} activityLevel=idle: pendingResponseCount=0, _caughtUp=1, _pendingRevMessages=0, _activeIncomingRevs=0, _waitingRevMessages=0, _unfinishedIncomingRevs=0
04-12 18:58:20.029 8886 9031 V CouchbaseLite/REPLICATOR: {N8litecore4repl6PullerE#26740} {Coll#0} now idle
04-12 18:58:20.030 8886 9031 I CouchbaseLite/REPLICATOR: {Repl#26666} {Coll#-1} pushStatus=stopped, pullStatus=idle, progress=0/0/0
04-12 18:58:20.030 8886 9031 V CouchbaseLite/REPLICATOR: {Repl#26666} {Coll#-1} Replicator status collection-wise: pushStatus=stopped, pullStatus=idle, progress=0/0, docCount=0
04-12 18:58:20.031 8886 9031 I CouchbaseLite/REPLICATOR: {Repl#26666} {Coll#-1} activityLevel=idle: connectionState=2, savingChkpt=0
04-12 18:58:20.031 8886 9031 I CouchbaseLite/REPLICATOR: {Repl#26666} {Coll#-1} now idle
04-12 18:58:20.033 8886 9031 I CouchbaseLite/REPLICATOR: {C4Replicator#26667} State: idle, progress=0.00%
04-12 18:58:20.034 8886 9031 D CouchbaseLite/REPLICATOR: [JAVA] C4Replicator.statusChangedCallback(0x4efa4dae) C4CommonRepl{@0x91e0e77/@xb4000077b97e2c50, @0x71fd39b, SocketFactory{@URLEndpoint{url=wss://stage.realtime-sync-gw.wdprapps.disney.com/park-platform-pub/}}'}: C4ReplicatorStatus{level=3,completed=0,total=0,#docs=0,domain=0,code=0,info=0}
04-12 18:58:20.035 8886 9039 I CouchbaseLite/REPLICATOR: [JAVA] status changed: (0, 0) @C4ReplicatorStatus{level=3,completed=0,total=0,#docs=0,domain=0,code=0,info=0} for Replicator{@0x71fd39b(<*),Database{@@0x5c116b6: 'finder.73600.en_us-stage'} => URLEndpoint{url=wss://stage.realtime-sync-gw.wdprapps.disney.com/park-platform-pub/}}$C4CommonRepl{@0x91e0e77/@xb4000077b97e2c50, @0x71fd39b, SocketFactory{@URLEndpoint{url=wss://stage.realtime-sync-gw.wdprapps.disney.com/park-platform-pub/}}'}
04-12 18:58:20.035 8886 9039 D CouchbaseLite/NETWORK: [JAVA] Offline state change for com.couchbase.lite.internal.replicator.AndroidConnectivityObserver@52b135a: BUSY -> true
04-12 18:58:20.036 8886 9039 I CouchbaseLite/REPLICATOR: [JAVA] State changed BUSY => IDLE(0/0): null for Replicator{@0x71fd39b(<*),Database{@@0x5c116b6: 'finder.73600.en_us-stage'} => URLEndpoint{url=wss://stage.realtime-sync-gw.wdprapps.disney.com/park-platform-pub/}}$C4CommonRepl{@0x91e0e77/@xb4000077b97e2c50, @0x71fd39b, SocketFactory{@URLEndpoint{url=wss://stage.realtime-sync-gw.wdprapps.disney.com/park-platform-pub/}}'}
04-12 18:58:36.396 8886 8886 I CouchbaseLite/REPLICATOR: [JAVA] Replicator{@0x71fd39b(<*),Database{@@0x5c116b6: 'finder.73600.en_us-stage'} => URLEndpoint{url=wss://stage.realtime-sync-gw.wdprapps.disney.com/park-platform-pub/}}$C4CommonRepl{@0x91e0e77/@xb4000077b97e2c50, @0x71fd39b, SocketFactory{@URLEndpoint{url=wss://stage.realtime-sync-gw.wdprapps.disney.com/park-platform-pub/}}'}: Replicator is stopping (C4CommonRepl{@0x91e0e77/@xb4000077b97e2c50, @0x71fd39b, SocketFactory{@URLEndpoint{url=wss://stage.realtime-sync-gw.wdprapps.disney.com/park-platform-pub/}}'})
04-12 18:58:36.397 8886 8886 I CouchbaseLite/REPLICATOR: [JAVA] Replicator{@0xf1f2a68(<*),Database{@@0x2e0afa2: 'finder-semi-private.73600.en_us'} => URLEndpoint{url=wss://stage.realtime-sync-gw.wdprapps.disney.com/park-platform-semipriv}}$C4CommonRepl{@0xcf70b26/@xb4000077b982c610, @0xf1f2a68, SocketFactory{@URLEndpoint{url=wss://stage.realtime-sync-gw.wdprapps.disney.com/park-platform-semipriv}}'}: Replicator is stopping (C4CommonRepl{@0xcf70b26/@xb4000077b982c610, @0xf1f2a68, SocketFactory{@URLEndpoint{url=wss://stage.realtime-sync-gw.wdprapps.disney.com/park-platform-semipriv}}'})
04-12 18:58:36.397 8886 9034 I CouchbaseLite/REPLICATOR: {Repl#26666} {Coll#-1} Told to stop!
04-12 18:58:36.397 8886 8886 I CouchbaseLite/REPLICATOR: [JAVA] Replicator{@0x94f62ac(<*>),Database{@@0x97fb813: 'finder-private.73600.en_us'} => URLEndpoint{url=wss://stage.realtime-sync-gw.wdprapps.disney.com/park-platform-priv}}$C4CommonRepl{@0xf9f070a/@xb4000077b97e6610, @0x94f62ac, SocketFactory{@URLEndpoint{url=wss://stage.realtime-sync-gw.wdprapps.disney.com/park-platform-priv}}'}: Replicator is stopping (C4CommonRepl{@0xf9f070a/@xb4000077b97e6610, @0x94f62ac, SocketFactory{@URLEndpoint{url=wss://stage.realtime-sync-gw.wdprapps.disney.com/park-platform-priv}}'})
04-12 18:58:36.397 8886 9034 I CouchbaseLite/NETWORK: {N8litecore4blip10ConnectionE#26665} Closing with code 1000, msg ''
04-12 18:58:36.398 8886 9034 I CouchbaseLite/REPLICATOR: {Repl#26666} {Coll#-1} activityLevel=busy: connectionState=3, savingChkpt=0
04-12 18:58:36.399 8886 9035 I CouchbaseLite/REPLICATOR: {Repl#26680} {Coll#-1} Told to stop!
04-12 18:58:36.400 8886 9035 I CouchbaseLite/NETWORK: {N8litecore4blip10ConnectionE#26679} Closing with code 1000, msg ''
04-12 18:58:36.400 8886 9035 I CouchbaseLite/REPLICATOR: {Repl#26680} {Coll#-1} activityLevel=busy: connectionState=3, savingChkpt=0
04-12 18:58:36.401 8886 9035 I CouchbaseLite/REPLICATOR: {Repl#26680} {Coll#-1} now busy
04-12 18:58:36.401 8886 9035 I CouchbaseLite/REPLICATOR: {C4Replicator#26681} State: busy, progress=0.00%
04-12 18:58:36.402 8886 9035 D CouchbaseLite/REPLICATOR: [JAVA] C4Replicator.statusChangedCallback(0x3aed9ce1) C4CommonRepl{@0xf9f070a/@xb4000077b97e6610, @0x94f62ac, SocketFactory{@URLEndpoint{url=wss://stage.realtime-sync-gw.wdprapps.disney.com/park-platform-priv}}'}: C4ReplicatorStatus{level=4,completed=0,total=0,#docs=0,domain=0,code=0,info=0}
04-12 18:58:36.403 8886 9038 I CouchbaseLite/NETWORK: {N8litecore4repl12C4SocketImplE#26682} Requesting close with status=1000, message=''
04-12 18:58:36.404 8886 9038 D CouchbaseLite/NETWORK: [JAVA] ^C4Socket.requestClose@b4000077c98f0910(1000): 'null'
04-12 18:58:36.405 8886 9048 D CouchbaseLite/NETWORK: [JAVA] CBLWebSocket@@0x5da3b99{vC4Socket@xb4000077c98f0910 <=> OkHttpSocket@0xfd79ce0(wss://stage.realtime-sync-gw.wdprapps.disney.com:443/park-platform-priv/_blipsync)}.coreRequestsClose: CloseStatus{6:1000, null}
04-12 18:58:36.406 8886 9048 D CouchbaseLite/NETWORK: [JAVA] OkHttpSocket@0xfd79ce0.close: CloseStatus{6:1000, null}
04-12 18:58:36.415 8886 9037 I CouchbaseLite/REPLICATOR: {Repl#26673} {Coll#-1} Told to stop!
04-12 18:58:36.415 8886 9037 I CouchbaseLite/NETWORK: {N8litecore4blip10ConnectionE#26672} Closing with code 1000, msg ''
04-12 18:58:36.416 8886 9037 I CouchbaseLite/REPLICATOR: {Repl#26673} {Coll#-1} activityLevel=busy: connectionState=3, savingChkpt=0
04-12 18:58:36.416 8886 9032 I CouchbaseLite/NETWORK: {N8litecore4repl12C4SocketImplE#26675} Requesting close with status=1000, message=''
04-12 18:58:36.417 8886 9032 D CouchbaseLite/NETWORK: [JAVA] ^C4Socket.requestClose@b4000077c9881470(1000): 'null'
04-12 18:58:36.418 8886 9033 I CouchbaseLite/NETWORK: {N8litecore4repl12C4SocketImplE#26668} Requesting close with status=1000, message=''
04-12 18:58:36.419 8886 9039 D CouchbaseLite/NETWORK: [JAVA] CBLWebSocket@@0x947374f{vC4Socket@xb4000077c9881470 <=> OkHttpSocket@0xf6cfdae(wss://stage.realtime-sync-gw.wdprapps.disney.com:443/park-platform-semipriv/_blipsync)}.coreRequestsClose: CloseStatus{6:1000, null}
04-12 18:58:36.419 8886 9039 D CouchbaseLite/NETWORK: [JAVA] OkHttpSocket@0xf6cfdae.close: CloseStatus{6:1000, null}
04-12 18:58:36.419 8886 9033 D CouchbaseLite/NETWORK: [JAVA] ^C4Socket.requestClose@b4000077c990f350(1000): 'null'
04-12 18:58:36.420 8886 9049 D CouchbaseLite/NETWORK: [JAVA] CBLWebSocket@@0x838b3b2{vC4Socket@xb4000077c990f350 <=> OkHttpSocket@0xf6cf1bd(wss://stage.realtime-sync-gw.wdprapps.disney.com:443/park-platform-pub/_blipsync)}.coreRequestsClose: CloseStatus{6:1000, null}
04-12 18:58:36.420 8886 9049 D CouchbaseLite/NETWORK: [JAVA] OkHttpSocket@0xf6cf1bd.close: CloseStatus{6:1000, null}
04-12 18:58:36.429 8886 9034 I CouchbaseLite/REPLICATOR: {Repl#26666} {Coll#-1} now busy
04-12 18:58:36.429 8886 9034 I CouchbaseLite/REPLICATOR: {C4Replicator#26667} State: busy, progress=0.00%
04-12 18:58:36.430 8886 9037 I CouchbaseLite/REPLICATOR: {Repl#26673} {Coll#-1} now busy
04-12 18:58:36.430 8886 9037 I CouchbaseLite/REPLICATOR: {C4Replicator#26674} State: busy, progress=0.00%
04-12 18:58:36.430 8886 9034 D CouchbaseLite/REPLICATOR: [JAVA] C4Replicator.statusChangedCallback(0x4efa4dae) C4CommonRepl{@0x91e0e77/@xb4000077b97e2c50, @0x71fd39b, SocketFactory{@URLEndpoint{url=wss://stage.realtime-sync-gw.wdprapps.disney.com/park-platform-pub/}}'}: C4ReplicatorStatus{level=4,completed=0,total=0,#docs=0,domain=0,code=0,info=0}
04-12 18:58:36.431 8886 9037 D CouchbaseLite/REPLICATOR: [JAVA] C4Replicator.statusChangedCallback(0x6f1578c3) C4CommonRepl{@0xcf70b26/@xb4000077b982c610, @0xf1f2a68, SocketFactory{@URLEndpoint{url=wss://stage.realtime-sync-gw.wdprapps.disney.com/park-platform-semipriv}}'}: C4ReplicatorStatus{level=4,completed=0,total=0,#docs=0,domain=0,code=0,info=0}
04-12 18:58:36.432 8886 9050 I CouchbaseLite/REPLICATOR: [JAVA] status changed: (0, 0) @C4ReplicatorStatus{level=4,completed=0,total=0,#docs=0,domain=0,code=0,info=0} for Replicator{@0x71fd39b(<*),Database{@@0x5c116b6: 'finder.73600.en_us-stage'} => URLEndpoint{url=wss://stage.realtime-sync-gw.wdprapps.disney.com/park-platform-pub/}}$C4CommonRepl{@0x91e0e77/@xb4000077b97e2c50, @0x71fd39b, SocketFactory{@URLEndpoint{url=wss://stage.realtime-sync-gw.wdprapps.disney.com/park-platform-pub/}}'}
04-12 18:58:36.433 8886 9050 D CouchbaseLite/NETWORK: [JAVA] Offline state change for com.couchbase.lite.internal.replicator.AndroidConnectivityObserver@52b135a: IDLE -> true
04-12 18:58:36.433 8886 9050 I CouchbaseLite/REPLICATOR: [JAVA] State changed IDLE => BUSY(0/0): null for Replicator{@0x71fd39b(<*),Database{@@0x5c116b6: 'finder.73600.en_us-stage'} => URLEndpoint{url=wss://stage.realtime-sync-gw.wdprapps.disney.com/park-platform-pub/}}$C4CommonRepl{@0x91e0e77/@xb4000077b97e2c50, @0x71fd39b, SocketFactory{@URLEndpoint{url=wss://stage.realtime-sync-gw.wdprapps.disney.com/park-platform-pub/}}'}
04-12 18:58:36.441 8886 9047 I CouchbaseLite/REPLICATOR: [JAVA] status changed: (0, 0) @C4ReplicatorStatus{level=4,completed=0,total=0,#docs=0,domain=0,code=0,info=0} for Replicator{@0xf1f2a68(<*),Database{@@0x2e0afa2: 'finder-semi-private.73600.en_us'} => URLEndpoint{url=wss://stage.realtime-sync-gw.wdprapps.disney.com/park-platform-semipriv}}$C4CommonRepl{@0xcf70b26/@xb4000077b982c610, @0xf1f2a68, SocketFactory{@URLEndpoint{url=wss://stage.realtime-sync-gw.wdprapps.disney.com/park-platform-semipriv}}'}
04-12 18:58:36.442 8886 9046 I CouchbaseLite/REPLICATOR: [JAVA] status changed: (0, 0) @C4ReplicatorStatus{level=4,completed=0,total=0,#docs=0,domain=0,code=0,info=0} for Replicator{@0x94f62ac(<*>),Database{@@0x97fb813: 'finder-private.73600.en_us'} => URLEndpoint{url=wss://stage.realtime-sync-gw.wdprapps.disney.com/park-platform-priv}}$C4CommonRepl{@0xf9f070a/@xb4000077b97e6610, @0x94f62ac, SocketFactory{@URLEndpoint{url=wss://stage.realtime-sync-gw.wdprapps.disney.com/park-platform-priv}}'}
04-12 18:58:36.443 8886 9046 D CouchbaseLite/NETWORK: [JAVA] Offline state change for com.couchbase.lite.internal.replicator.AndroidConnectivityObserver@7554be5: IDLE -> true
04-12 18:58:36.443 8886 9047 D CouchbaseLite/NETWORK: [JAVA] Offline state change for com.couchbase.lite.internal.replicator.AndroidConnectivityObserver@3e59b75: IDLE -> true
04-12 18:58:36.445 8886 9046 I CouchbaseLite/REPLICATOR: [JAVA] State changed IDLE => BUSY(0/0): null for Replicator{@0x94f62ac(<*>),Database{@@0x97fb813: 'finder-private.73600.en_us'} => URLEndpoint{url=wss://stage.realtime-sync-gw.wdprapps.disney.com/park-platform-priv}}$C4CommonRepl{@0xf9f070a/@xb4000077b97e6610, @0x94f62ac, SocketFactory{@URLEndpoint{url=wss://stage.realtime-sync-gw.wdprapps.disney.com/park-platform-priv}}'}
04-12 18:58:36.445 8886 9047 I CouchbaseLite/REPLICATOR: [JAVA] State changed IDLE => BUSY(0/0): null for Replicator{@0xf1f2a68(<*),Database{@@0x2e0afa2: 'finder-semi-private.73600.en_us'} => URLEndpoint{url=wss://stage.realtime-sync-gw.wdprapps.disney.com/park-platform-semipriv}}$C4CommonRepl{@0xcf70b26/@xb4000077b982c610, @0xf1f2a68, SocketFactory{@URLEndpoint{url=wss://stage.realtime-sync-gw.wdprapps.disney.com/park-platform-semipriv}}'}
04-12 18:58:36.542 8886 10543 D CouchbaseLite/NETWORK: [JAVA] OkHttpSocket@0xfd79ce0.onClosing(1000): ''
04-12 18:58:36.543 8886 10543 D CouchbaseLite/NETWORK: [JAVA] CBLWebSocket@@0x5da3b99{vC4Socket@xb4000077c98f0910 <=> OkHttpSocket@0xfd79ce0(wss://stage.realtime-sync-gw.wdprapps.disney.com:443/park-platform-priv/_blipsync)}.remoteRequestsClose: CloseStatus{0:1000, }
04-12 18:58:36.543 8886 10543 D CouchbaseLite/NETWORK: [JAVA] StateMachine@0xd6a2e5e: transition OPEN => CLOSING
04-12 18:58:36.543 8886 10543 D CouchbaseLite/NETWORK: [JAVA] vC4Socket@xb4000077c98f0910.requestCoreClose(1000): ''
04-12 18:58:36.545 8886 10542 D CouchbaseLite/NETWORK: [JAVA] OkHttpSocket@0xf6cfdae.onClosing(1000): ''
04-12 18:58:36.545 8886 10542 D CouchbaseLite/NETWORK: [JAVA] CBLWebSocket@@0x947374f{vC4Socket@xb4000077c9881470 <=> OkHttpSocket@0xf6cfdae(wss://stage.realtime-sync-gw.wdprapps.disney.com:443/park-platform-semipriv/_blipsync)}.remoteRequestsClose: CloseStatus{0:1000, }
04-12 18:58:36.546 8886 10542 D CouchbaseLite/NETWORK: [JAVA] StateMachine@0xc46cedc: transition OPEN => CLOSING
04-12 18:58:36.546 8886 10542 D CouchbaseLite/NETWORK: [JAVA] vC4Socket@xb4000077c9881470.requestCoreClose(1000): ''
04-12 18:58:36.548 8886 10543 V CouchbaseLite/NETWORK: {N8litecore4repl12C4SocketImplE#26682} Calling requestClose when the socket is pending close
04-12 18:58:36.549 8886 10543 D CouchbaseLite/NETWORK: [JAVA] OkHttpSocket@0xfd79ce0.onClosed(1000): ''
04-12 18:58:36.549 8886 10543 D CouchbaseLite/NETWORK: [JAVA] CBLWebSocket@@0x5da3b99{vC4Socket@xb4000077c98f0910 <=> OkHttpSocket@0xfd79ce0(wss://stage.realtime-sync-gw.wdprapps.disney.com:443/park-platform-priv/_blipsync)}.remoteClosed: CloseStatus{6:1000, }
04-12 18:58:36.549 8886 10543 D CouchbaseLite/NETWORK: [JAVA] StateMachine@0xd6a2e5e: transition CLOSING => CLOSED
04-12 18:58:36.550 8886 10542 V CouchbaseLite/NETWORK: {N8litecore4repl12C4SocketImplE#26675} Calling requestClose when the socket is pending close
04-12 18:58:36.550 8886 10542 D CouchbaseLite/NETWORK: [JAVA] OkHttpSocket@0xf6cfdae.onClosed(1000): ''
04-12 18:58:36.551 8886 10542 D CouchbaseLite/NETWORK: [JAVA] CBLWebSocket@@0x947374f{vC4Socket@xb4000077c9881470 <=> OkHttpSocket@0xf6cfdae(wss://stage.realtime-sync-gw.wdprapps.disney.com:443/park-platform-semipriv/_blipsync)}.remoteClosed: CloseStatus{6:1000, }
04-12 18:58:36.551 8886 10542 D CouchbaseLite/NETWORK: [JAVA] StateMachine@0xc46cedc: transition CLOSING => CLOSED
04-12 18:58:36.551 8886 10542 D CouchbaseLite/NETWORK: [JAVA] vC4Socket@xb4000077c9881470.closeCore(1, 0): ''
04-12 18:58:36.551 8886 10542 I CouchbaseLite/NETWORK: {N8litecore4repl12C4SocketImplE#26675} WebSocket closed normally
04-12 18:58:36.552 8886 10542 I CouchbaseLite/NETWORK: {N8litecore4repl12C4SocketImplE#26675} sent 274 bytes, rcvd 117, in 16.872 sec (16/sec, 7/sec)
04-12 18:58:36.558 8886 9038 I CouchbaseLite/NETWORK: {N8litecore4blip10ConnectionE#26672} Closed with WebSocket/HTTP status 1000:
04-12 18:58:36.558 8886 9032 I CouchbaseLite/REPLICATOR: {Repl#26673} {Coll#-1} Connection closed with WebSocket/HTTP status 1000: "" (state=3->0)
04-12 18:58:36.559 8886 9032 I CouchbaseLite/REPLICATOR: {Repl#26673} {Coll#-1} activityLevel=stopped: connectionState=0, savingChkpt=0
04-12 18:58:36.560 8886 9032 I CouchbaseLite/REPLICATOR: {Repl#26673} {Coll#-1} now stopped
04-12 18:58:36.571 8886 9033 I CouchbaseLite/REPLICATOR: {N8litecore4repl6PullerE#26732} {Coll#0} activityLevel=stopped: pendingResponseCount=0, _caughtUp=1, _pendingRevMessages=0, _activeIncomingRevs=0, _waitingRevMessages=0, _unfinishedIncomingRevs=0
04-12 18:58:36.572 8886 9033 V CouchbaseLite/REPLICATOR: {N8litecore4repl6PullerE#26732} {Coll#0} now stopped
04-12 18:58:36.574 8886 10543 D CouchbaseLite/NETWORK: [JAVA] vC4Socket@xb4000077c98f0910.closeCore(1, 0): ''
04-12 18:58:36.575 8886 10541 D CouchbaseLite/NETWORK: [JAVA] OkHttpSocket@0xf6cf1bd.onClosing(1000): ''
04-12 18:58:36.576 8886 10541 D CouchbaseLite/NETWORK: [JAVA] CBLWebSocket@@0x838b3b2{vC4Socket@xb4000077c990f350 <=> OkHttpSocket@0xf6cf1bd(wss://stage.realtime-sync-gw.wdprapps.disney.com:443/park-platform-pub/_blipsync)}.remoteRequestsClose: CloseStatus{0:1000, }
04-12 18:58:36.576 8886 10541 D CouchbaseLite/NETWORK: [JAVA] StateMachine@0x9dade80: transition OPEN => CLOSING
04-12 18:58:36.576 8886 10541 D CouchbaseLite/NETWORK: [JAVA] vC4Socket@xb4000077c990f350.requestCoreClose(1000): ''
04-12 18:58:36.577 8886 10541 V CouchbaseLite/NETWORK: {N8litecore4repl12C4SocketImplE#26668} Calling requestClose when the socket is pending close
04-12 18:58:36.578 8886 10541 D CouchbaseLite/NETWORK: [JAVA] OkHttpSocket@0xf6cf1bd.onClosed(1000): ''
04-12 18:58:36.578 8886 10541 D CouchbaseLite/NETWORK: [JAVA] CBLWebSocket@@0x838b3b2{vC4Socket@xb4000077c990f350 <=> OkHttpSocket@0xf6cf1bd(wss://stage.realtime-sync-gw.wdprapps.disney.com:443/park-platform-pub/_blipsync)}.remoteClosed: CloseStatus{6:1000, }
04-12 18:58:36.578 8886 10541 D CouchbaseLite/NETWORK: [JAVA] StateMachine@0x9dade80: transition CLOSING => CLOSED
04-12 18:58:36.579 8886 10541 D CouchbaseLite/NETWORK: [JAVA] vC4Socket@xb4000077c990f350.closeCore(1, 0): ''
04-12 18:58:36.579 8886 10541 I CouchbaseLite/NETWORK: {N8litecore4repl12C4SocketImplE#26668} WebSocket closed normally
04-12 18:58:36.579 8886 10541 I CouchbaseLite/NETWORK: {N8litecore4repl12C4SocketImplE#26668} sent 1158 bytes, rcvd 160, in 16.957 sec (68/sec, 9/sec)
04-12 18:58:36.579 8886 9037 I CouchbaseLite/NETWORK: {N8litecore4blip10ConnectionE#26665} Closed with WebSocket/HTTP status 1000:
04-12 18:58:36.580 8886 9037 I CouchbaseLite/REPLICATOR: {Repl#26666} {Coll#-1} Connection closed with WebSocket/HTTP status 1000: "" (state=3->0)
04-12 18:58:36.580 8886 9037 I CouchbaseLite/REPLICATOR: {Repl#26666} {Coll#-1} activityLevel=stopped: connectionState=0, savingChkpt=0
04-12 18:58:36.581 8886 9037 I CouchbaseLite/REPLICATOR: {Repl#26666} {Coll#-1} now stopped
04-12 18:58:36.585 8886 9035 I CouchbaseLite/REPLICATOR: {N8litecore4repl6PullerE#26740} {Coll#0} activityLevel=stopped: pendingResponseCount=0, _caughtUp=1, _pendingRevMessages=0, _activeIncomingRevs=0, _waitingRevMessages=0, _unfinishedIncomingRevs=0
04-12 18:58:36.586 8886 9035 V CouchbaseLite/REPLICATOR: {N8litecore4repl6PullerE#26740} {Coll#0} now stopped
04-12 18:58:36.591 8886 10543 I CouchbaseLite/NETWORK: {N8litecore4repl12C4SocketImplE#26682} WebSocket closed normally
04-12 18:58:36.592 8886 10543 I CouchbaseLite/NETWORK: {N8litecore4repl12C4SocketImplE#26682} sent 503 bytes, rcvd 168, in 17.021 sec (30/sec, 10/sec)
04-12 18:58:36.592 8886 9031 I CouchbaseLite/NETWORK: {N8litecore4blip10ConnectionE#26679} Closed with WebSocket/HTTP status 1000:
04-12 18:58:36.594 8886 9031 I CouchbaseLite/REPLICATOR: {Repl#26680} {Coll#-1} Connection closed with WebSocket/HTTP status 1000: "" (state=3->0)
04-12 18:58:36.596 8886 9031 I CouchbaseLite/REPLICATOR: {Repl#26680} {Coll#-1} activityLevel=stopped: connectionState=0, savingChkpt=0
04-12 18:58:36.597 8886 9036 I CouchbaseLite/REPLICATOR: {N8litecore4repl6PusherE#26734} {Coll#0} activityLevel=stopped: pendingResponseCount=0, caughtUp=1, changeLists=0, revsInFlight=0, blobsInFlight=0, awaitingReply=0, revsToSend=0, pushingDocs=0, pendingSequences=0
04-12 18:58:36.598 8886 9036 V CouchbaseLite/REPLICATOR: {N8litecore4repl6PusherE#26734} {Coll#0} now stopped
04-12 18:58:36.605 8886 9031 I CouchbaseLite/REPLICATOR: {Repl#26680} {Coll#-1} now stopped
04-12 18:58:36.605 8886 9038 I CouchbaseLite/REPLICATOR: {N8litecore4repl6PullerE#26737} {Coll#0} activityLevel=stopped: pendingResponseCount=0, _caughtUp=1, _pendingRevMessages=0, _activeIncomingRevs=0, _waitingRevMessages=0, _unfinishedIncomingRevs=0
04-12 18:58:36.606 8886 9038 V CouchbaseLite/REPLICATOR: {N8litecore4repl6PullerE#26737} {Coll#0} now stopped
04-12 18:58:36.607 8886 9031 I CouchbaseLite/REPLICATOR: {C4Replicator#26681} State: stopped, progress=0.00%
04-12 18:58:36.608 8886 9031 D CouchbaseLite/REPLICATOR: [JAVA] C4Replicator.statusChangedCallback(0x3aed9ce1) C4CommonRepl{@0xf9f070a/@xb4000077b97e6610, @0x94f62ac, SocketFactory{@URLEndpoint{url=wss://stage.realtime-sync-gw.wdprapps.disney.com/park-platform-priv}}'}: C4ReplicatorStatus{level=0,completed=0,total=0,#docs=0,domain=0,code=0,info=0}
04-12 18:58:36.609 8886 9030 I CouchbaseLite/REPLICATOR: [JAVA] status changed: (0, 0) @C4ReplicatorStatus{level=0,completed=0,total=0,#docs=0,domain=0,code=0,info=0} for Replicator{@0x94f62ac(<*>),Database{@@0x97fb813: 'finder-private.73600.en_us'} => URLEndpoint{url=wss://stage.realtime-sync-gw.wdprapps.disney.com/park-platform-priv}}$C4CommonRepl{@0xf9f070a/@xb4000077b97e6610, @0x94f62ac, SocketFactory{@URLEndpoint{url=wss://stage.realtime-sync-gw.wdprapps.disney.com/park-platform-priv}}'}
04-12 18:58:36.610 8886 9030 D CouchbaseLite/NETWORK: [JAVA] Offline state change for com.couchbase.lite.internal.replicator.AndroidConnectivityObserver@7554be5: BUSY -> true
04-12 18:58:36.610 8886 9030 I CouchbaseLite/REPLICATOR: [JAVA] State changed BUSY => STOPPED(0/0): null for Replicator{@0x94f62ac(<*>),Database{@@0x97fb813: 'finder-private.73600.en_us'} => URLEndpoint{url=wss://stage.realtime-sync-gw.wdprapps.disney.com/park-platform-priv}}$C4CommonRepl{@0xf9f070a/@xb4000077b97e6610, @0x94f62ac, SocketFactory{@URLEndpoint{url=wss://stage.realtime-sync-gw.wdprapps.disney.com/park-platform-priv}}'}
04-12 18:58:36.661 8886 9032 I CouchbaseLite/REPLICATOR: {C4Replicator#26674} State: stopped, progress=0.00%
04-12 18:58:36.662 8886 9032 D CouchbaseLite/REPLICATOR: [JAVA] C4Replicator.statusChangedCallback(0x6f1578c3) C4CommonRepl{@0xcf70b26/@xb4000077b982c610, @0xf1f2a68, SocketFactory{@URLEndpoint{url=wss://stage.realtime-sync-gw.wdprapps.disney.com/park-platform-semipriv}}'}: C4ReplicatorStatus{level=0,completed=0,total=0,#docs=0,domain=0,code=0,info=0}
04-12 18:58:36.663 8886 9048 I CouchbaseLite/REPLICATOR: [JAVA] status changed: (0, 0) @C4ReplicatorStatus{level=0,completed=0,total=0,#docs=0,domain=0,code=0,info=0} for Replicator{@0xf1f2a68(<*),Database{@@0x2e0afa2: 'finder-semi-private.73600.en_us'} => URLEndpoint{url=wss://stage.realtime-sync-gw.wdprapps.disney.com/park-platform-semipriv}}$C4CommonRepl{@0xcf70b26/@xb4000077b982c610, @0xf1f2a68, SocketFactory{@URLEndpoint{url=wss://stage.realtime-sync-gw.wdprapps.disney.com/park-platform-semipriv}}'}
04-12 18:58:36.664 8886 9048 D CouchbaseLite/NETWORK: [JAVA] Offline state change for com.couchbase.lite.internal.replicator.AndroidConnectivityObserver@3e59b75: BUSY -> true
04-12 18:58:36.664 8886 9034 I CouchbaseLite/REPLICATOR: BLIP sent 2 msgs (274 bytes), rcvd 1 msgs (117 bytes) in 16.984 sec. Max outbox depth was 1, avg 1.00
04-12 18:58:36.665 8886 9048 I CouchbaseLite/REPLICATOR: [JAVA] State changed BUSY => STOPPED(0/0): null for Replicator{@0xf1f2a68(<*),Database{@@0x2e0afa2: 'finder-semi-private.73600.en_us'} => URLEndpoint{url=wss://stage.realtime-sync-gw.wdprapps.disney.com/park-platform-semipriv}}$C4CommonRepl{@0xcf70b26/@xb4000077b982c610, @0xf1f2a68, SocketFactory{@URLEndpoint{url=wss://stage.realtime-sync-gw.wdprapps.disney.com/park-platform-semipriv}}'}
04-12 18:58:36.679 8886 9033 I CouchbaseLite/REPLICATOR: BLIP sent 5 msgs (503 bytes), rcvd 1 msgs (168 bytes) in 17.109 sec. Max outbox depth was 1, avg 1.00
04-12 18:58:36.682 8886 9037 I CouchbaseLite/REPLICATOR: {C4Replicator#26667} State: stopped, progress=0.00%
04-12 18:58:36.683 8886 9037 D CouchbaseLite/REPLICATOR: [JAVA] C4Replicator.statusChangedCallback(0x4efa4dae) C4CommonRepl{@0x91e0e77/@xb4000077b97e2c50, @0x71fd39b, SocketFactory{@URLEndpoint{url=wss://stage.realtime-sync-gw.wdprapps.disney.com/park-platform-pub/}}'}: C4ReplicatorStatus{level=0,completed=0,total=0,#docs=0,domain=0,code=0,info=0}
04-12 18:58:36.684 8886 9049 I CouchbaseLite/REPLICATOR: [JAVA] status changed: (0, 0) @C4ReplicatorStatus{level=0,completed=0,total=0,#docs=0,domain=0,code=0,info=0} for Replicator{@0x71fd39b(<*),Database{@@0x5c116b6: 'finder.73600.en_us-stage'} => URLEndpoint{url=wss://stage.realtime-sync-gw.wdprapps.disney.com/park-platform-pub/}}$C4CommonRepl{@0x91e0e77/@xb4000077b97e2c50, @0x71fd39b, SocketFactory{@URLEndpoint{url=wss://stage.realtime-sync-gw.wdprapps.disney.com/park-platform-pub/}}'}
04-12 18:58:36.684 8886 9049 D CouchbaseLite/NETWORK: [JAVA] Offline state change for com.couchbase.lite.internal.replicator.AndroidConnectivityObserver@52b135a: BUSY -> true
04-12 18:58:36.685 8886 9049 I CouchbaseLite/REPLICATOR: [JAVA] State changed BUSY => STOPPED(0/0): null for Replicator{@0x71fd39b(<*),Database{@@0x5c116b6: 'finder.73600.en_us-stage'} => URLEndpoint{url=wss://stage.realtime-sync-gw.wdprapps.disney.com/park-platform-pub/}}$C4CommonRepl{@0x91e0e77/@xb4000077b97e2c50, @0x71fd39b, SocketFactory{@URLEndpoint{url=wss://stage.realtime-sync-gw.wdprapps.disney.com/park-platform-pub/}}'}
04-12 18:58:36.730 8886 9036 I CouchbaseLite/REPLICATOR: BLIP sent 2 msgs (1158 bytes), rcvd 1 msgs (160 bytes) in 17.107 sec. Max outbox depth was 1, avg 1.00
04-12 18:58:38.225 8886 8886 I CouchbaseLite/REPLICATOR: [JAVA] Replicator is starting
04-12 18:58:38.226 8886 8886 D CouchbaseLite/REPLICATOR: [JAVA] Replication options: {headers={User-Agent=CouchbaseLite/3.1.6-vf002-50983 (Java; Android 13; Pixel 7 Pro) EE/debug, Commit/cddb9521ab@e80006cb3780 Core/3.1.6 (50971)}, maxRetryInterval=300, maxRetries=9, acceptParentDomainCookies=false, auth={password=r7JQaAsQhxT682iv, type=Basic, username=DPECP-MOBILE.WDW.ANDROID-STAGE}, heartbeat=300, onlySelfSignedServer=false, autoPurge=true}
04-12 18:58:38.226 8886 8886 D CouchbaseLite/REPLICATOR: [JAVA] Setting c4 replicator @0xe439d27 for replicator @0x19673e6
04-12 18:58:38.234 8886 8886 I CouchbaseLite/NETWORK: {N8litecore4blip10ConnectionE#28442}==> N8litecore4blip10ConnectionE ->wss://stage.realtime-sync-gw.wdprapps.disney.com/park-platform-pub/_blipsync @0xb4000077597b01d0
04-12 18:58:38.234 8886 8886 I CouchbaseLite/NETWORK: {N8litecore4blip10ConnectionE#28442} Opening connection...
04-12 18:58:38.234 8886 8886 I CouchbaseLite/REPLICATOR: {Repl#28443}==> N8litecore4repl10ReplicatorE /data/data/com.disney.wdw.android.debug/files/finder.73600.en_us-stage.cblite2/ ->wss://stage.realtime-sync-gw.wdprapps.disney.com/park-platform-pub/_blipsync @0xb4000077e9afd240
04-12 18:58:38.234 8886 8886 I CouchbaseLite/REPLICATOR: {Repl#28443} {Coll#-1} {{Coll#0} "_default": {"Push": disabled, "Pull": continuous}}
04-12 18:58:38.234 8886 8886 I CouchbaseLite/REPLICATOR: Options={acceptParentDomainCookies:false, auth:{password:"********", type:"Basic", username:"DPECP-MOBILE.WDW.ANDROID-STAGE"}, autoPurge:true, headers:{User-Agent:"CouchbaseLite/3.1.6-vf002-50983 (Java; Android 13; Pixel 7 Pro) EE/debug, Commit/cddb9521ab@e80006cb3780 Core/3.1.6 (50971)"}, heartbeat:300, maxRetries:9, maxRetryInterval:300, onlySelfSignedServer:false}
04-12 18:58:38.235 8886 8886 V CouchbaseLite/REPLICATOR: {Repl#28443} {Coll#-1} Remote-DB ID 1 found for target
04-12 18:58:38.235 8886 8886 I CouchbaseLite/REPLICATOR: {C4Replicator#28444}==> N8litecore18C4RemoteReplicatorE 0xb4000077b97d27a0 @0xb4000077b97d27a0
04-12 18:58:38.235 8886 8886 V CouchbaseLite/REPLICATOR: {C4Replicator#28444} C4RemoteRepl 0xb4000077b97d27a0 created Repl 0xb4000077e9afd240
04-12 18:58:38.235 8886 8886 I CouchbaseLite/REPLICATOR: {C4Replicator#28444} Starting Replicator {Repl#28443} with config: {{{Coll#0} "_default": {"Push": disabled, "Pull": continuous}}
04-12 18:58:38.235 8886 8886 I CouchbaseLite/REPLICATOR: Options={acceptParentDomainCookies:false, auth:{password:"********", type:"Basic", username:"DPECP-MOBILE.WDW.ANDROID-STAGE"}, autoPurge:true, headers:{User-Agent:"CouchbaseLite/3.1.6-vf002-50983 (Java; Android 13; Pixel 7 Pro) EE/debug, Commit/cddb9521ab@e80006cb3780 Core/3.1.6 (50971)"}, heartbeat:300, maxRetries:9, maxRetryInterval:300, onlySelfSignedServer:false}}
04-12 18:58:38.236 8886 8886 I CouchbaseLite/REPLICATOR: [JAVA] State changed STOPPED => CONNECTING(0/0): null for Replicator{@0x19673e6(<*),Database{@@0x5c116b6: 'finder.73600.en_us-stage'} => URLEndpoint{url=wss://stage.realtime-sync-gw.wdprapps.disney.com/park-platform-pub/}}$C4CommonRepl{@0xe439d27/@xb4000077b97d2790, @0x19673e6, SocketFactory{@URLEndpoint{url=wss://stage.realtime-sync-gw.wdprapps.disney.com/park-platform-pub/}}'}
04-12 18:58:38.238 8886 8886 I CouchbaseLite/REPLICATOR: [JAVA] Replicator is starting
04-12 18:58:38.238 8886 8886 D CouchbaseLite/REPLICATOR: [JAVA] Replication options: {headers={User-Agent=CouchbaseLite/3.1.6-vf002-50983 (Java; Android 13; Pixel 7 Pro) EE/debug, Commit/cddb9521ab@e80006cb3780 Core/3.1.6 (50971)}, maxRetryInterval=300, maxRetries=9, acceptParentDomainCookies=false, auth={password=K8ynstages73eHBgT612, type=Basic, username=MOBILE.WDW.ANDROID-SPRIV-STAGE}, heartbeat=300, onlySelfSignedServer=false, autoPurge=true}
04-12 18:58:38.239 8886 8886 D CouchbaseLite/REPLICATOR: [JAVA] Setting c4 replicator @0xecf3879 for replicator @0xa810140
04-12 18:58:38.240 8886 9030 I CouchbaseLite/REPLICATOR: [JAVA] status changed: (0, 0) @C4ReplicatorStatus{level=2,completed=0,total=0,#docs=0,domain=0,code=0,info=0} for Replicator{@0x19673e6(<*),Database{@@0x5c116b6: 'finder.73600.en_us-stage'} => URLEndpoint{url=wss://stage.realtime-sync-gw.wdprapps.disney.com/park-platform-pub/}}$C4CommonRepl{@0xe439d27/@xb4000077b97d2790, @0x19673e6, SocketFactory{@URLEndpoint{url=wss://stage.realtime-sync-gw.wdprapps.disney.com/park-platform-pub/}}'}
04-12 18:58:38.241 8886 9030 D CouchbaseLite/NETWORK: [JAVA] Offline state change for com.couchbase.lite.internal.replicator.AndroidConnectivityObserver@80619be: CONNECTING -> true
04-12 18:58:38.241 8886 9030 I CouchbaseLite/REPLICATOR: [JAVA] State changed CONNECTING => CONNECTING(0/0): null for Replicator{@0x19673e6(<*),Database{@@0x5c116b6: 'finder.73600.en_us-stage'} => URLEndpoint{url=wss://stage.realtime-sync-gw.wdprapps.disney.com/park-platform-pub/}}$C4CommonRepl{@0xe439d27/@xb4000077b97d2790, @0x19673e6, SocketFactory{@URLEndpoint{url=wss://stage.realtime-sync-gw.wdprapps.disney.com/park-platform-pub/}}'}
04-12 18:58:38.246 8886 9036 I CouchbaseLite/NETWORK: {N8litecore4repl12C4SocketImplE#28445}==> N8litecore4repl12C4SocketImplE wss://stage.realtime-sync-gw.wdprapps.disney.com/park-platform-pub/_blipsync @0xb4000077c9933668
04-12 18:58:38.247 8886 9036 I CouchbaseLite/NETWORK: {N8litecore4repl12C4SocketImplE#28445} Connecting...
04-12 18:58:38.249 8886 9036 D CouchbaseLite/NETWORK: [JAVA] ^C4Socket.open@b4000077c99337c0: null@24a486a0
04-12 18:58:38.250 8886 9034 I CouchbaseLite/REPLICATOR: {Repl#28443} {Coll#0} Scanning for pre-existing conflicts...
04-12 18:58:38.259 8886 8886 I CouchbaseLite/NETWORK: {N8litecore4blip10ConnectionE#28449}==> N8litecore4blip10ConnectionE ->wss://stage.realtime-sync-gw.wdprapps.disney.com/park-platform-semipriv/_blipsync @0xb4000077597ff7f0
04-12 18:58:38.259 8886 8886 I CouchbaseLite/NETWORK: {N8litecore4blip10ConnectionE#28449} Opening connection...
04-12 18:58:38.259 8886 8886 I CouchbaseLite/REPLICATOR: {Repl#28450}==> N8litecore4repl10ReplicatorE /data/data/com.disney.wdw.android.debug/files/finder-semi-private.73600.en_us.cblite2/ ->wss://stage.realtime-sync-gw.wdprapps.disney.com/park-platform-semipriv/_blipsync @0xb4000077e99ca250
04-12 18:58:38.259 8886 8886 I CouchbaseLite/REPLICATOR: {Repl#28450} {Coll#-1} {{Coll#0} "_default": {"Push": disabled, "Pull": continuous}}
04-12 18:58:38.259 8886 8886 I CouchbaseLite/REPLICATOR: Options={acceptParentDomainCookies:false, auth:{password:"********", type:"Basic", username:"MOBILE.WDW.ANDROID-SPRIV-STAGE"}, autoPurge:true, headers:{User-Agent:"CouchbaseLite/3.1.6-vf002-50983 (Java; Android 13; Pixel 7 Pro) EE/debug, Commit/cddb9521ab@e80006cb3780 Core/3.1.6 (50971)"}, heartbeat:300, maxRetries:9, maxRetryInterval:300, onlySelfSignedServer:false}
04-12 18:58:38.259 8886 9036 D CouchbaseLite/NETWORK: [JAVA] OkHttpSocket@0xc15b858.init: CBLWebSocket@@0xf7a7db1{vC4Socket@xb4000077c99337c0 <=> OkHttpSocket@0xc15b858(wss://stage.realtime-sync-gw.wdprapps.disney.com:443/park-platform-pub/_blipsync)}
04-12 18:58:38.260 8886 9036 D CouchbaseLite/NETWORK: [JAVA] vC4Socket@xb4000077c99337c0.init: CBLWebSocket@@0xf7a7db1{vC4Socket@xb4000077c99337c0 <=> OkHttpSocket@0xc15b858(wss://stage.realtime-sync-gw.wdprapps.disney.com:443/park-platform-pub/_blipsync)}
04-12 18:58:38.260 8886 8886 V CouchbaseLite/REPLICATOR: {Repl#28450} {Coll#-1} Remote-DB ID 1 found for target
04-12 18:58:38.260 8886 8886 I CouchbaseLite/REPLICATOR: {C4Replicator#28451}==> N8litecore18C4RemoteReplicatorE 0xb4000077b97cfda0 @0xb4000077b97cfda0
04-12 18:58:38.260 8886 8886 V CouchbaseLite/REPLICATOR: {C4Replicator#28451} C4RemoteRepl 0xb4000077b97cfda0 created Repl 0xb4000077e99ca250
04-12 18:58:38.260 8886 8886 I CouchbaseLite/REPLICATOR: {C4Replicator#28451} Starting Replicator {Repl#28450} with config: {{{Coll#0} "_default": {"Push": disabled, "Pull": continuous}}
04-12 18:58:38.260 8886 8886 I CouchbaseLite/REPLICATOR: Options={acceptParentDomainCookies:false, auth:{password:"********", type:"Basic", username:"MOBILE.WDW.ANDROID-SPRIV-STAGE"}, autoPurge:true, headers:{User-Agent:"CouchbaseLite/3.1.6-vf002-50983 (Java; Android 13; Pixel 7 Pro) EE/debug, Commit/cddb9521ab@e80006cb3780 Core/3.1.6 (50971)"}, heartbeat:300, maxRetries:9, maxRetryInterval:300, onlySelfSignedServer:false}}
04-12 18:58:38.261 8886 8886 I CouchbaseLite/REPLICATOR: [JAVA] State changed STOPPED => CONNECTING(0/0): null for Replicator{@0xa810140(<*),Database{@@0x2e0afa2: 'finder-semi-private.73600.en_us'} => URLEndpoint{url=wss://stage.realtime-sync-gw.wdprapps.disney.com/park-platform-semipriv}}$C4CommonRepl{@0xecf3879/@xb4000077b97cfd90, @0xa810140, SocketFactory{@URLEndpoint{url=wss://stage.realtime-sync-gw.wdprapps.disney.com/park-platform-semipriv}}'}
04-12 18:58:38.261 8886 8886 I CouchbaseLite/REPLICATOR: [JAVA] Replicator is starting
04-12 18:58:38.262 8886 8886 D CouchbaseLite/REPLICATOR: [JAVA] Replication options: {headers={User-Agent=CouchbaseLite/3.1.6-vf002-50983 (Java; Android 13; Pixel 7 Pro) EE/debug, Commit/cddb9521ab@e80006cb3780 Core/3.1.6 (50971)}, maxRetryInterval=300, maxRetries=9, acceptParentDomainCookies=false, heartbeat=300, onlySelfSignedServer=false, cookies=SyncGatewaySession=caac7ee0f4b92d40fdd90fc04b4d1ce8fa347518, autoPurge=true}
04-12 18:58:38.262 8886 8886 D CouchbaseLite/REPLICATOR: [JAVA] Setting c4 replicator @0x8855222 for replicator @0xc5a0204
04-12 18:58:38.273 8886 9048 D CouchbaseLite/NETWORK: [JAVA] CBLWebSocket@@0xf7a7db1{vC4Socket@xb4000077c99337c0 <=> OkHttpSocket@0xc15b858(wss://stage.realtime-sync-gw.wdprapps.disney.com:443/park-platform-pub/_blipsync)}.coreRequestedOpen
04-12 18:58:38.274 8886 9033 I CouchbaseLite/NETWORK: {N8litecore4repl12C4SocketImplE#28452}==> N8litecore4repl12C4SocketImplE wss://stage.realtime-sync-gw.wdprapps.disney.com/park-platform-semipriv/_blipsync @0xb4000077c98a6568
04-12 18:58:38.274 8886 9049 I CouchbaseLite/REPLICATOR: [JAVA] status changed: (0, 0) @C4ReplicatorStatus{level=2,completed=0,total=0,#docs=0,domain=0,code=0,info=0} for Replicator{@0xa810140(<*),Database{@@0x2e0afa2: 'finder-semi-private.73600.en_us'} => URLEndpoint{url=wss://stage.realtime-sync-gw.wdprapps.disney.com/park-platform-semipriv}}$C4CommonRepl{@0xecf3879/@xb4000077b97cfd90, @0xa810140, SocketFactory{@URLEndpoint{url=wss://stage.realtime-sync-gw.wdprapps.disney.com/park-platform-semipriv}}'}
04-12 18:58:38.274 8886 9049 D CouchbaseLite/NETWORK: [JAVA] Offline state change for com.couchbase.lite.internal.replicator.AndroidConnectivityObserver@3231e9: CONNECTING -> true
04-12 18:58:38.274 8886 9049 I CouchbaseLite/REPLICATOR: [JAVA] State changed CONNECTING => CONNECTING(0/0): null for Replicator{@0xa810140(<*),Database{@@0x2e0afa2: 'finder-semi-private.73600.en_us'} => URLEndpoint{url=wss://stage.realtime-sync-gw.wdprapps.disney.com/park-platform-semipriv}}$C4CommonRepl{@0xecf3879/@xb4000077b97cfd90, @0xa810140, SocketFactory{@URLEndpoint{url=wss://stage.realtime-sync-gw.wdprapps.disney.com/park-platform-semipriv}}'}
04-12 18:58:38.275 8886 9048 D CouchbaseLite/NETWORK: [JAVA] StateMachine@0x3ca6e6e: transition UNOPENED => OPENING
04-12 18:58:38.275 8886 9048 D CouchbaseLite/NETWORK: [JAVA] OkHttpSocket@0xc15b858.open: wss://stage.realtime-sync-gw.wdprapps.disney.com:443/park-platform-pub/_blipsync, {headers={User-Agent=CouchbaseLite/3.1.6-vf002-50983 (Java; Android 13; Pixel 7 Pro) EE/debug, Commit/cddb9521ab@e80006cb3780 Core/3.1.6 (50971)}, acceptParentDomainCookies=false, maxRetries=9, maxRetryInterval=300, auth={password=r7JQaAsQhxT682iv, type=Basic, username=DPECP-MOBILE.WDW.ANDROID-STAGE}, heartbeat=300, onlySelfSignedServer=false, WS-Protocols=BLIP_3+CBMobile_3,BLIP_3+CBMobile_2, autoPurge=true}
04-12 18:58:38.276 8886 9033 I CouchbaseLite/NETWORK: {N8litecore4repl12C4SocketImplE#28452} Connecting...
04-12 18:58:38.277 8886 9033 D CouchbaseLite/NETWORK: [JAVA] ^C4Socket.open@b4000077c98a66c0: null@62e9fc06
04-12 18:58:38.278 8886 9033 D CouchbaseLite/NETWORK: [JAVA] OkHttpSocket@0x9f303a5.init: CBLWebSocket@@0xe33037a{vC4Socket@xb4000077c98a66c0 <=> OkHttpSocket@0x9f303a5(wss://stage.realtime-sync-gw.wdprapps.disney.com:443/park-platform-semipriv/_blipsync)}
04-12 18:58:38.278 8886 9033 D CouchbaseLite/NETWORK: [JAVA] vC4Socket@xb4000077c98a66c0.init: CBLWebSocket@@0xe33037a{vC4Socket@xb4000077c98a66c0 <=> OkHttpSocket@0x9f303a5(wss://stage.realtime-sync-gw.wdprapps.disney.com:443/park-platform-semipriv/_blipsync)}
04-12 18:58:38.278 8886 9038 I CouchbaseLite/REPLICATOR: {Repl#28450} {Coll#0} Scanning for pre-existing conflicts...
04-12 18:58:38.279 8886 9038 I CouchbaseLite/REPLICATOR: {Repl#28450} {Coll#0} Found 0 conflicted docs in 0.018 sec
04-12 18:58:38.279 8886 9039 D CouchbaseLite/NETWORK: [JAVA] CBLWebSocket@@0xe33037a{vC4Socket@xb4000077c98a66c0 <=> OkHttpSocket@0x9f303a5(wss://stage.realtime-sync-gw.wdprapps.disney.com:443/park-platform-semipriv/_blipsync)}.coreRequestedOpen
04-12 18:58:38.280 8886 9039 D CouchbaseLite/NETWORK: [JAVA] StateMachine@0x123d72b: transition UNOPENED => OPENING
04-12 18:58:38.281 8886 9039 D CouchbaseLite/NETWORK: [JAVA] OkHttpSocket@0x9f303a5.open: wss://stage.realtime-sync-gw.wdprapps.disney.com:443/park-platform-semipriv/_blipsync, {headers={User-Agent=CouchbaseLite/3.1.6-vf002-50983 (Java; Android 13; Pixel 7 Pro) EE/debug, Commit/cddb9521ab@e80006cb3780 Core/3.1.6 (50971)}, acceptParentDomainCookies=false, maxRetries=9, maxRetryInterval=300, auth={password=K8ynstages73eHBgT612, type=Basic, username=MOBILE.WDW.ANDROID-SPRIV-STAGE}, heartbeat=300, onlySelfSignedServer=false, WS-Protocols=BLIP_3+CBMobile_3,BLIP_3+CBMobile_2, autoPurge=true}
04-12 18:58:38.317 8886 8886 I CouchbaseLite/NETWORK: {N8litecore4blip10ConnectionE#28457}==> N8litecore4blip10ConnectionE ->wss://stage.realtime-sync-gw.wdprapps.disney.com/park-platform-priv/_blipsync @0xb4000077598dfdd0
04-12 18:58:38.317 8886 8886 I CouchbaseLite/NETWORK: {N8litecore4blip10ConnectionE#28457} Opening connection...
04-12 18:58:38.317 8886 8886 I CouchbaseLite/REPLICATOR: {Repl#28458}==> N8litecore4repl10ReplicatorE /data/data/com.disney.wdw.android.debug/files/finder-private.73600.en_us.cblite2/ ->wss://stage.realtime-sync-gw.wdprapps.disney.com/park-platform-priv/_blipsync @0xb4000077e98e1cf0
04-12 18:58:38.317 8886 8886 I CouchbaseLite/REPLICATOR: {Repl#28458} {Coll#-1} {{Coll#0} "_default": {"Push": continuous, "Pull": continuous}}
04-12 18:58:38.317 8886 8886 I CouchbaseLite/REPLICATOR: Options={acceptParentDomainCookies:false, autoPurge:true, cookies:"SyncGatewaySession=caac7ee0f4b92d40fdd90fc04b4d1ce8fa347518", headers:{User-Agent:"CouchbaseLite/3.1.6-vf002-50983 (Java; Android 13; Pixel 7 Pro) EE/debug, Commit/cddb9521ab@e80006cb3780 Core/3.1.6 (50971)"}, heartbeat:300, maxRetries:9, maxRetryInterval:300, onlySelfSignedServer:false}
04-12 18:58:38.319 8886 9038 I CouchbaseLite/REPLICATOR: {Repl#28450} {Coll#0} No local checkpoint 'cp-SHpbnSwgcB4cOJXwvdZ39kOvanE='
04-12 18:58:38.322 8886 8886 V CouchbaseLite/REPLICATOR: {Repl#28458} {Coll#-1} Remote-DB ID 1 found for target
04-12 18:58:38.322 8886 8886 I CouchbaseLite/REPLICATOR: {C4Replicator#28459}==> N8litecore18C4RemoteReplicatorE 0xb4000077b97a93e0 @0xb4000077b97a93e0
04-12 18:58:38.322 8886 8886 V CouchbaseLite/REPLICATOR: {C4Replicator#28459} C4RemoteRepl 0xb4000077b97a93e0 created Repl 0xb4000077e98e1cf0
04-12 18:58:38.323 8886 8886 I CouchbaseLite/REPLICATOR: {C4Replicator#28459} Starting Replicator {Repl#28458} with config: {{{Coll#0} "_default": {"Push": continuous, "Pull": continuous}}
04-12 18:58:38.323 8886 8886 I CouchbaseLite/REPLICATOR: Options={acceptParentDomainCookies:false, autoPurge:true, cookies:"SyncGatewaySession=caac7ee0f4b92d40fdd90fc04b4d1ce8fa347518", headers:{User-Agent:"CouchbaseLite/3.1.6-vf002-50983 (Java; Android 13; Pixel 7 Pro) EE/debug, Commit/cddb9521ab@e80006cb3780 Core/3.1.6 (50971)"}, heartbeat:300, maxRetries:9, maxRetryInterval:300, onlySelfSignedServer:false}}
04-12 18:58:38.323 8886 8886 I CouchbaseLite/REPLICATOR: [JAVA] State changed STOPPED => CONNECTING(0/0): null for Replicator{@0xc5a0204(<*>),Database{@@0x97fb813: 'finder-private.73600.en_us'} => URLEndpoint{url=wss://stage.realtime-sync-gw.wdprapps.disney.com/park-platform-priv}}$C4CommonRepl{@0x8855222/@xb4000077b97a93d0, @0xc5a0204, SocketFactory{@URLEndpoint{url=wss://stage.realtime-sync-gw.wdprapps.disney.com/park-platform-priv}}'}
04-12 18:58:38.325 8886 9050 I CouchbaseLite/REPLICATOR: [JAVA] status changed: (0, 0) @C4ReplicatorStatus{level=2,completed=0,total=0,#docs=0,domain=0,code=0,info=0} for Replicator{@0xc5a0204(<*>),Database{@@0x97fb813: 'finder-private.73600.en_us'} => URLEndpoint{url=wss://stage.realtime-sync-gw.wdprapps.disney.com/park-platform-priv}}$C4CommonRepl{@0x8855222/@xb4000077b97a93d0, @0xc5a0204, SocketFactory{@URLEndpoint{url=wss://stage.realtime-sync-gw.wdprapps.disney.com/park-platform-priv}}'}
04-12 18:58:38.325 8886 9050 D CouchbaseLite/NETWORK: [JAVA] Offline state change for com.couchbase.lite.internal.replicator.AndroidConnectivityObserver@43ad8c9: CONNECTING -> true
04-12 18:58:38.325 8886 9050 I CouchbaseLite/REPLICATOR: [JAVA] State changed CONNECTING => CONNECTING(0/0): null for Replicator{@0xc5a0204(<*>),Database{@@0x97fb813: 'finder-private.73600.en_us'} => URLEndpoint{url=wss://stage.realtime-sync-gw.wdprapps.disney.com/park-platform-priv}}$C4CommonRepl{@0x8855222/@xb4000077b97a93d0, @0xc5a0204, SocketFactory{@URLEndpoint{url=wss://stage.realtime-sync-gw.wdprapps.disney.com/park-platform-priv}}'}
04-12 18:58:38.350 8886 9038 I CouchbaseLite/REPLICATOR: {Repl#28450} {Coll#-1} activityLevel=connecting: connectionState=1, savingChkpt=0
04-12 18:58:38.353 8886 9035 I CouchbaseLite/NETWORK: {N8litecore4repl12C4SocketImplE#28460}==> N8litecore4repl12C4SocketImplE wss://stage.realtime-sync-gw.wdprapps.disney.com/park-platform-priv/_blipsync @0xb4000077c9932638
04-12 18:58:38.354 8886 9035 I CouchbaseLite/NETWORK: {N8litecore4repl12C4SocketImplE#28460} Connecting...
04-12 18:58:38.355 8886 9035 D CouchbaseLite/NETWORK: [JAVA] ^C4Socket.open@b4000077c9932790: null@79fecf0b
04-12 18:58:38.365 8886 9035 D CouchbaseLite/NETWORK: [JAVA] OkHttpSocket@0xfcc8c83.init: CBLWebSocket@@0x1c16ddf{vC4Socket@xb4000077c9932790 <=> OkHttpSocket@0xfcc8c83(wss://stage.realtime-sync-gw.wdprapps.disney.com:443/park-platform-priv/_blipsync)}
04-12 18:58:38.365 8886 9032 I CouchbaseLite/REPLICATOR: {Repl#28458} {Coll#0} Scanning for pre-existing conflicts...
04-12 18:58:38.366 8886 9035 D CouchbaseLite/NETWORK: [JAVA] vC4Socket@xb4000077c9932790.init: CBLWebSocket@@0x1c16ddf{vC4Socket@xb4000077c9932790 <=> OkHttpSocket@0xfcc8c83(wss://stage.realtime-sync-gw.wdprapps.disney.com:443/park-platform-priv/_blipsync)}
04-12 18:58:38.366 8886 9047 D CouchbaseLite/NETWORK: [JAVA] CBLWebSocket@@0x1c16ddf{vC4Socket@xb4000077c9932790 <=> OkHttpSocket@0xfcc8c83(wss://stage.realtime-sync-gw.wdprapps.disney.com:443/park-platform-priv/_blipsync)}.coreRequestedOpen
04-12 18:58:38.366 8886 9047 D CouchbaseLite/NETWORK: [JAVA] StateMachine@0x84fea2c: transition UNOPENED => OPENING
04-12 18:58:38.366 8886 9047 D CouchbaseLite/NETWORK: [JAVA] OkHttpSocket@0xfcc8c83.open: wss://stage.realtime-sync-gw.wdprapps.disney.com:443/park-platform-priv/_blipsync, {headers={User-Agent=CouchbaseLite/3.1.6-vf002-50983 (Java; Android 13; Pixel 7 Pro) EE/debug, Commit/cddb9521ab@e80006cb3780 Core/3.1.6 (50971)}, acceptParentDomainCookies=false, maxRetries=9, maxRetryInterval=300, heartbeat=300, onlySelfSignedServer=false, WS-Protocols=BLIP_3+CBMobile_3,BLIP_3+CBMobile_2, autoPurge=true, cookies=SyncGatewaySession=caac7ee0f4b92d40fdd90fc04b4d1ce8fa347518}
04-12 18:58:38.384 8886 9032 I CouchbaseLite/REPLICATOR: {Repl#28458} {Coll#0} Found 0 conflicted docs in 0.043 sec
04-12 18:58:38.392 8886 9034 I CouchbaseLite/REPLICATOR: {Repl#28443} {Coll#0} Found 0 conflicted docs in 0.121 sec
04-12 18:58:38.420 8886 9032 I CouchbaseLite/REPLICATOR: {Repl#28458} {Coll#0} Read local checkpoint 'cp-GeXYPlhmWYlGsECdqGVkCOk9Wpc=': {"time":1712962450,"local":7,"remote":45262888}
04-12 18:58:38.422 8886 9032 I CouchbaseLite/REPLICATOR: {Repl#28458} {Coll#-1} activityLevel=connecting: connectionState=1, savingChkpt=0
04-12 18:58:38.426 8886 9034 I CouchbaseLite/REPLICATOR: {Repl#28443} {Coll#0} Read local checkpoint 'cp-EUIwC4qPpttqvSBmzfkR34rhris=': {"time":1712962648,"remote":376872135}
04-12 18:58:38.427 8886 9034 I CouchbaseLite/REPLICATOR: {Repl#28443} {Coll#-1} activityLevel=connecting: connectionState=1, savingChkpt=0
04-12 18:58:38.533 8886 10541 D CouchbaseLite/NETWORK: [JAVA] Extended trust check: 4, GENERIC, stage.realtime-sync-gw.wdprapps.disney.com
04-12 18:58:38.538 8886 10542 D CouchbaseLite/NETWORK: [JAVA] Extended trust check: 4, GENERIC, stage.realtime-sync-gw.wdprapps.disney.com
04-12 18:58:38.581 8886 10543 D CouchbaseLite/NETWORK: [JAVA] Extended trust check: 4, GENERIC, stage.realtime-sync-gw.wdprapps.disney.com
04-12 18:58:38.977 8886 10542 D CouchbaseLite/NETWORK: [JAVA] OkHttpSocket@0xc15b858.onOpen: Response{protocol=http/1.1, code=101, message=Switching Protocols, url=https://stage.realtime-sync-gw.wdprapps.disney.com/park-platform-pub/_blipsync}
04-12 18:58:38.978 8886 10542 D CouchbaseLite/NETWORK: [JAVA] CBLWebSocket@@0xf7a7db1{vC4Socket@xb4000077c99337c0 <=> OkHttpSocket@0xc15b858(wss://stage.realtime-sync-gw.wdprapps.disney.com:443/park-platform-pub/_blipsync)}.remoteOpened: {Server=Couchbase Sync Gateway/3.1.3 EE, Connection=Upgrade, Sec-Websocket-Protocol=BLIP_3+CBMobile_3, Upgrade=websocket, Date=Fri, 12 Apr 2024 22:58:37 GMT, Sec-Websocket-Accept=oNw4d1eHSjjCzP4A06S4fcqVLDg=}
04-12 18:58:38.978 8886 10542 D CouchbaseLite/NETWORK: [JAVA] StateMachine@0x3ca6e6e: transition OPENING => OPEN
04-12 18:58:38.978 8886 10542 D CouchbaseLite/NETWORK: [JAVA] vC4Socket@xb4000077c99337c0.ackOpenToCore
04-12 18:58:38.978 8886 10542 I CouchbaseLite/NETWORK: {N8litecore4repl12C4SocketImplE#28445} Got HTTP response (status 101)
04-12 18:58:38.979 8886 9036 I CouchbaseLite/REPLICATOR: {Repl#28443} {Coll#-1} activityLevel=connecting: connectionState=1, savingChkpt=0
04-12 18:58:38.979 8886 10542 I CouchbaseLite/NETWORK: {N8litecore4repl12C4SocketImplE#28445} Connected!
04-12 18:58:38.979 8886 10542 I CouchbaseLite/NETWORK: {N8litecore4blip10ConnectionE#28442} Connected!
04-12 18:58:38.979 8886 9038 I CouchbaseLite/REPLICATOR: {Repl#28443} {Coll#-1} Connected!
04-12 18:58:38.980 8886 9038 V CouchbaseLite/REPLICATOR: {Repl#28443} {Coll#-1} Requesting remote checkpoint 'cp-EUIwC4qPpttqvSBmzfkR34rhris=' of the default collection
04-12 18:58:38.980 8886 9038 I CouchbaseLite/NETWORK: SENDING: REQ #0 {
04-12 18:58:38.980 8886 9038 I CouchbaseLite/NETWORK: Profile: getCheckpoint
04-12 18:58:38.980 8886 9038 I CouchbaseLite/NETWORK: client: cp-EUIwC4qPpttqvSBmzfkR34rhris= }
