04-12 18:55:08.351 8886 9032 V CouchbaseLite/NETWORK: {N8litecore4blip6BLIPIOE#3600} ...Wrote 57 bytes to WebSocket (writeable=1)
04-12 18:55:08.352 8886 9035 I CouchbaseLite/REPLICATOR: {N8litecore4repl6PullerE#3625} {Coll#0} msg["revocations"]="true" due to enableAutoPurge()=1 or progressNotificationLevel()=0 > 0
04-12 18:55:08.352 8886 9035 I CouchbaseLite/NETWORK: SENDING: REQ #0 {
04-12 18:55:08.352 8886 9035 I CouchbaseLite/NETWORK: Profile: subChanges
04-12 18:55:08.352 8886 9035 I CouchbaseLite/NETWORK: since: 45262888
04-12 18:55:08.352 8886 9035 I CouchbaseLite/NETWORK: continuous: true
04-12 18:55:08.352 8886 9035 I CouchbaseLite/NETWORK: batch: 200
04-12 18:55:08.352 8886 9035 I CouchbaseLite/NETWORK: versioning: rev-trees
04-12 18:55:08.352 8886 9035 I CouchbaseLite/NETWORK: revocations: true
04-12 18:55:08.352 8886 9035 I CouchbaseLite/NETWORK: filter: sync_gateway/bychannel
04-12 18:55:08.352 8886 9035 I CouchbaseLite/NETWORK: channels: {63B01F9F-BC25-4824-9104-70D27ED77981}.wdw.exp.1_0.en_us,{63B01F9F-BC25-4824-9104-70D27ED77981}.wdw.userdata.1_0.en_us }
04-12 18:55:08.353 8886 9035 I CouchbaseLite/REPLICATOR: {N8litecore4repl6PullerE#3625} {Coll#0} activityLevel=busy: pendingResponseCount=1, _caughtUp=0, _pendingRevMessages=0, _activeIncomingRevs=0, _waitingRevMessages=0, _unfinishedIncomingRevs=0
04-12 18:55:08.353 8886 9035 V CouchbaseLite/REPLICATOR: {N8litecore4repl6PullerE#3625} {Coll#0} now busy
04-12 18:55:08.353 8886 9035 I CouchbaseLite/REPLICATOR: {Repl#3530} {Coll#-1} pushStatus=busy, pullStatus=busy, progress=0/0/0
04-12 18:55:08.353 8886 9035 V CouchbaseLite/REPLICATOR: {Repl#3530} {Coll#-1} Replicator status collection-wise: pushStatus=busy, pullStatus=busy, progress=0/0, docCount=0
04-12 18:55:08.353 8886 9035 I CouchbaseLite/REPLICATOR: {Repl#3530} {Coll#-1} activityLevel=busy: connectionState=2, savingChkpt=0
04-12 18:55:08.356 8886 9032 V CouchbaseLite/NETWORK: {N8litecore4blip6BLIPIOE#3600} Sending 'proposeChanges' REQ #0 UN
04-12 18:55:08.360 8886 9420 D CouchbaseLite/NETWORK: [JAVA] OkHttpSocket@0x42e8edd.onBytes(7)
04-12 18:55:08.360 8886 9032 V CouchbaseLite/NETWORK: {N8litecore4blip6BLIPIOE#3600} Requeuing REQ #0...
04-12 18:55:08.361 8886 9032 V CouchbaseLite/NETWORK: {N8litecore4blip6BLIPIOE#3600} Starting writeToWebSocket loop...
04-12 18:55:08.361 8886 9420 D CouchbaseLite/NETWORK: [JAVA] CBLWebSocket@@0x3485a52{vC4Socket@xb4000077c98bbab0 <=> OkHttpSocket@0x42e8edd(wss://stage.realtime-sync-gw.wdprapps.disney.com:443/park-platform-semipriv/_blipsync)}.remoteWrites: 7
04-12 18:55:08.361 8886 9420 D CouchbaseLite/NETWORK: [JAVA] vC4Socket@xb4000077c98bbab0.sendToCore(7)
04-12 18:55:08.361 8886 9032 V CouchbaseLite/NETWORK: {N8litecore4blip6BLIPIOE#3600} Sending frame: REQ #3 -UN-, bytes 0--54
04-12 18:55:08.362 8886 9032 V CouchbaseLite/NETWORK: {N8litecore4repl12C4SocketImplE#3532} Sending 57-byte message
04-12 18:55:08.362 8886 9032 D CouchbaseLite/NETWORK: [JAVA] ^C4Socket.write@b4000077c98ab310(57)
04-12 18:55:08.363 8886 9048 D CouchbaseLite/NETWORK: [JAVA] CBLWebSocket@@0x9cb6e76{vC4Socket@xb4000077c98ab310 <=> OkHttpSocket@0xf668d11(wss://stage.realtime-sync-gw.wdprapps.disney.com:443/park-platform-priv/_blipsync)}.coreWrites(57)
04-12 18:55:08.363 8886 9031 I CouchbaseLite/REPLICATOR: {N8litecore4repl6PusherE#3622} {Coll#0} Caught up, at lastSequence #7
04-12 18:55:08.363 8886 9048 D CouchbaseLite/NETWORK: [JAVA] OkHttpSocket@0xf668d11.write(57)
04-12 18:55:08.363 8886 9031 I CouchbaseLite/REPLICATOR: {N8litecore4repl6PusherE#3622} {Coll#0} activityLevel=busy: pendingResponseCount=0, caughtUp=1, changeLists=0, revsInFlight=0, blobsInFlight=0, awaitingReply=0, revsToSend=0, pushingDocs=0, pendingSequences=0
04-12 18:55:08.364 8886 9032 V CouchbaseLite/NETWORK: {N8litecore4blip6BLIPIOE#3600} Finished sending REQ #3 UN
04-12 18:55:08.364 8886 9048 D CouchbaseLite/NETWORK: [JAVA] vC4Socket@xb4000077c98ab310.ackWriteToCore(57)
04-12 18:55:08.364 8886 9032 V CouchbaseLite/NETWORK: {N8litecore4blip6BLIPIOE#3600} ...Wrote 57 bytes to WebSocket (writeable=1)
04-12 18:55:08.365 8886 9420 V CouchbaseLite/NETWORK: {N8litecore4repl12C4SocketImplE#3526} Received 7-byte message
04-12 18:55:08.368 8886 9031 V CouchbaseLite/REPLICATOR: {N8litecore4repl21ReplicatorChangesFeedE#3623} Asking DB observer for 200 new changes since sequence #7 ...
04-12 18:55:08.369 8886 9031 I CouchbaseLite/REPLICATOR: {N8litecore4repl21ReplicatorChangesFeedE#3623} No new observed changes...
04-12 18:55:08.369 8886 9031 I CouchbaseLite/REPLICATOR: {N8litecore4repl6PusherE#3622} {Coll#0} Found 0 changes up to #7
04-12 18:55:08.370 8886 9036 V CouchbaseLite/NETWORK: {N8litecore4blip6BLIPIOE#3599} Received frame: RES #2 ----, length 5
04-12 18:55:08.370 8886 9036 V CouchbaseLite/NETWORK: {N8litecore4blip6BLIPIOE#3599} RES #2 has reached the end of its frames
04-12 18:55:08.371 8886 9036 V CouchbaseLite/NETWORK: {N8litecore4blip10ConnectionE#3523} Receiving RES #2
04-12 18:55:08.372 8886 9036 V CouchbaseLite/NETWORK: {N8litecore4blip10ConnectionE#3523} Finished receiving RES #2
04-12 18:55:08.373 8886 9036 I CouchbaseLite/NETWORK: RECEIVED: RES #2 { }
04-12 18:55:08.374 8886 9036 D CouchbaseLite/NETWORK: [JAVA] ^C4Socket.completedReceive@b4000077c98bbab0(7)
04-12 18:55:08.375 8886 9420 D CouchbaseLite/NETWORK: [JAVA] OkHttpSocket@0x42e8edd.onBytes(63)
04-12 18:55:08.375 8886 9030 D CouchbaseLite/NETWORK: [JAVA] CBLWebSocket@@0x3485a52{vC4Socket@xb4000077c98bbab0 <=> OkHttpSocket@0x42e8edd(wss://stage.realtime-sync-gw.wdprapps.disney.com:443/park-platform-semipriv/_blipsync)}.coreAckReceive: 7
04-12 18:55:08.375 8886 9420 D CouchbaseLite/NETWORK: [JAVA] CBLWebSocket@@0x3485a52{vC4Socket@xb4000077c98bbab0 <=> OkHttpSocket@0x42e8edd(wss://stage.realtime-sync-gw.wdprapps.disney.com:443/park-platform-semipriv/_blipsync)}.remoteWrites: 63
04-12 18:55:08.376 8886 9420 D CouchbaseLite/NETWORK: [JAVA] vC4Socket@xb4000077c98bbab0.sendToCore(63)
04-12 18:55:08.376 8886 9420 V CouchbaseLite/NETWORK: {N8litecore4repl12C4SocketImplE#3526} Received 63-byte message
04-12 18:55:08.376 8886 9038 V CouchbaseLite/NETWORK: {N8litecore4blip6BLIPIOE#3599} Received frame: REQ #1 --NC, length 61
04-12 18:55:08.377 8886 9811 D CouchbaseLite/NETWORK: [JAVA] OkHttpSocket@0xcc305fa.onBytes(90)
04-12 18:55:08.377 8886 9038 V CouchbaseLite/NETWORK: {N8litecore4blip10ConnectionE#3523} Receiving 'changes' REQ #1 NZ
04-12 18:55:08.377 8886 9811 D CouchbaseLite/NETWORK: [JAVA] CBLWebSocket@@0x437e7ab{vC4Socket@xb4000077c986b4f0 <=> OkHttpSocket@0xcc305fa(wss://stage.realtime-sync-gw.wdprapps.disney.com:443/park-platform-pub/_blipsync)}.remoteWrites: 90
04-12 18:55:08.377 8886 9811 D CouchbaseLite/NETWORK: [JAVA] vC4Socket@xb4000077c986b4f0.sendToCore(90)
04-12 18:55:08.377 8886 9038 V CouchbaseLite/NETWORK: {N8litecore4blip10ConnectionE#3523} Finished receiving 'changes' REQ #1 NZ
04-12 18:55:08.378 8886 9038 I CouchbaseLite/NETWORK: RECEIVED: REQ #1 NZ {
04-12 18:55:08.378 8886 9038 I CouchbaseLite/NETWORK: Profile: changes
04-12 18:55:08.378 8886 9038 I CouchbaseLite/NETWORK: Content-Type: application/json
04-12 18:55:08.378 8886 9038 I CouchbaseLite/NETWORK: BODY: null }
04-12 18:55:08.378 8886 9038 D CouchbaseLite/NETWORK: [JAVA] ^C4Socket.completedReceive@b4000077c98bbab0(63)
04-12 18:55:08.379 8886 9038 I CouchbaseLite/REPLICATOR: {Repl#3524} {Coll#-1} activityLevel=busy: connectionState=2, savingChkpt=0
04-12 18:55:08.379 8886 9811 V CouchbaseLite/NETWORK: {N8litecore4repl12C4SocketImplE#3521} Received 90-byte message
04-12 18:55:08.379 8886 9047 D CouchbaseLite/NETWORK: [JAVA] CBLWebSocket@@0x3485a52{vC4Socket@xb4000077c98bbab0 <=> OkHttpSocket@0x42e8edd(wss://stage.realtime-sync-gw.wdprapps.disney.com:443/park-platform-semipriv/_blipsync)}.coreAckReceive: 63
04-12 18:55:08.379 8886 9035 I CouchbaseLite/REPLICATOR: {N8litecore4repl6PullerE#3603} {Coll#0} activityLevel=busy: pendingResponseCount=0, _caughtUp=0, _pendingRevMessages=0, _activeIncomingRevs=0, _waitingRevMessages=0, _unfinishedIncomingRevs=0
04-12 18:55:08.379 8886 9035 V CouchbaseLite/NETWORK: {N8litecore4blip6BLIPIOE#3604} Received frame: RES #1 ---C, length 88
04-12 18:55:08.380 8886 9035 V CouchbaseLite/NETWORK: {N8litecore4blip6BLIPIOE#3604} RES #1 has reached the end of its frames
04-12 18:55:08.380 8886 9037 I CouchbaseLite/REPLICATOR: {N8litecore4repl9RevFinderE#3627}==> N8litecore4repl9RevFinderE {Repl#3524} @0xb4000077c98cfaa0
04-12 18:55:08.380 8886 9037 V CouchbaseLite/REPLICATOR: {N8litecore4repl9RevFinderE#3627} {Coll#0} Handling 'changes' REQ#1
04-12 18:55:08.381 8886 9031 I CouchbaseLite/NETWORK: SENDING: REQ #0 UN {
04-12 18:55:08.381 8886 9031 I CouchbaseLite/NETWORK: Profile: proposeChanges
04-12 18:55:08.381 8886 9031 I CouchbaseLite/NETWORK: conflictIncludesRev: true
04-12 18:55:08.381 8886 9031 I CouchbaseLite/NETWORK: BODY: [] }
04-12 18:55:08.381 8886 9031 I CouchbaseLite/REPLICATOR: {N8litecore4repl6PusherE#3622} {Coll#0} activityLevel=busy: pendingResponseCount=0, caughtUp=1, changeLists=0, revsInFlight=0, blobsInFlight=0, awaitingReply=0, revsToSend=0, pushingDocs=0, pendingSequences=0
04-12 18:55:08.381 8886 9031 I CouchbaseLite/REPLICATOR: {N8litecore4repl6PusherE#3622} {Coll#0} activityLevel=idle: pendingResponseCount=0, caughtUp=1, changeLists=0, revsInFlight=0, blobsInFlight=0, awaitingReply=0, revsToSend=0, pushingDocs=0, pendingSequences=0
04-12 18:55:08.385 8886 9031 V CouchbaseLite/REPLICATOR: {N8litecore4repl6PusherE#3622} {Coll#0} now idle
04-12 18:55:08.385 8886 9031 I CouchbaseLite/REPLICATOR: {Repl#3530} {Coll#-1} pushStatus=idle, pullStatus=busy, progress=0/0/0
04-12 18:55:08.386 8886 9031 V CouchbaseLite/REPLICATOR: {Repl#3530} {Coll#-1} Replicator status collection-wise: pushStatus=idle, pullStatus=busy, progress=0/0, docCount=0
04-12 18:55:08.386 8886 9032 V CouchbaseLite/NETWORK: {N8litecore4blip6BLIPIOE#3600} Sending 'subChanges' REQ #0
04-12 18:55:08.387 8886 9032 V CouchbaseLite/NETWORK: {N8litecore4blip6BLIPIOE#3600} Requeuing REQ #0...
04-12 18:55:08.387 8886 9032 V CouchbaseLite/NETWORK: {N8litecore4blip6BLIPIOE#3600} Starting writeToWebSocket loop...
04-12 18:55:08.388 8886 9033 I CouchbaseLite/REPLICATOR: {N8litecore4repl6PullerE#3625} {Coll#0} activityLevel=busy: pendingResponseCount=1, _caughtUp=0, _pendingRevMessages=0, _activeIncomingRevs=0, _waitingRevMessages=0, _unfinishedIncomingRevs=0
04-12 18:55:08.388 8886 9031 I CouchbaseLite/REPLICATOR: {Repl#3530} {Coll#-1} activityLevel=busy: connectionState=2, savingChkpt=0
04-12 18:55:08.391 8886 9035 V CouchbaseLite/NETWORK: {N8litecore4blip10ConnectionE#3517} Receiving RES #1 Z
04-12 18:55:08.394 8886 9035 V CouchbaseLite/NETWORK: {N8litecore4blip10ConnectionE#3517} Finished receiving RES #1 Z
04-12 18:55:08.394 8886 9035 I CouchbaseLite/NETWORK: RECEIVED: RES #1 Z {
04-12 18:55:08.394 8886 9035 I CouchbaseLite/NETWORK: rev: 0-40
04-12 18:55:08.394 8886 9035 I CouchbaseLite/NETWORK: Content-Type: application/json
04-12 18:55:08.394 8886 9035 I CouchbaseLite/NETWORK: BODY: {"remote":376871862,"time":1712962485} }
04-12 18:55:08.394 8886 9037 I CouchbaseLite/REPLICATOR: {N8litecore4repl9RevFinderE#3627} {Coll#0} Caught up with remote changes
04-12 18:55:08.394 8886 9035 D CouchbaseLite/NETWORK: [JAVA] ^C4Socket.completedReceive@b4000077c986b4f0(90)
04-12 18:55:08.395 8886 9037 V CouchbaseLite/REPLICATOR: {N8litecore4repl9RevFinderE#3627} {Coll#0} now idle
04-12 18:55:08.395 8886 9046 D CouchbaseLite/NETWORK: [JAVA] CBLWebSocket@@0x437e7ab{vC4Socket@xb4000077c986b4f0 <=> OkHttpSocket@0xcc305fa(wss://stage.realtime-sync-gw.wdprapps.disney.com:443/park-platform-pub/_blipsync)}.coreAckReceive: 90
04-12 18:55:08.396 8886 9034 I CouchbaseLite/REPLICATOR: {Repl#3518} {Coll#-1} Received remote checkpoint (rev='0-40'): {"remote":376871862,"time":1712962485} of the default collection
04-12 18:55:08.396 8886 9032 V CouchbaseLite/NETWORK: {N8litecore4blip6BLIPIOE#3600} Sending frame: REQ #4 ----, bytes 0--261
04-12 18:55:08.396 8886 9032 V CouchbaseLite/NETWORK: {N8litecore4repl12C4SocketImplE#3532} Sending 264-byte message
04-12 18:55:08.396 8886 9037 I CouchbaseLite/REPLICATOR: {Repl#3524} {Coll#-1} pushStatus=stopped, pullStatus=busy, progress=0/0/0
04-12 18:55:08.396 8886 9032 D CouchbaseLite/NETWORK: [JAVA] ^C4Socket.write@b4000077c98ab310(264)
04-12 18:55:08.397 8886 9037 V CouchbaseLite/REPLICATOR: {Repl#3524} {Coll#-1} Replicator status collection-wise: pushStatus=stopped, pullStatus=busy, progress=0/0, docCount=0
04-12 18:55:08.397 8886 9048 D CouchbaseLite/NETWORK: [JAVA] CBLWebSocket@@0x9cb6e76{vC4Socket@xb4000077c98ab310 <=> OkHttpSocket@0xf668d11(wss://stage.realtime-sync-gw.wdprapps.disney.com:443/park-platform-priv/_blipsync)}.coreWrites(264)
04-12 18:55:08.397 8886 9037 I CouchbaseLite/REPLICATOR: {Repl#3524} {Coll#-1} activityLevel=busy: connectionState=2, savingChkpt=0
04-12 18:55:08.398 8886 9048 D CouchbaseLite/NETWORK: [JAVA] OkHttpSocket@0xf668d11.write(264)
04-12 18:55:08.398 8886 9034 I CouchbaseLite/REPLICATOR: {Repl#3518} {Coll#-1} activityLevel=busy: connectionState=2, savingChkpt=0
04-12 18:55:08.398 8886 9038 I CouchbaseLite/REPLICATOR: {N8litecore4repl6PullerE#3603} {Coll#0} activityLevel=idle: pendingResponseCount=0, _caughtUp=1, _pendingRevMessages=0, _activeIncomingRevs=0, _waitingRevMessages=0, _unfinishedIncomingRevs=0
04-12 18:55:08.398 8886 9048 D CouchbaseLite/NETWORK: [JAVA] vC4Socket@xb4000077c98ab310.ackWriteToCore(264)
04-12 18:55:08.399 8886 9038 V CouchbaseLite/REPLICATOR: {N8litecore4repl6PullerE#3603} {Coll#0} now idle
04-12 18:55:08.399 8886 9038 I CouchbaseLite/REPLICATOR: {Repl#3524} {Coll#-1} pushStatus=stopped, pullStatus=idle, progress=0/0/0
04-12 18:55:08.400 8886 9038 V CouchbaseLite/REPLICATOR: {Repl#3524} {Coll#-1} Replicator status collection-wise: pushStatus=stopped, pullStatus=idle, progress=0/0, docCount=0
04-12 18:55:08.400 8886 9038 I CouchbaseLite/REPLICATOR: {Repl#3524} {Coll#-1} activityLevel=idle: connectionState=2, savingChkpt=0
04-12 18:55:08.400 8886 9038 I CouchbaseLite/REPLICATOR: {Repl#3524} {Coll#-1} now idle
04-12 18:55:08.401 8886 9038 I CouchbaseLite/REPLICATOR: {C4Replicator#3525} State: idle, progress=0.00%
04-12 18:55:08.402 8886 9032 V CouchbaseLite/NETWORK: {N8litecore4blip6BLIPIOE#3600} Finished sending REQ #4
04-12 18:55:08.405 8886 9038 D CouchbaseLite/REPLICATOR: [JAVA] C4Replicator.statusChangedCallback(0x46b0de02) C4CommonRepl{@0x806c18f/@xb4000077b977bbd0, @0xd2748ee, SocketFactory{@URLEndpoint{url=wss://stage.realtime-sync-gw.wdprapps.disney.com/park-platform-semipriv}}'}: C4ReplicatorStatus{level=3,completed=0,total=0,#docs=0,domain=0,code=0,info=0}
04-12 18:55:08.406 8886 9030 I CouchbaseLite/REPLICATOR: [JAVA] status changed: (0, 0) @C4ReplicatorStatus{level=3,completed=0,total=0,#docs=0,domain=0,code=0,info=0} for Replicator{@0xd2748ee(<*),Database{@@0x2e0afa2: 'finder-semi-private.73600.en_us'} => URLEndpoint{url=wss://stage.realtime-sync-gw.wdprapps.disney.com/park-platform-semipriv}}$C4CommonRepl{@0x806c18f/@xb4000077b977bbd0, @0xd2748ee, SocketFactory{@URLEndpoint{url=wss://stage.realtime-sync-gw.wdprapps.disney.com/park-platform-semipriv}}'}
04-12 18:55:08.406 8886 9030 D CouchbaseLite/NETWORK: [JAVA] Offline state change for com.couchbase.lite.internal.replicator.AndroidConnectivityObserver@3afe2b4: BUSY -> true
04-12 18:55:08.407 8886 9030 I CouchbaseLite/REPLICATOR: [JAVA] State changed BUSY => IDLE(0/0): null for Replicator{@0xd2748ee(<*),Database{@@0x2e0afa2: 'finder-semi-private.73600.en_us'} => URLEndpoint{url=wss://stage.realtime-sync-gw.wdprapps.disney.com/park-platform-semipriv}}$C4CommonRepl{@0x806c18f/@xb4000077b977bbd0, @0xd2748ee, SocketFactory{@URLEndpoint{url=wss://stage.realtime-sync-gw.wdprapps.disney.com/park-platform-semipriv}}'}
04-12 18:55:08.407 8886 9033 I CouchbaseLite/REPLICATOR: {N8litecore4repl6PullerE#3629}==> N8litecore4repl6PullerE {Repl#3518} @0xb4000077e9913220
04-12 18:55:08.408 8886 9033 I CouchbaseLite/REPLICATOR: {N8litecore4repl6PullerE#3629} {Coll#0} Starting pull from remote seq '376871862'
04-12 18:55:08.409 8886 9033 I CouchbaseLite/REPLICATOR: {N8litecore4repl6PullerE#3629} {Coll#0} msg["revocations"]="true" due to enableAutoPurge()=1 or progressNotificationLevel()=0 > 0
04-12 18:55:08.410 8886 9033 I CouchbaseLite/NETWORK: SENDING: REQ #0 {
04-12 18:55:08.410 8886 9033 I CouchbaseLite/NETWORK: Profile: subChanges
04-12 18:55:08.410 8886 9033 I CouchbaseLite/NETWORK: since: 376871862
04-12 18:55:08.410 8886 9033 I CouchbaseLite/NETWORK: continuous: true
04-12 18:55:08.410 8886 9033 I CouchbaseLite/NETWORK: batch: 200
04-12 18:55:08.410 8886 9033 I CouchbaseLite/NETWORK: versioning: rev-trees
04-12 18:55:08.410 8886 9033 I CouchbaseLite/NETWORK: revocations: true
04-12 18:55:08.410 8886 9033 I CouchbaseLite/NETWORK: filter: sync_gateway/bychannel
04-12 18:55:08.410 8886 9033 I CouchbaseLite/NETWORK: channels: wdw.characters.1_0,wdw.blockouts.2_0.en_us,wdw.today.1_0,wdw.calendar.1_0,wdw.closedrestaurants.1_0,wdw.facilities.1_0.en_us,wdw.featured-happenings.1_0.en_us,wdw.categories.3_0.en_us,wdw.category-filters.2_0.en_us,wdw.category-list.2_0.en_us,wdw.facilitystatus.1_0,wdw.virtual-queue_content-page.1_0.en_us,wdw.search_content-page.1_0.en_us,wdw.mobile-network.1_0.en_us,wdw.dashboard.1_0.en_us,wdw.exp.1_0.en_us,wdw.feature-menu.7_36.en_us,wdw.experience.1_0.en_us,wdw.merlin.1_0.en_us,wdw.food-and-beverage.1_0.en_us,wdw.itinerary.1_0.en_us,wdw.feature-link-account.1_0.en_us,wdw.e-services.1_0.en_us,wdw.digital-pass.1_0.en_us,wdw.mobile-magic-access.1_0.en_us,wdw.photopass.1_0.en_us,wdw.commerce.1_0.en_us,wdw.forecastedwaittimes.1_0.en_us,wdw.permissions.2_0.en_us,wdw.gluetext.7_36.en_us,wdw.hub.1_0.en_us,wdw.extended-categories.1_0.en_us,wdw.actionsheet.7_36.en_us,wdw.checklist.1_0.en_us,wdw.userdata.1_0.en_us,wdw.analytics.1_0.en_us }
04-12 18:55:08.410 8886 9033 I CouchbaseLite/REPLICATOR: {N8litecore4repl6PullerE#3629} {Coll#0} activityLevel=busy: pendingResponseCount=1, _caughtUp=0, _pendingRevMessages=0, _activeIncomingRevs=0, _waitingRevMessages=0, _unfinishedIncomingRevs=0
04-12 18:55:08.410 8886 9033 V CouchbaseLite/REPLICATOR: {N8litecore4repl6PullerE#3629} {Coll#0} now busy
04-12 18:55:08.410 8886 9033 V CouchbaseLite/NETWORK: {N8litecore4blip6BLIPIOE#3604} Sending 'subChanges' REQ #0
04-12 18:55:08.411 8886 9033 V CouchbaseLite/NETWORK: {N8litecore4blip6BLIPIOE#3604} Requeuing REQ #0...
04-12 18:55:08.411 8886 9033 V CouchbaseLite/NETWORK: {N8litecore4blip6BLIPIOE#3604} Starting writeToWebSocket loop...
04-12 18:55:08.411 8886 9033 V CouchbaseLite/NETWORK: {N8litecore4blip6BLIPIOE#3604} Sending frame: REQ #2 ----, bytes 0--1087
04-12 18:55:08.412 8886 9033 V CouchbaseLite/NETWORK: {N8litecore4repl12C4SocketImplE#3521} Sending 1090-byte message
04-12 18:55:08.412 8886 9036 I CouchbaseLite/REPLICATOR: {Repl#3518} {Coll#-1} pushStatus=stopped, pullStatus=busy, progress=0/0/0
04-12 18:55:08.412 8886 9036 V CouchbaseLite/REPLICATOR: {Repl#3518} {Coll#-1} Replicator status collection-wise: pushStatus=stopped, pullStatus=busy, progress=0/0, docCount=0
04-12 18:55:08.412 8886 9036 I CouchbaseLite/REPLICATOR: {Repl#3518} {Coll#-1} activityLevel=busy: connectionState=2, savingChkpt=0
04-12 18:55:08.413 8886 9036 I CouchbaseLite/REPLICATOR: {N8litecore4repl6PullerE#3629} {Coll#0} activityLevel=busy: pendingResponseCount=1, _caughtUp=0, _pendingRevMessages=0, _activeIncomingRevs=0, _waitingRevMessages=0, _unfinishedIncomingRevs=0
04-12 18:55:08.417 8886 9032 V CouchbaseLite/NETWORK: {N8litecore4blip6BLIPIOE#3600} ...Wrote 264 bytes to WebSocket (writeable=1)
04-12 18:55:08.418 8886 9032 V CouchbaseLite/NETWORK: {N8litecore4blip6BLIPIOE#3600} Sending 'proposeChanges' REQ #0 UN
04-12 18:55:08.418 8886 9033 D CouchbaseLite/NETWORK: [JAVA] ^C4Socket.write@b4000077c986b4f0(1090)
04-12 18:55:08.419 8886 9047 D CouchbaseLite/NETWORK: [JAVA] CBLWebSocket@@0x437e7ab{vC4Socket@xb4000077c986b4f0 <=> OkHttpSocket@0xcc305fa(wss://stage.realtime-sync-gw.wdprapps.disney.com:443/park-platform-pub/_blipsync)}.coreWrites(1090)
04-12 18:55:08.420 8886 9047 D CouchbaseLite/NETWORK: [JAVA] OkHttpSocket@0xcc305fa.write(1090)
04-12 18:55:08.420 8886 9032 V CouchbaseLite/NETWORK: {N8litecore4blip6BLIPIOE#3600} Requeuing REQ #0...
04-12 18:55:08.421 8886 9047 D CouchbaseLite/NETWORK: [JAVA] vC4Socket@xb4000077c986b4f0.ackWriteToCore(1090)
04-12 18:55:08.421 8886 9032 V CouchbaseLite/NETWORK: {N8litecore4blip6BLIPIOE#3600} Starting writeToWebSocket loop...
04-12 18:55:08.422 8886 9032 V CouchbaseLite/NETWORK: {N8litecore4blip6BLIPIOE#3600} Sending frame: REQ #5 -UN-, bytes 0--54
04-12 18:55:08.422 8886 9032 V CouchbaseLite/NETWORK: {N8litecore4repl12C4SocketImplE#3532} Sending 57-byte message
04-12 18:55:08.423 8886 9033 V CouchbaseLite/NETWORK: {N8litecore4blip6BLIPIOE#3604} Finished sending REQ #2
04-12 18:55:08.423 8886 9032 D CouchbaseLite/NETWORK: [JAVA] ^C4Socket.write@b4000077c98ab310(57)
04-12 18:55:08.423 8886 9033 V CouchbaseLite/NETWORK: {N8litecore4blip6BLIPIOE#3604} ...Wrote 1090 bytes to WebSocket (writeable=1)
04-12 18:55:08.424 8886 9032 V CouchbaseLite/NETWORK: {N8litecore4blip6BLIPIOE#3600} Finished sending REQ #5 UN
04-12 18:55:08.424 8886 9048 D CouchbaseLite/NETWORK: [JAVA] CBLWebSocket@@0x9cb6e76{vC4Socket@xb4000077c98ab310 <=> OkHttpSocket@0xf668d11(wss://stage.realtime-sync-gw.wdprapps.disney.com:443/park-platform-priv/_blipsync)}.coreWrites(57)
04-12 18:55:08.425 8886 9048 D CouchbaseLite/NETWORK: [JAVA] OkHttpSocket@0xf668d11.write(57)
04-12 18:55:08.425 8886 9048 D CouchbaseLite/NETWORK: [JAVA] vC4Socket@xb4000077c98ab310.ackWriteToCore(57)
04-12 18:55:08.444 8886 9032 V CouchbaseLite/NETWORK: {N8litecore4blip6BLIPIOE#3600} ...Wrote 57 bytes to WebSocket (writeable=1)
04-12 18:55:08.553 8886 9811 D CouchbaseLite/NETWORK: [JAVA] OkHttpSocket@0xcc305fa.onBytes(7)
04-12 18:55:08.553 8886 9811 D CouchbaseLite/NETWORK: [JAVA] CBLWebSocket@@0x437e7ab{vC4Socket@xb4000077c986b4f0 <=> OkHttpSocket@0xcc305fa(wss://stage.realtime-sync-gw.wdprapps.disney.com:443/park-platform-pub/_blipsync)}.remoteWrites: 7
04-12 18:55:08.553 8886 9811 D CouchbaseLite/NETWORK: [JAVA] vC4Socket@xb4000077c986b4f0.sendToCore(7)
04-12 18:55:08.553 8886 9811 V CouchbaseLite/NETWORK: {N8litecore4repl12C4SocketImplE#3521} Received 7-byte message
04-12 18:55:08.553 8886 9811 D CouchbaseLite/NETWORK: [JAVA] OkHttpSocket@0xcc305fa.onBytes(63)
04-12 18:55:08.553 8886 9811 D CouchbaseLite/NETWORK: [JAVA] CBLWebSocket@@0x437e7ab{vC4Socket@xb4000077c986b4f0 <=> OkHttpSocket@0xcc305fa(wss://stage.realtime-sync-gw.wdprapps.disney.com:443/park-platform-pub/_blipsync)}.remoteWrites: 63
04-12 18:55:08.553 8886 9032 V CouchbaseLite/NETWORK: {N8litecore4blip6BLIPIOE#3604} Received frame: RES #2 ----, length 5
04-12 18:55:08.553 8886 9811 D CouchbaseLite/NETWORK: [JAVA] vC4Socket@xb4000077c986b4f0.sendToCore(63)
04-12 18:55:08.554 8886 9032 V CouchbaseLite/NETWORK: {N8litecore4blip6BLIPIOE#3604} RES #2 has reached the end of its frames
04-12 18:55:08.555 8886 9032 V CouchbaseLite/NETWORK: {N8litecore4blip10ConnectionE#3517} Receiving RES #2
04-12 18:55:08.555 8886 9032 V CouchbaseLite/NETWORK: {N8litecore4blip10ConnectionE#3517} Finished receiving RES #2
04-12 18:55:08.556 8886 9032 I CouchbaseLite/NETWORK: RECEIVED: RES #2 { }
04-12 18:55:08.557 8886 9032 D CouchbaseLite/NETWORK: [JAVA] ^C4Socket.completedReceive@b4000077c986b4f0(7)
04-12 18:55:08.558 8886 9050 D CouchbaseLite/NETWORK: [JAVA] CBLWebSocket@@0x437e7ab{vC4Socket@xb4000077c986b4f0 <=> OkHttpSocket@0xcc305fa(wss://stage.realtime-sync-gw.wdprapps.disney.com:443/park-platform-pub/_blipsync)}.coreAckReceive: 7
04-12 18:55:08.560 8886 9811 V CouchbaseLite/NETWORK: {N8litecore4repl12C4SocketImplE#3521} Received 63-byte message
04-12 18:55:08.561 8886 9034 V CouchbaseLite/NETWORK: {N8litecore4blip6BLIPIOE#3604} Received frame: REQ #1 --NC, length 61
04-12 18:55:08.562 8886 9034 V CouchbaseLite/NETWORK: {N8litecore4blip10ConnectionE#3517} Receiving 'changes' REQ #1 NZ
04-12 18:55:08.562 8886 9034 V CouchbaseLite/NETWORK: {N8litecore4blip10ConnectionE#3517} Finished receiving 'changes' REQ #1 NZ
04-12 18:55:08.562 8886 9034 I CouchbaseLite/NETWORK: RECEIVED: REQ #1 NZ {
04-12 18:55:08.562 8886 9034 I CouchbaseLite/NETWORK: Profile: changes
04-12 18:55:08.562 8886 9034 I CouchbaseLite/NETWORK: Content-Type: application/json
04-12 18:55:08.562 8886 9034 I CouchbaseLite/NETWORK: BODY: null }
04-12 18:55:08.562 8886 9034 D CouchbaseLite/NETWORK: [JAVA] ^C4Socket.completedReceive@b4000077c986b4f0(63)
04-12 18:55:08.562 8886 9037 I CouchbaseLite/REPLICATOR: {Repl#3518} {Coll#-1} activityLevel=busy: connectionState=2, savingChkpt=0
04-12 18:55:08.563 8886 9037 I CouchbaseLite/REPLICATOR: {N8litecore4repl9RevFinderE#3660}==> N8litecore4repl9RevFinderE {Repl#3518} @0xb4000077c984ebe0
04-12 18:55:08.563 8886 9037 V CouchbaseLite/REPLICATOR: {N8litecore4repl9RevFinderE#3660} {Coll#0} Handling 'changes' REQ#1
04-12 18:55:08.563 8886 9037 I CouchbaseLite/REPLICATOR: {N8litecore4repl9RevFinderE#3660} {Coll#0} Caught up with remote changes
04-12 18:55:08.563 8886 9037 V CouchbaseLite/REPLICATOR: {N8litecore4repl9RevFinderE#3660} {Coll#0} now idle
04-12 18:55:08.564 8886 9037 I CouchbaseLite/REPLICATOR: {Repl#3518} {Coll#-1} pushStatus=stopped, pullStatus=busy, progress=0/0/0
04-12 18:55:08.564 8886 9037 V CouchbaseLite/REPLICATOR: {Repl#3518} {Coll#-1} Replicator status collection-wise: pushStatus=stopped, pullStatus=busy, progress=0/0, docCount=0
04-12 18:55:08.564 8886 9037 I CouchbaseLite/REPLICATOR: {Repl#3518} {Coll#-1} activityLevel=busy: connectionState=2, savingChkpt=0
04-12 18:55:08.564 8886 9047 D CouchbaseLite/NETWORK: [JAVA] CBLWebSocket@@0x437e7ab{vC4Socket@xb4000077c986b4f0 <=> OkHttpSocket@0xcc305fa(wss://stage.realtime-sync-gw.wdprapps.disney.com:443/park-platform-pub/_blipsync)}.coreAckReceive: 63
04-12 18:55:08.570 8886 9036 I CouchbaseLite/REPLICATOR: {N8litecore4repl6PullerE#3629} {Coll#0} activityLevel=busy: pendingResponseCount=0, _caughtUp=0, _pendingRevMessages=0, _activeIncomingRevs=0, _waitingRevMessages=0, _unfinishedIncomingRevs=0
04-12 18:55:08.570 8886 9036 I CouchbaseLite/REPLICATOR: {N8litecore4repl6PullerE#3629} {Coll#0} activityLevel=idle: pendingResponseCount=0, _caughtUp=1, _pendingRevMessages=0, _activeIncomingRevs=0, _waitingRevMessages=0, _unfinishedIncomingRevs=0
04-12 18:55:08.570 8886 9036 V CouchbaseLite/REPLICATOR: {N8litecore4repl6PullerE#3629} {Coll#0} now idle
04-12 18:55:08.570 8886 9036 I CouchbaseLite/REPLICATOR: {Repl#3518} {Coll#-1} pushStatus=stopped, pullStatus=idle, progress=0/0/0
04-12 18:55:08.571 8886 9036 V CouchbaseLite/REPLICATOR: {Repl#3518} {Coll#-1} Replicator status collection-wise: pushStatus=stopped, pullStatus=idle, progress=0/0, docCount=0
04-12 18:55:08.571 8886 9036 I CouchbaseLite/REPLICATOR: {Repl#3518} {Coll#-1} activityLevel=idle: connectionState=2, savingChkpt=0
04-12 18:55:08.571 8886 9036 I CouchbaseLite/REPLICATOR: {Repl#3518} {Coll#-1} now idle
04-12 18:55:08.571 8886 9036 I CouchbaseLite/REPLICATOR: {C4Replicator#3519} State: idle, progress=0.00%
04-12 18:55:08.572 8886 9036 D CouchbaseLite/REPLICATOR: [JAVA] C4Replicator.statusChangedCallback(0x5fc1934d) C4CommonRepl{@0xc58f0f0/@xb4000077b979f2d0, @0xe2b0533, SocketFactory{@URLEndpoint{url=wss://stage.realtime-sync-gw.wdprapps.disney.com/park-platform-pub/}}'}: C4ReplicatorStatus{level=3,completed=0,total=0,#docs=0,domain=0,code=0,info=0}
04-12 18:55:08.574 8886 9030 I CouchbaseLite/REPLICATOR: [JAVA] status changed: (0, 0) @C4ReplicatorStatus{level=3,completed=0,total=0,#docs=0,domain=0,code=0,info=0} for Replicator{@0xe2b0533(<*),Database{@@0x5c116b6: 'finder.73600.en_us-stage'} => URLEndpoint{url=wss://stage.realtime-sync-gw.wdprapps.disney.com/park-platform-pub/}}$C4CommonRepl{@0xc58f0f0/@xb4000077b979f2d0, @0xe2b0533, SocketFactory{@URLEndpoint{url=wss://stage.realtime-sync-gw.wdprapps.disney.com/park-platform-pub/}}'}
04-12 18:55:08.575 8886 9418 D CouchbaseLite/NETWORK: [JAVA] OkHttpSocket@0xf668d11.onBytes(7)
04-12 18:55:08.575 8886 9030 D CouchbaseLite/NETWORK: [JAVA] Offline state change for com.couchbase.lite.internal.replicator.AndroidConnectivityObserver@d742c1c: BUSY -> true
04-12 18:55:08.575 8886 9418 D CouchbaseLite/NETWORK: [JAVA] CBLWebSocket@@0x9cb6e76{vC4Socket@xb4000077c98ab310 <=> OkHttpSocket@0xf668d11(wss://stage.realtime-sync-gw.wdprapps.disney.com:443/park-platform-priv/_blipsync)}.remoteWrites: 7
04-12 18:55:08.575 8886 9418 D CouchbaseLite/NETWORK: [JAVA] vC4Socket@xb4000077c98ab310.sendToCore(7)
04-12 18:55:08.575 8886 9030 I CouchbaseLite/REPLICATOR: [JAVA] State changed BUSY => IDLE(0/0): null for Replicator{@0xe2b0533(<*),Database{@@0x5c116b6: 'finder.73600.en_us-stage'} => URLEndpoint{url=wss://stage.realtime-sync-gw.wdprapps.disney.com/park-platform-pub/}}$C4CommonRepl{@0xc58f0f0/@xb4000077b979f2d0, @0xe2b0533, SocketFactory{@URLEndpoint{url=wss://stage.realtime-sync-gw.wdprapps.disney.com/park-platform-pub/}}'}
04-12 18:55:08.580 8886 9418 V CouchbaseLite/NETWORK: {N8litecore4repl12C4SocketImplE#3532} Received 7-byte message
04-12 18:55:08.581 8886 9418 D CouchbaseLite/NETWORK: [JAVA] OkHttpSocket@0xf668d11.onBytes(63)
04-12 18:55:08.581 8886 9418 D CouchbaseLite/NETWORK: [JAVA] CBLWebSocket@@0x9cb6e76{vC4Socket@xb4000077c98ab310 <=> OkHttpSocket@0xf668d11(wss://stage.realtime-sync-gw.wdprapps.disney.com:443/park-platform-priv/_blipsync)}.remoteWrites: 63
04-12 18:55:08.581 8886 9418 D CouchbaseLite/NETWORK: [JAVA] vC4Socket@xb4000077c98ab310.sendToCore(63)
04-12 18:55:08.581 8886 9418 V CouchbaseLite/NETWORK: {N8litecore4repl12C4SocketImplE#3532} Received 63-byte message
04-12 18:55:08.582 8886 9035 V CouchbaseLite/NETWORK: {N8litecore4blip6BLIPIOE#3600} Received frame: RES #4 ----, length 5
04-12 18:55:08.582 8886 9035 V CouchbaseLite/NETWORK: {N8litecore4blip6BLIPIOE#3600} RES #4 has reached the end of its frames
04-12 18:55:08.585 8886 9035 V CouchbaseLite/NETWORK: {N8litecore4blip10ConnectionE#3529} Receiving RES #4
04-12 18:55:08.603 8886 9035 V CouchbaseLite/NETWORK: {N8litecore4blip10ConnectionE#3529} Finished receiving RES #4
04-12 18:55:08.603 8886 9035 I CouchbaseLite/NETWORK: RECEIVED: RES #4 { }
04-12 18:55:08.604 8886 9035 D CouchbaseLite/NETWORK: [JAVA] ^C4Socket.completedReceive@b4000077c98ab310(7)
04-12 18:55:08.604 8886 9037 I CouchbaseLite/REPLICATOR: {N8litecore4repl6PullerE#3625} {Coll#0} activityLevel=busy: pendingResponseCount=0, _caughtUp=0, _pendingRevMessages=0, _activeIncomingRevs=0, _waitingRevMessages=0, _unfinishedIncomingRevs=0
04-12 18:55:08.604 8886 9030 D CouchbaseLite/NETWORK: [JAVA] CBLWebSocket@@0x9cb6e76{vC4Socket@xb4000077c98ab310 <=> OkHttpSocket@0xf668d11(wss://stage.realtime-sync-gw.wdprapps.disney.com:443/park-platform-priv/_blipsync)}.coreAckReceive: 7
04-12 18:55:08.604 8886 9035 V CouchbaseLite/NETWORK: {N8litecore4blip6BLIPIOE#3600} Received frame: REQ #1 --NC, length 61
04-12 18:55:08.606 8886 9035 V CouchbaseLite/NETWORK: {N8litecore4blip10ConnectionE#3529} Receiving 'changes' REQ #1 NZ
04-12 18:55:08.606 8886 9035 V CouchbaseLite/NETWORK: {N8litecore4blip10ConnectionE#3529} Finished receiving 'changes' REQ #1 NZ
04-12 18:55:08.606 8886 9035 I CouchbaseLite/NETWORK: RECEIVED: REQ #1 NZ {
04-12 18:55:08.606 8886 9035 I CouchbaseLite/NETWORK: Profile: changes
04-12 18:55:08.606 8886 9035 I CouchbaseLite/NETWORK: Content-Type: application/json
04-12 18:55:08.606 8886 9035 I CouchbaseLite/NETWORK: BODY: null }
04-12 18:55:08.607 8886 9035 D CouchbaseLite/NETWORK: [JAVA] ^C4Socket.completedReceive@b4000077c98ab310(63)
04-12 18:55:08.607 8886 9038 I CouchbaseLite/REPLICATOR: {Repl#3530} {Coll#-1} activityLevel=busy: connectionState=2, savingChkpt=0
04-12 18:55:08.607 8886 9047 D CouchbaseLite/NETWORK: [JAVA] CBLWebSocket@@0x9cb6e76{vC4Socket@xb4000077c98ab310 <=> OkHttpSocket@0xf668d11(wss://stage.realtime-sync-gw.wdprapps.disney.com:443/park-platform-priv/_blipsync)}.coreAckReceive: 63
04-12 18:55:08.613 8886 9038 I CouchbaseLite/REPLICATOR: {N8litecore4repl9RevFinderE#3670}==> N8litecore4repl9RevFinderE {Repl#3530} @0xb4000077c98294f0
04-12 18:55:08.613 8886 9038 V CouchbaseLite/REPLICATOR: {N8litecore4repl9RevFinderE#3670} {Coll#0} Handling 'changes' REQ#1
04-12 18:55:08.613 8886 9038 I CouchbaseLite/REPLICATOR: {N8litecore4repl9RevFinderE#3670} {Coll#0} Caught up with remote changes
04-12 18:55:08.613 8886 9038 V CouchbaseLite/REPLICATOR: {N8litecore4repl9RevFinderE#3670} {Coll#0} now idle
04-12 18:55:08.613 8886 9038 I CouchbaseLite/REPLICATOR: {N8litecore4repl6PullerE#3625} {Coll#0} activityLevel=idle: pendingResponseCount=0, _caughtUp=1, _pendingRevMessages=0, _activeIncomingRevs=0, _waitingRevMessages=0, _unfinishedIncomingRevs=0
04-12 18:55:08.613 8886 9038 V CouchbaseLite/REPLICATOR: {N8litecore4repl6PullerE#3625} {Coll#0} now idle
04-12 18:55:08.614 8886 9038 I CouchbaseLite/REPLICATOR: {Repl#3530} {Coll#-1} pushStatus=idle, pullStatus=busy, progress=0/0/0
04-12 18:55:08.614 8886 9038 V CouchbaseLite/REPLICATOR: {Repl#3530} {Coll#-1} Replicator status collection-wise: pushStatus=idle, pullStatus=busy, progress=0/0, docCount=0
04-12 18:55:08.614 8886 9038 I CouchbaseLite/REPLICATOR: {Repl#3530} {Coll#-1} activityLevel=busy: connectionState=2, savingChkpt=0
04-12 18:55:08.615 8886 9038 I CouchbaseLite/REPLICATOR: {Repl#3530} {Coll#-1} pushStatus=idle, pullStatus=idle, progress=0/0/0
04-12 18:55:08.615 8886 9038 V CouchbaseLite/REPLICATOR: {Repl#3530} {Coll#-1} Replicator status collection-wise: pushStatus=idle, pullStatus=idle, progress=0/0, docCount=0
04-12 18:55:08.616 8886 9038 I CouchbaseLite/REPLICATOR: {Repl#3530} {Coll#-1} activityLevel=idle: connectionState=2, savingChkpt=0
04-12 18:55:08.616 8886 9038 I CouchbaseLite/REPLICATOR: {Repl#3530} {Coll#-1} now idle
04-12 18:55:08.616 8886 9038 I CouchbaseLite/REPLICATOR: {C4Replicator#3531} State: idle, progress=0.00%
04-12 18:55:08.616 8886 9038 D CouchbaseLite/REPLICATOR: [JAVA] C4Replicator.statusChangedCallback(0x72e80939) C4CommonRepl{@0x20b5387/@xb4000077b98361d0, @0xf2b87c6, SocketFactory{@URLEndpoint{url=wss://stage.realtime-sync-gw.wdprapps.disney.com/park-platform-priv}}'}: C4ReplicatorStatus{level=3,completed=0,total=0,#docs=0,domain=0,code=0,info=0}
04-12 18:55:08.617 8886 9048 I CouchbaseLite/REPLICATOR: [JAVA] status changed: (0, 0) @C4ReplicatorStatus{level=3,completed=0,total=0,#docs=0,domain=0,code=0,info=0} for Replicator{@0xf2b87c6(<*>),Database{@@0x97fb813: 'finder-private.73600.en_us'} => URLEndpoint{url=wss://stage.realtime-sync-gw.wdprapps.disney.com/park-platform-priv}}$C4CommonRepl{@0x20b5387/@xb4000077b98361d0, @0xf2b87c6, SocketFactory{@URLEndpoint{url=wss://stage.realtime-sync-gw.wdprapps.disney.com/park-platform-priv}}'}
04-12 18:55:08.617 8886 9048 D CouchbaseLite/NETWORK: [JAVA] Offline state change for com.couchbase.lite.internal.replicator.AndroidConnectivityObserver@d59bc95: BUSY -> true
04-12 18:55:08.617 8886 9048 I CouchbaseLite/REPLICATOR: [JAVA] State changed BUSY => IDLE(0/0): null for Replicator{@0xf2b87c6(<*>),Database{@@0x97fb813: 'finder-private.73600.en_us'} => URLEndpoint{url=wss://stage.realtime-sync-gw.wdprapps.disney.com/park-platform-priv}}$C4CommonRepl{@0x20b5387/@xb4000077b98361d0, @0xf2b87c6, SocketFactory{@URLEndpoint{url=wss://stage.realtime-sync-gw.wdprapps.disney.com/park-platform-priv}}'}
04-12 18:55:09.370 8886 8898 I CouchbaseLite/REPLICATOR: {C4Replicator#114} Freeing C4BaseReplicator
04-12 18:55:09.371 8886 8898 D CouchbaseLite/REPLICATOR: [JAVA] C4CommonReplicator@0xb4000077b979cfd0: Expected this peer to have been closed previously
04-12 18:55:09.371 8886 8898 D CouchbaseLite/REPLICATOR: java.lang.Exception: At:
04-12 18:55:09.371 8886 8898 D CouchbaseLite/REPLICATOR: at com.couchbase.lite.internal.core.C4NativePeer.logCall(SourceFile:218)
04-12 18:55:09.371 8886 8898 D CouchbaseLite/REPLICATOR: at com.couchbase.lite.internal.core.C4NativePeer.releasePeer(SourceFile:181)
04-12 18:55:09.371 8886 8898 D CouchbaseLite/REPLICATOR: at com.couchbase.lite.internal.core.C4Replicator.closePeer(SourceFile:696)
04-12 18:55:09.371 8886 8898 D CouchbaseLite/REPLICATOR: at com.couchbase.lite.internal.core.C4Replicator.finalize(SourceFile:683)
04-12 18:55:09.371 8886 8898 D CouchbaseLite/REPLICATOR: at java.lang.Daemons$FinalizerDaemon.doFinalize(Daemons.java:339)
04-12 18:55:09.371 8886 8898 D CouchbaseLite/REPLICATOR: at java.lang.Daemons$FinalizerDaemon.processReference(Daemons.java:324)
04-12 18:55:09.371 8886 8898 D CouchbaseLite/REPLICATOR: at java.lang.Daemons$FinalizerDaemon.runInternal(Daemons.java:300)
04-12 18:55:09.371 8886 8898 D CouchbaseLite/REPLICATOR: at java.lang.Daemons$Daemon.run(Daemons.java:145)
04-12 18:55:09.371 8886 8898 D CouchbaseLite/REPLICATOR: at java.lang.Thread.run(Thread.java:1012)
04-12 18:55:09.371 8886 8898 D CouchbaseLite/REPLICATOR: Caused by: java.lang.Exception: Created at:
04-12 18:55:09.371 8886 8898 D CouchbaseLite/REPLICATOR: at com.couchbase.lite.internal.core.C4NativePeer.updateHistory(SourceFile:210)
04-12 18:55:09.371 8886 8898 D CouchbaseLite/REPLICATOR: at com.couchbase.lite.internal.core.C4NativePeer.(SourceFile:58)
04-12 18:55:09.371 8886 8898 D CouchbaseLite/REPLICATOR: at com.couchbase.lite.internal.core.C4Replicator.(SourceFile:630)
04-12 18:55:09.371 8886 8898 D CouchbaseLite/REPLICATOR: at com.couchbase.lite.internal.core.C4Replicator$C4CommonReplicator.(SourceFile:304)
04-12 18:55:09.371 8886 8898 D CouchbaseLite/REPLICATOR: at com.couchbase.lite.internal.core.C4Replicator.createRemoteReplicator(SourceFile:473)
04-12 18:55:09.371 8886 8898 D CouchbaseLite/REPLICATOR: at com.couchbase.lite.internal.core.C4Replicator.createRemoteReplicator(SourceFile:408)
04-12 18:55:09.371 8886 8898 D CouchbaseLite/REPLICATOR: at com.couchbase.lite.internal.core.C4Database.createRemoteReplicator(SourceFile:476)
04-12 18:55:09.371 8886 8898 D CouchbaseLite/REPLICATOR: at com.couchbase.lite.AbstractDatabase.createRemoteReplicator(SourceFile:1094)
04-12 18:55:09.371 8886 8898 D CouchbaseLite/REPLICATOR: at com.couchbase.lite.AbstractReplicator.getRemoteC4Replicator(SourceFile:453)
04-12 18:55:09.371 8886 8898 D CouchbaseLite/REPLICATOR: at com.couchbase.lite.Replicator.createReplicatorForTarget(SourceFile:48)
04-12 18:55:09.371 8886 8898 D CouchbaseLite/REPLICATOR: at com.couchbase.lite.AbstractReplicator.getOrCreateC4Replicator(SourceFile:644)
04-12 18:55:09.371 8886 8898 D CouchbaseLite/REPLICATOR: at com.couchbase.lite.AbstractReplicator.start(SourceFile:173)
04-12 18:55:09.371 8886 8898 D CouchbaseLite/REPLICATOR: at com.couchbase.lite.AbstractReplicator.start(SourceFile:160)
04-12 18:55:09.371 8886 8898 D CouchbaseLite/REPLICATOR: at com.disney.wdpro.dash.couchbase.Database.H(SourceFile:315)
04-12 18:55:09.371 8886 8898 D CouchbaseLite/REPLICATOR: at com.disney.wdpro.dash.couchbase.f.k(SourceFile:113)
04-12 18:55:09.371 8886 8898 D CouchbaseLite/REPLICATOR: at com.disney.wdpro.park.ParkApplication.J(SourceFile:178)
04-12 18:55:09.371 8886 8898 D CouchbaseLite/REPLICATOR: at com.disney.wdpro.park.activities.FinderActivity$c.b(SourceFile:441)
04-12 18:55:09.371 8886 8898 D CouchbaseLite/REPLICATOR: at com.disney.wdpro.park.activities.FinderActivity$c.doInBackground(SourceFile:422)
04-12 18:55:09.371 8886 8898 D CouchbaseLite/REPLICATOR: at com.disney.wdpro.commons.CoroutineTask$execute$1.invokeSuspend(SourceFile:49)
04-12 18:55:09.371 8886 8898 D CouchbaseLite/REPLICATOR: at kotlin.coroutines.jvm.internal.BaseContinuationImpl.resumeWith(SourceFile:33)
04-12 18:55:09.371 8886 8898 D CouchbaseLite/REPLICATOR: at kotlinx.coroutines.w0.run(SourceFile:108)
04-12 18:55:09.371 8886 8898 D CouchbaseLite/REPLICATOR: at kotlinx.coroutines.scheduling.CoroutineScheduler.e0(SourceFile:584)
04-12 18:55:09.371 8886 8898 D CouchbaseLite/REPLICATOR: at kotlinx.coroutines.scheduling.CoroutineScheduler$c.d(SourceFile:793)
04-12 18:55:09.371 8886 8898 D CouchbaseLite/REPLICATOR: at kotlinx.coroutines.scheduling.CoroutineScheduler$c.p(SourceFile:697)
04-12 18:55:09.371 8886 8898 D CouchbaseLite/REPLICATOR: at kotlinx.coroutines.scheduling.CoroutineScheduler$c.run(SourceFile:684)
04-12 18:55:09.371 8886 8898 I CouchbaseLite/REPLICATOR: {C4Replicator#123} Freeing C4BaseReplicator
04-12 18:55:09.372 8886 8898 D CouchbaseLite/REPLICATOR: [JAVA] C4CommonReplicator@0xb4000077b9799450: Expected this peer to have been closed previously
04-12 18:55:09.372 8886 8898 D CouchbaseLite/REPLICATOR: java.lang.Exception: At:
04-12 18:55:09.372 8886 8898 D CouchbaseLite/REPLICATOR: at com.couchbase.lite.internal.core.C4NativePeer.logCall(SourceFile:218)
04-12 18:55:09.372 8886 8898 D CouchbaseLite/REPLICATOR: at com.couchbase.lite.internal.core.C4NativePeer.releasePeer(SourceFile:181)
04-12 18:55:09.372 8886 8898 D CouchbaseLite/REPLICATOR: at com.couchbase.lite.internal.core.C4Replicator.closePeer(SourceFile:696)
04-12 18:55:09.372 8886 8898 D CouchbaseLite/REPLICATOR: at com.couchbase.lite.internal.core.C4Replicator.finalize(SourceFile:683)
04-12 18:55:09.372 8886 8898 D CouchbaseLite/REPLICATOR: at java.lang.Daemons$FinalizerDaemon.doFinalize(Daemons.java:339)
04-12 18:55:09.372 8886 8898 D CouchbaseLite/REPLICATOR: at java.lang.Daemons$FinalizerDaemon.processReference(Daemons.java:324)
04-12 18:55:09.372 8886 8898 D CouchbaseLite/REPLICATOR: at java.lang.Daemons$FinalizerDaemon.runInternal(Daemons.java:300)
04-12 18:55:09.372 8886 8898 D CouchbaseLite/REPLICATOR: at java.lang.Daemons$Daemon.run(Daemons.java:145)
04-12 18:55:09.372 8886 8898 D CouchbaseLite/REPLICATOR: at java.lang.Thread.run(Thread.java:1012)
04-12 18:55:09.372 8886 8898 D CouchbaseLite/REPLICATOR: Caused by: java.lang.Exception: Created at:
04-12 18:55:09.372 8886 8898 D CouchbaseLite/REPLICATOR: at com.couchbase.lite.internal.core.C4NativePeer.updateHistory(SourceFile:210)
04-12 18:55:09.372 8886 8898 D CouchbaseLite/REPLICATOR: at com.couchbase.lite.internal.core.C4NativePeer.(SourceFile:58)
04-12 18:55:09.372 8886 8898 D CouchbaseLite/REPLICATOR: at com.couchbase.lite.internal.core.C4Replicator.(SourceFile:630)
04-12 18:55:09.372 8886 8898 D CouchbaseLite/REPLICATOR: at com.couchbase.lite.internal.core.C4Replicator$C4CommonReplicator.(SourceFile:304)
04-12 18:55:09.372 8886 8898 D CouchbaseLite/REPLICATOR: at com.couchbase.lite.internal.core.C4Replicator.createRemoteReplicator(SourceFile:473)
04-12 18:55:09.372 8886 8898 D CouchbaseLite/REPLICATOR: at com.couchbase.lite.internal.core.C4Replicator.createRemoteReplicator(SourceFile:408)
04-12 18:55:09.372 8886 8898 D CouchbaseLite/REPLICATOR: at com.couchbase.lite.internal.core.C4Database.createRemoteReplicator(SourceFile:476)
04-12 18:55:09.372 8886 8898 D CouchbaseLite/REPLICATOR: at com.couchbase.lite.AbstractDatabase.createRemoteReplicator(SourceFile:1094)
04-12 18:55:09.372 8886 8898 D CouchbaseLite/REPLICATOR: at com.couchbase.lite.AbstractReplicator.getRemoteC4Replicator(SourceFile:453)
04-12 18:55:09.372 8886 8898 D CouchbaseLite/REPLICATOR: at com.couchbase.lite.Replicator.createReplicatorForTarget(SourceFile:48)
04-12 18:55:09.372 8886 8898 D CouchbaseLite/REPLICATOR: at com.couchbase.lite.AbstractReplicator.getOrCreateC4Replicator(SourceFile:644)
04-12 18:55:09.372 8886 8898 D CouchbaseLite/REPLICATOR: at com.couchbase.lite.AbstractReplicator.start(SourceFile:173)
04-12 18:55:09.372 8886 8898 D CouchbaseLite/REPLICATOR: at com.couchbase.lite.AbstractReplicator.start(SourceFile:160)
04-12 18:55:09.372 8886 8898 D CouchbaseLite/REPLICATOR: at com.disney.wdpro.dash.couchbase.Database.H(SourceFile:315)
04-12 18:55:09.372 8886 8898 D CouchbaseLite/REPLICATOR: at com.disney.wdpro.dash.couchbase.f.k(SourceFile:113)
04-12 18:55:09.372 8886 8898 D CouchbaseLite/REPLICATOR: at com.disney.wdpro.park.ParkApplication.J(SourceFile:178)
04-12 18:55:09.372 8886 8898 D CouchbaseLite/REPLICATOR: at com.disney.wdpro.park.activities.FinderActivity$c.b(SourceFile:441)
04-12 18:55:09.372 8886 8898 D CouchbaseLite/REPLICATOR: at com.disney.wdpro.park.activities.FinderActivity$c.doInBackground(SourceFile:422)
04-12 18:55:09.372 8886 8898 D CouchbaseLite/REPLICATOR: at com.disney.wdpro.commons.CoroutineTask$execute$1.invokeSuspend(SourceFile:49)
04-12 18:55:09.372 8886 8898 D CouchbaseLite/REPLICATOR: at kotlin.coroutines.jvm.internal.BaseContinuationImpl.resumeWith(SourceFile:33)
04-12 18:55:09.372 8886 8898 D CouchbaseLite/REPLICATOR: at kotlinx.coroutines.w0.run(SourceFile:108)
04-12 18:55:09.372 8886 8898 D CouchbaseLite/REPLICATOR: at kotlinx.coroutines.scheduling.CoroutineScheduler.e0(SourceFile:584)
04-12 18:55:09.372 8886 8898 D CouchbaseLite/REPLICATOR: at kotlinx.coroutines.scheduling.CoroutineScheduler$c.d(SourceFile:793)
04-12 18:55:09.372 8886 8898 D CouchbaseLite/REPLICATOR: at kotlinx.coroutines.scheduling.CoroutineScheduler$c.p(SourceFile:697)
04-12 18:55:09.372 8886 8898 D CouchbaseLite/REPLICATOR: at kotlinx.coroutines.scheduling.CoroutineScheduler$c.run(SourceFile:684)
04-12 18:55:09.383 8886 8898 I CouchbaseLite/REPLICATOR: {C4Replicator#2639} Freeing C4BaseReplicator
04-12 18:55:09.385 8886 8898 D CouchbaseLite/REPLICATOR: [JAVA] C4CommonReplicator@0xb4000077b982ee50: Expected this peer to have been closed previously
04-12 18:55:09.385 8886 8898 D CouchbaseLite/REPLICATOR: java.lang.Exception: At:
04-12 18:55:09.385 8886 8898 D CouchbaseLite/REPLICATOR: at com.couchbase.lite.internal.core.C4NativePeer.logCall(SourceFile:218)
04-12 18:55:09.385 8886 8898 D CouchbaseLite/REPLICATOR: at com.couchbase.lite.internal.core.C4NativePeer.releasePeer(SourceFile:181)
04-12 18:55:09.385 8886 8898 D CouchbaseLite/REPLICATOR: at com.couchbase.lite.internal.core.C4Replicator.closePeer(SourceFile:696)
04-12 18:55:09.385 8886 8898 D CouchbaseLite/REPLICATOR: at com.couchbase.lite.internal.core.C4Replicator.finalize(SourceFile:683)
04-12 18:55:09.385 8886 8898 D CouchbaseLite/REPLICATOR: at java.lang.Daemons$FinalizerDaemon.doFinalize(Daemons.java:339)
04-12 18:55:09.385 8886 8898 D CouchbaseLite/REPLICATOR: at java.lang.Daemons$FinalizerDaemon.processReference(Daemons.java:324)
04-12 18:55:09.385 8886 8898 D CouchbaseLite/REPLICATOR: at java.lang.Daemons$FinalizerDaemon.runInternal(Daemons.java:300)
04-12 18:55:09.385 8886 8898 D CouchbaseLite/REPLICATOR: at java.lang.Daemons$Daemon.run(Daemons.java:145)
04-12 18:55:09.385 8886 8898 D CouchbaseLite/REPLICATOR: at java.lang.Thread.run(Thread.java:1012)
04-12 18:55:09.385 8886 8898 D CouchbaseLite/REPLICATOR: Caused by: java.lang.Exception: Created at:
04-12 18:55:09.385 8886 8898 D CouchbaseLite/REPLICATOR: at com.couchbase.lite.internal.core.C4NativePeer.updateHistory(SourceFile:210)
04-12 18:55:09.385 8886 8898 D CouchbaseLite/REPLICATOR: at com.couchbase.lite.internal.core.C4NativePeer.(SourceFile:58)
04-12 18:55:09.385 8886 8898 D CouchbaseLite/REPLICATOR: at com.couchbase.lite.internal.core.C4Replicator.(SourceFile:630)
04-12 18:55:09.385 8886 8898 D CouchbaseLite/REPLICATOR: at com.couchbase.lite.internal.core.C4Replicator$C4CommonReplicator.(SourceFile:304)
04-12 18:55:09.385 8886 8898 D CouchbaseLite/REPLICATOR: at com.couchbase.lite.internal.core.C4Replicator.createRemoteReplicator(SourceFile:473)
04-12 18:55:09.385 8886 8898 D CouchbaseLite/REPLICATOR: at com.couchbase.lite.internal.core.C4Replicator.createRemoteReplicator(SourceFile:408)
04-12 18:55:09.385 8886 8898 D CouchbaseLite/REPLICATOR: at com.couchbase.lite.internal.core.C4Database.createRemoteReplicator(SourceFile:476)
04-12 18:55:09.385 8886 8898 D CouchbaseLite/REPLICATOR: at com.couchbase.lite.AbstractDatabase.createRemoteReplicator(SourceFile:1094)
04-12 18:55:09.385 8886 8898 D CouchbaseLite/REPLICATOR: at com.couchbase.lite.AbstractReplicator.getRemoteC4Replicator(SourceFile:453)
04-12 18:55:09.385 8886 8898 D CouchbaseLite/REPLICATOR: at com.couchbase.lite.Replicator.createReplicatorForTarget(SourceFile:48)
04-12 18:55:09.385 8886 8898 D CouchbaseLite/REPLICATOR: at com.couchbase.lite.AbstractReplicator.getOrCreateC4Replicator(SourceFile:644)
04-12 18:55:09.385 8886 8898 D CouchbaseLite/REPLICATOR: at com.couchbase.lite.AbstractReplicator.start(SourceFile:173)
04-12 18:55:09.385 8886 8898 D CouchbaseLite/REPLICATOR: at com.couchbase.lite.AbstractReplicator.start(SourceFile:160)
04-12 18:55:09.385 8886 8898 D CouchbaseLite/REPLICATOR: at com.disney.wdpro.dash.couchbase.Database.H(SourceFile:315)
04-12 18:55:09.385 8886 8898 D CouchbaseLite/REPLICATOR: at com.disney.wdpro.dash.dash_secure.g.c(SourceFile:73)
04-12 18:55:09.385 8886 8898 D CouchbaseLite/REPLICATOR: at com.disney.wdpro.park.dashboard.sources.DashSecureManagerImpl.d(SourceFile:41)
04-12 18:55:09.385 8886 8898 D CouchbaseLite/REPLICATOR: at com.disney.wdpro.park.listeners.e.b(SourceFile:55)
04-12 18:55:09.385 8886 8898 D CouchbaseLite/REPLICATOR: at com.disney.wdpro.park.listeners.e.a(Unknown Source:0)
04-12 18:55:09.385 8886 8898 D CouchbaseLite/REPLICATOR: at com.disney.wdpro.park.listeners.c.accept(Unknown Source:2)
04-12 18:55:09.385 8886 8898 D CouchbaseLite/REPLICATOR: at java.util.Optional.ifPresent(Optional.java:179)
04-12 18:55:09.385 8886 8898 D CouchbaseLite/REPLICATOR: at com.disney.wdpro.park.listeners.e.onLogin(SourceFile:55)
04-12 18:55:09.385 8886 8898 D CouchbaseLite/REPLICATOR: at com.disney.wdpro.profile_ui.authentication.OAuthNotifier$SubscriberThread.run(SourceFile:51)
04-12 18:56:39.071 8886 8886 I CouchbaseLite/REPLICATOR: [JAVA] Replicator{@0xe2b0533(<*),Database{@@0x5c116b6: 'finder.73600.en_us-stage'} => URLEndpoint{url=wss://stage.realtime-sync-gw.wdprapps.disney.com/park-platform-pub/}}$C4CommonRepl{@0xc58f0f0/@xb4000077b979f2d0, @0xe2b0533, SocketFactory{@URLEndpoint{url=wss://stage.realtime-sync-gw.wdprapps.disney.com/park-platform-pub/}}'}: Replicator is stopping (C4CommonRepl{@0xc58f0f0/@xb4000077b979f2d0, @0xe2b0533, SocketFactory{@URLEndpoint{url=wss://stage.realtime-sync-gw.wdprapps.disney.com/park-platform-pub/}}'})
