04-12 18:57:22.784 8886 9050 D CouchbaseLite/NETWORK: [JAVA] CBLWebSocket@@0xe165695{vC4Socket@xb4000077c9848300 <=> OkHttpSocket@0x46f964c(wss://stage.realtime-sync-gw.wdprapps.disney.com:443/park-platform-pub/_blipsync)}.coreAckReceive: 81
04-12 18:57:22.785 8886 9033 V CouchbaseLite/NETWORK: {N8litecore4blip6BLIPIOE#15533} Received frame: REQ #20 ---C, length 75
04-12 18:57:22.790 8886 9033 V CouchbaseLite/NETWORK: {N8litecore4blip10ConnectionE#15428} Receiving 'rev' REQ #20 Z
04-12 18:57:22.790 8886 9033 V CouchbaseLite/NETWORK: {N8litecore4blip10ConnectionE#15428} Finished receiving 'rev' REQ #20 Z
04-12 18:57:22.791 8886 9033 I CouchbaseLite/NETWORK: RECEIVED: REQ #20 Z {
04-12 18:57:22.791 8886 9033 I CouchbaseLite/NETWORK: rev: 6697-28158391f3e0da893227f4046cdac822
04-12 18:57:22.791 8886 9033 I CouchbaseLite/NETWORK: deltaSrc: 6696-bc2f64ea3d5fae405ba0982082357170
04-12 18:57:22.791 8886 9033 I CouchbaseLite/NETWORK: sequence: 376872135
04-12 18:57:22.791 8886 9033 I CouchbaseLite/NETWORK: history: 6696-bc2f64ea3d5fae405ba0982082357170
04-12 18:57:22.791 8886 9033 I CouchbaseLite/NETWORK: Content-Type: application/json
04-12 18:57:22.791 8886 9033 I CouchbaseLite/NETWORK: Profile: rev
04-12 18:57:22.791 8886 9033 I CouchbaseLite/NETWORK: id: wdw.facilities.1_0.en_us.tour.16247184;entityType=tour:16886427;entityType=point-of-interest
04-12 18:57:22.791 8886 9033 I CouchbaseLite/NETWORK: BODY: {"lastUpdate":"2024-04-12T22:57:07.307288Z"} }
04-12 18:57:22.791 8886 9033 D CouchbaseLite/NETWORK: [JAVA] ^C4Socket.completedReceive@b4000077c9848300(77)
04-12 18:57:22.794 8886 9039 D CouchbaseLite/NETWORK: [JAVA] CBLWebSocket@@0xe165695{vC4Socket@xb4000077c9848300 <=> OkHttpSocket@0x46f964c(wss://stage.realtime-sync-gw.wdprapps.disney.com:443/park-platform-pub/_blipsync)}.coreAckReceive: 77
04-12 18:57:22.804 8886 9033 I CouchbaseLite/REPLICATOR: {Repl#15429} {Coll#-1} activityLevel=busy: connectionState=2, savingChkpt=1
04-12 18:57:22.805 8886 9033 I CouchbaseLite/REPLICATOR: {Repl#15429} {Coll#-1} activityLevel=busy: connectionState=2, savingChkpt=1
04-12 18:57:22.805 8886 9033 I CouchbaseLite/REPLICATOR: {Repl#15429} {Coll#-1} activityLevel=busy: connectionState=2, savingChkpt=1
04-12 18:57:22.805 8886 9033 I CouchbaseLite/REPLICATOR: {Repl#15429} {Coll#-1} activityLevel=busy: connectionState=2, savingChkpt=1
04-12 18:57:22.807 8886 9034 V CouchbaseLite/REPLICATOR: {N8litecore4repl11IncomingRevE#20208} {Coll#0} Received revision 'wdw.facilities.1_0.en_us.tour.13438;entityType=tour' #6073-d75f5292c2cb54f99a1684c3ec51e208 (seq '376872132')
04-12 18:57:22.807 8886 9034 V CouchbaseLite/REPLICATOR: {N8litecore4repl11IncomingRevE#20208} {Coll#0} _mayContainBlobChanges=0
04-12 18:57:22.807 8886 9034 V CouchbaseLite/REPLICATOR: {N8litecore4repl11IncomingRevE#20208} {Coll#0} _mayContainEncryptedProperties=0
04-12 18:57:22.808 8886 9034 I CouchbaseLite/REPLICATOR: {N8litecore4repl6PullerE#15560} {Coll#0} activityLevel=busy: pendingResponseCount=0, _caughtUp=1, _pendingRevMessages=2, _activeIncomingRevs=1, _waitingRevMessages=0, _unfinishedIncomingRevs=1
04-12 18:57:22.808 8886 9034 V CouchbaseLite/REPLICATOR: {N8litecore4repl11IncomingRevE#20161} {Coll#0} Received revision 'wdw.facilities.1_0.en_us.tour.16247184;entityType=tour' #6716-8fadd4524b45f8a1a58f3b8d11ca281a (seq '376872133')
04-12 18:57:22.809 8886 9034 V CouchbaseLite/REPLICATOR: {N8litecore4repl11IncomingRevE#20161} {Coll#0} _mayContainBlobChanges=0
04-12 18:57:22.809 8886 9034 V CouchbaseLite/REPLICATOR: {N8litecore4repl11IncomingRevE#20161} {Coll#0} _mayContainEncryptedProperties=0
04-12 18:57:22.809 8886 9034 I CouchbaseLite/REPLICATOR: {N8litecore4repl6PullerE#15560} {Coll#0} activityLevel=busy: pendingResponseCount=0, _caughtUp=1, _pendingRevMessages=1, _activeIncomingRevs=2, _waitingRevMessages=0, _unfinishedIncomingRevs=2
04-12 18:57:22.810 8886 9034 V CouchbaseLite/REPLICATOR: {N8litecore4repl11IncomingRevE#19937} {Coll#0} Received revision 'wdw.facilities.1_0.en_us.tour.16247184;entityType=tour:16886427;entityType=point-of-interest' #6697-28158391f3e0da893227f4046cdac822 (seq '376872135')
04-12 18:57:22.810 8886 9034 V CouchbaseLite/REPLICATOR: {N8litecore4repl11IncomingRevE#19937} {Coll#0} _mayContainBlobChanges=0
04-12 18:57:22.810 8886 9034 V CouchbaseLite/REPLICATOR: {N8litecore4repl11IncomingRevE#19937} {Coll#0} _mayContainEncryptedProperties=0
04-12 18:57:22.811 8886 9034 I CouchbaseLite/REPLICATOR: {N8litecore4repl6PullerE#15560} {Coll#0} activityLevel=busy: pendingResponseCount=0, _caughtUp=1, _pendingRevMessages=0, _activeIncomingRevs=3, _waitingRevMessages=0, _unfinishedIncomingRevs=3
04-12 18:57:22.828 8886 9033 V CouchbaseLite/REPLICATOR: {N8litecore4repl8InserterE#19277} {Coll#0} Inserting 3 revs:
04-12 18:57:22.847 8886 9033 V CouchbaseLite/REPLICATOR: {N8litecore4repl8InserterE#19277} {Coll#0} {'wdw.facilities.1_0.en_us.tour.13438;entityType=tour (_default)' #6073-d75f5292c2cb54f99a1684c3ec51e208 <- 6072-22cfd1db0f4194972c35746461697feb} seq 7606
04-12 18:57:22.850 8886 9034 V CouchbaseLite/REPLICATOR: {N8litecore4repl6PullerE#15560} 1 revs were provisionally handled; down to 2 active
04-12 18:57:22.851 8886 9034 I CouchbaseLite/REPLICATOR: {N8litecore4repl6PullerE#15560} {Coll#0} activityLevel=busy: pendingResponseCount=0, _caughtUp=1, _pendingRevMessages=0, _activeIncomingRevs=2, _waitingRevMessages=0, _unfinishedIncomingRevs=3
04-12 18:57:22.857 8886 9033 V CouchbaseLite/REPLICATOR: {N8litecore4repl8InserterE#19277} {Coll#0} {'wdw.facilities.1_0.en_us.tour.16247184;entityType=tour (_default)' #6716-8fadd4524b45f8a1a58f3b8d11ca281a <- 6715-a8d8d6f210e31255915b202b65e09758} seq 7607
04-12 18:57:22.874 8886 9035 V CouchbaseLite/REPLICATOR: {N8litecore4repl6PullerE#15560} 1 revs were provisionally handled; down to 1 active
04-12 18:57:22.876 8886 9035 I CouchbaseLite/REPLICATOR: {N8litecore4repl6PullerE#15560} {Coll#0} activityLevel=busy: pendingResponseCount=0, _caughtUp=1, _pendingRevMessages=0, _activeIncomingRevs=1, _waitingRevMessages=0, _unfinishedIncomingRevs=3
04-12 18:57:22.898 8886 9033 V CouchbaseLite/REPLICATOR: {N8litecore4repl8InserterE#19277} {Coll#0} {'wdw.facilities.1_0.en_us.tour.16247184;entityType=tour:16886427;entityType=point-of-interest (_default)' #6697-28158391f3e0da893227f4046cdac822 <- 6696-bc2f64ea3d5fae405ba0982082357170} seq 7608
04-12 18:57:22.898 8886 9031 V CouchbaseLite/REPLICATOR: {N8litecore4repl6PullerE#15560} 1 revs were provisionally handled; down to 0 active
04-12 18:57:22.898 8886 9031 I CouchbaseLite/REPLICATOR: {N8litecore4repl6PullerE#15560} {Coll#0} activityLevel=busy: pendingResponseCount=0, _caughtUp=1, _pendingRevMessages=0, _activeIncomingRevs=0, _waitingRevMessages=0, _unfinishedIncomingRevs=3
04-12 18:57:22.906 8886 9418 D CouchbaseLite/NETWORK: [JAVA] OkHttpSocket@0x46f964c.onBytes(16)
04-12 18:57:22.906 8886 9418 D CouchbaseLite/NETWORK: [JAVA] CBLWebSocket@@0xe165695{vC4Socket@xb4000077c9848300 <=> OkHttpSocket@0x46f964c(wss://stage.realtime-sync-gw.wdprapps.disney.com:443/park-platform-pub/_blipsync)}.remoteWrites: 16
04-12 18:57:22.907 8886 9418 D CouchbaseLite/NETWORK: [JAVA] vC4Socket@xb4000077c9848300.sendToCore(16)
04-12 18:57:22.907 8886 9418 V CouchbaseLite/NETWORK: {N8litecore4repl12C4SocketImplE#15431} Received 16-byte message
04-12 18:57:22.907 8886 9034 V CouchbaseLite/NETWORK: {N8litecore4blip6BLIPIOE#15533} Received frame: RES #5 ----, length 14
04-12 18:57:22.907 8886 9034 V CouchbaseLite/NETWORK: {N8litecore4blip6BLIPIOE#15533} RES #5 has reached the end of its frames
04-12 18:57:22.912 8886 9034 V CouchbaseLite/NETWORK: {N8litecore4blip10ConnectionE#15428} Receiving RES #5
04-12 18:57:22.913 8886 9034 V CouchbaseLite/NETWORK: {N8litecore4blip10ConnectionE#15428} Finished receiving RES #5
04-12 18:57:22.914 8886 9035 I CouchbaseLite/REPLICATOR: {Repl#15429} {Coll#0} Saved remote checkpoint 'cp-EUIwC4qPpttqvSBmzfkR34rhris=' as rev='0-43'
04-12 18:57:22.918 8886 9034 I CouchbaseLite/NETWORK: RECEIVED: RES #5 {
04-12 18:57:22.918 8886 9034 I CouchbaseLite/NETWORK: rev: 0-43 }
04-12 18:57:22.918 8886 9034 D CouchbaseLite/NETWORK: [JAVA] ^C4Socket.completedReceive@b4000077c9848300(16)
04-12 18:57:22.919 8886 9050 D CouchbaseLite/NETWORK: [JAVA] CBLWebSocket@@0xe165695{vC4Socket@xb4000077c9848300 <=> OkHttpSocket@0x46f964c(wss://stage.realtime-sync-gw.wdprapps.disney.com:443/park-platform-pub/_blipsync)}.coreAckReceive: 16
04-12 18:57:22.957 8886 9033 I CouchbaseLite/NETWORK: SENDING: RES #18 { }
04-12 18:57:22.961 8886 9033 I CouchbaseLite/NETWORK: SENDING: RES #19 { }
04-12 18:57:22.970 8886 9033 I CouchbaseLite/NETWORK: SENDING: RES #20 { }
04-12 18:57:22.977 8886 9033 I CouchbaseLite/REPLICATOR: {N8litecore4repl8InserterE#19277} {Coll#0} Inserted 3 revs in 141.10ms ( 21/sec) of which 87.5% was commit
04-12 18:57:22.977 8886 9035 I CouchbaseLite/REPLICATOR: {Repl#15429} {Coll#0} Saved local checkpoint 'cp-EUIwC4qPpttqvSBmzfkR34rhris=': {"time":1712962640,"remote":376872124}
04-12 18:57:22.983 8886 9035 I CouchbaseLite/REPLICATOR: {Repl#15429} {Coll#-1} activityLevel=busy: connectionState=2, savingChkpt=1
04-12 18:57:24.554 8886 8886 I CouchbaseLite/REPLICATOR: [JAVA] Replicator{@0x89417fa(<*),Database{@@0x5c116b6: 'finder.73600.en_us-stage'} => URLEndpoint{url=wss://stage.realtime-sync-gw.wdprapps.disney.com/park-platform-pub/}}$C4CommonRepl{@0xbb891ab/@xb4000077b97f8190, @0x89417fa, SocketFactory{@URLEndpoint{url=wss://stage.realtime-sync-gw.wdprapps.disney.com/park-platform-pub/}}'}: Replicator is stopping (C4CommonRepl{@0xbb891ab/@xb4000077b97f8190, @0x89417fa, SocketFactory{@URLEndpoint{url=wss://stage.realtime-sync-gw.wdprapps.disney.com/park-platform-pub/}}'})
04-12 18:57:24.556 8886 8886 I CouchbaseLite/REPLICATOR: [JAVA] Replicator{@0xe411820(<*),Database{@@0x2e0afa2: 'finder-semi-private.73600.en_us'} => URLEndpoint{url=wss://stage.realtime-sync-gw.wdprapps.disney.com/park-platform-semipriv}}$C4CommonRepl{@0x9523b9e/@xb4000077b97e9e10, @0xe411820, SocketFactory{@URLEndpoint{url=wss://stage.realtime-sync-gw.wdprapps.disney.com/park-platform-semipriv}}'}: Replicator is stopping (C4CommonRepl{@0x9523b9e/@xb4000077b97e9e10, @0xe411820, SocketFactory{@URLEndpoint{url=wss://stage.realtime-sync-gw.wdprapps.disney.com/park-platform-semipriv}}'})
04-12 18:57:24.557 8886 8886 I CouchbaseLite/REPLICATOR: [JAVA] Replicator{@0xc0c2076(<*>),Database{@@0x97fb813: 'finder-private.73600.en_us'} => URLEndpoint{url=wss://stage.realtime-sync-gw.wdprapps.disney.com/park-platform-priv}}$C4CommonRepl{@0x451f677/@xb4000077b979b750, @0xc0c2076, SocketFactory{@URLEndpoint{url=wss://stage.realtime-sync-gw.wdprapps.disney.com/park-platform-priv}}'}: Replicator is stopping (C4CommonRepl{@0x451f677/@xb4000077b979b750, @0xc0c2076, SocketFactory{@URLEndpoint{url=wss://stage.realtime-sync-gw.wdprapps.disney.com/park-platform-priv}}'})
04-12 18:57:25.366 8886 8886 I CouchbaseLite/REPLICATOR: [JAVA] Replicator is starting
04-12 18:57:25.367 8886 8886 D CouchbaseLite/REPLICATOR: [JAVA] Replication options: {headers={User-Agent=CouchbaseLite/3.1.6-vf002-50983 (Java; Android 13; Pixel 7 Pro) EE/debug, Commit/cddb9521ab@e80006cb3780 Core/3.1.6 (50971)}, maxRetryInterval=300, maxRetries=9, acceptParentDomainCookies=false, auth={password=r7JQaAsQhxT682iv, type=Basic, username=DPECP-MOBILE.WDW.ANDROID-STAGE}, heartbeat=300, onlySelfSignedServer=false, autoPurge=true}
04-12 18:57:25.368 8886 8886 D CouchbaseLite/REPLICATOR: [JAVA] Setting c4 replicator @0xed30b20 for replicator @0xb116a23
04-12 18:57:25.395 8886 8886 I CouchbaseLite/NETWORK: {N8litecore4blip10ConnectionE#21102}==> N8litecore4blip10ConnectionE ->wss://stage.realtime-sync-gw.wdprapps.disney.com/park-platform-pub/_blipsync @0xb4000077597e8c00
04-12 18:57:25.395 8886 8886 I CouchbaseLite/NETWORK: {N8litecore4blip10ConnectionE#21102} Opening connection...
04-12 18:57:25.396 8886 8886 I CouchbaseLite/REPLICATOR: {Repl#21103}==> N8litecore4repl10ReplicatorE /data/data/com.disney.wdw.android.debug/files/finder.73600.en_us-stage.cblite2/ ->wss://stage.realtime-sync-gw.wdprapps.disney.com/park-platform-pub/_blipsync @0xb4000077e99a6070
04-12 18:57:25.396 8886 8886 I CouchbaseLite/REPLICATOR: {Repl#21103} {Coll#-1} {{Coll#0} "_default": {"Push": disabled, "Pull": continuous}}
04-12 18:57:25.396 8886 8886 I CouchbaseLite/REPLICATOR: Options={acceptParentDomainCookies:false, auth:{password:"********", type:"Basic", username:"DPECP-MOBILE.WDW.ANDROID-STAGE"}, autoPurge:true, headers:{User-Agent:"CouchbaseLite/3.1.6-vf002-50983 (Java; Android 13; Pixel 7 Pro) EE/debug, Commit/cddb9521ab@e80006cb3780 Core/3.1.6 (50971)"}, heartbeat:300, maxRetries:9, maxRetryInterval:300, onlySelfSignedServer:false}
04-12 18:57:25.396 8886 8886 V CouchbaseLite/REPLICATOR: {Repl#21103} {Coll#-1} Remote-DB ID 1 found for target
04-12 18:57:25.396 8886 8886 I CouchbaseLite/REPLICATOR: {C4Replicator#21104}==> N8litecore18C4RemoteReplicatorE 0xb4000077b979fba0 @0xb4000077b979fba0
04-12 18:57:25.396 8886 8886 V CouchbaseLite/REPLICATOR: {C4Replicator#21104} C4RemoteRepl 0xb4000077b979fba0 created Repl 0xb4000077e99a6070
04-12 18:57:25.396 8886 8886 I CouchbaseLite/REPLICATOR: {C4Replicator#21104} Starting Replicator {Repl#21103} with config: {{{Coll#0} "_default": {"Push": disabled, "Pull": continuous}}
04-12 18:57:25.396 8886 8886 I CouchbaseLite/REPLICATOR: Options={acceptParentDomainCookies:false, auth:{password:"********", type:"Basic", username:"DPECP-MOBILE.WDW.ANDROID-STAGE"}, autoPurge:true, headers:{User-Agent:"CouchbaseLite/3.1.6-vf002-50983 (Java; Android 13; Pixel 7 Pro) EE/debug, Commit/cddb9521ab@e80006cb3780 Core/3.1.6 (50971)"}, heartbeat:300, maxRetries:9, maxRetryInterval:300, onlySelfSignedServer:false}}
04-12 18:57:25.397 8886 8886 I CouchbaseLite/REPLICATOR: [JAVA] State changed STOPPED => CONNECTING(0/0): null for Replicator{@0xb116a23(<*),Database{@@0x5c116b6: 'finder.73600.en_us-stage'} => URLEndpoint{url=wss://stage.realtime-sync-gw.wdprapps.disney.com/park-platform-pub/}}$C4CommonRepl{@0xed30b20/@xb4000077b979fb90, @0xb116a23, SocketFactory{@URLEndpoint{url=wss://stage.realtime-sync-gw.wdprapps.disney.com/park-platform-pub/}}'}
04-12 18:57:25.398 8886 9049 I CouchbaseLite/REPLICATOR: [JAVA] status changed: (0, 0) @C4ReplicatorStatus{level=2,completed=0,total=0,#docs=0,domain=0,code=0,info=0} for Replicator{@0xb116a23(<*),Database{@@0x5c116b6: 'finder.73600.en_us-stage'} => URLEndpoint{url=wss://stage.realtime-sync-gw.wdprapps.disney.com/park-platform-pub/}}$C4CommonRepl{@0xed30b20/@xb4000077b979fb90, @0xb116a23, SocketFactory{@URLEndpoint{url=wss://stage.realtime-sync-gw.wdprapps.disney.com/park-platform-pub/}}'}
04-12 18:57:25.398 8886 9049 D CouchbaseLite/NETWORK: [JAVA] Offline state change for com.couchbase.lite.internal.replicator.AndroidConnectivityObserver@987e5e4: CONNECTING -> true
04-12 18:57:25.399 8886 9049 I CouchbaseLite/REPLICATOR: [JAVA] State changed CONNECTING => CONNECTING(0/0): null for Replicator{@0xb116a23(<*),Database{@@0x5c116b6: 'finder.73600.en_us-stage'} => URLEndpoint{url=wss://stage.realtime-sync-gw.wdprapps.disney.com/park-platform-pub/}}$C4CommonRepl{@0xed30b20/@xb4000077b979fb90, @0xb116a23, SocketFactory{@URLEndpoint{url=wss://stage.realtime-sync-gw.wdprapps.disney.com/park-platform-pub/}}'}
04-12 18:57:25.399 8886 8886 I CouchbaseLite/REPLICATOR: [JAVA] Replicator is starting
04-12 18:57:25.400 8886 8886 D CouchbaseLite/REPLICATOR: [JAVA] Replication options: {headers={User-Agent=CouchbaseLite/3.1.6-vf002-50983 (Java; Android 13; Pixel 7 Pro) EE/debug, Commit/cddb9521ab@e80006cb3780 Core/3.1.6 (50971)}, maxRetryInterval=300, maxRetries=9, acceptParentDomainCookies=false, auth={password=K8ynstages73eHBgT612, type=Basic, username=MOBILE.WDW.ANDROID-SPRIV-STAGE}, heartbeat=300, onlySelfSignedServer=false, autoPurge=true}
04-12 18:57:25.401 8886 8886 D CouchbaseLite/REPLICATOR: [JAVA] Setting c4 replicator @0xecf7c50 for replicator @0x1412213
04-12 18:57:25.404 8886 8886 I CouchbaseLite/NETWORK: {N8litecore4blip10ConnectionE#21107}==> N8litecore4blip10ConnectionE ->wss://stage.realtime-sync-gw.wdprapps.disney.com/park-platform-semipriv/_blipsync @0xb400007759890c30
04-12 18:57:25.404 8886 8886 I CouchbaseLite/NETWORK: {N8litecore4blip10ConnectionE#21107} Opening connection...
04-12 18:57:25.404 8886 8886 I CouchbaseLite/REPLICATOR: {Repl#21108}==> N8litecore4repl10ReplicatorE /data/data/com.disney.wdw.android.debug/files/finder-semi-private.73600.en_us.cblite2/ ->wss://stage.realtime-sync-gw.wdprapps.disney.com/park-platform-semipriv/_blipsync @0xb4000077e99ad930
04-12 18:57:25.404 8886 8886 I CouchbaseLite/REPLICATOR: {Repl#21108} {Coll#-1} {{Coll#0} "_default": {"Push": disabled, "Pull": continuous}}
04-12 18:57:25.404 8886 8886 I CouchbaseLite/REPLICATOR: Options={acceptParentDomainCookies:false, auth:{password:"********", type:"Basic", username:"MOBILE.WDW.ANDROID-SPRIV-STAGE"}, autoPurge:true, headers:{User-Agent:"CouchbaseLite/3.1.6-vf002-50983 (Java; Android 13; Pixel 7 Pro) EE/debug, Commit/cddb9521ab@e80006cb3780 Core/3.1.6 (50971)"}, heartbeat:300, maxRetries:9, maxRetryInterval:300, onlySelfSignedServer:false}
04-12 18:57:25.404 8886 8886 V CouchbaseLite/REPLICATOR: {Repl#21108} {Coll#-1} Remote-DB ID 1 found for target
04-12 18:57:25.405 8886 8886 I CouchbaseLite/REPLICATOR: {C4Replicator#21109}==> N8litecore18C4RemoteReplicatorE 0xb4000077b97b9c20 @0xb4000077b97b9c20
04-12 18:57:25.405 8886 8886 V CouchbaseLite/REPLICATOR: {C4Replicator#21109} C4RemoteRepl 0xb4000077b97b9c20 created Repl 0xb4000077e99ad930
04-12 18:57:25.405 8886 8886 I CouchbaseLite/REPLICATOR: {C4Replicator#21109} Starting Replicator {Repl#21108} with config: {{{Coll#0} "_default": {"Push": disabled, "Pull": continuous}}
04-12 18:57:25.405 8886 8886 I CouchbaseLite/REPLICATOR: Options={acceptParentDomainCookies:false, auth:{password:"********", type:"Basic", username:"MOBILE.WDW.ANDROID-SPRIV-STAGE"}, autoPurge:true, headers:{User-Agent:"CouchbaseLite/3.1.6-vf002-50983 (Java; Android 13; Pixel 7 Pro) EE/debug, Commit/cddb9521ab@e80006cb3780 Core/3.1.6 (50971)"}, heartbeat:300, maxRetries:9, maxRetryInterval:300, onlySelfSignedServer:false}}
04-12 18:57:25.406 8886 8886 I CouchbaseLite/REPLICATOR: [JAVA] State changed STOPPED => CONNECTING(0/0): null for Replicator{@0x1412213(<*),Database{@@0x2e0afa2: 'finder-semi-private.73600.en_us'} => URLEndpoint{url=wss://stage.realtime-sync-gw.wdprapps.disney.com/park-platform-semipriv}}$C4CommonRepl{@0xecf7c50/@xb4000077b97b9c10, @0x1412213, SocketFactory{@URLEndpoint{url=wss://stage.realtime-sync-gw.wdprapps.disney.com/park-platform-semipriv}}'}
04-12 18:57:25.406 8886 8886 I CouchbaseLite/REPLICATOR: [JAVA] Replicator is starting
04-12 18:57:25.407 8886 8886 D CouchbaseLite/REPLICATOR: [JAVA] Replication options: {headers={User-Agent=CouchbaseLite/3.1.6-vf002-50983 (Java; Android 13; Pixel 7 Pro) EE/debug, Commit/cddb9521ab@e80006cb3780 Core/3.1.6 (50971)}, maxRetryInterval=300, maxRetries=9, acceptParentDomainCookies=false, heartbeat=300, onlySelfSignedServer=false, cookies=SyncGatewaySession=caac7ee0f4b92d40fdd90fc04b4d1ce8fa347518, autoPurge=true}
04-12 18:57:25.407 8886 9048 I CouchbaseLite/REPLICATOR: [JAVA] status changed: (0, 0) @C4ReplicatorStatus{level=2,completed=0,total=0,#docs=0,domain=0,code=0,info=0} for Replicator{@0x1412213(<*),Database{@@0x2e0afa2: 'finder-semi-private.73600.en_us'} => URLEndpoint{url=wss://stage.realtime-sync-gw.wdprapps.disney.com/park-platform-semipriv}}$C4CommonRepl{@0xecf7c50/@xb4000077b97b9c10, @0x1412213, SocketFactory{@URLEndpoint{url=wss://stage.realtime-sync-gw.wdprapps.disney.com/park-platform-semipriv}}'}
04-12 18:57:25.408 8886 9048 D CouchbaseLite/NETWORK: [JAVA] Offline state change for com.couchbase.lite.internal.replicator.AndroidConnectivityObserver@ab80d7c: CONNECTING -> true
04-12 18:57:25.408 8886 8886 D CouchbaseLite/REPLICATOR: [JAVA] Setting c4 replicator @0xe61b605 for replicator @0x211cc6f
04-12 18:57:25.408 8886 9048 I CouchbaseLite/REPLICATOR: [JAVA] State changed CONNECTING => CONNECTING(0/0): null for Replicator{@0x1412213(<*),Database{@@0x2e0afa2: 'finder-semi-private.73600.en_us'} => URLEndpoint{url=wss://stage.realtime-sync-gw.wdprapps.disney.com/park-platform-semipriv}}$C4CommonRepl{@0xecf7c50/@xb4000077b97b9c10, @0x1412213, SocketFactory{@URLEndpoint{url=wss://stage.realtime-sync-gw.wdprapps.disney.com/park-platform-semipriv}}'}
04-12 18:57:25.420 8886 8886 I CouchbaseLite/NETWORK: {N8litecore4blip10ConnectionE#21112}==> N8litecore4blip10ConnectionE ->wss://stage.realtime-sync-gw.wdprapps.disney.com/park-platform-priv/_blipsync @0xb4000077597ff370
04-12 18:57:25.420 8886 8886 I CouchbaseLite/NETWORK: {N8litecore4blip10ConnectionE#21112} Opening connection...
04-12 18:57:25.420 8886 8886 I CouchbaseLite/REPLICATOR: {Repl#21113}==> N8litecore4repl10ReplicatorE /data/data/com.disney.wdw.android.debug/files/finder-private.73600.en_us.cblite2/ ->wss://stage.realtime-sync-gw.wdprapps.disney.com/park-platform-priv/_blipsync @0xb4000077e9920e10
04-12 18:57:25.420 8886 8886 I CouchbaseLite/REPLICATOR: {Repl#21113} {Coll#-1} {{Coll#0} "_default": {"Push": continuous, "Pull": continuous}}
04-12 18:57:25.420 8886 8886 I CouchbaseLite/REPLICATOR: Options={acceptParentDomainCookies:false, autoPurge:true, cookies:"SyncGatewaySession=caac7ee0f4b92d40fdd90fc04b4d1ce8fa347518", headers:{User-Agent:"CouchbaseLite/3.1.6-vf002-50983 (Java; Android 13; Pixel 7 Pro) EE/debug, Commit/cddb9521ab@e80006cb3780 Core/3.1.6 (50971)"}, heartbeat:300, maxRetries:9, maxRetryInterval:300, onlySelfSignedServer:false}
04-12 18:57:25.420 8886 8886 V CouchbaseLite/REPLICATOR: {Repl#21113} {Coll#-1} Remote-DB ID 1 found for target
04-12 18:57:25.420 8886 8886 I CouchbaseLite/REPLICATOR: {C4Replicator#21114}==> N8litecore18C4RemoteReplicatorE 0xb4000077b97d02e0 @0xb4000077b97d02e0
04-12 18:57:25.420 8886 8886 V CouchbaseLite/REPLICATOR: {C4Replicator#21114} C4RemoteRepl 0xb4000077b97d02e0 created Repl 0xb4000077e9920e10
04-12 18:57:25.420 8886 8886 I CouchbaseLite/REPLICATOR: {C4Replicator#21114} Starting Replicator {Repl#21113} with config: {{{Coll#0} "_default": {"Push": continuous, "Pull": continuous}}
04-12 18:57:25.420 8886 8886 I CouchbaseLite/REPLICATOR: Options={acceptParentDomainCookies:false, autoPurge:true, cookies:"SyncGatewaySession=caac7ee0f4b92d40fdd90fc04b4d1ce8fa347518", headers:{User-Agent:"CouchbaseLite/3.1.6-vf002-50983 (Java; Android 13; Pixel 7 Pro) EE/debug, Commit/cddb9521ab@e80006cb3780 Core/3.1.6 (50971)"}, heartbeat:300, maxRetries:9, maxRetryInterval:300, onlySelfSignedServer:false}}
04-12 18:57:25.421 8886 8886 I CouchbaseLite/REPLICATOR: [JAVA] State changed STOPPED => CONNECTING(0/0): null for Replicator{@0x211cc6f(<*>),Database{@@0x97fb813: 'finder-private.73600.en_us'} => URLEndpoint{url=wss://stage.realtime-sync-gw.wdprapps.disney.com/park-platform-priv}}$C4CommonRepl{@0xe61b605/@xb4000077b97d02d0, @0x211cc6f, SocketFactory{@URLEndpoint{url=wss://stage.realtime-sync-gw.wdprapps.disney.com/park-platform-priv}}'}
04-12 18:57:25.425 8886 9050 I CouchbaseLite/REPLICATOR: [JAVA] status changed: (0, 0) @C4ReplicatorStatus{level=2,completed=0,total=0,#docs=0,domain=0,code=0,info=0} for Replicator{@0x211cc6f(<*>),Database{@@0x97fb813: 'finder-private.73600.en_us'} => URLEndpoint{url=wss://stage.realtime-sync-gw.wdprapps.disney.com/park-platform-priv}}$C4CommonRepl{@0xe61b605/@xb4000077b97d02d0, @0x211cc6f, SocketFactory{@URLEndpoint{url=wss://stage.realtime-sync-gw.wdprapps.disney.com/park-platform-priv}}'}
04-12 18:57:25.425 8886 9050 D CouchbaseLite/NETWORK: [JAVA] Offline state change for com.couchbase.lite.internal.replicator.AndroidConnectivityObserver@4368568: CONNECTING -> true
04-12 18:57:25.426 8886 9050 I CouchbaseLite/REPLICATOR: [JAVA] State changed CONNECTING => CONNECTING(0/0): null for Replicator{@0x211cc6f(<*>),Database{@@0x97fb813: 'finder-private.73600.en_us'} => URLEndpoint{url=wss://stage.realtime-sync-gw.wdprapps.disney.com/park-platform-priv}}$C4CommonRepl{@0xe61b605/@xb4000077b97d02d0, @0x211cc6f, SocketFactory{@URLEndpoint{url=wss://stage.realtime-sync-gw.wdprapps.disney.com/park-platform-priv}}'}
04-12 18:57:26.638 8886 9038 V CouchbaseLite/NETWORK: {N8litecore4blip6BLIPIOE#15533} Sending RES #18
04-12 18:57:26.640 8886 9038 V CouchbaseLite/NETWORK: {N8litecore4blip6BLIPIOE#15533} Requeuing RES #18...
04-12 18:57:26.642 8886 9038 V CouchbaseLite/NETWORK: {N8litecore4blip6BLIPIOE#15533} Starting writeToWebSocket loop...
04-12 18:57:26.645 8886 9038 V CouchbaseLite/NETWORK: {N8litecore4blip6BLIPIOE#15533} Sending frame: RES #18 ----, bytes 0--4
04-12 18:57:26.655 8886 9037 V CouchbaseLite/REPLICATOR: {N8litecore4repl6PullerE#15560} {Coll#0} Checkpoint now at '376872135' (collection: 0
04-12 18:57:26.657 8886 9037 V CouchbaseLite/REPLICATOR: {N8litecore4repl6PullerE#15560} {Coll#0} (collection: 0) progress +3/+0, 3 docs -- now 14 / 14, 14 docs
04-12 18:57:26.658 8886 9037 I CouchbaseLite/REPLICATOR: {N8litecore4repl6PullerE#15560} {Coll#0} activityLevel=idle: pendingResponseCount=0, _caughtUp=1, _pendingRevMessages=0, _activeIncomingRevs=0, _waitingRevMessages=0, _unfinishedIncomingRevs=0
04-12 18:57:26.659 8886 9037 V CouchbaseLite/REPLICATOR: {N8litecore4repl6PullerE#15560} {Coll#0} now idle
04-12 18:57:26.660 8886 9038 V CouchbaseLite/NETWORK: {N8litecore4repl12C4SocketImplE#15431} Sending 7-byte message
04-12 18:57:26.662 8886 9038 D CouchbaseLite/NETWORK: [JAVA] ^C4Socket.write@b4000077c9848300(7)
04-12 18:57:26.662 8886 9047 D CouchbaseLite/NETWORK: [JAVA] CBLWebSocket@@0xe165695{vC4Socket@xb4000077c9848300 <=> OkHttpSocket@0x46f964c(wss://stage.realtime-sync-gw.wdprapps.disney.com:443/park-platform-pub/_blipsync)}.coreWrites(7)
04-12 18:57:26.662 8886 9047 D CouchbaseLite/NETWORK: [JAVA] OkHttpSocket@0x46f964c.write(7)
04-12 18:57:26.663 8886 9038 V CouchbaseLite/NETWORK: {N8litecore4blip6BLIPIOE#15533} Finished sending RES #18
04-12 18:57:26.663 8886 9047 D CouchbaseLite/NETWORK: [JAVA] vC4Socket@xb4000077c9848300.ackWriteToCore(7)
04-12 18:57:26.665 8886 9038 V CouchbaseLite/NETWORK: {N8litecore4blip6BLIPIOE#15533} ...Wrote 7 bytes to WebSocket (writeable=1)
04-12 18:57:26.790 8886 9034 I CouchbaseLite/REPLICATOR: {Repl#15429} {Coll#-1} Told to stop!
04-12 18:57:26.791 8886 9034 I CouchbaseLite/NETWORK: {N8litecore4blip10ConnectionE#15428} Closing with code 1000, msg ''
04-12 18:57:26.791 8886 9034 I CouchbaseLite/REPLICATOR: {Repl#15429} {Coll#-1} activityLevel=busy: connectionState=3, savingChkpt=0
04-12 18:57:26.792 8886 9034 I CouchbaseLite/REPLICATOR: {Repl#15436} {Coll#-1} Told to stop!
04-12 18:57:26.793 8886 9034 I CouchbaseLite/NETWORK: {N8litecore4blip10ConnectionE#15435} Closing with code 1000, msg ''
04-12 18:57:26.803 8886 9034 I CouchbaseLite/REPLICATOR: {Repl#15436} {Coll#-1} activityLevel=busy: connectionState=3, savingChkpt=0
04-12 18:57:26.807 8886 9034 I CouchbaseLite/REPLICATOR: {Repl#15436} {Coll#-1} now busy
04-12 18:57:26.812 8886 9034 I CouchbaseLite/REPLICATOR: {C4Replicator#15437} State: busy, progress=0.00%
04-12 18:57:26.814 8886 9035 I CouchbaseLite/REPLICATOR: {Repl#15443} {Coll#-1} Told to stop!
04-12 18:57:26.814 8886 9034 D CouchbaseLite/REPLICATOR: [JAVA] C4Replicator.statusChangedCallback(0x167b68cb) C4CommonRepl{@0x9523b9e/@xb4000077b97e9e10, @0xe411820, SocketFactory{@URLEndpoint{url=wss://stage.realtime-sync-gw.wdprapps.disney.com/park-platform-semipriv}}'}: C4ReplicatorStatus{level=4,completed=0,total=0,#docs=0,domain=0,code=0,info=0}
04-12 18:57:26.815 8886 9050 I CouchbaseLite/REPLICATOR: [JAVA] status changed: (0, 0) @C4ReplicatorStatus{level=4,completed=0,total=0,#docs=0,domain=0,code=0,info=0} for Replicator{@0xe411820(<*),Database{@@0x2e0afa2: 'finder-semi-private.73600.en_us'} => URLEndpoint{url=wss://stage.realtime-sync-gw.wdprapps.disney.com/park-platform-semipriv}}$C4CommonRepl{@0x9523b9e/@xb4000077b97e9e10, @0xe411820, SocketFactory{@URLEndpoint{url=wss://stage.realtime-sync-gw.wdprapps.disney.com/park-platform-semipriv}}'}
04-12 18:57:26.815 8886 9050 D CouchbaseLite/NETWORK: [JAVA] Offline state change for com.couchbase.lite.internal.replicator.AndroidConnectivityObserver@b25cb38: IDLE -> true
04-12 18:57:26.816 8886 9050 I CouchbaseLite/REPLICATOR: [JAVA] State changed IDLE => BUSY(0/0): null for Replicator{@0xe411820(<*),Database{@@0x2e0afa2: 'finder-semi-private.73600.en_us'} => URLEndpoint{url=wss://stage.realtime-sync-gw.wdprapps.disney.com/park-platform-semipriv}}$C4CommonRepl{@0x9523b9e/@xb4000077b97e9e10, @0xe411820, SocketFactory{@URLEndpoint{url=wss://stage.realtime-sync-gw.wdprapps.disney.com/park-platform-semipriv}}'}
04-12 18:57:26.816 8886 9035 I CouchbaseLite/NETWORK: {N8litecore4blip10ConnectionE#15442} Closing with code 1000, msg ''
04-12 18:57:26.827 8886 9035 I CouchbaseLite/REPLICATOR: {Repl#15443} {Coll#-1} activityLevel=busy: connectionState=3, savingChkpt=0
04-12 18:57:26.887 8886 9036 I CouchbaseLite/REPLICATOR: {Repl#21103} {Coll#0} Scanning for pre-existing conflicts...
04-12 18:57:26.891 8886 9035 I CouchbaseLite/REPLICATOR: {Repl#15443} {Coll#-1} now busy
04-12 18:57:26.892 8886 9035 I CouchbaseLite/REPLICATOR: {C4Replicator#15444} State: busy, progress=0.00%
04-12 18:57:26.892 8886 9035 D CouchbaseLite/REPLICATOR: [JAVA] C4Replicator.statusChangedCallback(0x7f9fea2a) C4CommonRepl{@0x451f677/@xb4000077b979b750, @0xc0c2076, SocketFactory{@URLEndpoint{url=wss://stage.realtime-sync-gw.wdprapps.disney.com/park-platform-priv}}'}: C4ReplicatorStatus{level=4,completed=0,total=0,#docs=0,domain=0,code=0,info=0}
04-12 18:57:26.894 8886 9048 I CouchbaseLite/REPLICATOR: [JAVA] status changed: (0, 0) @C4ReplicatorStatus{level=4,completed=0,total=0,#docs=0,domain=0,code=0,info=0} for Replicator{@0xc0c2076(<*>),Database{@@0x97fb813: 'finder-private.73600.en_us'} => URLEndpoint{url=wss://stage.realtime-sync-gw.wdprapps.disney.com/park-platform-priv}}$C4CommonRepl{@0x451f677/@xb4000077b979b750, @0xc0c2076, SocketFactory{@URLEndpoint{url=wss://stage.realtime-sync-gw.wdprapps.disney.com/park-platform-priv}}'}
04-12 18:57:26.894 8886 9048 D CouchbaseLite/NETWORK: [JAVA] Offline state change for com.couchbase.lite.internal.replicator.AndroidConnectivityObserver@73b0f05: IDLE -> true
04-12 18:57:26.895 8886 9048 I CouchbaseLite/REPLICATOR: [JAVA] State changed IDLE => BUSY(0/0): null for Replicator{@0xc0c2076(<*>),Database{@@0x97fb813: 'finder-private.73600.en_us'} => URLEndpoint{url=wss://stage.realtime-sync-gw.wdprapps.disney.com/park-platform-priv}}$C4CommonRepl{@0x451f677/@xb4000077b979b750, @0xc0c2076, SocketFactory{@URLEndpoint{url=wss://stage.realtime-sync-gw.wdprapps.disney.com/park-platform-priv}}'}
04-12 18:57:26.903 8886 9033 V CouchbaseLite/NETWORK: {N8litecore4blip6BLIPIOE#15533} Sending RES #19
04-12 18:57:26.904 8886 9033 V CouchbaseLite/NETWORK: {N8litecore4blip6BLIPIOE#15533} Requeuing RES #19...
04-12 18:57:26.915 8886 9033 V CouchbaseLite/NETWORK: {N8litecore4blip6BLIPIOE#15533} Starting writeToWebSocket loop...
04-12 18:57:26.920 8886 9035 I CouchbaseLite/REPLICATOR: {Repl#21113} {Coll#0} Scanning for pre-existing conflicts...
04-12 18:57:26.921 8886 9035 I CouchbaseLite/REPLICATOR: {Repl#21113} {Coll#0} Found 0 conflicted docs in 0.028 sec
04-12 18:57:26.941 8886 9033 V CouchbaseLite/NETWORK: {N8litecore4blip6BLIPIOE#15533} Sending frame: RES #19 ----, bytes 0--4
04-12 18:57:26.942 8886 9033 V CouchbaseLite/NETWORK: {N8litecore4repl12C4SocketImplE#15431} Sending 7-byte message
04-12 18:57:26.942 8886 9033 D CouchbaseLite/NETWORK: [JAVA] ^C4Socket.write@b4000077c9848300(7)
04-12 18:57:26.942 8886 9033 V CouchbaseLite/NETWORK: {N8litecore4blip6BLIPIOE#15533} Finished sending RES #19
04-12 18:57:26.943 8886 9033 V CouchbaseLite/NETWORK: {N8litecore4blip6BLIPIOE#15533} ...Wrote 7 bytes to WebSocket (writeable=1)
04-12 18:57:26.943 8886 9050 D CouchbaseLite/NETWORK: [JAVA] CBLWebSocket@@0xe165695{vC4Socket@xb4000077c9848300 <=> OkHttpSocket@0x46f964c(wss://stage.realtime-sync-gw.wdprapps.disney.com:443/park-platform-pub/_blipsync)}.coreWrites(7)
04-12 18:57:26.944 8886 9050 D CouchbaseLite/NETWORK: [JAVA] OkHttpSocket@0x46f964c.write(7)
04-12 18:57:26.944 8886 9050 D CouchbaseLite/NETWORK: [JAVA] vC4Socket@xb4000077c9848300.ackWriteToCore(7)
04-12 18:57:26.945 8886 9033 I CouchbaseLite/REPLICATOR: {Repl#15429} {Coll#-1} pushStatus=stopped, pullStatus=idle, progress=14/14/14
04-12 18:57:26.945 8886 9033 V CouchbaseLite/REPLICATOR: {Repl#15429} {Coll#-1} Replicator status collection-wise: pushStatus=stopped, pullStatus=idle, progress=14/14, docCount=14
04-12 18:57:26.945 8886 9033 V CouchbaseLite/REPLICATOR: {Repl#15429} {Coll#-1} (collection: 4294967295) progress +3/+0, 3 docs -- now 14 / 14, 14 docs
04-12 18:57:26.947 8886 9035 I CouchbaseLite/REPLICATOR: {Repl#21113} {Coll#0} Read local checkpoint 'cp-GeXYPlhmWYlGsECdqGVkCOk9Wpc=': {"time":1712962450,"local":7,"remote":45262888}
04-12 18:57:26.947 8886 9035 I CouchbaseLite/REPLICATOR: {Repl#21113} {Coll#-1} activityLevel=connecting: connectionState=1, savingChkpt=0
04-12 18:57:26.948 8886 9035 I CouchbaseLite/NETWORK: {N8litecore4repl12C4SocketImplE#15438} Requesting close with status=1000, message=''
04-12 18:57:26.948 8886 9035 D CouchbaseLite/NETWORK: [JAVA] ^C4Socket.requestClose@b4000077c98b52a0(1000): 'null'
04-12 18:57:26.949 8886 9049 D CouchbaseLite/NETWORK: [JAVA] CBLWebSocket@@0xe11ce02{vC4Socket@xb4000077c98b52a0 <=> OkHttpSocket@0xd0bc34d(wss://stage.realtime-sync-gw.wdprapps.disney.com:443/park-platform-semipriv/_blipsync)}.coreRequestsClose: CloseStatus{6:1000, null}
04-12 18:57:26.949 8886 9035 I CouchbaseLite/NETWORK: {N8litecore4repl12C4SocketImplE#15445} Requesting close with status=1000, message=''
04-12 18:57:26.949 8886 9049 D CouchbaseLite/NETWORK: [JAVA] OkHttpSocket@0xd0bc34d.close: CloseStatus{6:1000, null}
04-12 18:57:26.950 8886 9035 D CouchbaseLite/NETWORK: [JAVA] ^C4Socket.requestClose@b4000077c9829670(1000): 'null'
04-12 18:57:26.950 8886 9047 D CouchbaseLite/NETWORK: [JAVA] CBLWebSocket@@0xd48418b{vC4Socket@xb4000077c9829670 <=> OkHttpSocket@0x5971b5a(wss://stage.realtime-sync-gw.wdprapps.disney.com:443/park-platform-priv/_blipsync)}.coreRequestsClose: CloseStatus{6:1000, null}
04-12 18:57:26.950 8886 9047 D CouchbaseLite/NETWORK: [JAVA] OkHttpSocket@0x5971b5a.close: CloseStatus{6:1000, null}
04-12 18:57:26.972 8886 9033 I CouchbaseLite/REPLICATOR: {Repl#15429} {Coll#-1} activityLevel=busy: connectionState=3, savingChkpt=0
04-12 18:57:26.973 8886 9033 I CouchbaseLite/REPLICATOR: {C4Replicator#15430} State: busy, progress=78.57%
04-12 18:57:26.973 8886 9036 I CouchbaseLite/REPLICATOR: {Repl#21103} {Coll#0} Found 0 conflicted docs in 0.043 sec
04-12 18:57:26.973 8886 9033 D CouchbaseLite/REPLICATOR: [JAVA] C4Replicator.statusChangedCallback(0x6b98c561) C4CommonRepl{@0xbb891ab/@xb4000077b97f8190, @0x89417fa, SocketFactory{@URLEndpoint{url=wss://stage.realtime-sync-gw.wdprapps.disney.com/park-platform-pub/}}'}: C4ReplicatorStatus{level=4,completed=11,total=14,#docs=11,domain=0,code=0,info=0}
04-12 18:57:26.974 8886 9048 I CouchbaseLite/REPLICATOR: [JAVA] status changed: (0, 0) @C4ReplicatorStatus{level=4,completed=11,total=14,#docs=11,domain=0,code=0,info=0} for Replicator{@0x89417fa(<*),Database{@@0x5c116b6: 'finder.73600.en_us-stage'} => URLEndpoint{url=wss://stage.realtime-sync-gw.wdprapps.disney.com/park-platform-pub/}}$C4CommonRepl{@0xbb891ab/@xb4000077b97f8190, @0x89417fa, SocketFactory{@URLEndpoint{url=wss://stage.realtime-sync-gw.wdprapps.disney.com/park-platform-pub/}}'}
04-12 18:57:26.974 8886 9048 D CouchbaseLite/NETWORK: [JAVA] Offline state change for com.couchbase.lite.internal.replicator.AndroidConnectivityObserver@fd135d9: BUSY -> true
04-12 18:57:26.975 8886 9048 I CouchbaseLite/REPLICATOR: [JAVA] State changed BUSY => BUSY(11/14): null for Replicator{@0x89417fa(<*),Database{@@0x5c116b6: 'finder.73600.en_us-stage'} => URLEndpoint{url=wss://stage.realtime-sync-gw.wdprapps.disney.com/park-platform-pub/}}$C4CommonRepl{@0xbb891ab/@xb4000077b97f8190, @0x89417fa, SocketFactory{@URLEndpoint{url=wss://stage.realtime-sync-gw.wdprapps.disney.com/park-platform-pub/}}'}
04-12 18:57:26.985 8886 9031 I CouchbaseLite/REPLICATOR: {Repl#21108} {Coll#0} Scanning for pre-existing conflicts...
04-12 18:57:26.989 8886 9031 I CouchbaseLite/REPLICATOR: {Repl#21108} {Coll#0} Found 0 conflicted docs in 0.103 sec
04-12 18:57:27.009 8886 9036 I CouchbaseLite/REPLICATOR: {Repl#21103} {Coll#0} Read local checkpoint 'cp-EUIwC4qPpttqvSBmzfkR34rhris=': {"time":1712962640,"remote":376872124}
04-12 18:57:27.009 8886 9036 I CouchbaseLite/REPLICATOR: {Repl#21103} {Coll#-1} activityLevel=connecting: connectionState=1, savingChkpt=0
04-12 18:57:27.010 8886 9036 V CouchbaseLite/NETWORK: {N8litecore4blip6BLIPIOE#15533} Sending RES #20
04-12 18:57:27.011 8886 9036 V CouchbaseLite/NETWORK: {N8litecore4blip6BLIPIOE#15533} Requeuing RES #20...
04-12 18:57:27.011 8886 9036 V CouchbaseLite/NETWORK: {N8litecore4blip6BLIPIOE#15533} Starting writeToWebSocket loop...
04-12 18:57:27.018 8886 9038 I CouchbaseLite/NETWORK: {N8litecore4repl12C4SocketImplE#21302}==> N8litecore4repl12C4SocketImplE wss://stage.realtime-sync-gw.wdprapps.disney.com/park-platform-pub/_blipsync @0xb4000077c9852828
04-12 18:57:27.019 8886 9038 I CouchbaseLite/NETWORK: {N8litecore4repl12C4SocketImplE#21302} Connecting...
04-12 18:57:27.021 8886 9038 D CouchbaseLite/NETWORK: [JAVA] ^C4Socket.open@b4000077c9852980: null@4a5d01dc
04-12 18:57:27.027 8886 9038 D CouchbaseLite/NETWORK: [JAVA] OkHttpSocket@0xa9644dd.init: CBLWebSocket@@0xae4d852{vC4Socket@xb4000077c9852980 <=> OkHttpSocket@0xa9644dd(wss://stage.realtime-sync-gw.wdprapps.disney.com:443/park-platform-pub/_blipsync)}
04-12 18:57:27.027 8886 9038 D CouchbaseLite/NETWORK: [JAVA] vC4Socket@xb4000077c9852980.init: CBLWebSocket@@0xae4d852{vC4Socket@xb4000077c9852980 <=> OkHttpSocket@0xa9644dd(wss://stage.realtime-sync-gw.wdprapps.disney.com:443/park-platform-pub/_blipsync)}
04-12 18:57:27.028 8886 9047 D CouchbaseLite/NETWORK: [JAVA] CBLWebSocket@@0xae4d852{vC4Socket@xb4000077c9852980 <=> OkHttpSocket@0xa9644dd(wss://stage.realtime-sync-gw.wdprapps.disney.com:443/park-platform-pub/_blipsync)}.coreRequestedOpen
04-12 18:57:27.028 8886 9047 D CouchbaseLite/NETWORK: [JAVA] StateMachine@0xec54723: transition UNOPENED => OPENING
04-12 18:57:27.029 8886 9047 D CouchbaseLite/NETWORK: [JAVA] OkHttpSocket@0xa9644dd.open: wss://stage.realtime-sync-gw.wdprapps.disney.com:443/park-platform-pub/_blipsync, {headers={User-Agent=CouchbaseLite/3.1.6-vf002-50983 (Java; Android 13; Pixel 7 Pro) EE/debug, Commit/cddb9521ab@e80006cb3780 Core/3.1.6 (50971)}, acceptParentDomainCookies=false, maxRetries=9, maxRetryInterval=300, auth={password=r7JQaAsQhxT682iv, type=Basic, username=DPECP-MOBILE.WDW.ANDROID-STAGE}, heartbeat=300, onlySelfSignedServer=false, WS-Protocols=BLIP_3+CBMobile_3,BLIP_3+CBMobile_2, autoPurge=true}
04-12 18:57:27.033 8886 9036 V CouchbaseLite/NETWORK: {N8litecore4blip6BLIPIOE#15533} Sending frame: RES #20 ----, bytes 0--4
04-12 18:57:27.034 8886 9036 V CouchbaseLite/NETWORK: {N8litecore4repl12C4SocketImplE#15431} Sending 7-byte message
04-12 18:57:27.034 8886 9033 V CouchbaseLite/REPLICATOR: {Repl#15429} {Coll#0} Saving remote checkpoint 'cp-EUIwC4qPpttqvSBmzfkR34rhris=' over rev='0-43': {"time":1712962646,"remote":376872135} ...
04-12 18:57:27.036 8886 9036 D CouchbaseLite/NETWORK: [JAVA] ^C4Socket.write@b4000077c9848300(7)
04-12 18:57:27.037 8886 9046 D CouchbaseLite/NETWORK: [JAVA] CBLWebSocket@@0xe165695{vC4Socket@xb4000077c9848300 <=> OkHttpSocket@0x46f964c(wss://stage.realtime-sync-gw.wdprapps.disney.com:443/park-platform-pub/_blipsync)}.coreWrites(7)
04-12 18:57:27.037 8886 9046 D CouchbaseLite/NETWORK: [JAVA] OkHttpSocket@0x46f964c.write(7)
04-12 18:57:27.037 8886 9046 D CouchbaseLite/NETWORK: [JAVA] vC4Socket@xb4000077c9848300.ackWriteToCore(7)
04-12 18:57:27.067 8886 9036 V CouchbaseLite/NETWORK: {N8litecore4blip6BLIPIOE#15533} Finished sending RES #20
04-12 18:57:27.070 8886 9036 V CouchbaseLite/NETWORK: {N8litecore4blip6BLIPIOE#15533} ...Wrote 7 bytes to WebSocket (writeable=1)
04-12 18:57:27.070 8886 9036 I CouchbaseLite/NETWORK: {N8litecore4repl12C4SocketImplE#21308}==> N8litecore4repl12C4SocketImplE wss://stage.realtime-sync-gw.wdprapps.disney.com/park-platform-priv/_blipsync @0xb4000077c980eb98
04-12 18:57:27.070 8886 9036 I CouchbaseLite/NETWORK: {N8litecore4repl12C4SocketImplE#21308} Connecting...
04-12 18:57:27.071 8886 9036 D CouchbaseLite/NETWORK: [JAVA] ^C4Socket.open@b4000077c980ecf0: null@39abf14f
04-12 18:57:27.072 8886 9036 D CouchbaseLite/NETWORK: [JAVA] OkHttpSocket@0x77f67c.init: CBLWebSocket@@0x15eb05{vC4Socket@xb4000077c980ecf0 <=> OkHttpSocket@0x77f67c(wss://stage.realtime-sync-gw.wdprapps.disney.com:443/park-platform-priv/_blipsync)}
04-12 18:57:27.072 8886 9036 D CouchbaseLite/NETWORK: [JAVA] vC4Socket@xb4000077c980ecf0.init: CBLWebSocket@@0x15eb05{vC4Socket@xb4000077c980ecf0 <=> OkHttpSocket@0x77f67c(wss://stage.realtime-sync-gw.wdprapps.disney.com:443/park-platform-priv/_blipsync)}
04-12 18:57:27.073 8886 9030 D CouchbaseLite/NETWORK: [JAVA] CBLWebSocket@@0x15eb05{vC4Socket@xb4000077c980ecf0 <=> OkHttpSocket@0x77f67c(wss://stage.realtime-sync-gw.wdprapps.disney.com:443/park-platform-priv/_blipsync)}.coreRequestedOpen
04-12 18:57:27.074 8886 9030 D CouchbaseLite/NETWORK: [JAVA] StateMachine@0x1cec75a: transition UNOPENED => OPENING
04-12 18:57:27.074 8886 9030 D CouchbaseLite/NETWORK: [JAVA] OkHttpSocket@0x77f67c.open: wss://stage.realtime-sync-gw.wdprapps.disney.com:443/park-platform-priv/_blipsync, {headers={User-Agent=CouchbaseLite/3.1.6-vf002-50983 (Java; Android 13; Pixel 7 Pro) EE/debug, Commit/cddb9521ab@e80006cb3780 Core/3.1.6 (50971)}, acceptParentDomainCookies=false, maxRetries=9, maxRetryInterval=300, heartbeat=300, onlySelfSignedServer=false, WS-Protocols=BLIP_3+CBMobile_3,BLIP_3+CBMobile_2, autoPurge=true, cookies=SyncGatewaySession=caac7ee0f4b92d40fdd90fc04b4d1ce8fa347518}
04-12 18:57:27.078 8886 9036 I CouchbaseLite/NETWORK: {N8litecore4repl12C4SocketImplE#15431} Requesting close with status=1000, message=''
04-12 18:57:27.079 8886 9036 D CouchbaseLite/NETWORK: [JAVA] ^C4Socket.requestClose@b4000077c9848300(1000): 'null'
04-12 18:57:27.079 8886 9038 I CouchbaseLite/NETWORK: {N8litecore4repl12C4SocketImplE#21309}==> N8litecore4repl12C4SocketImplE wss://stage.realtime-sync-gw.wdprapps.disney.com/park-platform-semipriv/_blipsync @0xb4000077c98d3b88
04-12 18:57:27.080 8886 9038 I CouchbaseLite/NETWORK: {N8litecore4repl12C4SocketImplE#21309} Connecting...
04-12 18:57:27.081 8886 9048 D CouchbaseLite/NETWORK: [JAVA] CBLWebSocket@@0xe165695{vC4Socket@xb4000077c9848300 <=> OkHttpSocket@0x46f964c(wss://stage.realtime-sync-gw.wdprapps.disney.com:443/park-platform-pub/_blipsync)}.coreRequestsClose: CloseStatus{6:1000, null}
04-12 18:57:27.081 8886 9048 D CouchbaseLite/NETWORK: [JAVA] OkHttpSocket@0x46f964c.close: CloseStatus{6:1000, null}
04-12 18:57:27.083 8886 9038 D CouchbaseLite/NETWORK: [JAVA] ^C4Socket.open@b4000077c98d3ce0: null@45bb47c6
04-12 18:57:27.084 8886 9033 I CouchbaseLite/NETWORK: SENDING: REQ #0 {
04-12 18:57:27.084 8886 9033 I CouchbaseLite/NETWORK: Profile: setCheckpoint
04-12 18:57:27.084 8886 9033 I CouchbaseLite/NETWORK: client: cp-EUIwC4qPpttqvSBmzfkR34rhris=
04-12 18:57:27.084 8886 9033 I CouchbaseLite/NETWORK: rev: 0-43
04-12 18:57:27.084 8886 9033 I CouchbaseLite/NETWORK: BODY: {"time":1712962646,"remote":376872135} }
04-12 18:57:27.085 8886 9033 I CouchbaseLite/REPLICATOR: {Repl#15429} {Coll#-1} activityLevel=busy: connectionState=3, savingChkpt=0
04-12 18:57:27.088 8886 9038 D CouchbaseLite/NETWORK: [JAVA] OkHttpSocket@0xf8f3281.init: CBLWebSocket@@0x221ff26{vC4Socket@xb4000077c98d3ce0 <=> OkHttpSocket@0xf8f3281(wss://stage.realtime-sync-gw.wdprapps.disney.com:443/park-platform-semipriv/_blipsync)}
04-12 18:57:27.089 8886 9038 D CouchbaseLite/NETWORK: [JAVA] vC4Socket@xb4000077c98d3ce0.init: CBLWebSocket@@0x221ff26{vC4Socket@xb4000077c98d3ce0 <=> OkHttpSocket@0xf8f3281(wss://stage.realtime-sync-gw.wdprapps.disney.com:443/park-platform-semipriv/_blipsync)}
04-12 18:57:27.089 8886 9039 D CouchbaseLite/NETWORK: [JAVA] CBLWebSocket@@0x221ff26{vC4Socket@xb4000077c98d3ce0 <=> OkHttpSocket@0xf8f3281(wss://stage.realtime-sync-gw.wdprapps.disney.com:443/park-platform-semipriv/_blipsync)}.coreRequestedOpen
04-12 18:57:27.090 8886 9039 D CouchbaseLite/NETWORK: [JAVA] StateMachine@0x19b6767: transition UNOPENED => OPENING
04-12 18:57:27.090 8886 9039 D CouchbaseLite/NETWORK: [JAVA] OkHttpSocket@0xf8f3281.open: wss://stage.realtime-sync-gw.wdprapps.disney.com:443/park-platform-semipriv/_blipsync, {headers={User-Agent=CouchbaseLite/3.1.6-vf002-50983 (Java; Android 13; Pixel 7 Pro) EE/debug, Commit/cddb9521ab@e80006cb3780 Core/3.1.6 (50971)}, acceptParentDomainCookies=false, maxRetries=9, maxRetryInterval=300, auth={password=K8ynstages73eHBgT612, type=Basic, username=MOBILE.WDW.ANDROID-SPRIV-STAGE}, heartbeat=300, onlySelfSignedServer=false, WS-Protocols=BLIP_3+CBMobile_3,BLIP_3+CBMobile_2, autoPurge=true}
04-12 18:57:27.109 8886 9031 I CouchbaseLite/REPLICATOR: {Repl#21108} {Coll#0} No local checkpoint 'cp-SHpbnSwgcB4cOJXwvdZ39kOvanE='
04-12 18:57:27.111 8886 9031 I CouchbaseLite/REPLICATOR: {Repl#21108} {Coll#-1} activityLevel=connecting: connectionState=1, savingChkpt=0
04-12 18:57:27.113 8886 9033 V CouchbaseLite/NETWORK: {N8litecore4blip6BLIPIOE#15533} Sending 'setCheckpoint' REQ #0
04-12 18:57:27.114 8886 9033 V CouchbaseLite/NETWORK: {N8litecore4blip6BLIPIOE#15533} Requeuing REQ #0...
04-12 18:57:27.115 8886 9033 V CouchbaseLite/NETWORK: {N8litecore4blip6BLIPIOE#15533} Starting writeToWebSocket loop...
04-12 18:57:27.118 8886 9033 V CouchbaseLite/NETWORK: {N8litecore4blip6BLIPIOE#15533} Sending frame: REQ #6 ----, bytes 0--112
04-12 18:57:27.119 8886 9033 V CouchbaseLite/NETWORK: {N8litecore4repl12C4SocketImplE#15431} Sending 115-byte message
04-12 18:57:27.120 8886 9033 D CouchbaseLite/NETWORK: [JAVA] ^C4Socket.write@b4000077c9848300(115)
04-12 18:57:27.121 8886 9046 D CouchbaseLite/NETWORK: [JAVA] CBLWebSocket@@0xe165695{vC4Socket@xb4000077c9848300 <=> OkHttpSocket@0x46f964c(wss://stage.realtime-sync-gw.wdprapps.disney.com:443/park-platform-pub/_blipsync)}.coreWrites(115)
04-12 18:57:27.121 8886 9046 D CouchbaseLite/NETWORK: [JAVA] OkHttpSocket@0x46f964c.write(115)
04-12 18:57:27.121 8886 9046 I CouchbaseLite/NETWORK: [JAVA] CBLWebSocket failed to send data of length: 115
04-12 18:57:27.128 8886 9811 D CouchbaseLite/NETWORK: [JAVA] OkHttpSocket@0xd0bc34d.onClosing(1000): ''
04-12 18:57:27.129 8886 9811 D CouchbaseLite/NETWORK: [JAVA] CBLWebSocket@@0xe11ce02{vC4Socket@xb4000077c98b52a0 <=> OkHttpSocket@0xd0bc34d(wss://stage.realtime-sync-gw.wdprapps.disney.com:443/park-platform-semipriv/_blipsync)}.remoteRequestsClose: CloseStatus{0:1000, }
04-12 18:57:27.129 8886 9811 D CouchbaseLite/NETWORK: [JAVA] StateMachine@0x1e58313: transition OPEN => CLOSING
04-12 18:57:27.129 8886 9811 D CouchbaseLite/NETWORK: [JAVA] vC4Socket@xb4000077c98b52a0.requestCoreClose(1000): ''
04-12 18:57:27.129 8886 9420 D CouchbaseLite/NETWORK: [JAVA] OkHttpSocket@0x5971b5a.onClosing(1000): ''
04-12 18:57:27.130 8886 9420 D CouchbaseLite/NETWORK: [JAVA] CBLWebSocket@@0xd48418b{vC4Socket@xb4000077c9829670 <=> OkHttpSocket@0x5971b5a(wss://stage.realtime-sync-gw.wdprapps.disney.com:443/park-platform-priv/_blipsync)}.remoteRequestsClose: CloseStatus{0:1000, }
04-12 18:57:27.131 8886 9420 D CouchbaseLite/NETWORK: [JAVA] StateMachine@0xde29681: transition OPEN => CLOSING
04-12 18:57:27.131 8886 9420 D CouchbaseLite/NETWORK: [JAVA] vC4Socket@xb4000077c9829670.requestCoreClose(1000): ''
04-12 18:57:27.133 8886 9038 I CouchbaseLite/REPLICATOR: {Repl#15429} {Coll#-1} activityLevel=busy: connectionState=3, savingChkpt=0
04-12 18:57:27.134 8886 9420 V CouchbaseLite/NETWORK: {N8litecore4repl12C4SocketImplE#15445} Calling requestClose when the socket is pending close
04-12 18:57:27.134 8886 9420 D CouchbaseLite/NETWORK: [JAVA] OkHttpSocket@0x5971b5a.onClosed(1000): ''
04-12 18:57:27.135 8886 9420 D CouchbaseLite/NETWORK: [JAVA] CBLWebSocket@@0xd48418b{vC4Socket@xb4000077c9829670 <=> OkHttpSocket@0x5971b5a(wss://stage.realtime-sync-gw.wdprapps.disney.com:443/park-platform-priv/_blipsync)}.remoteClosed: CloseStatus{6:1000, }
04-12 18:57:27.136 8886 9420 D CouchbaseLite/NETWORK: [JAVA] StateMachine@0xde29681: transition CLOSING => CLOSED
04-12 18:57:27.136 8886 9420 D CouchbaseLite/NETWORK: [JAVA] vC4Socket@xb4000077c9829670.closeCore(1, 0): ''
04-12 18:57:27.136 8886 9420 I CouchbaseLite/NETWORK: {N8litecore4repl12C4SocketImplE#15445} WebSocket closed normally
04-12 18:57:27.136 8886 9420 I CouchbaseLite/NETWORK: {N8litecore4repl12C4SocketImplE#15445} sent 503 bytes, rcvd 168, in 45.883 sec (11/sec, 4/sec)
04-12 18:57:27.137 8886 9031 I CouchbaseLite/NETWORK: {N8litecore4blip10ConnectionE#15442} Closed with WebSocket/HTTP status 1000:
04-12 18:57:27.139 8886 9031 I CouchbaseLite/REPLICATOR: {Repl#15443} {Coll#-1} Connection closed with WebSocket/HTTP status 1000: "" (state=3->0)
04-12 18:57:27.140 8886 9038 I CouchbaseLite/REPLICATOR: {N8litecore4repl6PusherE#15552} {Coll#0} activityLevel=stopped: pendingResponseCount=0, caughtUp=1, changeLists=0, revsInFlight=0, blobsInFlight=0, awaitingReply=0, revsToSend=0, pushingDocs=0, pendingSequences=0
04-12 18:57:27.140 8886 9038 V CouchbaseLite/REPLICATOR: {N8litecore4repl6PusherE#15552} {Coll#0} now stopped
04-12 18:57:27.141 8886 9038 I CouchbaseLite/REPLICATOR: {N8litecore4repl6PullerE#15555} {Coll#0} activityLevel=stopped: pendingResponseCount=0, _caughtUp=1, _pendingRevMessages=0, _activeIncomingRevs=0, _waitingRevMessages=0, _unfinishedIncomingRevs=0
04-12 18:57:27.141 8886 9038 V CouchbaseLite/REPLICATOR: {N8litecore4repl6PullerE#15555} {Coll#0} now stopped
04-12 18:57:27.145 8886 9033 V CouchbaseLite/NETWORK: {N8litecore4blip6BLIPIOE#15533} Finished sending REQ #6
