06-26 18:20:41.644 2796 2812 I TestRunner: finished: testConflictResolversRunConcurrently(com.couchbase.lite.ReplicatorConflictResolutionTests)
06-26 18:20:41.646 2796 2796 I MonitoringInstr: Activities that are still in CREATED to STOPPED: 0
06-26 18:20:41.647 2796 2812 I TestRunner: started: testConflictResolverReturnsBlobFromWrongDB(com.couchbase.lite.ReplicatorConflictResolutionTests)
06-26 18:20:41.647 2796 2796 I MonitoringInstr: Activities that are still in CREATED to STOPPED: 0
06-26 18:20:41.649 2796 2812 I CouchbaseLite/DATABASE: Opening Database{@1805916, name='testdb'} at path /data/user/0/com.couchbase.lite.test/files/CouchbaseLiteTest/testdb.cblite2
06-26 18:20:41.649 2796 2812 I CouchbaseLite/DATABASE: {DB#2847}==> N8litecore14SQLiteDataFileE /data/user/0/com.couchbase.lite.test/files/CouchbaseLiteTest/testdb.cblite2/db.sqlite3 @0xcf544700
06-26 18:20:41.649 2796 2812 I CouchbaseLite/DATABASE: {DB#2847} Opening database
06-26 18:20:41.659 2796 2812 V CouchbaseLite/DATABASE: {DB#2847} begin transaction
06-26 18:20:41.660 2796 2812 V CouchbaseLite/DATABASE: {DB#2847} KeyStore(info) set versioning
06-26 18:20:41.660 2796 2812 V CouchbaseLite/DATABASE: {DB#2847} KeyStore(info) set publicUUID
06-26 18:20:41.660 2796 2812 V CouchbaseLite/DATABASE: {DB#2847} KeyStore(info) set privateUUID
06-26 18:20:41.660 2796 2812 V CouchbaseLite/DATABASE: {DB#2847} commit transaction
06-26 18:20:41.660 2796 2812 V CouchbaseLite/DATABASE: {DB#2847} Next expiration time is 0
06-26 18:20:41.660 2796 2812 V CouchbaseLite/DATABASE: No pending doc expirations
06-26 18:20:41.660 2796 2812 I CouchbaseLite/DATABASE: Opening Database{@bced297, name='otherdb'} at path /data/user/0/com.couchbase.lite.test/files/CouchbaseLiteTest/otherdb.cblite2
06-26 18:20:41.661 2796 2812 I CouchbaseLite/DATABASE: {N8litecore8DataFile6SharedE#2848}==> N8litecore8DataFile6SharedE 0xe8447b0c @0xe8447b0c
06-26 18:20:41.661 2796 2812 I CouchbaseLite/DATABASE: {N8litecore8DataFile6SharedE#2848} instantiated on /data/data/com.couchbase.lite.test/files/CouchbaseLiteTest/otherdb.cblite2/db.sqlite3
06-26 18:20:41.661 2796 2812 I CouchbaseLite/DATABASE: {DB#2849}==> N8litecore14SQLiteDataFileE /data/user/0/com.couchbase.lite.test/files/CouchbaseLiteTest/otherdb.cblite2/db.sqlite3 @0xcf544980
06-26 18:20:41.661 2796 2812 I CouchbaseLite/DATABASE: {DB#2849} Opening database
06-26 18:20:41.667 2796 2812 V CouchbaseLite/DATABASE: {DB#2849} begin transaction
06-26 18:20:41.667 2796 2812 V CouchbaseLite/DATABASE: {DB#2849} KeyStore(info) set versioning
06-26 18:20:41.667 2796 2812 V CouchbaseLite/DATABASE: {DB#2849} KeyStore(info) set publicUUID
06-26 18:20:41.667 2796 2812 V CouchbaseLite/DATABASE: {DB#2849} KeyStore(info) set privateUUID
06-26 18:20:41.667 2796 2812 V CouchbaseLite/DATABASE: {DB#2849} commit transaction
06-26 18:20:41.667 2796 2812 V CouchbaseLite/DATABASE: {DB#2849} Next expiration time is 0
06-26 18:20:41.667 2796 2812 V CouchbaseLite/DATABASE: No pending doc expirations
06-26 18:20:42.171 2796 2812 V CouchbaseLite/DATABASE: {DB#2849} begin transaction
06-26 18:20:42.172 2796 2812 V CouchbaseLite/DATABASE: {DB#2849} Saved 'doc4' rev #1-ff4808fa3e80574f7a4f811048025eec5ed34048 as seq 1
06-26 18:20:42.172 2796 2812 V CouchbaseLite/DATABASE: {DB#2849} KeyStore(info) set SharedKeys
06-26 18:20:42.172 2796 2812 V CouchbaseLite/DATABASE: {DB#2849} commit transaction
06-26 18:20:42.173 2796 2812 V CouchbaseLite/DATABASE: {DB#2847} begin transaction
06-26 18:20:42.173 2796 2812 V CouchbaseLite/DATABASE: {DB#2847} Saved 'doc1' rev #1-581ad726ee407c8376fc94aad966051d013893c4 as seq 1
06-26 18:20:42.173 2796 2812 V CouchbaseLite/DATABASE: {DB#2847} commit transaction
06-26 18:20:42.173 2796 2812 I CouchbaseLite/REPLICATOR: Replicator is starting .....
06-26 18:20:42.173 2796 2812 I CouchbaseLite/REPLICATOR: Replicator{@7ed4c6d,->,Database{@1805916, name='testdb'},DatabaseEndpoint{database=Database{@bced297, name='otherdb'}}]: Starting
06-26 18:20:42.174 2796 2812 I CouchbaseLite/DATABASE: {DB#2850}==> N8litecore14SQLiteDataFileE /data/user/0/com.couchbase.lite.test/files/CouchbaseLiteTest/testdb.cblite2/db.sqlite3 @0xdf035a00
06-26 18:20:42.174 2796 2812 I CouchbaseLite/DATABASE: {DB#2850} Opening database
06-26 18:20:42.175 2796 2812 I CouchbaseLite/DATABASE: {DB#2851}==> N8litecore14SQLiteDataFileE /data/user/0/com.couchbase.lite.test/files/CouchbaseLiteTest/otherdb.cblite2/db.sqlite3 @0xdf061080
06-26 18:20:42.175 2796 2812 I CouchbaseLite/DATABASE: {DB#2851} Opening database
06-26 18:20:42.177 2796 2812 I CouchbaseLite/NETWORK: {N8litecore4blip10ConnectionE#2852}==> N8litecore4blip10ConnectionE ->file:////data/user/0/com.couchbase.lite.test/files/CouchbaseLiteTest/testdb.cblite2/ @0xde0b3078
06-26 18:20:42.177 2796 2812 I CouchbaseLite/NETWORK: {N8litecore4blip10ConnectionE#2852} Opening connection...
06-26 18:20:42.178 2796 2812 I CouchbaseLite/REPLICATOR: {Repl#2853}==> N8litecore4repl10ReplicatorE /data/user/0/com.couchbase.lite.test/files/CouchbaseLiteTest/testdb.cblite2/ ->file:////data/user/0/com.couchbase.lite.test/files/CouchbaseLiteTest/testdb.cblite2/ @0xcf22a6c8
06-26 18:20:42.178 2796 2812 I CouchbaseLite/REPLICATOR: {Repl#2853} Push=one-shot, Options={{headers:{User-Agent:"CouchbaseLite/2.6.0-SNAPSHOT (Java; Android 8.1.0; Android SDK built for x86) EE/debug Build/0 Commit/d6552c7 Core/2.6.0 (136)"}, noDeltas:1, progress:0}}
06-26 18:20:42.178 2796 2812 I CouchbaseLite/NETWORK: {N8litecore4blip10ConnectionE#2854}==> N8litecore4blip10ConnectionE <-file:////data/user/0/com.couchbase.lite.test/files/CouchbaseLiteTest/otherdb.cblite2/ @0xde0b4568
06-26 18:20:42.178 2796 2812 I CouchbaseLite/NETWORK: {N8litecore4blip10ConnectionE#2854} Accepted connection
06-26 18:20:42.178 2796 2812 I CouchbaseLite/REPLICATOR: {repl#2855}==> N8litecore4repl10ReplicatorE /data/user/0/com.couchbase.lite.test/files/CouchbaseLiteTest/otherdb.cblite2/ <-file:////data/user/0/com.couchbase.lite.test/files/CouchbaseLiteTest/otherdb.cblite2/ @0xcf22a1c8
06-26 18:20:42.178 2796 2812 I CouchbaseLite/REPLICATOR: {repl#2855} Push=passive, Pull=passive, Options={{noDeltas:1, noIncomingConflicts:1}}
06-26 18:20:42.179 2796 2871 I CouchbaseLite/REPLICATOR: {repl#2855} activityLevel=connecting: connectionState=1
06-26 18:20:42.179 2796 2812 I CouchbaseLite/REPLICATOR: Replicator{@7ed4c6d,->,Database{@1805916, name='testdb'},DatabaseEndpoint{database=Database{@bced297, name='otherdb'}}] is connecting, progress 0/0, error: null
06-26 18:20:42.179 2796 2871 V CouchbaseLite/DATABASE: {DB#2850} begin transaction
06-26 18:20:42.180 2796 2812 I CouchbaseLite/REPLICATOR: C4ReplicatorListener.statusChanged, context: Replicator{@7ed4c6d,->,Database{@1805916, name='testdb'},DatabaseEndpoint{database=Database{@bced297, name='otherdb'}}], status: C4ReplicatorStatus{activityLevel=2, progressUnitsCompleted=0, progressUnitsTotal=0, progressDocumentCount=0, errorDomain=0, errorCode=0, errorInternalInfo=0}
06-26 18:20:42.180 2796 2871 V CouchbaseLite/DATABASE: {DB#2850} KeyStore(info) set remotes
06-26 18:20:42.180 2796 2871 V CouchbaseLite/DATABASE: {DB#2850} commit transaction
06-26 18:20:42.180 2796 2838 I CouchbaseLite/REPLICATOR: Replicator{@7ed4c6d,->,Database{@1805916, name='testdb'},DatabaseEndpoint{database=Database{@bced297, name='otherdb'}}]: status changed: C4ReplicatorStatus{activityLevel=2, progressUnitsCompleted=0, progressUnitsTotal=0, progressDocumentCount=0, errorDomain=0, errorCode=0, errorInternalInfo=0}
06-26 18:20:42.180 2796 2838 I CouchbaseLite/REPLICATOR: Replicator{@7ed4c6d,->,Database{@1805916, name='testdb'},DatabaseEndpoint{database=Database{@bced297, name='otherdb'}}] is connecting, progress 0/0, error: null
06-26 18:20:42.180 2796 2838 I CouchbaseLite/Test: ReplicatorChangeListener.changed() status: CONNECTING(0/0), lastError: null
06-26 18:20:42.180 2796 2871 V CouchbaseLite/REPLICATOR: {Repl#2853} Remote-DB ID 1 found for target
06-26 18:20:42.181 2796 2872 V CouchbaseLite/NETWORK: {LoopbackWS#2856}==> N8litecore9websocket17LoopbackWebSocket6DriverE <-file:////data/user/0/com.couchbase.lite.test/files/CouchbaseLiteTest/otherdb.cblite2/ @0xdf061644
06-26 18:20:42.181 2796 2872 V CouchbaseLite/NETWORK: {LoopbackWS#2856} Connecting to peer...
06-26 18:20:42.181 2796 2872 V CouchbaseLite/NETWORK: {LoopbackWS#2857}==> N8litecore9websocket17LoopbackWebSocket6DriverE ->file:////data/user/0/com.couchbase.lite.test/files/CouchbaseLiteTest/testdb.cblite2/ @0xdf0615c4
06-26 18:20:42.181 2796 2872 V CouchbaseLite/NETWORK: {LoopbackWS#2857} Connecting to peer...
06-26 18:20:42.182 2796 2872 V CouchbaseLite/NETWORK: {LoopbackWS#2856} (Peer is connecting...)
06-26 18:20:42.182 2796 2872 I CouchbaseLite/NETWORK: {LoopbackWS#2856} CONNECTED
06-26 18:20:42.182 2796 2872 I CouchbaseLite/NETWORK: {N8litecore4blip10ConnectionE#2854} Connected!
06-26 18:20:42.182 2796 2872 V CouchbaseLite/NETWORK: {LoopbackWS#2857} (Peer is connecting...)
06-26 18:20:42.183 2796 2872 I CouchbaseLite/NETWORK: {LoopbackWS#2857} CONNECTED
06-26 18:20:42.183 2796 2872 I CouchbaseLite/NETWORK: {N8litecore4blip10ConnectionE#2852} Connected!
06-26 18:20:42.183 2796 2872 I CouchbaseLite/REPLICATOR: {repl#2855} activityLevel=connecting: connectionState=1
06-26 18:20:42.183 2796 2872 V CouchbaseLite/NETWORK: {N8litecore4blip6BLIPIOE#2858}==> N8litecore4blip6BLIPIOE ->file:////data/user/0/com.couchbase.lite.test/files/CouchbaseLiteTest/testdb.cblite2/ @0xcf250244
06-26 18:20:42.184 2796 2872 V CouchbaseLite/NETWORK: {N8litecore4blip6BLIPIOE#2858} WebSocket is hungry!
06-26 18:20:42.184 2796 2872 V CouchbaseLite/NETWORK: {N8litecore4blip6BLIPIOE#2858} ...Wrote 0 bytes to WebSocket (writeable=1)
06-26 18:20:42.184 2796 2872 V CouchbaseLite/NETWORK: {N8litecore4blip6BLIPIOE#2859}==> N8litecore4blip6BLIPIOE <-file:////data/user/0/com.couchbase.lite.test/files/CouchbaseLiteTest/otherdb.cblite2/ @0xcf250444
06-26 18:20:42.184 2796 2872 V CouchbaseLite/NETWORK: {N8litecore4blip6BLIPIOE#2859} WebSocket is hungry!
06-26 18:20:42.185 2796 2872 V CouchbaseLite/NETWORK: {N8litecore4blip6BLIPIOE#2859} ...Wrote 0 bytes to WebSocket (writeable=1)
06-26 18:20:42.185 2796 2872 I CouchbaseLite/REPLICATOR: {repl#2855} Connected!
06-26 18:20:42.185 2796 2872 I CouchbaseLite/REPLICATOR: {repl#2855} activityLevel=busy: connectionState=2
06-26 18:20:42.185 2796 2872 I CouchbaseLite/REPLICATOR: {repl#2855} now busy
06-26 18:20:42.185 2796 2871 V CouchbaseLite/REPLICATOR: {Repl#2853} Checkpoint doc ID = cp-Zrho65lMV+re8j1aV5B+2cg/4ow=
06-26 18:20:42.187 2796 2871 I CouchbaseLite/REPLICATOR: {Repl#2853} No local checkpoint 'cp-Zrho65lMV+re8j1aV5B+2cg/4ow='
06-26 18:20:42.187 2796 2871 I CouchbaseLite/REPLICATOR: {Repl#2853} activityLevel=connecting: connectionState=1
06-26 18:20:42.187 2796 2871 I CouchbaseLite/REPLICATOR: {Repl#2853} activityLevel=connecting: connectionState=1
06-26 18:20:42.187 2796 2871 I CouchbaseLite/REPLICATOR: {Repl#2853} Connected!
06-26 18:20:42.188 2796 2871 V CouchbaseLite/REPLICATOR: {Repl#2853} Requesting remote checkpoint
06-26 18:20:42.188 2796 2872 V CouchbaseLite/NETWORK: {N8litecore4blip6BLIPIOE#2858} Sending 'getCheckpoint' REQ #1
06-26 18:20:42.188 2796 2872 V CouchbaseLite/NETWORK: {N8litecore4blip6BLIPIOE#2858} Sending frame: REQ #1 ----, bytes 0--65
06-26 18:20:42.188 2796 2872 V CouchbaseLite/NETWORK: {N8litecore4blip6BLIPIOE#2858} Finished sending REQ #1
06-26 18:20:42.188 2796 2872 V CouchbaseLite/NETWORK: {N8litecore4blip6BLIPIOE#2858} ...Wrote 68 bytes to WebSocket (writeable=1)
06-26 18:20:42.189 2796 2871 I CouchbaseLite/REPLICATOR: {Repl#2853} activityLevel=busy: connectionState=2
06-26 18:20:42.189 2796 2871 I CouchbaseLite/REPLICATOR: {Repl#2853} now busy
06-26 18:20:42.189 2796 2872 I CouchbaseLite/REPLICATOR: {n8litecore4repl6pushere#2860}==> N8litecore4repl6PusherE ->file:////data/user/0/com.couchbase.lite.test/files/CouchbaseLiteTest/testdb.cblite2/ @0xcd145ac8
06-26 18:20:42.189 2796 2872 I CouchbaseLite/REPLICATOR: {n8litecore4repl6pushere#2860} Starting push from local seq #1
06-26 18:20:42.190 2796 2872 V CouchbaseLite/REPLICATOR: {n8litecore4repl6pushere#2860} Asking DB for 200 changes since sequence #0 ...
06-26 18:20:42.190 2796 2872 V CouchbaseLite/REPLICATOR: {n8litecore4repl6pushere#2860} Reading up to 200 local changes since #0
06-26 18:20:42.190 2796 2871 I CouchbaseLite/REPLICATOR: C4ReplicatorListener.statusChanged, context: Replicator{@7ed4c6d,->,Database{@1805916, name='testdb'},DatabaseEndpoint{database=Database{@bced297, name='otherdb'}}], status: C4ReplicatorStatus{activityLevel=4, progressUnitsCompleted=0, progressUnitsTotal=0, progressDocumentCount=0, errorDomain=0, errorCode=0, errorInternalInfo=0}
06-26 18:20:42.190 2796 2871 I CouchbaseLite/REPLICATOR: {Repl#2853} activityLevel=busy: connectionState=2
06-26 18:20:42.191 2796 2871 V CouchbaseLite/NETWORK: {N8litecore4blip6BLIPIOE#2859} Received frame: REQ #1 ----, length 66
06-26 18:20:42.191 2796 2872 I CouchbaseLite/REPLICATOR: {n8litecore4repl6pushere#2860} Read 1 local changes up to #1: sending 'proposeChanges' with sequences #1 - #1
06-26 18:20:42.191 2796 2871 V CouchbaseLite/NETWORK: {N8litecore4blip10ConnectionE#2854} Receiving 'getCheckpoint' REQ #1
06-26 18:20:42.191 2796 2871 V CouchbaseLite/NETWORK: {N8litecore4blip10ConnectionE#2854} Finished receiving 'getCheckpoint' REQ #1
06-26 18:20:42.191 2796 2871 V CouchbaseLite/NETWORK: {N8litecore4blip6BLIPIOE#2858} Sending 'proposeChanges' REQ #2 UZ
06-26 18:20:42.192 2796 2871 V CouchbaseLite/NETWORK: {N8litecore4blip6BLIPIOE#2858} Sending frame: REQ #2 -U-C, bytes 0--88
06-26 18:20:42.192 2796 2871 V CouchbaseLite/NETWORK: {N8litecore4blip6BLIPIOE#2858} Finished sending REQ #2 UZ
06-26 18:20:42.192 2796 2871 V CouchbaseLite/NETWORK: {N8litecore4blip6BLIPIOE#2858} ...Wrote 91 bytes to WebSocket (writeable=1)
06-26 18:20:42.192 2796 2871 I CouchbaseLite/REPLICATOR: {repl#2855} Request to get checkpoint 'cp-Zrho65lMV+re8j1aV5B+2cg/4ow='
06-26 18:20:42.193 2796 2871 I CouchbaseLite/REPLICATOR: {repl#2855} activityLevel=busy: connectionState=2
06-26 18:20:42.193 2796 2871 V CouchbaseLite/NETWORK: {N8litecore4blip6BLIPIOE#2859} Sending ERR #1
06-26 18:20:42.193 2796 2871 V CouchbaseLite/NETWORK: {N8litecore4blip6BLIPIOE#2859} Sending frame: ERR #1 ----, bytes 0--37
06-26 18:20:42.193 2796 2871 V CouchbaseLite/NETWORK: {N8litecore4blip6BLIPIOE#2859} Finished sending ERR #1
06-26 18:20:42.193 2796 2871 V CouchbaseLite/NETWORK: {N8litecore4blip6BLIPIOE#2859} ...Wrote 40 bytes to WebSocket (writeable=1)
06-26 18:20:42.193 2796 2871 V CouchbaseLite/NETWORK: {N8litecore4blip6BLIPIOE#2858} Received frame: ERR #1 ----, length 38
06-26 18:20:42.194 2796 2871 V CouchbaseLite/NETWORK: {N8litecore4blip10ConnectionE#2852} Receiving ERR #1
06-26 18:20:42.194 2796 2871 V CouchbaseLite/NETWORK: {N8litecore4blip10ConnectionE#2852} Finished receiving ERR #1
06-26 18:20:42.194 2796 2871 V CouchbaseLite/NETWORK: {N8litecore4blip6BLIPIOE#2859} Received frame: REQ #2 -U-C, length 89
06-26 18:20:42.194 2796 2871 V CouchbaseLite/NETWORK: {N8litecore4blip10ConnectionE#2854} Receiving 'proposeChanges' REQ #2 UZ
06-26 18:20:42.194 2796 2871 V CouchbaseLite/NETWORK: {N8litecore4blip10ConnectionE#2854} Finished receiving 'proposeChanges' REQ #2 UZ
06-26 18:20:42.194 2796 2871 I CouchbaseLite/REPLICATOR: {Repl#2853} No remote checkpoint
06-26 18:20:42.194 2796 2871 I CouchbaseLite/REPLICATOR: {Repl#2853} activityLevel=busy: connectionState=2
06-26 18:20:42.195 2796 2871 V CouchbaseLite/REPLICATOR: {n8litecore4repl6pullere#2861}==> N8litecore4repl6PullerE <-file:////data/user/0/com.couchbase.lite.test/files/CouchbaseLiteTest/otherdb.cblite2/ @0xcf54ba88
06-26 18:20:42.195 2796 2871 V CouchbaseLite/REPLICATOR: {n8litecore4repl6pullere#2861} Received 'proposeChanges' REQ#2 (0 queued; 0 revs pending, 0 active, 0 unfinished)
06-26 18:20:42.195 2796 2871 V CouchbaseLite/REPLICATOR: {n8litecore4repl6pullere#2861} Handling 'proposeChanges' REQ#2
06-26 18:20:42.195 2796 2871 I CouchbaseLite/REPLICATOR: {n8litecore4repl6pullere#2861} activityLevel=busy: pendingResponseCount=0, _caughtUp=0, _pendingRevMessages=0, _activeIncomingRevs=0
06-26 18:20:42.195 2796 2871 V CouchbaseLite/REPLICATOR: {n8litecore4repl6pullere#2861} now busy
06-26 18:20:42.195 2796 2871 I CouchbaseLite/REPLICATOR: {n8litecore4repl9revfindere#2862}==> N8litecore4repl9RevFinderE <-file:////data/user/0/com.couchbase.lite.test/files/CouchbaseLiteTest/otherdb.cblite2/ @0xcf2c4de8
06-26 18:20:42.196 2796 2871 I CouchbaseLite/REPLICATOR: {n8litecore4repl9revfindere#2862} Received 1 changes
06-26 18:20:42.196 2796 2871 I CouchbaseLite/REPLICATOR: {n8litecore4repl9revfindere#2862} Responded to 'proposeChanges' REQ#2 w/request for 1 revs
06-26 18:20:42.196 2796 2871 V CouchbaseLite/REPLICATOR: {n8litecore4repl9revfindere#2862} now idle
06-26 18:20:42.196 2796 2871 I CouchbaseLite/REPLICATOR: {repl#2855} pushStatus=busy, pullStatus=busy, progress=0/0
06-26 18:20:42.196 2796 2871 I CouchbaseLite/REPLICATOR: {repl#2855} activityLevel=busy: connectionState=2
06-26 18:20:42.197 2796 2871 I CouchbaseLite/REPLICATOR: {n8litecore4repl6pullere#2861} activityLevel=busy: pendingResponseCount=0, _caughtUp=0, _pendingRevMessages=1, _activeIncomingRevs=0
06-26 18:20:42.197 2796 2871 V CouchbaseLite/NETWORK: {N8litecore4blip6BLIPIOE#2859} Sending RES #2 UZ
06-26 18:20:42.197 2796 2871 V CouchbaseLite/NETWORK: {N8litecore4blip6BLIPIOE#2859} Sending frame: RES #2 -U-C, bytes 0--33
06-26 18:20:42.197 2796 2871 V CouchbaseLite/NETWORK: {N8litecore4blip6BLIPIOE#2859} Finished sending RES #2 UZ
06-26 18:20:42.197 2796 2871 V CouchbaseLite/NETWORK: {N8litecore4blip6BLIPIOE#2859} ...Wrote 36 bytes to WebSocket (writeable=1)
06-26 18:20:42.197 2796 2871 I CouchbaseLite/REPLICATOR: {repl#2855} pushStatus=busy, pullStatus=busy, progress=0/0
06-26 18:20:42.197 2796 2871 I CouchbaseLite/REPLICATOR: {repl#2855} activityLevel=busy: connectionState=2
06-26 18:20:42.198 2796 2871 V CouchbaseLite/NETWORK: {N8litecore4blip6BLIPIOE#2858} Received frame: RES #2 -U-C, length 34
06-26 18:20:42.198 2796 2871 V CouchbaseLite/NETWORK: {N8litecore4blip10ConnectionE#2852} Receiving RES #2 UZ
06-26 18:20:42.198 2796 2871 V CouchbaseLite/NETWORK: {N8litecore4blip10ConnectionE#2852} Finished receiving RES #2 UZ
06-26 18:20:42.198 2796 2838 I CouchbaseLite/REPLICATOR: Replicator{@7ed4c6d,->,Database{@1805916, name='testdb'},DatabaseEndpoint{database=Database{@bced297, name='otherdb'}}]: status changed: C4ReplicatorStatus{activityLevel=4, progressUnitsCompleted=0, progressUnitsTotal=0, progressDocumentCount=0, errorDomain=0, errorCode=0, errorInternalInfo=0}
06-26 18:20:42.198 2796 2872 I CouchbaseLite/REPLICATOR: {n8litecore4repl6pushere#2860} Caught up, at lastSequence #1
06-26 18:20:42.198 2796 2872 V CouchbaseLite/REPLICATOR: {n8litecore4repl6pushere#2860} progress +0/+36, 0 docs -- now 0 / 36, 0 docs
06-26 18:20:42.198 2796 2872 I CouchbaseLite/REPLICATOR: {n8litecore4repl6pushere#2860} activityLevel=busy: pendingResponseCount=1, caughtUp=1, changeLists=1, revsInFlight=0, blobsInFlight=0, awaitingReply=0, revsToSend=0, pushingDocs=1, pendingSequences=1
06-26 18:20:42.198 2796 2872 V CouchbaseLite/REPLICATOR: {n8litecore4repl6pushere#2860} now busy
06-26 18:20:42.199 2796 2872 I CouchbaseLite/REPLICATOR: {Repl#2853} pushStatus=busy, pullStatus=stopped, progress=0/36
06-26 18:20:42.199 2796 2872 V CouchbaseLite/REPLICATOR: {Repl#2853} progress +0/+36, 0 docs -- now 0 / 36, 0 docs
06-26 18:20:42.199 2796 2872 I CouchbaseLite/REPLICATOR: {Repl#2853} activityLevel=busy: connectionState=2
06-26 18:20:42.199 2796 2872 I CouchbaseLite/REPLICATOR: {n8litecore4repl6pushere#2860} activityLevel=busy: pendingResponseCount=1, caughtUp=1, changeLists=1, revsInFlight=0, blobsInFlight=0, awaitingReply=0, revsToSend=0, pushingDocs=1, pendingSequences=1
06-26 18:20:42.199 2796 2872 I CouchbaseLite/REPLICATOR: {n8litecore4repl6pushere#2860} Got response for 1 local changes (sequences from 1)
06-26 18:20:42.199 2796 2838 I CouchbaseLite/REPLICATOR: Replicator{@7ed4c6d,->,Database{@1805916, name='testdb'},DatabaseEndpoint{database=Database{@bced297, name='otherdb'}}] is busy, progress 0/0, error: null
06-26 18:20:42.199 2796 2838 I CouchbaseLite/Test: ReplicatorChangeListener.changed() status: BUSY(0/0), lastError: null
06-26 18:20:42.199 2796 2872 V CouchbaseLite/REPLICATOR: {n8litecore4repl6pushere#2860} Queueing rev 'doc1' #1-581ad726ee407c8376fc94aad966051d013893c4 (seq #1) [1 queued]
06-26 18:20:42.200 2796 2872 V CouchbaseLite/REPLICATOR: {n8litecore4repl6pushere#2860} Sending rev doc1 1-581ad726ee407c8376fc94aad966051d013893c4 (seq #1) [1/10]
06-26 18:20:42.200 2796 2872 V CouchbaseLite/REPLICATOR: {n8litecore4repl6pushere#2860} Reading document 'doc1' #1-581ad726ee407c8376fc94aad966051d013893c4
06-26 18:20:42.200 2796 2872 V CouchbaseLite/REPLICATOR: {n8litecore4repl6pushere#2860} Transmitting 'rev' message with 'doc1' #1-581ad726ee407c8376fc94aad966051d013893c4
06-26 18:20:42.200 2796 2872 I CouchbaseLite/REPLICATOR: {n8litecore4repl6pushere#2860} activityLevel=busy: pendingResponseCount=1, caughtUp=1, changeLists=0, revsInFlight=1, blobsInFlight=0, awaitingReply=0, revsToSend=0, pushingDocs=1, pendingSequences=1
06-26 18:20:42.200 2796 2871 V CouchbaseLite/NETWORK: {N8litecore4blip6BLIPIOE#2858} Sending 'rev' REQ #3 Z
06-26 18:20:42.201 2796 2871 V CouchbaseLite/NETWORK: {N8litecore4blip6BLIPIOE#2858} Sending frame: REQ #3 ---C, bytes 0--48
06-26 18:20:42.201 2796 2872 I CouchbaseLite/REPLICATOR: {n8litecore4repl6pushere#2860} activityLevel=busy: pendingResponseCount=1, caughtUp=1, changeLists=0, revsInFlight=0, blobsInFlight=0, awaitingReply=95, revsToSend=0, pushingDocs=1, pendingSequences=1
06-26 18:20:42.201 2796 2871 V CouchbaseLite/NETWORK: {N8litecore4blip6BLIPIOE#2858} Finished sending REQ #3 Z
06-26 18:20:42.201 2796 2871 V CouchbaseLite/NETWORK: {N8litecore4blip6BLIPIOE#2858} ...Wrote 51 bytes to WebSocket (writeable=1)
06-26 18:20:42.201 2796 2872 V CouchbaseLite/NETWORK: {N8litecore4blip6BLIPIOE#2859} Received frame: REQ #3 ---C, length 49
06-26 18:20:42.202 2796 2872 V CouchbaseLite/NETWORK: {N8litecore4blip10ConnectionE#2854} Receiving 'rev' REQ #3 Z
06-26 18:20:42.202 2796 2872 V CouchbaseLite/NETWORK: {N8litecore4blip10ConnectionE#2854} Finished receiving 'rev' REQ #3 Z
06-26 18:20:42.202 2796 2871 I CouchbaseLite/REPLICATOR: {n8litecore4repl6pullere#2861} activityLevel=busy: pendingResponseCount=0, _caughtUp=0, _pendingRevMessages=0, _activeIncomingRevs=1
06-26 18:20:42.202 2796 2872 V CouchbaseLite/REPLICATOR: {n8litecore4repl11incomingreve#2863}==> N8litecore4repl11IncomingRevE <-file:////data/user/0/com.couchbase.lite.test/files/CouchbaseLiteTest/otherdb.cblite2/ @0xdf015208
06-26 18:20:42.202 2796 2872 V CouchbaseLite/REPLICATOR: {n8litecore4repl11incomingreve#2863} Received revision 'doc1' #1-581ad726ee407c8376fc94aad966051d013893c4 (seq '1')
06-26 18:20:42.203 2796 2872 I CouchbaseLite/REPLICATOR: {n8litecore4repl6pullere#2861} activityLevel=busy: pendingResponseCount=0, _caughtUp=0, _pendingRevMessages=0, _activeIncomingRevs=1
06-26 18:20:42.228 2796 2872 V CouchbaseLite/REPLICATOR: {n8litecore4repl8insertere#2864}==> N8litecore4repl8InserterE <-file:////data/user/0/com.couchbase.lite.test/files/CouchbaseLiteTest/otherdb.cblite2/ @0xe09d8048
06-26 18:20:42.228 2796 2872 V CouchbaseLite/REPLICATOR: {n8litecore4repl8insertere#2864} Inserting 1 revs:
06-26 18:20:42.228 2796 2872 I CouchbaseLite/DATABASE: {DB#2865}==> N8litecore14SQLiteDataFileE /data/user/0/com.couchbase.lite.test/files/CouchbaseLiteTest/otherdb.cblite2/db.sqlite3 @0xcfdb4d00
06-26 18:20:42.228 2796 2872 I CouchbaseLite/DATABASE: {DB#2865} Opening database
06-26 18:20:42.230 2796 2872 V CouchbaseLite/DATABASE: {DB#2865} begin transaction
06-26 18:20:42.230 2796 2872 V CouchbaseLite/DATABASE: {DB#2865} Saved 'doc1' rev #1-581ad726ee407c8376fc94aad966051d013893c4 as seq 2
06-26 18:20:42.230 2796 2872 V CouchbaseLite/REPLICATOR: {n8litecore4repl8insertere#2864} {'doc1' #1-581ad726ee407c8376fc94aad966051d013893c4 <- } seq 2
06-26 18:20:42.231 2796 2872 V CouchbaseLite/DATABASE: {DB#2865} commit transaction
06-26 18:20:42.231 2796 2871 I CouchbaseLite/REPLICATOR: {n8litecore4repl6pullere#2861} activityLevel=busy: pendingResponseCount=0, _caughtUp=0, _pendingRevMessages=0, _activeIncomingRevs=0
06-26 18:20:42.232 2796 2872 I CouchbaseLite/REPLICATOR: {n8litecore4repl8insertere#2864} Inserted 1 revs in 3.28ms ( 305/sec) of which 99.6% was commit
06-26 18:20:42.232 2796 2872 V CouchbaseLite/REPLICATOR: {n8litecore4repl8insertere#2864} now idle
06-26 18:20:42.232 2796 2871 V CouchbaseLite/NETWORK: {N8litecore4blip6BLIPIOE#2859} Sending RES #3
06-26 18:20:42.232 2796 2871 V CouchbaseLite/NETWORK: {N8litecore4blip6BLIPIOE#2859} Sending frame: RES #3 ----, bytes 0--4
06-26 18:20:42.233 2796 2872 V CouchbaseLite/REPLICATOR: {n8litecore4repl6pullere#2861} progress +0/+0, 1 docs -- now 0 / 0, 1 docs
06-26 18:20:42.233 2796 2872 I CouchbaseLite/REPLICATOR: {n8litecore4repl6pullere#2861} activityLevel=busy: pendingResponseCount=0, _caughtUp=0, _pendingRevMessages=0, _activeIncomingRevs=0
06-26 18:20:42.233 2796 2872 I CouchbaseLite/REPLICATOR: {repl#2855} pushStatus=busy, pullStatus=busy, progress=0/0
06-26 18:20:42.233 2796 2872 I CouchbaseLite/REPLICATOR: {repl#2855} activityLevel=busy: connectionState=2
06-26 18:20:42.234 2796 2871 V CouchbaseLite/NETWORK: {N8litecore4blip6BLIPIOE#2859} Finished sending RES #3
06-26 18:20:42.234 2796 2871 V CouchbaseLite/NETWORK: {N8litecore4blip6BLIPIOE#2859} ...Wrote 7 bytes to WebSocket (writeable=1)
06-26 18:20:42.235 2796 2872 I CouchbaseLite/REPLICATOR: {n8litecore4repl6pullere#2861} activityLevel=idle: pendingResponseCount=0, _caughtUp=0, _pendingRevMessages=0, _activeIncomingRevs=0
06-26 18:20:42.235 2796 2872 V CouchbaseLite/REPLICATOR: {n8litecore4repl6pullere#2861} now idle
06-26 18:20:42.235 2796 2871 I CouchbaseLite/REPLICATOR: {repl#2855} pushStatus=busy, pullStatus=busy, progress=0/0
06-26 18:20:42.235 2796 2871 V CouchbaseLite/REPLICATOR: {repl#2855} progress +0/+0, 1 docs -- now 0 / 0, 1 docs
06-26 18:20:42.235 2796 2871 I CouchbaseLite/REPLICATOR: {repl#2855} activityLevel=busy: connectionState=2
06-26 18:20:42.236 2796 2872 V CouchbaseLite/NETWORK: {N8litecore4blip6BLIPIOE#2858} Received frame: RES #3 ----, length 5
06-26 18:20:42.236 2796 2871 I CouchbaseLite/REPLICATOR: {repl#2855} pushStatus=busy, pullStatus=idle, progress=0/0
06-26 18:20:42.236 2796 2871 I CouchbaseLite/REPLICATOR: {repl#2855} activityLevel=busy: connectionState=2
06-26 18:20:42.236 2796 2872 V CouchbaseLite/NETWORK: {N8litecore4blip10ConnectionE#2852} Receiving RES #3
06-26 18:20:42.236 2796 2872 V CouchbaseLite/NETWORK: {N8litecore4blip10ConnectionE#2852} Finished receiving RES #3
06-26 18:20:42.237 2796 2872 V CouchbaseLite/REPLICATOR: {n8litecore4repl6pushere#2860} Completed rev doc1 #1-581ad726ee407c8376fc94aad966051d013893c4 (seq #1)
06-26 18:20:42.237 2796 2872 V CouchbaseLite/REPLICATOR: {n8litecore4repl6pushere#2860} Checkpoint now at #1
06-26 18:20:42.237 2796 2872 V CouchbaseLite/REPLICATOR: {n8litecore4repl6pushere#2860} progress +36/+0, 1 docs -- now 36 / 36, 1 docs
06-26 18:20:42.237 2796 2872 I CouchbaseLite/REPLICATOR: {n8litecore4repl6pushere#2860} activityLevel=stopped: pendingResponseCount=0, caughtUp=1, changeLists=0, revsInFlight=0, blobsInFlight=0, awaitingReply=0, revsToSend=0, pushingDocs=0, pendingSequences=0
06-26 18:20:42.237 2796 2872 V CouchbaseLite/REPLICATOR: {n8litecore4repl6pushere#2860} now stopped
06-26 18:20:42.238 2796 2872 I CouchbaseLite/REPLICATOR: {Repl#2853} pushStatus=stopped, pullStatus=stopped, progress=36/36
06-26 18:20:42.238 2796 2872 V CouchbaseLite/REPLICATOR: {Repl#2853} progress +36/+0, 1 docs -- now 36 / 36, 1 docs
06-26 18:20:42.238 2796 2872 I CouchbaseLite/REPLICATOR: {Repl#2853} activityLevel=busy: connectionState=2
06-26 18:20:42.238 2796 2872 V CouchbaseLite/REPLICATOR: {Repl#2853} Saving remote checkpoint cp-Zrho65lMV+re8j1aV5B+2cg/4ow= with rev='': {"local":1} ...
06-26 18:20:42.238 2796 2872 I CouchbaseLite/REPLICATOR: {Repl#2853} activityLevel=busy: connectionState=2
06-26 18:20:42.239 2796 2871 V CouchbaseLite/NETWORK: {N8litecore4blip6BLIPIOE#2858} Sending 'setCheckpoint' REQ #4
06-26 18:20:42.239 2796 2871 V CouchbaseLite/NETWORK: {N8litecore4blip6BLIPIOE#2858} Sending frame: REQ #4 ----, bytes 0--81
06-26 18:20:42.239 2796 2872 I CouchbaseLite/REPLICATOR: {Repl#2853} activityLevel=busy: connectionState=2
06-26 18:20:42.239 2796 2871 V CouchbaseLite/NETWORK: {N8litecore4blip6BLIPIOE#2858} Finished sending REQ #4
06-26 18:20:42.240 2796 2872 V CouchbaseLite/NETWORK: {N8litecore4blip6BLIPIOE#2859} Received frame: REQ #4 ----, length 82
06-26 18:20:42.240 2796 2872 V CouchbaseLite/NETWORK: {N8litecore4blip10ConnectionE#2854} Receiving 'setCheckpoint' REQ #4
06-26 18:20:42.240 2796 2872 V CouchbaseLite/NETWORK: {N8litecore4blip10ConnectionE#2854} Finished receiving 'setCheckpoint' REQ #4
06-26 18:20:42.240 2796 2871 V CouchbaseLite/NETWORK: {N8litecore4blip6BLIPIOE#2858} ...Wrote 84 bytes to WebSocket (writeable=1)
06-26 18:20:42.240 2796 2872 V CouchbaseLite/DATABASE: {DB#2851} begin transaction
06-26 18:20:42.241 2796 2872 I CouchbaseLite/REPLICATOR: {repl#2855} Request to set checkpoint 'cp-Zrho65lMV+re8j1aV5B+2cg/4ow='
06-26 18:20:42.241 2796 2872 V CouchbaseLite/DATABASE: {DB#2851} KeyStore(peerCheckpoints) set cp-Zrho65lMV+re8j1aV5B+2cg/4ow=
06-26 18:20:42.241 2796 2872 V CouchbaseLite/DATABASE: {DB#2851} commit transaction
06-26 18:20:42.242 2796 2872 I CouchbaseLite/REPLICATOR: {repl#2855} activityLevel=busy: connectionState=2
06-26 18:20:42.242 2796 2871 V CouchbaseLite/NETWORK: {N8litecore4blip6BLIPIOE#2859} Sending RES #4
06-26 18:20:42.242 2796 2871 V CouchbaseLite/NETWORK: {N8litecore4blip6BLIPIOE#2859} Sending frame: RES #4 ----, bytes 0--13
06-26 18:20:42.242 2796 2871 V CouchbaseLite/NETWORK: {N8litecore4blip6BLIPIOE#2859} Finished sending RES #4
06-26 18:20:42.243 2796 2872 V CouchbaseLite/NETWORK: {N8litecore4blip6BLIPIOE#2858} Received frame: RES #4 ----, length 14
06-26 18:20:42.243 2796 2872 V CouchbaseLite/NETWORK: {N8litecore4blip10ConnectionE#2852} Receiving RES #4
06-26 18:20:42.243 2796 2872 V CouchbaseLite/NETWORK: {N8litecore4blip10ConnectionE#2852} Finished receiving RES #4
06-26 18:20:42.243 2796 2872 I CouchbaseLite/REPLICATOR: {Repl#2853} Saved remote checkpoint cp-Zrho65lMV+re8j1aV5B+2cg/4ow= as rev='1-cc'
06-26 18:20:42.244 2796 2871 V CouchbaseLite/NETWORK: {N8litecore4blip6BLIPIOE#2859} ...Wrote 16 bytes to WebSocket (writeable=1)
06-26 18:20:42.244 2796 2872 I CouchbaseLite/DATABASE: {DB#2866}==> N8litecore14SQLiteDataFileE /data/user/0/com.couchbase.lite.test/files/CouchbaseLiteTest/testdb.cblite2/db.sqlite3 @0xcfdb4a80
06-26 18:20:42.244 2796 2872 I CouchbaseLite/DATABASE: {DB#2866} Opening database
06-26 18:20:42.245 2796 2872 V CouchbaseLite/DATABASE: {DB#2866} begin transaction
06-26 18:20:42.246 2796 2872 V CouchbaseLite/DATABASE: {DB#2866} commit transaction
06-26 18:20:42.246 2796 2872 V CouchbaseLite/REPLICATOR: {N8litecore4repl8DBAccessE#2867}==> N8litecore4repl8DBAccessE 0xcf50c490 @0xcf50c490
06-26 18:20:42.246 2796 2872 V CouchbaseLite/REPLICATOR: {N8litecore4repl8DBAccessE#2867} Marked 1 revs as synced-to-server in 1.99ms (502/sec)
06-26 18:20:42.246 2796 2872 V CouchbaseLite/DATABASE: {DB#2850} begin transaction
06-26 18:20:42.246 2796 2872 V CouchbaseLite/DATABASE: {DB#2850} KeyStore(checkpoints) set cp-Zrho65lMV+re8j1aV5B+2cg/4ow=
06-26 18:20:42.246 2796 2872 V CouchbaseLite/DATABASE: {DB#2850} commit transaction
06-26 18:20:42.247 2796 2872 I CouchbaseLite/REPLICATOR: {Repl#2853} Saved local checkpoint cp-Zrho65lMV+re8j1aV5B+2cg/4ow= to db
06-26 18:20:42.247 2796 2872 I CouchbaseLite/REPLICATOR: {Repl#2853} activityLevel=busy: connectionState=2
06-26 18:20:42.382 2796 2838 I CouchbaseLite/QUERY: LiveQuery refresh: com.couchbase.lite.ResultSet@755d180 > null
06-26 18:20:42.383 2796 2838 I CouchbaseLite/QUERY: LiveQuery refresh: com.couchbase.lite.ResultSet@41b525b > null
06-26 18:20:42.383 2796 2837 I CouchbaseLite/QUERY: LiveQuery refresh: com.couchbase.lite.ResultSet@a210fc8 > null
06-26 18:20:42.383 2796 2838 I CouchbaseLite/QUERY: LiveQuery refresh: com.couchbase.lite.ResultSet@fc80fe0 > null
06-26 18:20:42.386 2796 2871 I CouchbaseLite/REPLICATOR: {repl#2855} activityLevel=busy: connectionState=2
06-26 18:20:42.386 2796 2871 I CouchbaseLite/REPLICATOR: {repl#2855} activityLevel=busy: connectionState=2
06-26 18:20:42.391 2796 2872 I CouchbaseLite/REPLICATOR: C4ReplicatorListener.statusChanged, context: Replicator{@7ed4c6d,->,Database{@1805916, name='testdb'},DatabaseEndpoint{database=Database{@bced297, name='otherdb'}}], status: C4ReplicatorStatus{activityLevel=4, progressUnitsCompleted=36, progressUnitsTotal=36, progressDocumentCount=1, errorDomain=0, errorCode=0, errorInternalInfo=0}
06-26 18:20:42.391 2796 2872 I CouchbaseLite/REPLICATOR: {Repl#2853} Replication complete! Closing connection
06-26 18:20:42.391 2796 2872 I CouchbaseLite/REPLICATOR: {Repl#2853} Told to stop!
06-26 18:20:42.391 2796 2872 I CouchbaseLite/NETWORK: {N8litecore4blip10ConnectionE#2852} Closing with code 1000, msg ''
06-26 18:20:42.391 2796 2872 I CouchbaseLite/REPLICATOR: {Repl#2853} activityLevel=busy: connectionState=3
06-26 18:20:42.391 2796 2872 I CouchbaseLite/REPLICATOR: {Repl#2853} activityLevel=busy: connectionState=3
06-26 18:20:42.392 2796 2872 I CouchbaseLite/NETWORK: {LoopbackWS#2857} CLOSE; status=1000
06-26 18:20:42.392 2796 2872 I CouchbaseLite/NETWORK: {LoopbackWS#2857} CLOSED with WebSocket status 1000:
06-26 18:20:42.392 2796 2872 I CouchbaseLite/NETWORK: {LoopbackWS#2856} CLOSED with WebSocket status 1000:
06-26 18:20:42.392 2796 2872 I CouchbaseLite/NETWORK: {N8litecore4blip10ConnectionE#2852} Closed with WebSocket status 1000:
06-26 18:20:42.392 2796 2872 I CouchbaseLite/NETWORK: {N8litecore4blip10ConnectionE#2854} Closed with WebSocket status 1000:
06-26 18:20:42.392 2796 2872 I CouchbaseLite/REPLICATOR: {Repl#2853} Connection closed with WebSocket status 1000: "" (state=3)
06-26 18:20:42.393 2796 2872 I CouchbaseLite/REPLICATOR: {Repl#2853} activityLevel=stopped: connectionState=0
06-26 18:20:42.393 2796 2872 I CouchbaseLite/REPLICATOR: {Repl#2853} now stopped
06-26 18:20:42.393 2796 2872 I CouchbaseLite/REPLICATOR: C4ReplicatorListener.statusChanged, context: Replicator{@7ed4c6d,->,Database{@1805916, name='testdb'},DatabaseEndpoint{database=Database{@bced297, name='otherdb'}}], status: C4ReplicatorStatus{activityLevel=0, progressUnitsCompleted=36, progressUnitsTotal=36, progressDocumentCount=1, errorDomain=0, errorCode=0, errorInternalInfo=0}
06-26 18:20:42.393 2796 2872 I CouchbaseLite/REPLICATOR: {repl#2855} Connection closed with WebSocket status 1000: "" (state=2)
06-26 18:20:42.393 2796 2872 I CouchbaseLite/REPLICATOR: {repl#2855} activityLevel=stopped: connectionState=0
06-26 18:20:42.393 2796 2872 I CouchbaseLite/REPLICATOR: {repl#2855} now stopped
06-26 18:20:42.393 2796 2872 I CouchbaseLite/REPLICATOR: BLIP sent 4 msgs (294 bytes), rcvd 0 msgs (99 bytes) in 0.210 sec. Max outbox depth was 1, avg 1.00
06-26 18:20:42.393 2796 2872 I CouchbaseLite/REPLICATOR: {n8litecore4repl6pushere#2860} activityLevel=stopped: pendingResponseCount=0, caughtUp=1, changeLists=0, revsInFlight=0, blobsInFlight=0, awaitingReply=0, revsToSend=0, pushingDocs=0, pendingSequences=0
06-26 18:20:42.394 2796 2872 V CouchbaseLite/DATABASE: {DB#2850} Pre-close housekeeping: 0 of 9 pages free (0%)
06-26 18:20:42.394 2796 2872 V CouchbaseLite/DATABASE: {DB#2850} Closed SQLite database
06-26 18:20:42.394 2796 2872 I CouchbaseLite/DATABASE: {DB#2850} Closing database
06-26 18:20:42.394 2796 2872 V CouchbaseLite/DATABASE: {DB#2866} Pre-close housekeeping: 0 of 9 pages free (0%)
06-26 18:20:42.394 2796 2872 V CouchbaseLite/DATABASE: {DB#2866} Closed SQLite database
06-26 18:20:42.395 2796 2872 I CouchbaseLite/DATABASE: {DB#2866} Closing database
06-26 18:20:42.395 2796 2872 I CouchbaseLite/REPLICATOR: {n8litecore4repl6pushere#2868}==> N8litecore4repl6PusherE <-file:////data/user/0/com.couchbase.lite.test/files/CouchbaseLiteTest/otherdb.cblite2/ @0xcd145f48
06-26 18:20:42.395 2796 2872 I CouchbaseLite/REPLICATOR: {n8litecore4repl6pushere#2868} activityLevel=stopped: pendingResponseCount=0, caughtUp=0, changeLists=0, revsInFlight=0, blobsInFlight=0, awaitingReply=0, revsToSend=0, pushingDocs=0, pendingSequences=0
06-26 18:20:42.395 2796 2872 V CouchbaseLite/REPLICATOR: {n8litecore4repl6pushere#2868} now stopped
06-26 18:20:42.395 2796 2872 I CouchbaseLite/REPLICATOR: {n8litecore4repl6pullere#2861} activityLevel=stopped: pendingResponseCount=0, _caughtUp=0, _pendingRevMessages=0, _activeIncomingRevs=0
06-26 18:20:42.395 2796 2872 V CouchbaseLite/REPLICATOR: {n8litecore4repl6pullere#2861} now stopped
06-26 18:20:42.395 2796 2872 I CouchbaseLite/REPLICATOR: BLIP sent 4 msgs (99 bytes), rcvd 4 msgs (294 bytes) in 0.213 sec. Max outbox depth was 1, avg 1.00
06-26 18:20:42.396 2796 2872 V CouchbaseLite/DATABASE: {DB#2851} Pre-close housekeeping: 0 of 8 pages free (0%)
06-26 18:20:42.396 2796 2837 I CouchbaseLite/REPLICATOR: Replicator{@7ed4c6d,->,Database{@1805916, name='testdb'},DatabaseEndpoint{database=Database{@bced297, name='otherdb'}}]: status changed: C4ReplicatorStatus{activityLevel=4, progressUnitsCompleted=36, progressUnitsTotal=36, progressDocumentCount=1, errorDomain=0, errorCode=0, errorInternalInfo=0}
06-26 18:20:42.396 2796 2837 I CouchbaseLite/REPLICATOR: Replicator{@7ed4c6d,->,Database{@1805916, name='testdb'},DatabaseEndpoint{database=Database{@bced297, name='otherdb'}}] is busy, progress 36/36, error: null
06-26 18:20:42.396 2796 2837 I CouchbaseLite/Test: ReplicatorChangeListener.changed() status: BUSY(36/36), lastError: null
06-26 18:20:42.396 2796 2838 I CouchbaseLite/REPLICATOR: Replicator{@7ed4c6d,->,Database{@1805916, name='testdb'},DatabaseEndpoint{database=Database{@bced297, name='otherdb'}}]: status changed: C4ReplicatorStatus{activityLevel=0, progressUnitsCompleted=36, progressUnitsTotal=36, progressDocumentCount=1, errorDomain=0, errorCode=0, errorInternalInfo=0}
06-26 18:20:42.396 2796 2872 V CouchbaseLite/DATABASE: {DB#2851} Closed SQLite database
06-26 18:20:42.396 2796 2872 I CouchbaseLite/DATABASE: {DB#2851} Closing database
06-26 18:20:42.397 2796 2838 I CouchbaseLite/REPLICATOR: Replicator{@7ed4c6d,->,Database{@1805916, name='testdb'},DatabaseEndpoint{database=Database{@bced297, name='otherdb'}}] is stopped, progress 36/36, error: null
06-26 18:20:42.397 2796 2872 V CouchbaseLite/DATABASE: {DB#2865} Pre-close housekeeping: 0 of 8 pages free (0%)
06-26 18:20:42.397 2796 2838 I CouchbaseLite/Test: ReplicatorChangeListener.changed() status: STOPPED(36/36), lastError: null
06-26 18:20:42.397 2796 2872 V CouchbaseLite/DATABASE: {DB#2865} Closed SQLite database
06-26 18:20:42.397 2796 2872 I CouchbaseLite/DATABASE: {DB#2865} Closing database
06-26 18:20:42.398 2796 2812 V CouchbaseLite/DATABASE: {DB#2847} begin transaction
06-26 18:20:42.398 2796 2812 V CouchbaseLite/DATABASE: {DB#2847} Saved 'doc1' rev #2-a3d06430f86d40dadfab80468163e114bc4d4d45 as seq 2
06-26 18:20:42.398 2796 2812 V CouchbaseLite/DATABASE: {DB#2847} commit transaction
06-26 18:20:42.399 2796 2812 V CouchbaseLite/DATABASE: {DB#2849} begin transaction
06-26 18:20:42.399 2796 2812 V CouchbaseLite/DATABASE: {DB#2849} Saved 'doc1' rev #2-bd65536f67f4481269ecb6b125dbb8c85a870e7e as seq 3
06-26 18:20:42.400 2796 2812 V CouchbaseLite/DATABASE: {DB#2849} KeyStore(info) set SharedKeys
06-26 18:20:42.400 2796 2812 V CouchbaseLite/DATABASE: {DB#2849} commit transaction
06-26 18:20:42.400 2796 2812 I CouchbaseLite/REPLICATOR: Replicator is starting .....
06-26 18:20:42.400 2796 2812 I CouchbaseLite/REPLICATOR: Replicator{@7243cf0,<-,Database{@1805916, name='testdb'},DatabaseEndpoint{database=Database{@bced297, name='otherdb'}}]: Starting
06-26 18:20:42.401 2796 2812 I CouchbaseLite/DATABASE: {DB#2869}==> N8litecore14SQLiteDataFileE /data/user/0/com.couchbase.lite.test/files/CouchbaseLiteTest/testdb.cblite2/db.sqlite3 @0xdf061880
06-26 18:20:42.401 2796 2812 I CouchbaseLite/DATABASE: {DB#2869} Opening database
06-26 18:20:42.402 2796 2812 I CouchbaseLite/DATABASE: {DB#2870}==> N8litecore14SQLiteDataFileE /data/user/0/com.couchbase.lite.test/files/CouchbaseLiteTest/otherdb.cblite2/db.sqlite3 @0xdf061c80
06-26 18:20:42.402 2796 2812 I CouchbaseLite/DATABASE: {DB#2870} Opening database
06-26 18:20:42.403 2796 2812 I CouchbaseLite/NETWORK: {N8litecore4blip10ConnectionE#2871}==> N8litecore4blip10ConnectionE ->file:////data/user/0/com.couchbase.lite.test/files/CouchbaseLiteTest/testdb.cblite2/ @0xce4dd3c8
06-26 18:20:42.403 2796 2812 I CouchbaseLite/NETWORK: {N8litecore4blip10ConnectionE#2871} Opening connection...
06-26 18:20:42.404 2796 2812 I CouchbaseLite/REPLICATOR: {Repl#2872}==> N8litecore4repl10ReplicatorE /data/user/0/com.couchbase.lite.test/files/CouchbaseLiteTest/testdb.cblite2/ ->file:////data/user/0/com.couchbase.lite.test/files/CouchbaseLiteTest/testdb.cblite2/ @0xcf22ae48
06-26 18:20:42.404 2796 2812 I CouchbaseLite/REPLICATOR: {Repl#2872} Pull=one-shot, Options={{headers:{User-Agent:"CouchbaseLite/2.6.0-SNAPSHOT (Java; Android 8.1.0; Android SDK built for x86) EE/debug Build/0 Commit/d6552c7 Core/2.6.0 (136)"}, noDeltas:1, progress:1}}
06-26 18:20:42.404 2796 2812 I CouchbaseLite/NETWORK: {N8litecore4blip10ConnectionE#2873}==> N8litecore4blip10ConnectionE <-file:////data/user/0/com.couchbase.lite.test/files/CouchbaseLiteTest/otherdb.cblite2/ @0xde0b4748
06-26 18:20:42.404 2796 2812 I CouchbaseLite/NETWORK: {N8litecore4blip10ConnectionE#2873} Accepted connection
06-26 18:20:42.404 2796 2812 I CouchbaseLite/REPLICATOR: {repl#2874}==> N8litecore4repl10ReplicatorE /data/user/0/com.couchbase.lite.test/files/CouchbaseLiteTest/otherdb.cblite2/ <-file:////data/user/0/com.couchbase.lite.test/files/CouchbaseLiteTest/otherdb.cblite2/ @0xcf22b0c8
06-26 18:20:42.404 2796 2812 I CouchbaseLite/REPLICATOR: {repl#2874} Push=passive, Pull=passive, Options={{noDeltas:1, noIncomingConflicts:1}}
06-26 18:20:42.405 2796 2872 I CouchbaseLite/REPLICATOR: {repl#2874} activityLevel=connecting: connectionState=1
06-26 18:20:42.406 2796 2812 I CouchbaseLite/REPLICATOR: Replicator{@7243cf0,<-,Database{@1805916, name='testdb'},DatabaseEndpoint{database=Database{@bced297, name='otherdb'}}] is connecting, progress 0/0, error: null
06-26 18:20:42.406 2796 2812 I CouchbaseLite/REPLICATOR: C4ReplicatorListener.statusChanged, context: Replicator{@7243cf0,<-,Database{@1805916, name='testdb'},DatabaseEndpoint{database=Database{@bced297, name='otherdb'}}], status: C4ReplicatorStatus{activityLevel=2, progressUnitsCompleted=0, progressUnitsTotal=0, progressDocumentCount=0, errorDomain=0, errorCode=0, errorInternalInfo=0}
06-26 18:20:42.406 2796 2872 V CouchbaseLite/REPLICATOR: {Repl#2872} Remote-DB ID 1 found for target
06-26 18:20:42.406 2796 2837 I CouchbaseLite/REPLICATOR: Replicator{@7243cf0,<-,Database{@1805916, name='testdb'},DatabaseEndpoint{database=Database{@bced297, name='otherdb'}}]: status changed: C4ReplicatorStatus{activityLevel=2, progressUnitsCompleted=0, progressUnitsTotal=0, progressDocumentCount=0, errorDomain=0, errorCode=0, errorInternalInfo=0}
06-26 18:20:42.406 2796 2872 V CouchbaseLite/REPLICATOR: {Repl#2872} Checkpoint doc ID = cp-Zrho65lMV+re8j1aV5B+2cg/4ow=
06-26 18:20:42.407 2796 2837 I CouchbaseLite/REPLICATOR: Replicator{@7243cf0,<-,Database{@1805916, name='testdb'},DatabaseEndpoint{database=Database{@bced297, name='otherdb'}}] is connecting, progress 0/0, error: null
06-26 18:20:42.407 2796 2837 I CouchbaseLite/Test: ReplicatorChangeListener.changed() status: CONNECTING(0/0), lastError: null
06-26 18:20:42.407 2796 2872 I CouchbaseLite/REPLICATOR: {Repl#2872} Local checkpoint 'cp-Zrho65lMV+re8j1aV5B+2cg/4ow=' is [1, '']; getting remote ...
06-26 18:20:42.407 2796 2872 I CouchbaseLite/REPLICATOR: {Repl#2872} activityLevel=connecting: connectionState=1
06-26 18:20:42.407 2796 2872 V CouchbaseLite/NETWORK: {LoopbackWS#2875}==> N8litecore9websocket17LoopbackWebSocket6DriverE <-file:////data/user/0/com.couchbase.lite.test/files/CouchbaseLiteTest/otherdb.cblite2/ @0xdf061644
06-26 18:20:42.407 2796 2872 V CouchbaseLite/NETWORK: {LoopbackWS#2875} Connecting to peer...
06-26 18:20:42.408 2796 2872 V CouchbaseLite/NETWORK: {LoopbackWS#2876}==> N8litecore9websocket17LoopbackWebSocket6DriverE ->file:////data/user/0/com.couchbase.lite.test/files/CouchbaseLiteTest/testdb.cblite2/ @0xdf0615c4
06-26 18:20:42.408 2796 2872 V CouchbaseLite/NETWORK: {LoopbackWS#2876} Connecting to peer...
06-26 18:20:42.408 2796 2872 V CouchbaseLite/NETWORK: {LoopbackWS#2875} (Peer is connecting...)
06-26 18:20:42.408 2796 2872 I CouchbaseLite/NETWORK: {LoopbackWS#2875} CONNECTED
06-26 18:20:42.408 2796 2871 V CouchbaseLite/NETWORK: {LoopbackWS#2876} (Peer is connecting...)
06-26 18:20:42.408 2796 2871 I CouchbaseLite/NETWORK: {LoopbackWS#2876} CONNECTED
06-26 18:20:42.409 2796 2872 I CouchbaseLite/NETWORK: {N8litecore4blip10ConnectionE#2873} Connected!
06-26 18:20:42.409 2796 2872 I CouchbaseLite/REPLICATOR: {repl#2874} activityLevel=connecting: connectionState=1
06-26 18:20:42.409 2796 2872 I CouchbaseLite/REPLICATOR: {Repl#2872} activityLevel=connecting: connectionState=1
06-26 18:20:42.409 2796 2872 V CouchbaseLite/NETWORK: {N8litecore4blip6BLIPIOE#2877}==> N8litecore4blip6BLIPIOE <-file:////data/user/0/com.couchbase.lite.test/files/CouchbaseLiteTest/otherdb.cblite2/ @0xce723a44
06-26 18:20:42.409 2796 2872 V CouchbaseLite/NETWORK: {N8litecore4blip6BLIPIOE#2877} WebSocket is hungry!
06-26 18:20:42.409 2796 2872 V CouchbaseLite/NETWORK: {N8litecore4blip6BLIPIOE#2877} ...Wrote 0 bytes to WebSocket (writeable=1)
06-26 18:20:42.410 2796 2872 I CouchbaseLite/REPLICATOR: {repl#2874} Connected!
06-26 18:20:42.410 2796 2871 I CouchbaseLite/NETWORK: {N8litecore4blip10ConnectionE#2871} Connected!
06-26 18:20:42.410 2796 2871 I CouchbaseLite/REPLICATOR: {Repl#2872} Connected!
06-26 18:20:42.410 2796 2871 V CouchbaseLite/REPLICATOR: {Repl#2872} Requesting remote checkpoint
06-26 18:20:42.411 2796 2872 I CouchbaseLite/REPLICATOR: {repl#2874} activityLevel=busy: connectionState=2
06-26 18:20:42.411 2796 2872 I CouchbaseLite/REPLICATOR: {repl#2874} now busy
06-26 18:20:42.411 2796 2872 V CouchbaseLite/NETWORK: {N8litecore4blip6BLIPIOE#2878}==> N8litecore4blip6BLIPIOE ->file:////data/user/0/com.couchbase.lite.test/files/CouchbaseLiteTest/testdb.cblite2/ @0xce723844
06-26 18:20:42.411 2796 2872 V CouchbaseLite/NETWORK: {N8litecore4blip6BLIPIOE#2878} WebSocket is hungry!
06-26 18:20:42.411 2796 2872 V CouchbaseLite/NETWORK: {N8litecore4blip6BLIPIOE#2878} ...Wrote 0 bytes to WebSocket (writeable=1)
06-26 18:20:42.411 2796 2872 V CouchbaseLite/NETWORK: {N8litecore4blip6BLIPIOE#2878} Sending 'getCheckpoint' REQ #1
06-26 18:20:42.412 2796 2872 V CouchbaseLite/NETWORK: {N8litecore4blip6BLIPIOE#2878} Sending frame: REQ #1 ----, bytes 0--65
06-26 18:20:42.412 2796 2872 V CouchbaseLite/NETWORK: {N8litecore4blip6BLIPIOE#2878} Finished sending REQ #1
06-26 18:20:42.412 2796 2871 I CouchbaseLite/REPLICATOR: {Repl#2872} activityLevel=busy: connectionState=2
06-26 18:20:42.412 2796 2871 I CouchbaseLite/REPLICATOR: {Repl#2872} now busy
06-26 18:20:42.413 2796 2872 V CouchbaseLite/NETWORK: {N8litecore4blip6BLIPIOE#2878} ...Wrote 68 bytes to WebSocket (writeable=1)
06-26 18:20:42.413 2796 2871 I CouchbaseLite/REPLICATOR: C4ReplicatorListener.statusChanged, context: Replicator{@7243cf0,<-,Database{@1805916, name='testdb'},DatabaseEndpoint{database=Database{@bced297, name='otherdb'}}], status: C4ReplicatorStatus{activityLevel=4, progressUnitsCompleted=0, progressUnitsTotal=0, progressDocumentCount=0, errorDomain=0, errorCode=0, errorInternalInfo=0}
06-26 18:20:42.413 2796 2872 V CouchbaseLite/NETWORK: {N8litecore4blip6BLIPIOE#2877} Received frame: REQ #1 ----, length 66
06-26 18:20:42.413 2796 2871 I CouchbaseLite/REPLICATOR: {Repl#2872} activityLevel=busy: connectionState=2
06-26 18:20:42.414 2796 2837 I CouchbaseLite/REPLICATOR: Replicator{@7243cf0,<-,Database{@1805916, name='testdb'},DatabaseEndpoint{database=Database{@bced297, name='otherdb'}}]: status changed: C4ReplicatorStatus{activityLevel=4, progressUnitsCompleted=0, progressUnitsTotal=0, progressDocumentCount=0, errorDomain=0, errorCode=0, errorInternalInfo=0}
06-26 18:20:42.414 2796 2872 V CouchbaseLite/NETWORK: {N8litecore4blip10ConnectionE#2873} Receiving 'getCheckpoint' REQ #1
06-26 18:20:42.414 2796 2872 V CouchbaseLite/NETWORK: {N8litecore4blip10ConnectionE#2873} Finished receiving 'getCheckpoint' REQ #1
06-26 18:20:42.414 2796 2872 I CouchbaseLite/REPLICATOR: {repl#2874} Request to get checkpoint 'cp-Zrho65lMV+re8j1aV5B+2cg/4ow='
06-26 18:20:42.414 2796 2837 I CouchbaseLite/REPLICATOR: Replicator{@7243cf0,<-,Database{@1805916, name='testdb'},DatabaseEndpoint{database=Database{@bced297, name='otherdb'}}] is busy, progress 0/0, error: null
06-26 18:20:42.415 2796 2837 I CouchbaseLite/Test: ReplicatorChangeListener.changed() status: BUSY(0/0), lastError: null
06-26 18:20:42.415 2796 2872 I CouchbaseLite/REPLICATOR: {repl#2874} activityLevel=busy: connectionState=2
06-26 18:20:42.415 2796 2871 V CouchbaseLite/NETWORK: {N8litecore4blip6BLIPIOE#2877} Sending RES #1
06-26 18:20:42.415 2796 2871 V CouchbaseLite/NETWORK: {N8litecore4blip6BLIPIOE#2877} Sending frame: RES #1 ----, bytes 0--24
06-26 18:20:42.415 2796 2871 V CouchbaseLite/NETWORK: {N8litecore4blip6BLIPIOE#2877} Finished sending RES #1
06-26 18:20:42.415 2796 2871 V CouchbaseLite/NETWORK: {N8litecore4blip6BLIPIOE#2877} ...Wrote 27 bytes to WebSocket (writeable=1)
06-26 18:20:42.415 2796 2872 V CouchbaseLite/NETWORK: {N8litecore4blip6BLIPIOE#2878} Received frame: RES #1 ----, length 25
