06-26 18:20:43.747 2796 2872 V CouchbaseLite/NETWORK: {N8litecore4blip6BLIPIOE#2899} WebSocket is hungry!
06-26 18:20:43.747 2796 2872 V CouchbaseLite/NETWORK: {N8litecore4blip6BLIPIOE#2899} ...Wrote 0 bytes to WebSocket (writeable=1)
06-26 18:20:43.747 2796 2872 I CouchbaseLite/REPLICATOR: {repl#2895} Connected!
06-26 18:20:43.747 2796 2872 I CouchbaseLite/REPLICATOR: {repl#2895} activityLevel=busy: connectionState=2
06-26 18:20:43.747 2796 2872 I CouchbaseLite/REPLICATOR: {repl#2895} now busy
06-26 18:20:43.748 2796 2871 V CouchbaseLite/DATABASE: {DB#2890} begin transaction
06-26 18:20:43.748 2796 2871 V CouchbaseLite/DATABASE: {DB#2890} KeyStore(info) set remotes
06-26 18:20:43.748 2796 2871 V CouchbaseLite/DATABASE: {DB#2890} commit transaction
06-26 18:20:43.748 2796 2871 V CouchbaseLite/REPLICATOR: {Repl#2893} Remote-DB ID 1 found for target
06-26 18:20:43.748 2796 2871 V CouchbaseLite/REPLICATOR: {Repl#2893} Checkpoint doc ID = cp-oFmwopveqOQYELU0fzrdGqYUw64=
06-26 18:20:43.749 2796 2871 I CouchbaseLite/REPLICATOR: {Repl#2893} No local checkpoint 'cp-oFmwopveqOQYELU0fzrdGqYUw64='
06-26 18:20:43.749 2796 2871 I CouchbaseLite/REPLICATOR: {Repl#2893} activityLevel=connecting: connectionState=1
06-26 18:20:43.749 2796 2871 I CouchbaseLite/REPLICATOR: {Repl#2893} activityLevel=connecting: connectionState=1
06-26 18:20:43.749 2796 2871 I CouchbaseLite/REPLICATOR: {Repl#2893} Connected!
06-26 18:20:43.749 2796 2871 V CouchbaseLite/REPLICATOR: {Repl#2893} Requesting remote checkpoint
06-26 18:20:43.750 2796 2871 I CouchbaseLite/REPLICATOR: {Repl#2893} activityLevel=busy: connectionState=2
06-26 18:20:43.750 2796 2871 I CouchbaseLite/REPLICATOR: {Repl#2893} now busy
06-26 18:20:43.751 2796 2872 V CouchbaseLite/NETWORK: {N8litecore4blip6BLIPIOE#2899} Sending 'getCheckpoint' REQ #1
06-26 18:20:43.751 2796 2872 V CouchbaseLite/NETWORK: {N8litecore4blip6BLIPIOE#2899} Sending frame: REQ #1 ----, bytes 0--65
06-26 18:20:43.751 2796 2872 V CouchbaseLite/NETWORK: {N8litecore4blip6BLIPIOE#2899} Finished sending REQ #1
06-26 18:20:43.751 2796 2872 V CouchbaseLite/NETWORK: {N8litecore4blip6BLIPIOE#2899} ...Wrote 68 bytes to WebSocket (writeable=1)
06-26 18:20:43.751 2796 2872 I CouchbaseLite/REPLICATOR: {n8litecore4repl6pushere#2900}==> N8litecore4repl6PusherE ->file:////data/user/0/com.couchbase.lite.test/files/CouchbaseLiteTest/testdb.cblite2/ @0xcf577d48
06-26 18:20:43.751 2796 2872 I CouchbaseLite/REPLICATOR: {n8litecore4repl6pushere#2900} Starting push from local seq #1
06-26 18:20:43.751 2796 2872 V CouchbaseLite/REPLICATOR: {n8litecore4repl6pushere#2900} Asking DB for 200 changes since sequence #0 ...
06-26 18:20:43.751 2796 2872 V CouchbaseLite/REPLICATOR: {n8litecore4repl6pushere#2900} Reading up to 200 local changes since #0
06-26 18:20:43.752 2796 2838 I CouchbaseLite/REPLICATOR: Replicator{@50eba08,->,Database{@5609c25, name='testdb'},DatabaseEndpoint{database=Database{@353f1fa, name='otherdb'}}] is connecting, progress 0/0, error: null
06-26 18:20:43.752 2796 2838 I CouchbaseLite/Test: ReplicatorChangeListener.changed() status: CONNECTING(0/0), lastError: null
06-26 18:20:43.752 2796 2871 I CouchbaseLite/REPLICATOR: C4ReplicatorListener.statusChanged, context: Replicator{@50eba08,->,Database{@5609c25, name='testdb'},DatabaseEndpoint{database=Database{@353f1fa, name='otherdb'}}], status: C4ReplicatorStatus{activityLevel=4, progressUnitsCompleted=0, progressUnitsTotal=0, progressDocumentCount=0, errorDomain=0, errorCode=0, errorInternalInfo=0}
06-26 18:20:43.752 2796 2871 I CouchbaseLite/REPLICATOR: {Repl#2893} activityLevel=busy: connectionState=2
06-26 18:20:43.752 2796 2871 V CouchbaseLite/NETWORK: {N8litecore4blip6BLIPIOE#2898} Received frame: REQ #1 ----, length 66
06-26 18:20:43.753 2796 2871 V CouchbaseLite/NETWORK: {N8litecore4blip10ConnectionE#2894} Receiving 'getCheckpoint' REQ #1
06-26 18:20:43.753 2796 2871 V CouchbaseLite/NETWORK: {N8litecore4blip10ConnectionE#2894} Finished receiving 'getCheckpoint' REQ #1
06-26 18:20:43.754 2796 2872 I CouchbaseLite/REPLICATOR: {n8litecore4repl6pushere#2900} Read 1 local changes up to #1: sending 'proposeChanges' with sequences #1 - #1
06-26 18:20:43.754 2796 2872 I CouchbaseLite/REPLICATOR: {n8litecore4repl6pushere#2900} Caught up, at lastSequence #1
06-26 18:20:43.754 2796 2872 V CouchbaseLite/REPLICATOR: {n8litecore4repl6pushere#2900} progress +0/+36, 0 docs -- now 0 / 36, 0 docs
06-26 18:20:43.754 2796 2872 I CouchbaseLite/REPLICATOR: {n8litecore4repl6pushere#2900} activityLevel=busy: pendingResponseCount=1, caughtUp=1, changeLists=1, revsInFlight=0, blobsInFlight=0, awaitingReply=0, revsToSend=0, pushingDocs=1, pendingSequences=1
06-26 18:20:43.754 2796 2872 V CouchbaseLite/REPLICATOR: {n8litecore4repl6pushere#2900} now busy
06-26 18:20:43.754 2796 2872 V CouchbaseLite/NETWORK: {N8litecore4blip6BLIPIOE#2899} Sending 'proposeChanges' REQ #2 UZ
06-26 18:20:43.755 2796 2837 I CouchbaseLite/REPLICATOR: Replicator{@50eba08,->,Database{@5609c25, name='testdb'},DatabaseEndpoint{database=Database{@353f1fa, name='otherdb'}}]: status changed: C4ReplicatorStatus{activityLevel=4, progressUnitsCompleted=0, progressUnitsTotal=0, progressDocumentCount=0, errorDomain=0, errorCode=0, errorInternalInfo=0}
06-26 18:20:43.755 2796 2872 V CouchbaseLite/NETWORK: {N8litecore4blip6BLIPIOE#2899} Sending frame: REQ #2 -U-C, bytes 0--88
06-26 18:20:43.755 2796 2837 I CouchbaseLite/REPLICATOR: Replicator{@50eba08,->,Database{@5609c25, name='testdb'},DatabaseEndpoint{database=Database{@353f1fa, name='otherdb'}}] is busy, progress 0/0, error: null
06-26 18:20:43.755 2796 2837 I CouchbaseLite/Test: ReplicatorChangeListener.changed() status: BUSY(0/0), lastError: null
06-26 18:20:43.755 2796 2872 V CouchbaseLite/NETWORK: {N8litecore4blip6BLIPIOE#2899} Finished sending REQ #2 UZ
06-26 18:20:43.756 2796 2872 V CouchbaseLite/NETWORK: {N8litecore4blip6BLIPIOE#2899} ...Wrote 91 bytes to WebSocket (writeable=1)
06-26 18:20:43.756 2796 2872 I CouchbaseLite/REPLICATOR: {Repl#2893} pushStatus=busy, pullStatus=stopped, progress=0/36
06-26 18:20:43.756 2796 2872 V CouchbaseLite/REPLICATOR: {Repl#2893} progress +0/+36, 0 docs -- now 0 / 36, 0 docs
06-26 18:20:43.756 2796 2872 I CouchbaseLite/REPLICATOR: {Repl#2893} activityLevel=busy: connectionState=2
06-26 18:20:43.756 2796 2872 I CouchbaseLite/REPLICATOR: {n8litecore4repl6pushere#2900} activityLevel=busy: pendingResponseCount=1, caughtUp=1, changeLists=1, revsInFlight=0, blobsInFlight=0, awaitingReply=0, revsToSend=0, pushingDocs=1, pendingSequences=1
06-26 18:20:43.757 2796 2871 I CouchbaseLite/REPLICATOR: {repl#2895} Request to get checkpoint 'cp-oFmwopveqOQYELU0fzrdGqYUw64='
06-26 18:20:43.757 2796 2872 V CouchbaseLite/NETWORK: {N8litecore4blip6BLIPIOE#2898} Received frame: REQ #2 -U-C, length 89
06-26 18:20:43.757 2796 2872 V CouchbaseLite/NETWORK: {N8litecore4blip10ConnectionE#2894} Receiving 'proposeChanges' REQ #2 UZ
06-26 18:20:43.757 2796 2872 V CouchbaseLite/NETWORK: {N8litecore4blip10ConnectionE#2894} Finished receiving 'proposeChanges' REQ #2 UZ
06-26 18:20:43.757 2796 2872 V CouchbaseLite/REPLICATOR: {n8litecore4repl6pullere#2901}==> N8litecore4repl6PullerE <-file:////data/user/0/com.couchbase.lite.test/files/CouchbaseLiteTest/otherdb.cblite2/ @0xcf55f388
06-26 18:20:43.758 2796 2872 V CouchbaseLite/REPLICATOR: {n8litecore4repl6pullere#2901} Received 'proposeChanges' REQ#2 (0 queued; 0 revs pending, 0 active, 0 unfinished)
06-26 18:20:43.758 2796 2872 V CouchbaseLite/REPLICATOR: {n8litecore4repl6pullere#2901} Handling 'proposeChanges' REQ#2
06-26 18:20:43.758 2796 2871 I CouchbaseLite/REPLICATOR: {repl#2895} activityLevel=busy: connectionState=2
06-26 18:20:43.758 2796 2872 I CouchbaseLite/REPLICATOR: {n8litecore4repl6pullere#2901} activityLevel=busy: pendingResponseCount=0, _caughtUp=0, _pendingRevMessages=0, _activeIncomingRevs=0
06-26 18:20:43.758 2796 2872 V CouchbaseLite/REPLICATOR: {n8litecore4repl6pullere#2901} now busy
06-26 18:20:43.758 2796 2872 I CouchbaseLite/REPLICATOR: {n8litecore4repl9revfindere#2902}==> N8litecore4repl9RevFinderE <-file:////data/user/0/com.couchbase.lite.test/files/CouchbaseLiteTest/otherdb.cblite2/ @0xcf2c5b08
06-26 18:20:43.759 2796 2872 I CouchbaseLite/REPLICATOR: {n8litecore4repl9revfindere#2902} Received 1 changes
06-26 18:20:43.759 2796 2871 V CouchbaseLite/NETWORK: {N8litecore4blip6BLIPIOE#2898} Sending ERR #1
06-26 18:20:43.759 2796 2871 V CouchbaseLite/NETWORK: {N8litecore4blip6BLIPIOE#2898} Sending frame: ERR #1 ----, bytes 0--37
06-26 18:20:43.760 2796 2872 I CouchbaseLite/REPLICATOR: {n8litecore4repl9revfindere#2902} Responded to 'proposeChanges' REQ#2 w/request for 1 revs
06-26 18:20:43.760 2796 2872 V CouchbaseLite/REPLICATOR: {n8litecore4repl9revfindere#2902} now idle
06-26 18:20:43.760 2796 2872 I CouchbaseLite/REPLICATOR: {repl#2895} pushStatus=busy, pullStatus=busy, progress=0/0
06-26 18:20:43.760 2796 2872 I CouchbaseLite/REPLICATOR: {repl#2895} activityLevel=busy: connectionState=2
06-26 18:20:43.760 2796 2872 I CouchbaseLite/REPLICATOR: {n8litecore4repl6pullere#2901} activityLevel=busy: pendingResponseCount=0, _caughtUp=0, _pendingRevMessages=1, _activeIncomingRevs=0
06-26 18:20:43.760 2796 2871 V CouchbaseLite/NETWORK: {N8litecore4blip6BLIPIOE#2898} Finished sending ERR #1
06-26 18:20:43.761 2796 2871 V CouchbaseLite/NETWORK: {N8litecore4blip6BLIPIOE#2898} ...Wrote 40 bytes to WebSocket (writeable=1)
06-26 18:20:43.761 2796 2872 I CouchbaseLite/REPLICATOR: {repl#2895} pushStatus=busy, pullStatus=busy, progress=0/0
06-26 18:20:43.761 2796 2872 I CouchbaseLite/REPLICATOR: {repl#2895} activityLevel=busy: connectionState=2
06-26 18:20:43.761 2796 2872 V CouchbaseLite/NETWORK: {N8litecore4blip6BLIPIOE#2899} Received frame: ERR #1 ----, length 38
06-26 18:20:43.762 2796 2871 V CouchbaseLite/NETWORK: {N8litecore4blip6BLIPIOE#2898} Sending RES #2 UZ
06-26 18:20:43.762 2796 2872 V CouchbaseLite/NETWORK: {N8litecore4blip10ConnectionE#2892} Receiving ERR #1
06-26 18:20:43.762 2796 2872 V CouchbaseLite/NETWORK: {N8litecore4blip10ConnectionE#2892} Finished receiving ERR #1
06-26 18:20:43.762 2796 2871 V CouchbaseLite/NETWORK: {N8litecore4blip6BLIPIOE#2898} Sending frame: RES #2 -U-C, bytes 0--33
06-26 18:20:43.763 2796 2871 V CouchbaseLite/NETWORK: {N8litecore4blip6BLIPIOE#2898} Finished sending RES #2 UZ
06-26 18:20:43.763 2796 2871 V CouchbaseLite/NETWORK: {N8litecore4blip6BLIPIOE#2898} ...Wrote 36 bytes to WebSocket (writeable=1)
06-26 18:20:43.763 2796 2872 I CouchbaseLite/REPLICATOR: {Repl#2893} No remote checkpoint
06-26 18:20:43.763 2796 2872 I CouchbaseLite/REPLICATOR: {Repl#2893} activityLevel=busy: connectionState=2
06-26 18:20:43.764 2796 2871 V CouchbaseLite/NETWORK: {N8litecore4blip6BLIPIOE#2899} Received frame: RES #2 -U-C, length 34
06-26 18:20:43.764 2796 2871 V CouchbaseLite/NETWORK: {N8litecore4blip10ConnectionE#2892} Receiving RES #2 UZ
06-26 18:20:43.764 2796 2871 V CouchbaseLite/NETWORK: {N8litecore4blip10ConnectionE#2892} Finished receiving RES #2 UZ
06-26 18:20:43.764 2796 2871 I CouchbaseLite/REPLICATOR: {n8litecore4repl6pushere#2900} Got response for 1 local changes (sequences from 1)
06-26 18:20:43.765 2796 2871 V CouchbaseLite/REPLICATOR: {n8litecore4repl6pushere#2900} Queueing rev 'doc1' #1-581ad726ee407c8376fc94aad966051d013893c4 (seq #1) [1 queued]
06-26 18:20:43.765 2796 2871 V CouchbaseLite/REPLICATOR: {n8litecore4repl6pushere#2900} Sending rev doc1 1-581ad726ee407c8376fc94aad966051d013893c4 (seq #1) [1/10]
06-26 18:20:43.765 2796 2871 V CouchbaseLite/REPLICATOR: {n8litecore4repl6pushere#2900} Reading document 'doc1' #1-581ad726ee407c8376fc94aad966051d013893c4
06-26 18:20:43.765 2796 2871 V CouchbaseLite/REPLICATOR: {n8litecore4repl6pushere#2900} Transmitting 'rev' message with 'doc1' #1-581ad726ee407c8376fc94aad966051d013893c4
06-26 18:20:43.765 2796 2871 I CouchbaseLite/REPLICATOR: {n8litecore4repl6pushere#2900} activityLevel=busy: pendingResponseCount=1, caughtUp=1, changeLists=0, revsInFlight=1, blobsInFlight=0, awaitingReply=0, revsToSend=0, pushingDocs=1, pendingSequences=1
06-26 18:20:43.765 2796 2872 V CouchbaseLite/NETWORK: {N8litecore4blip6BLIPIOE#2899} Sending 'rev' REQ #3 Z
06-26 18:20:43.766 2796 2872 V CouchbaseLite/NETWORK: {N8litecore4blip6BLIPIOE#2899} Sending frame: REQ #3 ---C, bytes 0--48
06-26 18:20:43.766 2796 2872 V CouchbaseLite/NETWORK: {N8litecore4blip6BLIPIOE#2899} Finished sending REQ #3 Z
06-26 18:20:43.766 2796 2871 I CouchbaseLite/REPLICATOR: {n8litecore4repl6pushere#2900} activityLevel=busy: pendingResponseCount=1, caughtUp=1, changeLists=0, revsInFlight=0, blobsInFlight=0, awaitingReply=95, revsToSend=0, pushingDocs=1, pendingSequences=1
06-26 18:20:43.766 2796 2872 V CouchbaseLite/NETWORK: {N8litecore4blip6BLIPIOE#2899} ...Wrote 51 bytes to WebSocket (writeable=1)
06-26 18:20:43.766 2796 2871 V CouchbaseLite/NETWORK: {N8litecore4blip6BLIPIOE#2898} Received frame: REQ #3 ---C, length 49
06-26 18:20:43.767 2796 2871 V CouchbaseLite/NETWORK: {N8litecore4blip10ConnectionE#2894} Receiving 'rev' REQ #3 Z
06-26 18:20:43.767 2796 2871 V CouchbaseLite/NETWORK: {N8litecore4blip10ConnectionE#2894} Finished receiving 'rev' REQ #3 Z
06-26 18:20:43.767 2796 2871 I CouchbaseLite/REPLICATOR: {n8litecore4repl6pullere#2901} activityLevel=busy: pendingResponseCount=0, _caughtUp=0, _pendingRevMessages=0, _activeIncomingRevs=1
06-26 18:20:43.767 2796 2872 V CouchbaseLite/REPLICATOR: {n8litecore4repl11incomingreve#2903}==> N8litecore4repl11IncomingRevE <-file:////data/user/0/com.couchbase.lite.test/files/CouchbaseLiteTest/otherdb.cblite2/ @0xe09d9bc8
06-26 18:20:43.767 2796 2872 V CouchbaseLite/REPLICATOR: {n8litecore4repl11incomingreve#2903} Received revision 'doc1' #1-581ad726ee407c8376fc94aad966051d013893c4 (seq '1')
06-26 18:20:43.768 2796 2872 I CouchbaseLite/REPLICATOR: {n8litecore4repl6pullere#2901} activityLevel=busy: pendingResponseCount=0, _caughtUp=0, _pendingRevMessages=0, _activeIncomingRevs=1
06-26 18:20:43.789 2796 2871 V CouchbaseLite/REPLICATOR: {n8litecore4repl8insertere#2904}==> N8litecore4repl8InserterE <-file:////data/user/0/com.couchbase.lite.test/files/CouchbaseLiteTest/otherdb.cblite2/ @0xde0abcc8
06-26 18:20:43.789 2796 2871 V CouchbaseLite/REPLICATOR: {n8litecore4repl8insertere#2904} Inserting 1 revs:
06-26 18:20:43.789 2796 2871 I CouchbaseLite/DATABASE: {DB#2905}==> N8litecore14SQLiteDataFileE /data/user/0/com.couchbase.lite.test/files/CouchbaseLiteTest/otherdb.cblite2/db.sqlite3 @0xcfdb4100
06-26 18:20:43.790 2796 2871 I CouchbaseLite/DATABASE: {DB#2905} Opening database
06-26 18:20:43.791 2796 2871 V CouchbaseLite/DATABASE: {DB#2905} begin transaction
06-26 18:20:43.792 2796 2871 V CouchbaseLite/DATABASE: {DB#2905} Saved 'doc1' rev #1-581ad726ee407c8376fc94aad966051d013893c4 as seq 1
06-26 18:20:43.792 2796 2871 V CouchbaseLite/REPLICATOR: {n8litecore4repl8insertere#2904} {'doc1' #1-581ad726ee407c8376fc94aad966051d013893c4 <- } seq 1
06-26 18:20:43.792 2796 2871 V CouchbaseLite/DATABASE: {DB#2905} commit transaction
06-26 18:20:43.792 2796 2872 I CouchbaseLite/REPLICATOR: {n8litecore4repl6pullere#2901} activityLevel=busy: pendingResponseCount=0, _caughtUp=0, _pendingRevMessages=0, _activeIncomingRevs=0
06-26 18:20:43.793 2796 2871 I CouchbaseLite/REPLICATOR: {n8litecore4repl8insertere#2904} Inserted 1 revs in 3.27ms ( 305/sec) of which 98.6% was commit
06-26 18:20:43.793 2796 2871 V CouchbaseLite/REPLICATOR: {n8litecore4repl8insertere#2904} now idle
06-26 18:20:43.794 2796 2871 V CouchbaseLite/REPLICATOR: {n8litecore4repl6pullere#2901} progress +0/+0, 1 docs -- now 0 / 0, 1 docs
06-26 18:20:43.795 2796 2871 I CouchbaseLite/REPLICATOR: {n8litecore4repl6pullere#2901} activityLevel=busy: pendingResponseCount=0, _caughtUp=0, _pendingRevMessages=0, _activeIncomingRevs=0
06-26 18:20:43.796 2796 2871 I CouchbaseLite/REPLICATOR: {repl#2895} pushStatus=busy, pullStatus=busy, progress=0/0
06-26 18:20:43.796 2796 2871 I CouchbaseLite/REPLICATOR: {repl#2895} activityLevel=busy: connectionState=2
06-26 18:20:43.796 2796 2871 I CouchbaseLite/REPLICATOR: {n8litecore4repl6pullere#2901} activityLevel=idle: pendingResponseCount=0, _caughtUp=0, _pendingRevMessages=0, _activeIncomingRevs=0
06-26 18:20:43.796 2796 2871 V CouchbaseLite/REPLICATOR: {n8litecore4repl6pullere#2901} now idle
06-26 18:20:43.796 2796 2871 I CouchbaseLite/REPLICATOR: {repl#2895} pushStatus=busy, pullStatus=busy, progress=0/0
06-26 18:20:43.796 2796 2871 V CouchbaseLite/REPLICATOR: {repl#2895} progress +0/+0, 1 docs -- now 0 / 0, 1 docs
06-26 18:20:43.797 2796 2871 I CouchbaseLite/REPLICATOR: {repl#2895} activityLevel=busy: connectionState=2
06-26 18:20:43.797 2796 2872 V CouchbaseLite/NETWORK: {N8litecore4blip6BLIPIOE#2898} Sending RES #3
06-26 18:20:43.797 2796 2872 V CouchbaseLite/NETWORK: {N8litecore4blip6BLIPIOE#2898} Sending frame: RES #3 ----, bytes 0--4
06-26 18:20:43.797 2796 2872 V CouchbaseLite/NETWORK: {N8litecore4blip6BLIPIOE#2898} Finished sending RES #3
06-26 18:20:43.798 2796 2872 V CouchbaseLite/NETWORK: {N8litecore4blip6BLIPIOE#2898} ...Wrote 7 bytes to WebSocket (writeable=1)
06-26 18:20:43.798 2796 2871 I CouchbaseLite/REPLICATOR: {repl#2895} pushStatus=busy, pullStatus=idle, progress=0/0
06-26 18:20:43.798 2796 2871 I CouchbaseLite/REPLICATOR: {repl#2895} activityLevel=busy: connectionState=2
06-26 18:20:43.799 2796 2872 V CouchbaseLite/NETWORK: {N8litecore4blip6BLIPIOE#2899} Received frame: RES #3 ----, length 5
06-26 18:20:43.799 2796 2872 V CouchbaseLite/NETWORK: {N8litecore4blip10ConnectionE#2892} Receiving RES #3
06-26 18:20:43.799 2796 2872 V CouchbaseLite/NETWORK: {N8litecore4blip10ConnectionE#2892} Finished receiving RES #3
06-26 18:20:43.799 2796 2872 V CouchbaseLite/REPLICATOR: {n8litecore4repl6pushere#2900} Completed rev doc1 #1-581ad726ee407c8376fc94aad966051d013893c4 (seq #1)
06-26 18:20:43.799 2796 2872 V CouchbaseLite/REPLICATOR: {n8litecore4repl6pushere#2900} Checkpoint now at #1
06-26 18:20:43.800 2796 2872 V CouchbaseLite/REPLICATOR: {n8litecore4repl6pushere#2900} progress +36/+0, 1 docs -- now 36 / 36, 1 docs
06-26 18:20:43.800 2796 2872 I CouchbaseLite/REPLICATOR: {n8litecore4repl6pushere#2900} activityLevel=stopped: pendingResponseCount=0, caughtUp=1, changeLists=0, revsInFlight=0, blobsInFlight=0, awaitingReply=0, revsToSend=0, pushingDocs=0, pendingSequences=0
06-26 18:20:43.800 2796 2872 V CouchbaseLite/REPLICATOR: {n8litecore4repl6pushere#2900} now stopped
06-26 18:20:43.800 2796 2872 I CouchbaseLite/REPLICATOR: {Repl#2893} pushStatus=stopped, pullStatus=stopped, progress=36/36
06-26 18:20:43.800 2796 2872 V CouchbaseLite/REPLICATOR: {Repl#2893} progress +36/+0, 1 docs -- now 36 / 36, 1 docs
06-26 18:20:43.800 2796 2872 I CouchbaseLite/REPLICATOR: {Repl#2893} activityLevel=busy: connectionState=2
06-26 18:20:43.800 2796 2872 V CouchbaseLite/REPLICATOR: {Repl#2893} Saving remote checkpoint cp-oFmwopveqOQYELU0fzrdGqYUw64= with rev='': {"local":1} ...
06-26 18:20:43.801 2796 2872 I CouchbaseLite/REPLICATOR: {Repl#2893} activityLevel=busy: connectionState=2
06-26 18:20:43.801 2796 2871 V CouchbaseLite/NETWORK: {N8litecore4blip6BLIPIOE#2899} Sending 'setCheckpoint' REQ #4
06-26 18:20:43.801 2796 2871 V CouchbaseLite/NETWORK: {N8litecore4blip6BLIPIOE#2899} Sending frame: REQ #4 ----, bytes 0--81
06-26 18:20:43.802 2796 2872 I CouchbaseLite/REPLICATOR: {Repl#2893} activityLevel=busy: connectionState=2
06-26 18:20:43.802 2796 2872 V CouchbaseLite/NETWORK: {N8litecore4blip6BLIPIOE#2898} Received frame: REQ #4 ----, length 82
06-26 18:20:43.802 2796 2872 V CouchbaseLite/NETWORK: {N8litecore4blip10ConnectionE#2894} Receiving 'setCheckpoint' REQ #4
06-26 18:20:43.802 2796 2872 V CouchbaseLite/NETWORK: {N8litecore4blip10ConnectionE#2894} Finished receiving 'setCheckpoint' REQ #4
06-26 18:20:43.803 2796 2871 V CouchbaseLite/NETWORK: {N8litecore4blip6BLIPIOE#2899} Finished sending REQ #4
06-26 18:20:43.803 2796 2871 V CouchbaseLite/NETWORK: {N8litecore4blip6BLIPIOE#2899} ...Wrote 84 bytes to WebSocket (writeable=1)
06-26 18:20:43.803 2796 2872 V CouchbaseLite/DATABASE: {DB#2891} begin transaction
06-26 18:20:43.803 2796 2872 I CouchbaseLite/REPLICATOR: {repl#2895} Request to set checkpoint 'cp-oFmwopveqOQYELU0fzrdGqYUw64='
06-26 18:20:43.803 2796 2872 V CouchbaseLite/DATABASE: {DB#2891} KeyStore(peerCheckpoints) set cp-oFmwopveqOQYELU0fzrdGqYUw64=
06-26 18:20:43.804 2796 2872 V CouchbaseLite/DATABASE: {DB#2891} commit transaction
06-26 18:20:43.804 2796 2872 I CouchbaseLite/REPLICATOR: {repl#2895} activityLevel=busy: connectionState=2
06-26 18:20:43.804 2796 2871 V CouchbaseLite/NETWORK: {N8litecore4blip6BLIPIOE#2898} Sending RES #4
06-26 18:20:43.804 2796 2871 V CouchbaseLite/NETWORK: {N8litecore4blip6BLIPIOE#2898} Sending frame: RES #4 ----, bytes 0--13
06-26 18:20:43.805 2796 2871 V CouchbaseLite/NETWORK: {N8litecore4blip6BLIPIOE#2898} Finished sending RES #4
06-26 18:20:43.805 2796 2871 V CouchbaseLite/NETWORK: {N8litecore4blip6BLIPIOE#2898} ...Wrote 16 bytes to WebSocket (writeable=1)
06-26 18:20:43.805 2796 2872 V CouchbaseLite/NETWORK: {N8litecore4blip6BLIPIOE#2899} Received frame: RES #4 ----, length 14
06-26 18:20:43.805 2796 2872 V CouchbaseLite/NETWORK: {N8litecore4blip10ConnectionE#2892} Receiving RES #4
06-26 18:20:43.805 2796 2872 V CouchbaseLite/NETWORK: {N8litecore4blip10ConnectionE#2892} Finished receiving RES #4
06-26 18:20:43.805 2796 2872 I CouchbaseLite/REPLICATOR: {Repl#2893} Saved remote checkpoint cp-oFmwopveqOQYELU0fzrdGqYUw64= as rev='1-cc'
06-26 18:20:43.806 2796 2872 I CouchbaseLite/DATABASE: {DB#2906}==> N8litecore14SQLiteDataFileE /data/user/0/com.couchbase.lite.test/files/CouchbaseLiteTest/testdb.cblite2/db.sqlite3 @0xdf061c80
06-26 18:20:43.806 2796 2872 I CouchbaseLite/DATABASE: {DB#2906} Opening database
06-26 18:20:43.807 2796 2872 V CouchbaseLite/DATABASE: {DB#2906} begin transaction
06-26 18:20:43.807 2796 2872 V CouchbaseLite/DATABASE: {DB#2906} commit transaction
06-26 18:20:43.807 2796 2872 V CouchbaseLite/REPLICATOR: {N8litecore4repl8DBAccessE#2907}==> N8litecore4repl8DBAccessE 0xdf0378d0 @0xdf0378d0
06-26 18:20:43.807 2796 2872 V CouchbaseLite/REPLICATOR: {N8litecore4repl8DBAccessE#2907} Marked 1 revs as synced-to-server in 1.43ms (701/sec)
06-26 18:20:43.807 2796 2872 V CouchbaseLite/DATABASE: {DB#2890} begin transaction
06-26 18:20:43.808 2796 2872 V CouchbaseLite/DATABASE: {DB#2890} KeyStore(checkpoints) set cp-oFmwopveqOQYELU0fzrdGqYUw64=
06-26 18:20:43.808 2796 2872 V CouchbaseLite/DATABASE: {DB#2890} commit transaction
06-26 18:20:43.808 2796 2872 I CouchbaseLite/REPLICATOR: {Repl#2893} Saved local checkpoint cp-oFmwopveqOQYELU0fzrdGqYUw64= to db
06-26 18:20:43.808 2796 2872 I CouchbaseLite/REPLICATOR: {Repl#2893} activityLevel=busy: connectionState=2
06-26 18:20:43.938 2796 2837 I CouchbaseLite/QUERY: LiveQuery refresh: com.couchbase.lite.ResultSet@755d180 > null
06-26 18:20:43.938 2796 2837 I CouchbaseLite/QUERY: LiveQuery refresh: com.couchbase.lite.ResultSet@a210fc8 > null
06-26 18:20:43.938 2796 2837 I CouchbaseLite/QUERY: LiveQuery refresh: com.couchbase.lite.ResultSet@fc80fe0 > null
06-26 18:20:43.938 2796 2837 I CouchbaseLite/QUERY: LiveQuery refresh: com.couchbase.lite.ResultSet@41b525b > null
06-26 18:20:43.949 2796 2871 I CouchbaseLite/REPLICATOR: {repl#2895} activityLevel=busy: connectionState=2
06-26 18:20:43.949 2796 2871 I CouchbaseLite/REPLICATOR: {repl#2895} activityLevel=busy: connectionState=2
06-26 18:20:43.951 2796 2872 I CouchbaseLite/REPLICATOR: C4ReplicatorListener.statusChanged, context: Replicator{@50eba08,->,Database{@5609c25, name='testdb'},DatabaseEndpoint{database=Database{@353f1fa, name='otherdb'}}], status: C4ReplicatorStatus{activityLevel=4, progressUnitsCompleted=36, progressUnitsTotal=36, progressDocumentCount=1, errorDomain=0, errorCode=0, errorInternalInfo=0}
06-26 18:20:43.951 2796 2872 I CouchbaseLite/REPLICATOR: {Repl#2893} Replication complete! Closing connection
06-26 18:20:43.951 2796 2872 I CouchbaseLite/REPLICATOR: {Repl#2893} Told to stop!
06-26 18:20:43.952 2796 2872 I CouchbaseLite/NETWORK: {N8litecore4blip10ConnectionE#2892} Closing with code 1000, msg ''
06-26 18:20:43.952 2796 2872 I CouchbaseLite/REPLICATOR: {Repl#2893} activityLevel=busy: connectionState=3
06-26 18:20:43.952 2796 2872 I CouchbaseLite/REPLICATOR: {Repl#2893} activityLevel=busy: connectionState=3
06-26 18:20:43.952 2796 2837 I CouchbaseLite/REPLICATOR: Replicator{@50eba08,->,Database{@5609c25, name='testdb'},DatabaseEndpoint{database=Database{@353f1fa, name='otherdb'}}]: status changed: C4ReplicatorStatus{activityLevel=4, progressUnitsCompleted=36, progressUnitsTotal=36, progressDocumentCount=1, errorDomain=0, errorCode=0, errorInternalInfo=0}
06-26 18:20:43.952 2796 2837 I CouchbaseLite/REPLICATOR: Replicator{@50eba08,->,Database{@5609c25, name='testdb'},DatabaseEndpoint{database=Database{@353f1fa, name='otherdb'}}] is busy, progress 36/36, error: null
06-26 18:20:43.952 2796 2837 I CouchbaseLite/Test: ReplicatorChangeListener.changed() status: BUSY(36/36), lastError: null
06-26 18:20:43.953 2796 2871 I CouchbaseLite/NETWORK: {LoopbackWS#2897} CLOSE; status=1000
06-26 18:20:43.953 2796 2871 I CouchbaseLite/NETWORK: {LoopbackWS#2897} CLOSED with WebSocket status 1000:
06-26 18:20:43.953 2796 2871 I CouchbaseLite/NETWORK: {N8litecore4blip10ConnectionE#2892} Closed with WebSocket status 1000:
06-26 18:20:43.953 2796 2872 I CouchbaseLite/NETWORK: {LoopbackWS#2896} CLOSED with WebSocket status 1000:
06-26 18:20:43.954 2796 2871 I CouchbaseLite/REPLICATOR: {Repl#2893} Connection closed with WebSocket status 1000: "" (state=3)
06-26 18:20:43.954 2796 2871 I CouchbaseLite/REPLICATOR: {Repl#2893} activityLevel=stopped: connectionState=0
06-26 18:20:43.954 2796 2871 I CouchbaseLite/REPLICATOR: {Repl#2893} now stopped
06-26 18:20:43.955 2796 2872 I CouchbaseLite/NETWORK: {N8litecore4blip10ConnectionE#2894} Closed with WebSocket status 1000:
06-26 18:20:43.955 2796 2871 I CouchbaseLite/REPLICATOR: C4ReplicatorListener.statusChanged, context: Replicator{@50eba08,->,Database{@5609c25, name='testdb'},DatabaseEndpoint{database=Database{@353f1fa, name='otherdb'}}], status: C4ReplicatorStatus{activityLevel=0, progressUnitsCompleted=36, progressUnitsTotal=36, progressDocumentCount=1, errorDomain=0, errorCode=0, errorInternalInfo=0}
06-26 18:20:43.955 2796 2872 I CouchbaseLite/REPLICATOR: BLIP sent 4 msgs (294 bytes), rcvd 0 msgs (99 bytes) in 0.209 sec. Max outbox depth was 1, avg 1.00
06-26 18:20:43.955 2796 2871 I CouchbaseLite/REPLICATOR: {repl#2895} Connection closed with WebSocket status 1000: "" (state=2)
06-26 18:20:43.956 2796 2871 I CouchbaseLite/REPLICATOR: {repl#2895} activityLevel=stopped: connectionState=0
06-26 18:20:43.956 2796 2871 I CouchbaseLite/REPLICATOR: {repl#2895} now stopped
06-26 18:20:43.956 2796 2871 I CouchbaseLite/REPLICATOR: {n8litecore4repl6pushere#2908}==> N8litecore4repl6PusherE <-file:////data/user/0/com.couchbase.lite.test/files/CouchbaseLiteTest/otherdb.cblite2/ @0xcd146548
06-26 18:20:43.956 2796 2871 I CouchbaseLite/REPLICATOR: {n8litecore4repl6pushere#2908} activityLevel=stopped: pendingResponseCount=0, caughtUp=0, changeLists=0, revsInFlight=0, blobsInFlight=0, awaitingReply=0, revsToSend=0, pushingDocs=0, pendingSequences=0
06-26 18:20:43.956 2796 2871 V CouchbaseLite/REPLICATOR: {n8litecore4repl6pushere#2908} now stopped
06-26 18:20:43.956 2796 2871 I CouchbaseLite/REPLICATOR: {n8litecore4repl6pullere#2901} activityLevel=stopped: pendingResponseCount=0, _caughtUp=0, _pendingRevMessages=0, _activeIncomingRevs=0
06-26 18:20:43.956 2796 2871 V CouchbaseLite/REPLICATOR: {n8litecore4repl6pullere#2901} now stopped
06-26 18:20:43.956 2796 2871 I CouchbaseLite/REPLICATOR: BLIP sent 4 msgs (99 bytes), rcvd 4 msgs (294 bytes) in 0.211 sec. Max outbox depth was 1, avg 1.00
06-26 18:20:43.957 2796 2871 V CouchbaseLite/DATABASE: {DB#2891} Pre-close housekeeping: 0 of 8 pages free (0%)
06-26 18:20:43.957 2796 2871 V CouchbaseLite/DATABASE: {DB#2891} Closed SQLite database
06-26 18:20:43.957 2796 2871 I CouchbaseLite/DATABASE: {DB#2891} Closing database
06-26 18:20:43.957 2796 2871 V CouchbaseLite/DATABASE: {DB#2905} Pre-close housekeeping: 0 of 8 pages free (0%)
06-26 18:20:43.957 2796 2871 V CouchbaseLite/DATABASE: {DB#2905} Closed SQLite database
06-26 18:20:43.958 2796 2871 I CouchbaseLite/DATABASE: {DB#2905} Closing database
06-26 18:20:43.958 2796 2837 I CouchbaseLite/REPLICATOR: Replicator{@50eba08,->,Database{@5609c25, name='testdb'},DatabaseEndpoint{database=Database{@353f1fa, name='otherdb'}}]: status changed: C4ReplicatorStatus{activityLevel=0, progressUnitsCompleted=36, progressUnitsTotal=36, progressDocumentCount=1, errorDomain=0, errorCode=0, errorInternalInfo=0}
06-26 18:20:43.958 2796 2872 I CouchbaseLite/REPLICATOR: {n8litecore4repl6pushere#2900} activityLevel=stopped: pendingResponseCount=0, caughtUp=1, changeLists=0, revsInFlight=0, blobsInFlight=0, awaitingReply=0, revsToSend=0, pushingDocs=0, pendingSequences=0
06-26 18:20:43.958 2796 2837 I CouchbaseLite/REPLICATOR: Replicator{@50eba08,->,Database{@5609c25, name='testdb'},DatabaseEndpoint{database=Database{@353f1fa, name='otherdb'}}] is stopped, progress 36/36, error: null
06-26 18:20:43.959 2796 2872 V CouchbaseLite/DATABASE: {DB#2890} Pre-close housekeeping: 0 of 9 pages free (0%)
06-26 18:20:43.959 2796 2837 I CouchbaseLite/Test: ReplicatorChangeListener.changed() status: STOPPED(36/36), lastError: null
06-26 18:20:43.961 2796 2872 V CouchbaseLite/DATABASE: {DB#2890} Closed SQLite database
06-26 18:20:43.962 2796 2872 I CouchbaseLite/DATABASE: {DB#2890} Closing database
06-26 18:20:43.963 2796 2812 V CouchbaseLite/DATABASE: {DB#2888} begin transaction
06-26 18:20:43.963 2796 2872 V CouchbaseLite/DATABASE: {DB#2906} Pre-close housekeeping: 0 of 9 pages free (0%)
06-26 18:20:43.963 2796 2812 V CouchbaseLite/DATABASE: {DB#2888} Deleted 'doc1' rev #2-72b88c446f42a42a9acda3d86b1bd9cdc84d4abb as seq 2
06-26 18:20:43.963 2796 2812 V CouchbaseLite/DATABASE: {DB#2888} commit transaction
06-26 18:20:43.964 2796 2872 V CouchbaseLite/DATABASE: {DB#2906} Closed SQLite database
06-26 18:20:43.964 2796 2872 I CouchbaseLite/DATABASE: {DB#2906} Closing database
06-26 18:20:43.964 2796 2812 V CouchbaseLite/DATABASE: {DB#2889} begin transaction
06-26 18:20:43.965 2796 2812 V CouchbaseLite/DATABASE: {DB#2889} Saved 'doc1' rev #2-a3d06430f86d40dadfab80468163e114bc4d4d45 as seq 2
06-26 18:20:43.965 2796 2812 V CouchbaseLite/DATABASE: {DB#2889} commit transaction
06-26 18:20:43.965 2796 2812 I CouchbaseLite/REPLICATOR: Replicator is starting .....
06-26 18:20:43.965 2796 2812 I CouchbaseLite/REPLICATOR: Replicator{@bdf33c6,<-,Database{@5609c25, name='testdb'},DatabaseEndpoint{database=Database{@353f1fa, name='otherdb'}}]: Starting
06-26 18:20:43.965 2796 2812 I CouchbaseLite/DATABASE: {DB#2909}==> N8litecore14SQLiteDataFileE /data/user/0/com.couchbase.lite.test/files/CouchbaseLiteTest/testdb.cblite2/db.sqlite3 @0xcf544280
06-26 18:20:43.965 2796 2812 I CouchbaseLite/DATABASE: {DB#2909} Opening database
06-26 18:20:43.966 2796 2812 I CouchbaseLite/DATABASE: {DB#2910}==> N8litecore14SQLiteDataFileE /data/user/0/com.couchbase.lite.test/files/CouchbaseLiteTest/otherdb.cblite2/db.sqlite3 @0xcf544780
06-26 18:20:43.966 2796 2812 I CouchbaseLite/DATABASE: {DB#2910} Opening database
06-26 18:20:43.966 2796 2812 I CouchbaseLite/NETWORK: {N8litecore4blip10ConnectionE#2911}==> N8litecore4blip10ConnectionE ->file:////data/user/0/com.couchbase.lite.test/files/CouchbaseLiteTest/testdb.cblite2/ @0xde0b4748
06-26 18:20:43.966 2796 2812 I CouchbaseLite/NETWORK: {N8litecore4blip10ConnectionE#2911} Opening connection...
06-26 18:20:43.967 2796 2812 I CouchbaseLite/REPLICATOR: {Repl#2912}==> N8litecore4repl10ReplicatorE /data/user/0/com.couchbase.lite.test/files/CouchbaseLiteTest/testdb.cblite2/ ->file:////data/user/0/com.couchbase.lite.test/files/CouchbaseLiteTest/testdb.cblite2/ @0xcf22a948
06-26 18:20:43.967 2796 2812 I CouchbaseLite/REPLICATOR: {Repl#2912} Pull=one-shot, Options={{headers:{User-Agent:"CouchbaseLite/2.6.0-SNAPSHOT (Java; Android 8.1.0; Android SDK built for x86) EE/debug Build/0 Commit/d6552c7 Core/2.6.0 (136)"}, noDeltas:1, progress:0}}
06-26 18:20:43.967 2796 2812 I CouchbaseLite/NETWORK: {N8litecore4blip10ConnectionE#2913}==> N8litecore4blip10ConnectionE <-file:////data/user/0/com.couchbase.lite.test/files/CouchbaseLiteTest/otherdb.cblite2/ @0xce4dd2d8
06-26 18:20:43.967 2796 2812 I CouchbaseLite/NETWORK: {N8litecore4blip10ConnectionE#2913} Accepted connection
06-26 18:20:43.968 2796 2812 I CouchbaseLite/REPLICATOR: {repl#2914}==> N8litecore4repl10ReplicatorE /data/user/0/com.couchbase.lite.test/files/CouchbaseLiteTest/otherdb.cblite2/ <-file:////data/user/0/com.couchbase.lite.test/files/CouchbaseLiteTest/otherdb.cblite2/ @0xcf22abc8
06-26 18:20:43.968 2796 2812 I CouchbaseLite/REPLICATOR: {repl#2914} Push=passive, Pull=passive, Options={{noDeltas:1, noIncomingConflicts:1}}
06-26 18:20:43.968 2796 2872 I CouchbaseLite/REPLICATOR: {repl#2914} activityLevel=connecting: connectionState=1
06-26 18:20:43.968 2796 2812 I CouchbaseLite/REPLICATOR: Replicator{@bdf33c6,<-,Database{@5609c25, name='testdb'},DatabaseEndpoint{database=Database{@353f1fa, name='otherdb'}}] is connecting, progress 0/0, error: null
06-26 18:20:43.968 2796 2812 I CouchbaseLite/REPLICATOR: C4ReplicatorListener.statusChanged, context: Replicator{@bdf33c6,<-,Database{@5609c25, name='testdb'},DatabaseEndpoint{database=Database{@353f1fa, name='otherdb'}}], status: C4ReplicatorStatus{activityLevel=2, progressUnitsCompleted=0, progressUnitsTotal=0, progressDocumentCount=0, errorDomain=0, errorCode=0, errorInternalInfo=0}
06-26 18:20:43.969 2796 2872 V CouchbaseLite/REPLICATOR: {Repl#2912} Remote-DB ID 1 found for target
06-26 18:20:43.969 2796 2872 V CouchbaseLite/REPLICATOR: {Repl#2912} Checkpoint doc ID = cp-oFmwopveqOQYELU0fzrdGqYUw64=
06-26 18:20:43.969 2796 2872 I CouchbaseLite/REPLICATOR: {Repl#2912} Local checkpoint 'cp-oFmwopveqOQYELU0fzrdGqYUw64=' is [1, '']; getting remote ...
06-26 18:20:43.969 2796 2872 I CouchbaseLite/REPLICATOR: {Repl#2912} activityLevel=connecting: connectionState=1
06-26 18:20:43.969 2796 2872 V CouchbaseLite/NETWORK: {LoopbackWS#2915}==> N8litecore9websocket17LoopbackWebSocket6DriverE <-file:////data/user/0/com.couchbase.lite.test/files/CouchbaseLiteTest/otherdb.cblite2/ @0xdf061544
06-26 18:20:43.970 2796 2872 V CouchbaseLite/NETWORK: {LoopbackWS#2915} Connecting to peer...
06-26 18:20:43.970 2796 2872 V CouchbaseLite/NETWORK: {LoopbackWS#2916}==> N8litecore9websocket17LoopbackWebSocket6DriverE ->file:////data/user/0/com.couchbase.lite.test/files/CouchbaseLiteTest/testdb.cblite2/ @0xdf061244
06-26 18:20:43.970 2796 2872 V CouchbaseLite/NETWORK: {LoopbackWS#2916} Connecting to peer...
06-26 18:20:43.970 2796 2872 V CouchbaseLite/NETWORK: {LoopbackWS#2915} (Peer is connecting...)
06-26 18:20:43.970 2796 2872 I CouchbaseLite/NETWORK: {LoopbackWS#2915} CONNECTED
06-26 18:20:43.970 2796 2871 V CouchbaseLite/NETWORK: {LoopbackWS#2916} (Peer is connecting...)
06-26 18:20:43.971 2796 2871 I CouchbaseLite/NETWORK: {LoopbackWS#2916} CONNECTED
06-26 18:20:43.971 2796 2871 I CouchbaseLite/NETWORK: {N8litecore4blip10ConnectionE#2911} Connected!
06-26 18:20:43.971 2796 2872 I CouchbaseLite/NETWORK: {N8litecore4blip10ConnectionE#2913} Connected!
06-26 18:20:43.971 2796 2872 I CouchbaseLite/REPLICATOR: {Repl#2912} activityLevel=connecting: connectionState=1
06-26 18:20:43.971 2796 2872 V CouchbaseLite/NETWORK: {N8litecore4blip6BLIPIOE#2917}==> N8litecore4blip6BLIPIOE ->file:////data/user/0/com.couchbase.lite.test/files/CouchbaseLiteTest/testdb.cblite2/ @0xcdc28e44
06-26 18:20:43.971 2796 2872 V CouchbaseLite/NETWORK: {N8litecore4blip6BLIPIOE#2917} WebSocket is hungry!
06-26 18:20:43.971 2796 2872 V CouchbaseLite/NETWORK: {N8litecore4blip6BLIPIOE#2917} ...Wrote 0 bytes to WebSocket (writeable=1)
06-26 18:20:43.971 2796 2872 V CouchbaseLite/NETWORK: {N8litecore4blip6BLIPIOE#2918}==> N8litecore4blip6BLIPIOE <-file:////data/user/0/com.couchbase.lite.test/files/CouchbaseLiteTest/otherdb.cblite2/ @0xcdc29044
06-26 18:20:43.971 2796 2872 V CouchbaseLite/NETWORK: {N8litecore4blip6BLIPIOE#2918} WebSocket is hungry!
06-26 18:20:43.972 2796 2872 V CouchbaseLite/NETWORK: {N8litecore4blip6BLIPIOE#2918} ...Wrote 0 bytes to WebSocket (writeable=1)
06-26 18:20:43.972 2796 2872 I CouchbaseLite/REPLICATOR: {Repl#2912} Connected!
06-26 18:20:43.972 2796 2872 V CouchbaseLite/REPLICATOR: {Repl#2912} Requesting remote checkpoint
06-26 18:20:43.972 2796 2872 I CouchbaseLite/REPLICATOR: {Repl#2912} activityLevel=busy: connectionState=2
06-26 18:20:43.972 2796 2872 I CouchbaseLite/REPLICATOR: {Repl#2912} now busy
06-26 18:20:43.972 2796 2872 I CouchbaseLite/REPLICATOR: C4ReplicatorListener.statusChanged, context: Replicator{@bdf33c6,<-,Database{@5609c25, name='testdb'},DatabaseEndpoint{database=Database{@353f1fa, name='otherdb'}}], status: C4ReplicatorStatus{activityLevel=4, progressUnitsCompleted=0, progressUnitsTotal=0, progressDocumentCount=0, errorDomain=0, errorCode=0, errorInternalInfo=0}
06-26 18:20:43.972 2796 2872 V CouchbaseLite/NETWORK: {N8litecore4blip6BLIPIOE#2917} Sending 'getCheckpoint' REQ #1
06-26 18:20:43.972 2796 2872 V CouchbaseLite/NETWORK: {N8litecore4blip6BLIPIOE#2917} Sending frame: REQ #1 ----, bytes 0--65
06-26 18:20:43.972 2796 2872 V CouchbaseLite/NETWORK: {N8litecore4blip6BLIPIOE#2917} Finished sending REQ #1
06-26 18:20:43.973 2796 2872 V CouchbaseLite/NETWORK: {N8litecore4blip6BLIPIOE#2917} ...Wrote 68 bytes to WebSocket (writeable=1)
06-26 18:20:43.973 2796 2872 I CouchbaseLite/REPLICATOR: {Repl#2912} activityLevel=busy: connectionState=2
06-26 18:20:43.973 2796 2872 V CouchbaseLite/NETWORK: {N8litecore4blip6BLIPIOE#2918} Received frame: REQ #1 ----, length 66
06-26 18:20:43.973 2796 2872 V CouchbaseLite/NETWORK: {N8litecore4blip10ConnectionE#2913} Receiving 'getCheckpoint' REQ #1
06-26 18:20:43.973 2796 2872 V CouchbaseLite/NETWORK: {N8litecore4blip10ConnectionE#2913} Finished receiving 'getCheckpoint' REQ #1
06-26 18:20:43.973 2796 2837 I CouchbaseLite/REPLICATOR: Replicator{@bdf33c6,<-,Database{@5609c25, name='testdb'},DatabaseEndpoint{database=Database{@353f1fa, name='otherdb'}}]: status changed: C4ReplicatorStatus{activityLevel=2, progressUnitsCompleted=0, progressUnitsTotal=0, progressDocumentCount=0, errorDomain=0, errorCode=0, errorInternalInfo=0}
06-26 18:20:43.973 2796 2871 I CouchbaseLite/REPLICATOR: {repl#2914} activityLevel=connecting: connectionState=1
06-26 18:20:43.974 2796 2871 I CouchbaseLite/REPLICATOR: {repl#2914} Connected!
06-26 18:20:43.974 2796 2871 I CouchbaseLite/REPLICATOR: {repl#2914} activityLevel=busy: connectionState=2
06-26 18:20:43.974 2796 2871 I CouchbaseLite/REPLICATOR: {repl#2914} now busy
06-26 18:20:43.974 2796 2871 I CouchbaseLite/REPLICATOR: {repl#2914} Request to get checkpoint 'cp-oFmwopveqOQYELU0fzrdGqYUw64='
06-26 18:20:43.975 2796 2837 I CouchbaseLite/REPLICATOR: Replicator{@bdf33c6,<-,Database{@5609c25, name='testdb'},DatabaseEndpoint{database=Database{@353f1fa, name='otherdb'}}] is connecting, progress 0/0, error: null
06-26 18:20:43.975 2796 2837 I CouchbaseLite/Test: ReplicatorChangeListener.changed() status: CONNECTING(0/0), lastError: null
06-26 18:20:43.975 2796 2871 I CouchbaseLite/REPLICATOR: {repl#2914} activityLevel=busy: connectionState=2
06-26 18:20:43.975 2796 2871 V CouchbaseLite/NETWORK: {N8litecore4blip6BLIPIOE#2918} Sending RES #1
06-26 18:20:43.975 2796 2871 V CouchbaseLite/NETWORK: {N8litecore4blip6BLIPIOE#2918} Sending frame: RES #1 ----, bytes 0--24
06-26 18:20:43.975 2796 2871 V CouchbaseLite/NETWORK: {N8litecore4blip6BLIPIOE#2918} Finished sending RES #1
06-26 18:20:43.975 2796 2871 V CouchbaseLite/NETWORK: {N8litecore4blip6BLIPIOE#2918} ...Wrote 27 bytes to WebSocket (writeable=1)
06-26 18:20:43.975 2796 2837 I CouchbaseLite/REPLICATOR: Replicator{@bdf33c6,<-,Database{@5609c25, name='testdb'},DatabaseEndpoint{database=Database{@353f1fa, name='otherdb'}}]: status changed: C4ReplicatorStatus{activityLevel=4, progressUnitsCompleted=0, progressUnitsTotal=0, progressDocumentCount=0, errorDomain=0, errorCode=0, errorInternalInfo=0}
06-26 18:20:43.975 2796 2837 I CouchbaseLite/REPLICATOR: Replicator{@bdf33c6,<-,Database{@5609c25, name='testdb'},DatabaseEndpoint{database=Database{@353f1fa, name='otherdb'}}] is busy, progress 0/0, error: null
06-26 18:20:43.975 2796 2837 I CouchbaseLite/Test: ReplicatorChangeListener.changed() status: BUSY(0/0), lastError: null
06-26 18:20:43.976 2796 2872 V CouchbaseLite/NETWORK: {N8litecore4blip6BLIPIOE#2917} Received frame: RES #1 ----, length 25
06-26 18:20:43.976 2796 2872 V CouchbaseLite/NETWORK: {N8litecore4blip10ConnectionE#2911} Receiving RES #1
06-26 18:20:43.976 2796 2872 V CouchbaseLite/NETWORK: {N8litecore4blip10ConnectionE#2911} Finished receiving RES #1
06-26 18:20:43.976 2796 2871 I CouchbaseLite/REPLICATOR: {Repl#2912} Received remote checkpoint: [1, ''] rev='1-cc'
06-26 18:20:43.976 2796 2871 I CouchbaseLite/REPLICATOR: {Repl#2912} activityLevel=busy: connectionState=2
06-26 18:20:43.976 2796 2872 I CouchbaseLite/REPLICATOR: {N8litecore4repl6PullerE#2919}==> N8litecore4repl6PullerE ->file:////data/user/0/com.couchbase.lite.test/files/CouchbaseLiteTest/testdb.cblite2/ @0xe84b87c8
06-26 18:20:43.976 2796 2872 I CouchbaseLite/REPLICATOR: {N8litecore4repl6PullerE#2919} Starting pull from remote seq
06-26 18:20:43.977 2796 2872 I CouchbaseLite/REPLICATOR: {N8litecore4repl6PullerE#2919} activityLevel=busy: pendingResponseCount=1, _caughtUp=0, _pendingRevMessages=0, _activeIncomingRevs=0
06-26 18:20:43.977 2796 2872 V CouchbaseLite/REPLICATOR: {N8litecore4repl6PullerE#2919} now busy
06-26 18:20:43.977 2796 2871 V CouchbaseLite/NETWORK: {N8litecore4blip6BLIPIOE#2917} Sending 'subChanges' REQ #2
06-26 18:20:43.977 2796 2871 V CouchbaseLite/NETWORK: {N8litecore4blip6BLIPIOE#2917} Sending frame: REQ #2 ----, bytes 0--33
06-26 18:20:43.977 2796 2872 I CouchbaseLite/REPLICATOR: {Repl#2912} pushStatus=stopped, pullStatus=busy, progress=0/0
06-26 18:20:43.977 2796 2872 I CouchbaseLite/REPLICATOR: {Repl#2912} activityLevel=busy: connectionState=2
06-26 18:20:43.978 2796 2872 I CouchbaseLite/REPLICATOR: {N8litecore4repl6PullerE#2919} activityLevel=busy: pendingResponseCount=1, _caughtUp=0, _pendingRevMessages=0, _activeIncomingRevs=0
06-26 18:20:43.978 2796 2871 V CouchbaseLite/NETWORK: {N8litecore4blip6BLIPIOE#2917} Finished sending REQ #2
06-26 18:20:43.978 2796 2871 V CouchbaseLite/NETWORK: {N8litecore4blip6BLIPIOE#2917} ...Wrote 36 bytes to WebSocket (writeable=1)
06-26 18:20:43.978 2796 2872 V CouchbaseLite/NETWORK: {N8litecore4blip6BLIPIOE#2918} Received frame: REQ #2 ----, length 34
06-26 18:20:43.978 2796 2872 V CouchbaseLite/NETWORK: {N8litecore4blip10ConnectionE#2913} Receiving 'subChanges' REQ #2
06-26 18:20:43.978 2796 2872 V CouchbaseLite/NETWORK: {N8litecore4blip10ConnectionE#2913} Finished receiving 'subChanges' REQ #2
06-26 18:20:43.979 2796 2872 I CouchbaseLite/REPLICATOR: {n8litecore4repl6pushere#2920}==> N8litecore4repl6PusherE <-file:////data/user/0/com.couchbase.lite.test/files/CouchbaseLiteTest/otherdb.cblite2/ @0xcd146b48
06-26 18:20:43.979 2796 2872 I CouchbaseLite/REPLICATOR: {n8litecore4repl6pushere#2920} Peer is pulling changes from seq #0
06-26 18:20:43.979 2796 2872 V CouchbaseLite/REPLICATOR: {n8litecore4repl6pushere#2920} Asking DB for 200 changes since sequence #0 ...
06-26 18:20:43.979 2796 2872 V CouchbaseLite/REPLICATOR: {n8litecore4repl6pushere#2920} Reading up to 200 local changes since #0
06-26 18:20:43.980 2796 2871 V CouchbaseLite/NETWORK: {N8litecore4blip6BLIPIOE#2918} Sending RES #2
06-26 18:20:43.980 2796 2871 V CouchbaseLite/NETWORK: {N8litecore4blip6BLIPIOE#2918} Sending frame: RES #2 ----, bytes 0--4
06-26 18:20:43.980 2796 2871 V CouchbaseLite/NETWORK: {N8litecore4blip6BLIPIOE#2918} Finished sending RES #2
06-26 18:20:43.980 2796 2871 V CouchbaseLite/NETWORK: {N8litecore4blip6BLIPIOE#2918} ...Wrote 7 bytes to WebSocket (writeable=1)
06-26 18:20:43.980 2796 2871 V CouchbaseLite/NETWORK: {N8litecore4blip6BLIPIOE#2917} Received frame: RES #2 ----, length 5
06-26 18:20:43.981 2796 2871 V CouchbaseLite/NETWORK: {N8litecore4blip10ConnectionE#2911} Receiving RES #2
06-26 18:20:43.981 2796 2871 V CouchbaseLite/NETWORK: {N8litecore4blip10ConnectionE#2911} Finished receiving RES #2
06-26 18:20:43.981 2796 2871 I CouchbaseLite/REPLICATOR: {N8litecore4repl6PullerE#2919} activityLevel=busy: pendingResponseCount=0, _caughtUp=0, _pendingRevMessages=0, _activeIncomingRevs=0
06-26 18:20:43.981 2796 2872 I CouchbaseLite/REPLICATOR: {n8litecore4repl6pushere#2920} Read 1 local changes up to #2: sending 'changes' with sequences #2 - #2
06-26 18:20:43.981 2796 2872 I CouchbaseLite/REPLICATOR: {n8litecore4repl6pushere#2920} Caught up, at lastSequence #2
06-26 18:20:43.982 2796 2871 V CouchbaseLite/NETWORK: {N8litecore4blip6BLIPIOE#2918} Sending 'changes' REQ #1 UZ
06-26 18:20:43.982 2796 2871 V CouchbaseLite/NETWORK: {N8litecore4blip6BLIPIOE#2918} Sending frame: REQ #1 -U-C, bytes 0--81
06-26 18:20:43.982 2796 2871 V CouchbaseLite/NETWORK: {N8litecore4blip6BLIPIOE#2918} Finished sending REQ #1 UZ
06-26 18:20:43.982 2796 2871 V CouchbaseLite/NETWORK: {N8litecore4blip6BLIPIOE#2918} ...Wrote 84 bytes to WebSocket (writeable=1)
06-26 18:20:43.982 2796 2872 V CouchbaseLite/REPLICATOR: {n8litecore4repl6pushere#2920} progress +0/+90, 0 docs -- now 0 / 90, 0 docs
06-26 18:20:43.982 2796 2872 I CouchbaseLite/REPLICATOR: {n8litecore4repl6pushere#2920} activityLevel=busy: pendingResponseCount=1, caughtUp=1, changeLists=1, revsInFlight=0, blobsInFlight=0, awaitingReply=0, revsToSend=0, pushingDocs=1, pendingSequences=0
06-26 18:20:43.983 2796 2872 V CouchbaseLite/REPLICATOR: {n8litecore4repl6pushere#2920} now busy
06-26 18:20:43.983 2796 2871 V CouchbaseLite/NETWORK: {N8litecore4blip6BLIPIOE#2918} Sending 'changes' REQ #2 UN
06-26 18:20:43.983 2796 2871 V CouchbaseLite/NETWORK: {N8litecore4blip6BLIPIOE#2918} Sending frame: REQ #2 -UN-, bytes 0--22
06-26 18:20:43.983 2796 2872 I CouchbaseLite/REPLICATOR: {repl#2914} pushStatus=busy, pullStatus=busy, progress=0/90
06-26 18:20:43.984 2796 2872 V CouchbaseLite/REPLICATOR: {repl#2914} progress +0/+90, 0 docs -- now 0 / 90, 0 docs
06-26 18:20:43.984 2796 2872 I CouchbaseLite/REPLICATOR: {repl#2914} activityLevel=busy: connectionState=2
06-26 18:20:43.984 2796 2871 V CouchbaseLite/NETWORK: {N8litecore4blip6BLIPIOE#2918} Finished sending REQ #2 UN
06-26 18:20:43.984 2796 2871 V CouchbaseLite/NETWORK: {N8litecore4blip6BLIPIOE#2918} ...Wrote 25 bytes to WebSocket (writeable=1)
06-26 18:20:43.984 2796 2871 V CouchbaseLite/NETWORK: {N8litecore4blip6BLIPIOE#2917} Received frame: REQ #1 -U-C, length 82
06-26 18:20:43.985 2796 2872 I CouchbaseLite/REPLICATOR: {n8litecore4repl6pushere#2920} activityLevel=busy: pendingResponseCount=1, caughtUp=1, changeLists=1, revsInFlight=0, blobsInFlight=0, awaitingReply=0, revsToSend=0, pushingDocs=1, pendingSequences=0
06-26 18:20:43.985 2796 2871 V CouchbaseLite/NETWORK: {N8litecore4blip10ConnectionE#2911} Receiving 'changes' REQ #1 UZ
06-26 18:20:43.985 2796 2871 V CouchbaseLite/NETWORK: {N8litecore4blip10ConnectionE#2911} Finished receiving 'changes' REQ #1 UZ
06-26 18:20:43.986 2796 2871 V CouchbaseLite/REPLICATOR: {N8litecore4repl6PullerE#2919} Received 'changes' REQ#1 (0 queued; 0 revs pending, 0 active, 0 unfinished)
06-26 18:20:43.986 2796 2872 V CouchbaseLite/NETWORK: {N8litecore4blip6BLIPIOE#2917} Received frame: REQ #2 -UN-, length 23
06-26 18:20:43.986 2796 2871 V CouchbaseLite/REPLICATOR: {N8litecore4repl6PullerE#2919} Handling 'changes' REQ#1
06-26 18:20:43.986 2796 2871 I CouchbaseLite/REPLICATOR: {N8litecore4repl6PullerE#2919} activityLevel=busy: pendingResponseCount=0, _caughtUp=0, _pendingRevMessages=0, _activeIncomingRevs=0
06-26 18:20:43.986 2796 2872 V CouchbaseLite/NETWORK: {N8litecore4blip10ConnectionE#2911} Receiving 'changes' REQ #2 UN
06-26 18:20:43.987 2796 2872 V CouchbaseLite/NETWORK: {N8litecore4blip10ConnectionE#2911} Finished receiving 'changes' REQ #2 UN
06-26 18:20:43.987 2796 2871 I CouchbaseLite/REPLICATOR: {N8litecore4repl9RevFinderE#2921}==> N8litecore4repl9RevFinderE ->file:////data/user/0/com.couchbase.lite.test/files/CouchbaseLiteTest/testdb.cblite2/ @0xcf8359e8
06-26 18:20:43.987 2796 2871 I CouchbaseLite/REPLICATOR: {N8litecore4repl9RevFinderE#2921} Received 1 changes (seq '2'..'2')
06-26 18:20:43.988 2796 2872 V CouchbaseLite/REPLICATOR: {N8litecore4repl6PullerE#2919} Received 'changes' REQ#2 (0 queued; 0 revs pending, 0 active, 0 unfinished)
06-26 18:20:43.988 2796 2872 V CouchbaseLite/REPLICATOR: {N8litecore4repl6PullerE#2919} Handling 'changes' REQ#2
06-26 18:20:43.988 2796 2871 I CouchbaseLite/REPLICATOR: {N8litecore4repl9RevFinderE#2921} Responded to 'changes' REQ#1 w/request for 1 revs
06-26 18:20:43.988 2796 2871 V CouchbaseLite/REPLICATOR: {N8litecore4repl9RevFinderE#2921} now idle
06-26 18:20:43.988 2796 2871 V CouchbaseLite/NETWORK: {N8litecore4blip6BLIPIOE#2917} Sending RES #1 UZ
06-26 18:20:43.989 2796 2872 I CouchbaseLite/REPLICATOR: {N8litecore4repl6PullerE#2919} Caught up with remote changes
06-26 18:20:43.989 2796 2872 I CouchbaseLite/REPLICATOR: {N8litecore4repl6PullerE#2919} activityLevel=busy: pendingResponseCount=0, _caughtUp=1, _pendingRevMessages=0, _activeIncomingRevs=0
06-26 18:20:43.989 2796 2872 I CouchbaseLite/REPLICATOR: {Repl#2912} pushStatus=stopped, pullStatus=busy, progress=0/0
06-26 18:20:43.990 2796 2872 I CouchbaseLite/REPLICATOR: {Repl#2912} activityLevel=busy: connectionState=2
06-26 18:20:43.990 2796 2871 V CouchbaseLite/NETWORK: {N8litecore4blip6BLIPIOE#2917} Sending frame: RES #1 -U-C, bytes 0--79
06-26 18:20:43.990 2796 2871 V CouchbaseLite/NETWORK: {N8litecore4blip6BLIPIOE#2917} Finished sending RES #1 UZ
06-26 18:20:43.990 2796 2871 V CouchbaseLite/NETWORK: {N8litecore4blip6BLIPIOE#2917} ...Wrote 82 bytes to WebSocket (writeable=1)
