06-26 18:20:43.990 2796 2872 V CouchbaseLite/REPLICATOR: {N8litecore4repl6PullerE#2919} Now waiting for 1 'rev' messages; 1 known sequences pending
06-26 18:20:43.991 2796 2872 V CouchbaseLite/REPLICATOR: {N8litecore4repl6PullerE#2919} progress +0/+90, 0 docs -- now 0 / 90, 0 docs
06-26 18:20:43.991 2796 2872 I CouchbaseLite/REPLICATOR: {N8litecore4repl6PullerE#2919} activityLevel=busy: pendingResponseCount=0, _caughtUp=1, _pendingRevMessages=1, _activeIncomingRevs=0
06-26 18:20:43.991 2796 2871 V CouchbaseLite/NETWORK: {N8litecore4blip6BLIPIOE#2918} Received frame: RES #1 -U-C, length 80
06-26 18:20:43.991 2796 2871 V CouchbaseLite/NETWORK: {N8litecore4blip10ConnectionE#2913} Receiving RES #1 UZ
06-26 18:20:43.991 2796 2871 V CouchbaseLite/NETWORK: {N8litecore4blip10ConnectionE#2913} Finished receiving RES #1 UZ
06-26 18:20:43.991 2796 2871 I CouchbaseLite/REPLICATOR: {n8litecore4repl6pushere#2920} Got response for 1 local changes (sequences from 2)
06-26 18:20:43.992 2796 2871 V CouchbaseLite/REPLICATOR: {n8litecore4repl6pushere#2920} Queueing rev 'doc1' #2-a3d06430f86d40dadfab80468163e114bc4d4d45 (seq #2) [1 queued]
06-26 18:20:43.992 2796 2871 V CouchbaseLite/REPLICATOR: {n8litecore4repl6pushere#2920} Sending rev doc1 2-a3d06430f86d40dadfab80468163e114bc4d4d45 (seq #2) [1/10]
06-26 18:20:43.992 2796 2871 V CouchbaseLite/REPLICATOR: {n8litecore4repl6pushere#2920} Reading document 'doc1' #2-a3d06430f86d40dadfab80468163e114bc4d4d45
06-26 18:20:43.992 2796 2872 I CouchbaseLite/REPLICATOR: {Repl#2912} pushStatus=stopped, pullStatus=busy, progress=0/90
06-26 18:20:43.993 2796 2872 V CouchbaseLite/REPLICATOR: {Repl#2912} progress +0/+90, 0 docs -- now 0 / 90, 0 docs
06-26 18:20:43.993 2796 2872 I CouchbaseLite/REPLICATOR: {Repl#2912} activityLevel=busy: connectionState=2
06-26 18:20:43.993 2796 2871 V CouchbaseLite/REPLICATOR: {n8litecore4repl6pushere#2920} Transmitting 'rev' message with 'doc1' #2-a3d06430f86d40dadfab80468163e114bc4d4d45
06-26 18:20:43.994 2796 2871 I CouchbaseLite/REPLICATOR: {n8litecore4repl6pushere#2920} activityLevel=busy: pendingResponseCount=1, caughtUp=1, changeLists=0, revsInFlight=1, blobsInFlight=0, awaitingReply=0, revsToSend=0, pushingDocs=1, pendingSequences=0
06-26 18:20:43.994 2796 2872 V CouchbaseLite/NETWORK: {N8litecore4blip6BLIPIOE#2918} Sending 'rev' REQ #3 Z
06-26 18:20:43.995 2796 2872 V CouchbaseLite/NETWORK: {N8litecore4blip6BLIPIOE#2918} Sending frame: REQ #3 ---C, bytes 0--108
06-26 18:20:43.996 2796 2871 I CouchbaseLite/REPLICATOR: {n8litecore4repl6pushere#2920} activityLevel=busy: pendingResponseCount=1, caughtUp=1, changeLists=0, revsInFlight=0, blobsInFlight=0, awaitingReply=153, revsToSend=0, pushingDocs=1, pendingSequences=0
06-26 18:20:43.996 2796 2872 V CouchbaseLite/NETWORK: {N8litecore4blip6BLIPIOE#2918} Finished sending REQ #3 Z
06-26 18:20:43.996 2796 2871 V CouchbaseLite/NETWORK: {N8litecore4blip6BLIPIOE#2917} Received frame: REQ #3 ---C, length 109
06-26 18:20:43.997 2796 2872 V CouchbaseLite/NETWORK: {N8litecore4blip6BLIPIOE#2918} ...Wrote 111 bytes to WebSocket (writeable=1)
06-26 18:20:43.997 2796 2871 V CouchbaseLite/NETWORK: {N8litecore4blip10ConnectionE#2911} Receiving 'rev' REQ #3 Z
06-26 18:20:43.997 2796 2871 V CouchbaseLite/NETWORK: {N8litecore4blip10ConnectionE#2911} Finished receiving 'rev' REQ #3 Z
06-26 18:20:43.998 2796 2871 I CouchbaseLite/REPLICATOR: {N8litecore4repl6PullerE#2919} activityLevel=busy: pendingResponseCount=0, _caughtUp=1, _pendingRevMessages=0, _activeIncomingRevs=1
06-26 18:20:43.998 2796 2872 V CouchbaseLite/REPLICATOR: {N8litecore4repl11IncomingRevE#2922}==> N8litecore4repl11IncomingRevE ->file:////data/user/0/com.couchbase.lite.test/files/CouchbaseLiteTest/testdb.cblite2/ @0xde0abcc8
06-26 18:20:43.998 2796 2872 V CouchbaseLite/REPLICATOR: {N8litecore4repl11IncomingRevE#2922} Received revision 'doc1' #2-a3d06430f86d40dadfab80468163e114bc4d4d45 (seq '2')
06-26 18:20:43.999 2796 2872 I CouchbaseLite/REPLICATOR: {N8litecore4repl6PullerE#2919} activityLevel=busy: pendingResponseCount=0, _caughtUp=1, _pendingRevMessages=0, _activeIncomingRevs=1
06-26 18:20:44.021 2796 2871 V CouchbaseLite/REPLICATOR: {N8litecore4repl8InserterE#2923}==> N8litecore4repl8InserterE ->file:////data/user/0/com.couchbase.lite.test/files/CouchbaseLiteTest/testdb.cblite2/ @0xdf013b88
06-26 18:20:44.021 2796 2871 V CouchbaseLite/REPLICATOR: {N8litecore4repl8InserterE#2923} Inserting 1 revs:
06-26 18:20:44.021 2796 2871 I CouchbaseLite/DATABASE: {DB#2924}==> N8litecore14SQLiteDataFileE /data/user/0/com.couchbase.lite.test/files/CouchbaseLiteTest/testdb.cblite2/db.sqlite3 @0xcfdb4000
06-26 18:20:44.022 2796 2871 I CouchbaseLite/DATABASE: {DB#2924} Opening database --------- beginning of crash
06-26 18:20:44.023 2796 2871 F libc : Fatal signal 11 (SIGSEGV), code 1, fault addr 0x8400450 in tid 2871 (Thread-27043), pid 2796 (hbase.lite.test)
06-26 18:20:44.051 2960 2960 I crash_dump32: obtaining output fd from tombstoned, type: kDebuggerdTombstone
06-26 18:20:44.051 1535 1535 I /system/bin/tombstoned: received crash request for pid 2796
06-26 18:20:44.053 2960 2960 I crash_dump32: performing dump of process 2796 (target tid = 2871)
06-26 18:20:44.053 2960 2960 F DEBUG : *** *** *** *** *** *** *** *** *** *** *** *** *** *** *** ***
06-26 18:20:44.053 2960 2960 F DEBUG : Build fingerprint: 'Android/sdk_phone_x86/generic_x86:8.1.0/OSM1.180201.023/4931629:userdebug/test-keys'
06-26 18:20:44.053 2960 2960 F DEBUG : Revision: '0'
06-26 18:20:44.053 2960 2960 F DEBUG : ABI: 'x86'
06-26 18:20:44.053 2960 2960 F DEBUG : pid: 2796, tid: 2871, name: Thread-27043 >>> com.couchbase.lite.test <<<
06-26 18:20:44.053 2960 2960 F DEBUG : signal 11 (SIGSEGV), code 1 (SEGV_MAPERR), fault addr 0x8400450
06-26 18:20:44.053 2960 2960 F DEBUG : eax 07ffffff ebx e840044c ecx ffffffe1 edx 00000002
06-26 18:20:44.053 2960 2960 F DEBUG : esi e96350f4 edi ffffffe1
06-26 18:20:44.053 2960 2960 F DEBUG : xcs 00000023 xds 0000002b xes 0000002b xfs 0000006b xss 0000002b
06-26 18:20:44.053 2960 2960 F DEBUG : eip e95d788f ebp cc87d0e8 esp cc87d090 flags 00010202
06-26 18:20:44.070 2960 2960 F DEBUG :
06-26 18:20:44.070 2960 2960 F DEBUG : backtrace:
06-26 18:20:44.070 2960 2960 F DEBUG : #00 pc 0008b88f /system/lib/libc.so (je_arena_tcache_fill_small+463)
06-26 18:20:44.070 2960 2960 F DEBUG : #01 pc 000b2e53 /system/lib/libc.so (je_tcache_alloc_small_hard+51)
06-26 18:20:44.070 2960 2960 F DEBUG : #02 pc 000a1e78 /system/lib/libc.so (je_malloc+904)
06-26 18:20:44.070 2960 2960 F DEBUG : #03 pc 000152fa /system/lib/libc.so (malloc+42)
06-26 18:20:44.070 2960 2960 F DEBUG : #04 pc 003fdf20 /data/app/com.couchbase.lite.test-ft9Vkz2icfUBtTgYEbSyVA==/lib/x86/libLiteCoreJNI.so
06-26 18:20:44.070 2960 2960 F DEBUG : #05 pc 003278ac /data/app/com.couchbase.lite.test-ft9Vkz2icfUBtTgYEbSyVA==/lib/x86/libLiteCoreJNI.so
06-26 18:20:44.070 2960 2960 F DEBUG : #06 pc 003093a6 /data/app/com.couchbase.lite.test-ft9Vkz2icfUBtTgYEbSyVA==/lib/x86/libLiteCoreJNI.so
06-26 18:20:44.070 2960 2960 F DEBUG : #07 pc 00328136 /data/app/com.couchbase.lite.test-ft9Vkz2icfUBtTgYEbSyVA==/lib/x86/libLiteCoreJNI.so
06-26 18:20:44.070 2960 2960 F DEBUG : #08 pc 00327fa7 /data/app/com.couchbase.lite.test-ft9Vkz2icfUBtTgYEbSyVA==/lib/x86/libLiteCoreJNI.so
06-26 18:20:44.070 2960 2960 F DEBUG : #09 pc 0031b907 /data/app/com.couchbase.lite.test-ft9Vkz2icfUBtTgYEbSyVA==/lib/x86/libLiteCoreJNI.so
06-26 18:20:44.070 2960 2960 F DEBUG : #10 pc 00349482 /data/app/com.couchbase.lite.test-ft9Vkz2icfUBtTgYEbSyVA==/lib/x86/libLiteCoreJNI.so
06-26 18:20:44.070 2960 2960 F DEBUG : #11 pc 0034a6fb /data/app/com.couchbase.lite.test-ft9Vkz2icfUBtTgYEbSyVA==/lib/x86/libLiteCoreJNI.so
06-26 18:20:44.070 2960 2960 F DEBUG : #12 pc 003142f4 /data/app/com.couchbase.lite.test-ft9Vkz2icfUBtTgYEbSyVA==/lib/x86/libLiteCoreJNI.so
06-26 18:20:44.070 2960 2960 F DEBUG : #13 pc 0037c2ac /data/app/com.couchbase.lite.test-ft9Vkz2icfUBtTgYEbSyVA==/lib/x86/libLiteCoreJNI.so
06-26 18:20:44.070 2960 2960 F DEBUG : #14 pc 003ba009 /data/app/com.couchbase.lite.test-ft9Vkz2icfUBtTgYEbSyVA==/lib/x86/libLiteCoreJNI.so
06-26 18:20:44.070 2960 2960 F DEBUG : #15 pc 00389359 /data/app/com.couchbase.lite.test-ft9Vkz2icfUBtTgYEbSyVA==/lib/x86/libLiteCoreJNI.so
06-26 18:20:44.070 2960 2960 F DEBUG : #16 pc 0037e708 /data/app/com.couchbase.lite.test-ft9Vkz2icfUBtTgYEbSyVA==/lib/x86/libLiteCoreJNI.so
06-26 18:20:44.070 2960 2960 F DEBUG : #17 pc 0037d454 /data/app/com.couchbase.lite.test-ft9Vkz2icfUBtTgYEbSyVA==/lib/x86/libLiteCoreJNI.so
06-26 18:20:44.070 2960 2960 F DEBUG : #18 pc 0031d545 /data/app/com.couchbase.lite.test-ft9Vkz2icfUBtTgYEbSyVA==/lib/x86/libLiteCoreJNI.so
06-26 18:20:44.070 2960 2960 F DEBUG : #19 pc 0037ba95 /data/app/com.couchbase.lite.test-ft9Vkz2icfUBtTgYEbSyVA==/lib/x86/libLiteCoreJNI.so
06-26 18:20:44.070 2960 2960 F DEBUG : #20 pc 0031bf65 /data/app/com.couchbase.lite.test-ft9Vkz2icfUBtTgYEbSyVA==/lib/x86/libLiteCoreJNI.so
06-26 18:20:44.070 2960 2960 F DEBUG : #21 pc 0031b899 /data/app/com.couchbase.lite.test-ft9Vkz2icfUBtTgYEbSyVA==/lib/x86/libLiteCoreJNI.so (sqlite3_prepare_v2+169)
06-26 18:20:44.070 2960 2960 F DEBUG : #22 pc 00443b1a /data/app/com.couchbase.lite.test-ft9Vkz2icfUBtTgYEbSyVA==/lib/x86/libLiteCoreJNI.so (SQLite::Statement::Ptr::Ptr(sqlite3*, std::__ndk1::basic_string, std::__ndk1::allocator>&)+170)
06-26 18:20:44.070 2960 2960 F DEBUG : #23 pc 00440f20 /data/app/com.couchbase.lite.test-ft9Vkz2icfUBtTgYEbSyVA==/lib/x86/libLiteCoreJNI.so (SQLite::Statement::Statement(SQLite::Database&, char const*)+144)
06-26 18:20:44.070 2960 2960 F DEBUG : #24 pc 00432666 /data/app/com.couchbase.lite.test-ft9Vkz2icfUBtTgYEbSyVA==/lib/x86/libLiteCoreJNI.so (_ZSt11make_uniqueIN6SQLite9StatementEJRNS0_8DatabaseERPKcEENSt11__unique_ifIT_E15__unique_singleEDpOT0_+150)
06-26 18:20:44.070 2960 2960 F DEBUG : #25 pc 00432443 /data/app/com.couchbase.lite.test-ft9Vkz2icfUBtTgYEbSyVA==/lib/x86/libLiteCoreJNI.so (litecore::SQLiteDataFile::compile(std::__ndk1::unique_ptr> const&, char const*) const+179)
06-26 18:20:44.070 2960 2960 F DEBUG : #26 pc 004387df /data/app/com.couchbase.lite.test-ft9Vkz2icfUBtTgYEbSyVA==/lib/x86/libLiteCoreJNI.so (litecore::SQLiteKeyStore::compile(std::__ndk1::unique_ptr> const&, char const*) const+271)
06-26 18:20:44.070 2960 2960 F DEBUG : #27 pc 0043930f /data/app/com.couchbase.lite.test-ft9Vkz2icfUBtTgYEbSyVA==/lib/x86/libLiteCoreJNI.so (litecore::SQLiteKeyStore::read(litecore::Record&, litecore::ContentOption) const+271)
06-26 18:20:44.070 2960 2960 F DEBUG : #28 pc 00305863 /data/app/com.couchbase.lite.test-ft9Vkz2icfUBtTgYEbSyVA==/lib/x86/libLiteCoreJNI.so (litecore::KeyStore::get(fleece::slice, litecore::ContentOption) const+147)
06-26 18:20:44.070 2960 2960 F DEBUG : #29 pc 0028a522 /data/app/com.couchbase.lite.test-ft9Vkz2icfUBtTgYEbSyVA==/lib/x86/libLiteCoreJNI.so (c4Internal::Database::Database(std::__ndk1::basic_string, std::__ndk1::allocator> const&, C4DatabaseConfig)+2818)
06-26 18:20:44.070 2960 2960 F DEBUG : #30 pc 00261a79 /data/app/com.couchbase.lite.test-ft9Vkz2icfUBtTgYEbSyVA==/lib/x86/libLiteCoreJNI.so (c4Database::c4Database(litecore::FilePath const&, C4DatabaseConfig)+281)
06-26 18:20:44.070 2960 2960 F DEBUG : #31 pc 00261876 /data/app/com.couchbase.lite.test-ft9Vkz2icfUBtTgYEbSyVA==/lib/x86/libLiteCoreJNI.so
06-26 18:20:44.070 2960 2960 F DEBUG : #32 pc 002616f9 /data/app/com.couchbase.lite.test-ft9Vkz2icfUBtTgYEbSyVA==/lib/x86/libLiteCoreJNI.so
06-26 18:20:44.070 2960 2960 F DEBUG : #33 pc 002616bc /data/app/com.couchbase.lite.test-ft9Vkz2icfUBtTgYEbSyVA==/lib/x86/libLiteCoreJNI.so (fleece::function_ref::operator()() const+44)
06-26 18:20:44.070 2960 2960 F DEBUG : #34 pc 0025e29f /data/app/com.couchbase.lite.test-ft9Vkz2icfUBtTgYEbSyVA==/lib/x86/libLiteCoreJNI.so (_ZN10c4Internal8tryCatchIP10c4DatabaseEET_P7C4ErrorN6fleece12function_refIFS3_vEEE+47)
06-26 18:20:44.070 2960 2960 F DEBUG : #35 pc 0025e22a /data/app/com.couchbase.lite.test-ft9Vkz2icfUBtTgYEbSyVA==/lib/x86/libLiteCoreJNI.so (c4db_open+154)
06-26 18:20:44.070 2960 2960 F DEBUG : #36 pc 0025e781 /data/app/com.couchbase.lite.test-ft9Vkz2icfUBtTgYEbSyVA==/lib/x86/libLiteCoreJNI.so (c4db_openAgain+225)
06-26 18:20:44.070 2960 2960 F DEBUG : #37 pc 0055c074 /data/app/com.couchbase.lite.test-ft9Vkz2icfUBtTgYEbSyVA==/lib/x86/libLiteCoreJNI.so
06-26 18:20:44.070 2960 2960 F DEBUG : #38 pc 00554b3c /data/app/com.couchbase.lite.test-ft9Vkz2icfUBtTgYEbSyVA==/lib/x86/libLiteCoreJNI.so
06-26 18:20:44.070 2960 2960 F DEBUG : #39 pc 00554a42 /data/app/com.couchbase.lite.test-ft9Vkz2icfUBtTgYEbSyVA==/lib/x86/libLiteCoreJNI.so (litecore::repl::DBAccess::insertionDB()+114)
06-26 18:20:44.070 2960 2960 F DEBUG : #40 pc 00558052 /data/app/com.couchbase.lite.test-ft9Vkz2icfUBtTgYEbSyVA==/lib/x86/libLiteCoreJNI.so
06-26 18:20:44.070 2960 2960 F DEBUG : #41 pc 00557fd8 /data/app/com.couchbase.lite.test-ft9Vkz2icfUBtTgYEbSyVA==/lib/x86/libLiteCoreJNI.so (litecore::repl::DBAccess::beginTransaction(C4Error*)+88)
06-26 18:20:44.070 2960 2960 F DEBUG : #42 pc 005ea7d7 /data/app/com.couchbase.lite.test-ft9Vkz2icfUBtTgYEbSyVA==/lib/x86/libLiteCoreJNI.so (litecore::repl::DBAccess::Transaction::begin(C4Error*)+135)
06-26 18:20:44.070 2960 2960 F DEBUG : #43 pc 005e966b /data/app/com.couchbase.lite.test-ft9Vkz2icfUBtTgYEbSyVA==/lib/x86/libLiteCoreJNI.so (litecore::repl::Inserter::_insertRevisionsNow(int)+523)
06-26 18:20:44.070 2960 2960 F DEBUG : #44 pc 005f2f6f /data/app/com.couchbase.lite.test-ft9Vkz2icfUBtTgYEbSyVA==/lib/x86/libLiteCoreJNI.so
06-26 18:20:44.070 2960 2960 F DEBUG : #45 pc 005f2ea9 /data/app/com.couchbase.lite.test-ft9Vkz2icfUBtTgYEbSyVA==/lib/x86/libLiteCoreJNI.so
06-26 18:20:44.070 2960 2960 F DEBUG : #46 pc 005f2ddf /data/app/com.couchbase.lite.test-ft9Vkz2icfUBtTgYEbSyVA==/lib/x86/libLiteCoreJNI.so (_ZNSt6__ndk16__bindIRMN8litecore4repl8InserterEFviEJPS3_RiEEclIJEEENS_13__bind_returnIS5_NS_5tupleIJS7_iEEENSC_IJDpOT_EEEXsr22__is_valid_bind_returnIS5_SD_SH_EE5valueEE4typeESG_+111)
06-26 18:20:44.070 2960 2960 F DEBUG : #47 pc 005f2d49 /data/app/com.couchbase.lite.test-ft9Vkz2icfUBtTgYEbSyVA==/lib/x86/libLiteCoreJNI.so
06-26 18:20:44.070 2960 2960 F DEBUG : #48 pc 005f2cd9 /data/app/com.couchbase.lite.test-ft9Vkz2icfUBtTgYEbSyVA==/lib/x86/libLiteCoreJNI.so (_ZNSt6__ndk128__invoke_void_return_wrapperIvE6__callIJRNS_6__bindIRMN8litecore4repl8InserterEFviEJPS6_RiEEEEEEvDpOT_+57)
06-26 18:20:44.070 2960 2960 F DEBUG : #49 pc 005f2c99 /data/app/com.couchbase.lite.test-ft9Vkz2icfUBtTgYEbSyVA==/lib/x86/libLiteCoreJNI.so
06-26 18:20:44.070 2960 2960 F DEBUG : #50 pc 005f172c /data/app/com.couchbase.lite.test-ft9Vkz2icfUBtTgYEbSyVA==/lib/x86/libLiteCoreJNI.so (_ZNSt6__ndk110__function6__funcINS_6__bindIRMN8litecore4repl8InserterEFviEJPS5_RiEEENS_9allocatorISB_EEFvvEEclEv+44)
06-26 18:20:44.070 2960 2960 F DEBUG : #51 pc 00637e3d /data/app/com.couchbase.lite.test-ft9Vkz2icfUBtTgYEbSyVA==/lib/x86/libLiteCoreJNI.so
06-26 18:20:44.070 2960 2960 F DEBUG : #52 pc 006357f9 /data/app/com.couchbase.lite.test-ft9Vkz2icfUBtTgYEbSyVA==/lib/x86/libLiteCoreJNI.so (std::__ndk1::function::operator()() const+41)
06-26 18:20:44.070 2960 2960 F DEBUG : #53 pc 0064836e /data/app/com.couchbase.lite.test-ft9Vkz2icfUBtTgYEbSyVA==/lib/x86/libLiteCoreJNI.so (litecore::actor::ThreadedMailbox::safelyCall(std::__ndk1::function const&) const+62)
06-26 18:20:44.070 2960 2960 F DEBUG : #54 pc 00659539 /data/app/com.couchbase.lite.test-ft9Vkz2icfUBtTgYEbSyVA==/lib/x86/libLiteCoreJNI.so
06-26 18:20:44.070 2960 2960 F DEBUG : #55 pc 006594d9 /data/app/com.couchbase.lite.test-ft9Vkz2icfUBtTgYEbSyVA==/lib/x86/libLiteCoreJNI.so
06-26 18:20:44.070 2960 2960 F DEBUG : #56 pc 00659469 /data/app/com.couchbase.lite.test-ft9Vkz2icfUBtTgYEbSyVA==/lib/x86/libLiteCoreJNI.so
06-26 18:20:44.070 2960 2960 F DEBUG : #57 pc 00659429 /data/app/com.couchbase.lite.test-ft9Vkz2icfUBtTgYEbSyVA==/lib/x86/libLiteCoreJNI.so
06-26 18:20:44.070 2960 2960 F DEBUG : #58 pc 00657d5c /data/app/com.couchbase.lite.test-ft9Vkz2icfUBtTgYEbSyVA==/lib/x86/libLiteCoreJNI.so
06-26 18:20:44.070 2960 2960 F DEBUG : #59 pc 00637e3d /data/app/com.couchbase.lite.test-ft9Vkz2icfUBtTgYEbSyVA==/lib/x86/libLiteCoreJNI.so
06-26 18:20:44.070 2960 2960 F DEBUG : #60 pc 006357f9 /data/app/com.couchbase.lite.test-ft9Vkz2icfUBtTgYEbSyVA==/lib/x86/libLiteCoreJNI.so (std::__ndk1::function::operator()() const+41)
06-26 18:20:44.070 2960 2960 F DEBUG : #61 pc 0064836e /data/app/com.couchbase.lite.test-ft9Vkz2icfUBtTgYEbSyVA==/lib/x86/libLiteCoreJNI.so (litecore::actor::ThreadedMailbox::safelyCall(std::__ndk1::function const&) const+62)
06-26 18:20:44.070 2960 2960 F DEBUG : #62 pc 00654899 /data/app/com.couchbase.lite.test-ft9Vkz2icfUBtTgYEbSyVA==/lib/x86/libLiteCoreJNI.so
06-26 18:20:44.070 2960 2960 F DEBUG : #63 pc 00654839 /data/app/com.couchbase.lite.test-ft9Vkz2icfUBtTgYEbSyVA==/lib/x86/libLiteCoreJNI.so
06-26 18:20:44.466 1535 1535 E /system/bin/tombstoned: Tombstone written to: /data/tombstones/tombstone_00
06-26 18:20:44.475 1628 1662 I BootReceiver: Copying /data/tombstones/tombstone_00 to DropBox (SYSTEM_TOMBSTONE)
06-26 18:20:44.518 1628 1658 W zygote : kill(-2796, 9) failed: No such process
06-26 18:20:44.518 1628 1658 I zygote : Successfully killed process cgroup uid 10059 pid 2796 in 0ms
06-26 18:20:44.519 1510 1510 I Zygote : Process 2796 exited due to signal (11)
06-26 18:20:44.519 1628 1641 I ActivityManager: Process com.couchbase.lite.test (pid 2796) has died: fore FGS
06-26 18:20:44.520 1628 1641 W ActivityManager: Crash of app com.couchbase.lite.test running instrumentation ComponentInfo{com.couchbase.lite.test/android.support.test.runner.AndroidJUnitRunner}
06-26 18:20:44.520 1628 1641 I ActivityManager: Force stopping com.couchbase.lite.test appid=10059 user=0: finished inst
06-26 18:20:44.526 1628 2967 W Binder : Outgoing transactions from this process must be FLAG_ONEWAY
06-26 18:20:44.526 1628 2967 W Binder : java.lang.Throwable
06-26 18:20:44.526 1628 2967 W Binder : at android.os.BinderProxy.transact(Binder.java:752)
06-26 18:20:44.526 1628 2967 W Binder : at android.app.IInstrumentationWatcher$Stub$Proxy.instrumentationFinished(IInstrumentationWatcher.java:160)
06-26 18:20:44.526 1628 2967 W Binder : at com.android.server.am.InstrumentationReporter$MyThread.run(InstrumentationReporter.java:86)
06-26 18:20:44.529 2786 2786 D AndroidRuntime: Shutting down VM
06-26 18:20:44.867 2975 2975 D AndroidRuntime: >>>>>> START com.android.internal.os.RuntimeInit uid 2000 <<<<<<
06-26 18:20:44.945 2975 2975 W app_process: Unexpected CPU variant for X86 using defaults: x86
06-26 18:20:44.948 2975 2975 I app_process: The ClassLoaderContext is a special shared library.
06-26 18:20:44.990 2975 2975 D AndroidRuntime: Calling main entry com.android.commands.pm.Pm
06-26 18:20:45.001 1628 1656 I ActivityManager: Force stopping com.couchbase.lite.test appid=10059 user=-1: deletePackageX
06-26 18:20:45.065 1515 1515 I keystore: clear_uid 10059
06-26 18:20:45.067 1628 1674 D PackageManager: Ephemeral installer not found with new action; try old one
06-26 18:20:45.067 1628 1674 D PackageManager: Clear ephemeral installer activity
06-26 18:20:45.089 1628 1674 I zygote : Explicit concurrent copying GC freed 53321(2MB) AllocSpace objects, 31(2MB) LOS objects, 42% free, 5MB/9MB, paused 21us total 21.260ms
06-26 18:20:45.097 2975 2975 I app_process: System.exit called, status: 0
06-26 18:20:45.097 2975 2975 I AndroidRuntime: VM exiting with result code 0.
06-26 18:20:45.101 2975 2984 W MessageQueue: Handler (android.os.Handler) {a401ae3} sending message to a Handler on a dead thread
06-26 18:20:45.101 2975 2984 W MessageQueue: java.lang.IllegalStateException: Handler (android.os.Handler) {a401ae3} sending message to a Handler on a dead thread
06-26 18:20:45.101 2975 2984 W MessageQueue: at android.os.MessageQueue.enqueueMessage(MessageQueue.java:545)
06-26 18:20:45.101 2975 2984 W MessageQueue: at android.os.Handler.enqueueMessage(Handler.java:662)
06-26 18:20:45.101 2975 2984 W MessageQueue: at android.os.Handler.sendMessageAtTime(Handler.java:631)
06-26 18:20:45.101 2975 2984 W MessageQueue: at android.os.Handler.sendMessageDelayed(Handler.java:601)
06-26 18:20:45.101 2975 2984 W MessageQueue: at android.os.Handler.post(Handler.java:357)
06-26 18:20:45.101 2975 2984 W MessageQueue: at android.os.ResultReceiver$MyResultReceiver.send(ResultReceiver.java:57)
06-26 18:20:45.101 2975 2984 W MessageQueue: at com.android.internal.os.IResultReceiver$Stub.onTransact(IResultReceiver.java:58)
06-26 18:20:45.101 2975 2984 W MessageQueue: at android.os.Binder.execTransact(Binder.java:697)
06-26 18:20:45.108 1628 1674 I ActivityManager: Force stopping com.couchbase.lite.test appid=10059 user=0: pkg removed
06-26 18:20:45.125 1628 1674 D KernelUidCpuTimeReader: Removing uids 10059-10059
06-26 18:20:45.142 1859 1859 D CarrierSvcBindHelper: No carrier app for: 0