06-26 18:20:42.416 2796 2872 V CouchbaseLite/NETWORK: {N8litecore4blip10ConnectionE#2871} Receiving RES #1
06-26 18:20:42.416 2796 2872 V CouchbaseLite/NETWORK: {N8litecore4blip10ConnectionE#2871} Finished receiving RES #1
06-26 18:20:42.416 2796 2872 I CouchbaseLite/REPLICATOR: {Repl#2872} Received remote checkpoint: [1, ''] rev='1-cc'
06-26 18:20:42.416 2796 2872 I CouchbaseLite/REPLICATOR: {Repl#2872} activityLevel=busy: connectionState=2
06-26 18:20:42.417 2796 2871 I CouchbaseLite/REPLICATOR: {N8litecore4repl6PullerE#2879}==> N8litecore4repl6PullerE ->file:////data/user/0/com.couchbase.lite.test/files/CouchbaseLiteTest/testdb.cblite2/ @0xcf54c888
06-26 18:20:42.417 2796 2871 I CouchbaseLite/REPLICATOR: {N8litecore4repl6PullerE#2879} Starting pull from remote seq
06-26 18:20:42.417 2796 2871 I CouchbaseLite/REPLICATOR: {N8litecore4repl6PullerE#2879} activityLevel=busy: pendingResponseCount=1, _caughtUp=0, _pendingRevMessages=0, _activeIncomingRevs=0
06-26 18:20:42.417 2796 2871 V CouchbaseLite/REPLICATOR: {N8litecore4repl6PullerE#2879} now busy
06-26 18:20:42.417 2796 2871 I CouchbaseLite/REPLICATOR: {Repl#2872} pushStatus=stopped, pullStatus=busy, progress=0/0
06-26 18:20:42.417 2796 2871 I CouchbaseLite/REPLICATOR: {Repl#2872} activityLevel=busy: connectionState=2
06-26 18:20:42.418 2796 2872 V CouchbaseLite/NETWORK: {N8litecore4blip6BLIPIOE#2878} Sending 'subChanges' REQ #2
06-26 18:20:42.418 2796 2872 V CouchbaseLite/NETWORK: {N8litecore4blip6BLIPIOE#2878} Sending frame: REQ #2 ----, bytes 0--33
06-26 18:20:42.418 2796 2872 V CouchbaseLite/NETWORK: {N8litecore4blip6BLIPIOE#2878} Finished sending REQ #2
06-26 18:20:42.418 2796 2872 V CouchbaseLite/NETWORK: {N8litecore4blip6BLIPIOE#2878} ...Wrote 36 bytes to WebSocket (writeable=1)
06-26 18:20:42.419 2796 2871 I CouchbaseLite/REPLICATOR: {N8litecore4repl6PullerE#2879} activityLevel=busy: pendingResponseCount=1, _caughtUp=0, _pendingRevMessages=0, _activeIncomingRevs=0
06-26 18:20:42.419 2796 2872 V CouchbaseLite/NETWORK: {N8litecore4blip6BLIPIOE#2877} Received frame: REQ #2 ----, length 34
06-26 18:20:42.419 2796 2872 V CouchbaseLite/NETWORK: {N8litecore4blip10ConnectionE#2873} Receiving 'subChanges' REQ #2
06-26 18:20:42.419 2796 2872 V CouchbaseLite/NETWORK: {N8litecore4blip10ConnectionE#2873} Finished receiving 'subChanges' REQ #2
06-26 18:20:42.419 2796 2872 I CouchbaseLite/REPLICATOR: {n8litecore4repl6pushere#2880}==> N8litecore4repl6PusherE <-file:////data/user/0/com.couchbase.lite.test/files/CouchbaseLiteTest/otherdb.cblite2/ @0xcd146248
06-26 18:20:42.419 2796 2872 I CouchbaseLite/REPLICATOR: {n8litecore4repl6pushere#2880} Peer is pulling changes from seq #0
06-26 18:20:42.419 2796 2872 V CouchbaseLite/REPLICATOR: {n8litecore4repl6pushere#2880} Asking DB for 200 changes since sequence #0 ...
06-26 18:20:42.420 2796 2872 V CouchbaseLite/REPLICATOR: {n8litecore4repl6pushere#2880} Reading up to 200 local changes since #0
06-26 18:20:42.420 2796 2871 V CouchbaseLite/NETWORK: {N8litecore4blip6BLIPIOE#2877} Sending RES #2
06-26 18:20:42.420 2796 2871 V CouchbaseLite/NETWORK: {N8litecore4blip6BLIPIOE#2877} Sending frame: RES #2 ----, bytes 0--4
06-26 18:20:42.420 2796 2871 V CouchbaseLite/NETWORK: {N8litecore4blip6BLIPIOE#2877} Finished sending RES #2
06-26 18:20:42.421 2796 2871 V CouchbaseLite/NETWORK: {N8litecore4blip6BLIPIOE#2877} ...Wrote 7 bytes to WebSocket (writeable=1)
06-26 18:20:42.421 2796 2872 I CouchbaseLite/REPLICATOR: {n8litecore4repl6pushere#2880} Read 2 local changes up to #3: sending 'changes' with sequences #1 - #3
06-26 18:20:42.421 2796 2871 V CouchbaseLite/NETWORK: {N8litecore4blip6BLIPIOE#2878} Received frame: RES #2 ----, length 5
06-26 18:20:42.421 2796 2872 I CouchbaseLite/REPLICATOR: {n8litecore4repl6pushere#2880} Caught up, at lastSequence #3
06-26 18:20:42.422 2796 2871 V CouchbaseLite/NETWORK: {N8litecore4blip10ConnectionE#2871} Receiving RES #2
06-26 18:20:42.422 2796 2871 V CouchbaseLite/NETWORK: {N8litecore4blip10ConnectionE#2871} Finished receiving RES #2
06-26 18:20:42.422 2796 2872 V CouchbaseLite/REPLICATOR: {n8litecore4repl6pushere#2880} progress +0/+202, 0 docs -- now 0 / 202, 0 docs
06-26 18:20:42.422 2796 2872 I CouchbaseLite/REPLICATOR: {n8litecore4repl6pushere#2880} activityLevel=busy: pendingResponseCount=1, caughtUp=1, changeLists=1, revsInFlight=0, blobsInFlight=0, awaitingReply=0, revsToSend=0, pushingDocs=2, pendingSequences=0
06-26 18:20:42.422 2796 2872 V CouchbaseLite/REPLICATOR: {n8litecore4repl6pushere#2880} now busy
06-26 18:20:42.423 2796 2871 V CouchbaseLite/NETWORK: {N8litecore4blip6BLIPIOE#2877} Sending 'changes' REQ #1 UZ
06-26 18:20:42.423 2796 2872 I CouchbaseLite/REPLICATOR: {N8litecore4repl6PullerE#2879} activityLevel=busy: pendingResponseCount=0, _caughtUp=0, _pendingRevMessages=0, _activeIncomingRevs=0
06-26 18:20:42.423 2796 2872 I CouchbaseLite/REPLICATOR: {repl#2874} pushStatus=busy, pullStatus=busy, progress=0/202
06-26 18:20:42.423 2796 2872 V CouchbaseLite/REPLICATOR: {repl#2874} progress +0/+202, 0 docs -- now 0 / 202, 0 docs
06-26 18:20:42.423 2796 2872 I CouchbaseLite/REPLICATOR: {repl#2874} activityLevel=busy: connectionState=2
06-26 18:20:42.424 2796 2871 V CouchbaseLite/NETWORK: {N8litecore4blip6BLIPIOE#2877} Sending frame: REQ #1 -U-C, bytes 0--120
06-26 18:20:42.424 2796 2872 I CouchbaseLite/REPLICATOR: {n8litecore4repl6pushere#2880} activityLevel=busy: pendingResponseCount=1, caughtUp=1, changeLists=1, revsInFlight=0, blobsInFlight=0, awaitingReply=0, revsToSend=0, pushingDocs=2, pendingSequences=0
06-26 18:20:42.425 2796 2871 V CouchbaseLite/NETWORK: {N8litecore4blip6BLIPIOE#2877} Finished sending REQ #1 UZ
06-26 18:20:42.425 2796 2871 V CouchbaseLite/NETWORK: {N8litecore4blip6BLIPIOE#2877} ...Wrote 123 bytes to WebSocket (writeable=1)
06-26 18:20:42.425 2796 2872 V CouchbaseLite/NETWORK: {N8litecore4blip6BLIPIOE#2878} Received frame: REQ #1 -U-C, length 121
06-26 18:20:42.425 2796 2872 V CouchbaseLite/NETWORK: {N8litecore4blip10ConnectionE#2871} Receiving 'changes' REQ #1 UZ
06-26 18:20:42.425 2796 2871 V CouchbaseLite/NETWORK: {N8litecore4blip6BLIPIOE#2877} Sending 'changes' REQ #2 UN
06-26 18:20:42.426 2796 2872 V CouchbaseLite/NETWORK: {N8litecore4blip10ConnectionE#2871} Finished receiving 'changes' REQ #1 UZ
06-26 18:20:42.426 2796 2871 V CouchbaseLite/NETWORK: {N8litecore4blip6BLIPIOE#2877} Sending frame: REQ #2 -UN-, bytes 0--22
06-26 18:20:42.426 2796 2872 V CouchbaseLite/REPLICATOR: {N8litecore4repl6PullerE#2879} Received 'changes' REQ#1 (0 queued; 0 revs pending, 0 active, 0 unfinished)
06-26 18:20:42.426 2796 2872 V CouchbaseLite/REPLICATOR: {N8litecore4repl6PullerE#2879} Handling 'changes' REQ#1
06-26 18:20:42.427 2796 2871 V CouchbaseLite/NETWORK: {N8litecore4blip6BLIPIOE#2877} Finished sending REQ #2 UN
06-26 18:20:42.427 2796 2871 V CouchbaseLite/NETWORK: {N8litecore4blip6BLIPIOE#2877} ...Wrote 25 bytes to WebSocket (writeable=1)
06-26 18:20:42.427 2796 2872 I CouchbaseLite/REPLICATOR: {N8litecore4repl6PullerE#2879} activityLevel=busy: pendingResponseCount=0, _caughtUp=0, _pendingRevMessages=0, _activeIncomingRevs=0
06-26 18:20:42.427 2796 2871 I CouchbaseLite/REPLICATOR: {N8litecore4repl9RevFinderE#2881}==> N8litecore4repl9RevFinderE ->file:////data/user/0/com.couchbase.lite.test/files/CouchbaseLiteTest/testdb.cblite2/ @0xcf836628
06-26 18:20:42.427 2796 2871 I CouchbaseLite/REPLICATOR: {N8litecore4repl9RevFinderE#2881} Received 2 changes (seq '1'..'3')
06-26 18:20:42.428 2796 2872 V CouchbaseLite/NETWORK: {N8litecore4blip6BLIPIOE#2878} Received frame: REQ #2 -UN-, length 23
06-26 18:20:42.428 2796 2872 V CouchbaseLite/NETWORK: {N8litecore4blip10ConnectionE#2871} Receiving 'changes' REQ #2 UN
06-26 18:20:42.428 2796 2872 V CouchbaseLite/NETWORK: {N8litecore4blip10ConnectionE#2871} Finished receiving 'changes' REQ #2 UN
06-26 18:20:42.429 2796 2871 I CouchbaseLite/REPLICATOR: {N8litecore4repl9RevFinderE#2881} Responded to 'changes' REQ#1 w/request for 2 revs
06-26 18:20:42.429 2796 2871 V CouchbaseLite/REPLICATOR: {N8litecore4repl9RevFinderE#2881} now idle
06-26 18:20:42.429 2796 2872 V CouchbaseLite/REPLICATOR: {N8litecore4repl6PullerE#2879} Now waiting for 2 'rev' messages; 2 known sequences pending
06-26 18:20:42.429 2796 2872 V CouchbaseLite/REPLICATOR: {N8litecore4repl6PullerE#2879} progress +0/+202, 0 docs -- now 0 / 202, 0 docs
06-26 18:20:42.430 2796 2872 I CouchbaseLite/REPLICATOR: {N8litecore4repl6PullerE#2879} activityLevel=busy: pendingResponseCount=0, _caughtUp=0, _pendingRevMessages=2, _activeIncomingRevs=0
06-26 18:20:42.430 2796 2871 V CouchbaseLite/NETWORK: {N8litecore4blip6BLIPIOE#2878} Sending RES #1 UZ
06-26 18:20:42.430 2796 2871 V CouchbaseLite/NETWORK: {N8litecore4blip6BLIPIOE#2878} Sending frame: RES #1 -U-C, bytes 0--82
06-26 18:20:42.430 2796 2872 I CouchbaseLite/REPLICATOR: {Repl#2872} pushStatus=stopped, pullStatus=busy, progress=0/0
06-26 18:20:42.430 2796 2872 I CouchbaseLite/REPLICATOR: {Repl#2872} activityLevel=busy: connectionState=2
06-26 18:20:42.430 2796 2872 V CouchbaseLite/REPLICATOR: {N8litecore4repl6PullerE#2879} Received 'changes' REQ#2 (0 queued; 2 revs pending, 0 active, 0 unfinished)
06-26 18:20:42.431 2796 2872 V CouchbaseLite/REPLICATOR: {N8litecore4repl6PullerE#2879} Handling 'changes' REQ#2
06-26 18:20:42.431 2796 2871 V CouchbaseLite/NETWORK: {N8litecore4blip6BLIPIOE#2878} Finished sending RES #1 UZ
06-26 18:20:42.431 2796 2871 V CouchbaseLite/NETWORK: {N8litecore4blip6BLIPIOE#2878} ...Wrote 85 bytes to WebSocket (writeable=1)
06-26 18:20:42.431 2796 2872 I CouchbaseLite/REPLICATOR: {N8litecore4repl6PullerE#2879} Caught up with remote changes
06-26 18:20:42.431 2796 2872 I CouchbaseLite/REPLICATOR: {N8litecore4repl6PullerE#2879} activityLevel=busy: pendingResponseCount=0, _caughtUp=1, _pendingRevMessages=2, _activeIncomingRevs=0
06-26 18:20:42.432 2796 2871 I CouchbaseLite/REPLICATOR: {Repl#2872} pushStatus=stopped, pullStatus=busy, progress=0/202
06-26 18:20:42.432 2796 2871 V CouchbaseLite/REPLICATOR: {Repl#2872} progress +0/+202, 0 docs -- now 0 / 202, 0 docs
06-26 18:20:42.432 2796 2871 I CouchbaseLite/REPLICATOR: {Repl#2872} activityLevel=busy: connectionState=2
06-26 18:20:42.432 2796 2872 V CouchbaseLite/NETWORK: {N8litecore4blip6BLIPIOE#2877} Received frame: RES #1 -U-C, length 83
06-26 18:20:42.432 2796 2872 V CouchbaseLite/NETWORK: {N8litecore4blip10ConnectionE#2873} Receiving RES #1 UZ
06-26 18:20:42.432 2796 2872 V CouchbaseLite/NETWORK: {N8litecore4blip10ConnectionE#2873} Finished receiving RES #1 UZ
06-26 18:20:42.433 2796 2871 I CouchbaseLite/REPLICATOR: {n8litecore4repl6pushere#2880} Got response for 2 local changes (sequences from 1)
06-26 18:20:42.433 2796 2871 V CouchbaseLite/REPLICATOR: {n8litecore4repl6pushere#2880} Queueing rev 'doc4' #1-ff4808fa3e80574f7a4f811048025eec5ed34048 (seq #1) [1 queued]
06-26 18:20:42.433 2796 2871 V CouchbaseLite/REPLICATOR: {n8litecore4repl6pushere#2880} Queueing rev 'doc1' #2-bd65536f67f4481269ecb6b125dbb8c85a870e7e (seq #3) [2 queued]
06-26 18:20:42.433 2796 2871 V CouchbaseLite/REPLICATOR: {n8litecore4repl6pushere#2880} Sending rev doc4 1-ff4808fa3e80574f7a4f811048025eec5ed34048 (seq #1) [1/10]
06-26 18:20:42.433 2796 2871 V CouchbaseLite/REPLICATOR: {n8litecore4repl6pushere#2880} Reading document 'doc4' #1-ff4808fa3e80574f7a4f811048025eec5ed34048
06-26 18:20:42.434 2796 2871 V CouchbaseLite/REPLICATOR: {n8litecore4repl6pushere#2880} Transmitting 'rev' message with 'doc4' #1-ff4808fa3e80574f7a4f811048025eec5ed34048
06-26 18:20:42.434 2796 2871 V CouchbaseLite/REPLICATOR: {n8litecore4repl6pushere#2880} Sending rev doc1 2-bd65536f67f4481269ecb6b125dbb8c85a870e7e (seq #3) [2/10]
06-26 18:20:42.434 2796 2871 V CouchbaseLite/REPLICATOR: {n8litecore4repl6pushere#2880} Reading document 'doc1' #2-bd65536f67f4481269ecb6b125dbb8c85a870e7e
06-26 18:20:42.435 2796 2872 V CouchbaseLite/NETWORK: {N8litecore4blip6BLIPIOE#2877} Sending 'rev' REQ #3 Z
06-26 18:20:42.435 2796 2871 V CouchbaseLite/REPLICATOR: {n8litecore4repl6pushere#2880} Transmitting 'rev' message with 'doc1' #2-bd65536f67f4481269ecb6b125dbb8c85a870e7e
06-26 18:20:42.435 2796 2871 I CouchbaseLite/REPLICATOR: {n8litecore4repl6pushere#2880} activityLevel=busy: pendingResponseCount=2, caughtUp=1, changeLists=0, revsInFlight=2, blobsInFlight=0, awaitingReply=0, revsToSend=0, pushingDocs=2, pendingSequences=0
06-26 18:20:42.435 2796 2871 I CouchbaseLite/REPLICATOR: {n8litecore4repl6pushere#2880} activityLevel=busy: pendingResponseCount=2, caughtUp=1, changeLists=0, revsInFlight=1, blobsInFlight=0, awaitingReply=192, revsToSend=0, pushingDocs=2, pendingSequences=0
06-26 18:20:42.436 2796 2872 V CouchbaseLite/NETWORK: {N8litecore4blip6BLIPIOE#2877} Sending frame: REQ #3 ---C, bytes 0--138
06-26 18:20:42.436 2796 2872 V CouchbaseLite/NETWORK: {N8litecore4blip6BLIPIOE#2877} Finished sending REQ #3 Z
06-26 18:20:42.437 2796 2871 V CouchbaseLite/NETWORK: {N8litecore4blip6BLIPIOE#2878} Received frame: REQ #3 ---C, length 139
06-26 18:20:42.437 2796 2872 V CouchbaseLite/NETWORK: {N8litecore4blip6BLIPIOE#2877} ...Wrote 141 bytes to WebSocket (writeable=1)
06-26 18:20:42.437 2796 2871 V CouchbaseLite/NETWORK: {N8litecore4blip10ConnectionE#2871} Receiving 'rev' REQ #3 Z
06-26 18:20:42.437 2796 2872 V CouchbaseLite/NETWORK: {N8litecore4blip6BLIPIOE#2877} Sending 'rev' REQ #4 Z
06-26 18:20:42.438 2796 2871 V CouchbaseLite/NETWORK: {N8litecore4blip10ConnectionE#2871} Finished receiving 'rev' REQ #3 Z
06-26 18:20:42.438 2796 2872 V CouchbaseLite/NETWORK: {N8litecore4blip6BLIPIOE#2877} Sending frame: REQ #4 ---C, bytes 0--87
06-26 18:20:42.438 2796 2872 V CouchbaseLite/NETWORK: {N8litecore4blip6BLIPIOE#2877} Finished sending REQ #4 Z
06-26 18:20:42.438 2796 2872 V CouchbaseLite/NETWORK: {N8litecore4blip6BLIPIOE#2877} ...Wrote 90 bytes to WebSocket (writeable=1)
06-26 18:20:42.439 2796 2871 I CouchbaseLite/REPLICATOR: {n8litecore4repl6pushere#2880} activityLevel=busy: pendingResponseCount=2, caughtUp=1, changeLists=0, revsInFlight=0, blobsInFlight=0, awaitingReply=345, revsToSend=0, pushingDocs=2, pendingSequences=0
06-26 18:20:42.439 2796 2872 I CouchbaseLite/REPLICATOR: {N8litecore4repl6PullerE#2879} activityLevel=busy: pendingResponseCount=0, _caughtUp=1, _pendingRevMessages=1, _activeIncomingRevs=1
06-26 18:20:42.439 2796 2871 V CouchbaseLite/REPLICATOR: {N8litecore4repl11IncomingRevE#2882}==> N8litecore4repl11IncomingRevE ->file:////data/user/0/com.couchbase.lite.test/files/CouchbaseLiteTest/testdb.cblite2/ @0xe09d8048
06-26 18:20:42.440 2796 2871 V CouchbaseLite/REPLICATOR: {N8litecore4repl11IncomingRevE#2882} Received revision 'doc4' #1-ff4808fa3e80574f7a4f811048025eec5ed34048 (seq '1')
06-26 18:20:42.440 2796 2872 V CouchbaseLite/NETWORK: {N8litecore4blip6BLIPIOE#2878} Received frame: REQ #4 ---C, length 88
06-26 18:20:42.440 2796 2871 V CouchbaseLite/REPLICATOR: {N8litecore4repl12IncomingBlobE#2883}==> N8litecore4repl12IncomingBlobE for doc 'doc4'.Oakland [sha1-ZBhETapNhT62Gg3jJ69KZFiteHo=] @0xe09d9d08
06-26 18:20:42.441 2796 2871 V CouchbaseLite/REPLICATOR: {N8litecore4repl12IncomingBlobE#2883} Requesting blob (10 bytes, compress=1)
06-26 18:20:42.441 2796 2871 V CouchbaseLite/REPLICATOR: {N8litecore4repl12IncomingBlobE#2883} progress +0/+10, 0 docs -- now 0 / 10, 0 docs
06-26 18:20:42.441 2796 2871 V CouchbaseLite/REPLICATOR: {N8litecore4repl12IncomingBlobE#2883} now busy
06-26 18:20:42.441 2796 2872 V CouchbaseLite/NETWORK: {N8litecore4blip10ConnectionE#2871} Receiving 'rev' REQ #4 Z
06-26 18:20:42.442 2796 2871 I CouchbaseLite/REPLICATOR: {N8litecore4repl6PullerE#2879} activityLevel=busy: pendingResponseCount=0, _caughtUp=1, _pendingRevMessages=1, _activeIncomingRevs=1
06-26 18:20:42.442 2796 2871 V CouchbaseLite/REPLICATOR: {N8litecore4repl6PullerE#2879} progress +0/+10, 0 docs -- now 0 / 212, 0 docs
06-26 18:20:42.442 2796 2871 I CouchbaseLite/REPLICATOR: {N8litecore4repl6PullerE#2879} activityLevel=busy: pendingResponseCount=0, _caughtUp=1, _pendingRevMessages=1, _activeIncomingRevs=1
06-26 18:20:42.442 2796 2871 I CouchbaseLite/REPLICATOR: {Repl#2872} pushStatus=stopped, pullStatus=busy, progress=0/212
06-26 18:20:42.442 2796 2871 V CouchbaseLite/REPLICATOR: {Repl#2872} progress +0/+10, 0 docs -- now 0 / 212, 0 docs
06-26 18:20:42.443 2796 2871 I CouchbaseLite/REPLICATOR: {Repl#2872} activityLevel=busy: connectionState=2
06-26 18:20:42.443 2796 2872 V CouchbaseLite/NETWORK: {N8litecore4blip10ConnectionE#2871} Finished receiving 'rev' REQ #4 Z
06-26 18:20:42.443 2796 2872 V CouchbaseLite/NETWORK: {N8litecore4blip6BLIPIOE#2878} Sending 'getAttachment' REQ #3
06-26 18:20:42.443 2796 2871 I CouchbaseLite/REPLICATOR: {N8litecore4repl6PullerE#2879} activityLevel=busy: pendingResponseCount=0, _caughtUp=1, _pendingRevMessages=0, _activeIncomingRevs=2
06-26 18:20:42.444 2796 2872 V CouchbaseLite/NETWORK: {N8litecore4blip6BLIPIOE#2878} Sending frame: REQ #3 ----, bytes 0--81
06-26 18:20:42.444 2796 2871 V CouchbaseLite/REPLICATOR: {N8litecore4repl11IncomingRevE#2884}==> N8litecore4repl11IncomingRevE ->file:////data/user/0/com.couchbase.lite.test/files/CouchbaseLiteTest/testdb.cblite2/ @0xe09d9bc8
06-26 18:20:42.444 2796 2871 V CouchbaseLite/REPLICATOR: {N8litecore4repl11IncomingRevE#2884} Received revision 'doc1' #2-bd65536f67f4481269ecb6b125dbb8c85a870e7e (seq '3')
06-26 18:20:42.444 2796 2872 V CouchbaseLite/NETWORK: {N8litecore4blip6BLIPIOE#2878} Finished sending REQ #3
06-26 18:20:42.445 2796 2872 V CouchbaseLite/NETWORK: {N8litecore4blip6BLIPIOE#2878} ...Wrote 84 bytes to WebSocket (writeable=1)
06-26 18:20:42.445 2796 2871 I CouchbaseLite/REPLICATOR: {N8litecore4repl6PullerE#2879} activityLevel=busy: pendingResponseCount=0, _caughtUp=1, _pendingRevMessages=0, _activeIncomingRevs=2
06-26 18:20:42.445 2796 2872 V CouchbaseLite/NETWORK: {N8litecore4blip6BLIPIOE#2877} Received frame: REQ #3 ----, length 82
06-26 18:20:42.445 2796 2872 V CouchbaseLite/NETWORK: {N8litecore4blip10ConnectionE#2873} Receiving 'getAttachment' REQ #3
06-26 18:20:42.446 2796 2872 V CouchbaseLite/NETWORK: {N8litecore4blip10ConnectionE#2873} Finished receiving 'getAttachment' REQ #3
06-26 18:20:42.447 2796 2872 V CouchbaseLite/REPLICATOR: {n8litecore4repl6pushere#2880} Sending blob sha1-ZBhETapNhT62Gg3jJ69KZFiteHo= (length=10, compress=1)
06-26 18:20:42.447 2796 2872 I CouchbaseLite/REPLICATOR: {n8litecore4repl6pushere#2880} activityLevel=busy: pendingResponseCount=2, caughtUp=1, changeLists=0, revsInFlight=0, blobsInFlight=1, awaitingReply=345, revsToSend=0, pushingDocs=2, pendingSequences=0
06-26 18:20:42.448 2796 2871 V CouchbaseLite/NETWORK: {N8litecore4blip6BLIPIOE#2877} Sending RES #3 Z
06-26 18:20:42.448 2796 2871 V CouchbaseLite/NETWORK: {N8litecore4blip6BLIPIOE#2877} Sending frame: RES #3 ---C, bytes 0--20
06-26 18:20:42.448 2796 2872 I CouchbaseLite/REPLICATOR: {n8litecore4repl6pushere#2880} activityLevel=busy: pendingResponseCount=2, caughtUp=1, changeLists=0, revsInFlight=0, blobsInFlight=0, awaitingReply=345, revsToSend=0, pushingDocs=2, pendingSequences=0
06-26 18:20:42.448 2796 2871 V CouchbaseLite/NETWORK: {N8litecore4blip6BLIPIOE#2877} Finished sending RES #3 Z
06-26 18:20:42.448 2796 2871 V CouchbaseLite/NETWORK: {N8litecore4blip6BLIPIOE#2877} ...Wrote 23 bytes to WebSocket (writeable=1)
06-26 18:20:42.449 2796 2872 V CouchbaseLite/NETWORK: {N8litecore4blip6BLIPIOE#2878} Received frame: RES #3 ---C, length 21
06-26 18:20:42.449 2796 2872 V CouchbaseLite/NETWORK: {N8litecore4blip10ConnectionE#2871} Receiving RES #3 Z
06-26 18:20:42.449 2796 2872 V CouchbaseLite/NETWORK: {N8litecore4blip10ConnectionE#2871} Finished receiving RES #3 Z
06-26 18:20:42.451 2796 2872 V CouchbaseLite/REPLICATOR: {N8litecore4repl12IncomingBlobE#2883} Opened writer [1 open; max 1]
06-26 18:20:42.452 2796 2872 V CouchbaseLite/REPLICATOR: {N8litecore4repl12IncomingBlobE#2883} Finished receiving blob sha1-ZBhETapNhT62Gg3jJ69KZFiteHo= (10 bytes)
06-26 18:20:42.452 2796 2872 V CouchbaseLite/REPLICATOR: {N8litecore4repl12IncomingBlobE#2883} Closing; [0 open]
06-26 18:20:42.452 2796 2872 V CouchbaseLite/REPLICATOR: {N8litecore4repl12IncomingBlobE#2883} progress +10/+0, 0 docs -- now 10 / 10, 0 docs
06-26 18:20:42.453 2796 2872 V CouchbaseLite/REPLICATOR: {N8litecore4repl12IncomingBlobE#2883} now idle
06-26 18:20:42.453 2796 2872 V CouchbaseLite/REPLICATOR: {N8litecore4repl11IncomingRevE#2882} All blobs received, now inserting revision
06-26 18:20:42.453 2796 2872 V CouchbaseLite/REPLICATOR: {N8litecore4repl6PullerE#2879} progress +10/+0, 0 docs -- now 10 / 212, 0 docs
06-26 18:20:42.459 2796 2872 I CouchbaseLite/REPLICATOR: {N8litecore4repl6PullerE#2879} activityLevel=busy: pendingResponseCount=0, _caughtUp=1, _pendingRevMessages=0, _activeIncomingRevs=2
06-26 18:20:42.460 2796 2872 I CouchbaseLite/REPLICATOR: {Repl#2872} pushStatus=stopped, pullStatus=busy, progress=10/212
06-26 18:20:42.461 2796 2872 V CouchbaseLite/REPLICATOR: {Repl#2872} progress +10/+0, 0 docs -- now 10 / 212, 0 docs
06-26 18:20:42.462 2796 2872 I CouchbaseLite/REPLICATOR: {Repl#2872} activityLevel=busy: connectionState=2
06-26 18:20:42.465 2796 2871 V CouchbaseLite/REPLICATOR: {N8litecore4repl8InserterE#2885}==> N8litecore4repl8InserterE ->file:////data/user/0/com.couchbase.lite.test/files/CouchbaseLiteTest/testdb.cblite2/ @0xde0ad208
06-26 18:20:42.465 2796 2871 V CouchbaseLite/REPLICATOR: {N8litecore4repl8InserterE#2885} Inserting 2 revs:
06-26 18:20:42.466 2796 2871 I CouchbaseLite/DATABASE: {DB#2886}==> N8litecore14SQLiteDataFileE /data/user/0/com.couchbase.lite.test/files/CouchbaseLiteTest/testdb.cblite2/db.sqlite3 @0xdf061100
06-26 18:20:42.466 2796 2871 I CouchbaseLite/DATABASE: {DB#2886} Opening database
06-26 18:20:42.466 2796 2871 V CouchbaseLite/DATABASE: {DB#2886} begin transaction
06-26 18:20:42.467 2796 2871 V CouchbaseLite/DATABASE: {DB#2886} Saved 'doc1' rev #2-bd65536f67f4481269ecb6b125dbb8c85a870e7e as seq 3
06-26 18:20:42.467 2796 2871 V CouchbaseLite/REPLICATOR: {N8litecore4repl8InserterE#2885} {'doc1' #2-bd65536f67f4481269ecb6b125dbb8c85a870e7e <- 1-581ad726ee407c8376fc94aad966051d013893c4} seq 3
06-26 18:20:42.467 2796 2871 I CouchbaseLite/REPLICATOR: {N8litecore4repl8InserterE#2885} Created conflict with 'doc1' #2-bd65536f67f4481269ecb6b125dbb8c85a870e7e
06-26 18:20:42.467 2796 2872 I CouchbaseLite/REPLICATOR: {N8litecore4repl6PullerE#2879} activityLevel=busy: pendingResponseCount=0, _caughtUp=1, _pendingRevMessages=0, _activeIncomingRevs=1
06-26 18:20:42.468 2796 2871 V CouchbaseLite/DATABASE: {DB#2886} Saved 'doc4' rev #1-ff4808fa3e80574f7a4f811048025eec5ed34048 as seq 4
06-26 18:20:42.468 2796 2871 V CouchbaseLite/REPLICATOR: {N8litecore4repl8InserterE#2885} {'doc4' #1-ff4808fa3e80574f7a4f811048025eec5ed34048 <- } seq 4
06-26 18:20:42.468 2796 2872 I CouchbaseLite/REPLICATOR: {N8litecore4repl6PullerE#2879} activityLevel=busy: pendingResponseCount=0, _caughtUp=1, _pendingRevMessages=0, _activeIncomingRevs=0
06-26 18:20:42.468 2796 2871 V CouchbaseLite/DATABASE: {DB#2886} KeyStore(info) set SharedKeys
06-26 18:20:42.469 2796 2871 V CouchbaseLite/DATABASE: {DB#2886} commit transaction
06-26 18:20:42.471 2796 2871 I CouchbaseLite/REPLICATOR: {N8litecore4repl8InserterE#2885} Inserted 2 revs in 5.35ms ( 374/sec) of which 99.7% was commit
06-26 18:20:42.471 2796 2871 V CouchbaseLite/REPLICATOR: {N8litecore4repl8InserterE#2885} now idle
06-26 18:20:42.471 2796 2872 V CouchbaseLite/NETWORK: {N8litecore4blip6BLIPIOE#2878} Sending RES #4
06-26 18:20:42.471 2796 2872 V CouchbaseLite/NETWORK: {N8litecore4blip6BLIPIOE#2878} Sending frame: RES #4 ----, bytes 0--4
06-26 18:20:42.472 2796 2871 I CouchbaseLite/REPLICATOR: {Repl#2872} documentEnded doc1 2-bd65536f67f4481269ecb6b125dbb8c85a870e7e flags=20 (0/0)
06-26 18:20:42.472 2796 2872 V CouchbaseLite/NETWORK: {N8litecore4blip6BLIPIOE#2878} Finished sending RES #4
06-26 18:20:42.472 2796 2872 V CouchbaseLite/NETWORK: {N8litecore4blip6BLIPIOE#2878} ...Wrote 7 bytes to WebSocket (writeable=1)
06-26 18:20:42.472 2796 2872 I CouchbaseLite/REPLICATOR: {Repl#2872} pushStatus=stopped, pullStatus=busy, progress=10/212
06-26 18:20:42.472 2796 2872 I CouchbaseLite/REPLICATOR: {Repl#2872} activityLevel=busy: connectionState=2
06-26 18:20:42.473 2796 2871 I CouchbaseLite/REPLICATOR: {Repl#2872} documentEnded doc4 1-ff4808fa3e80574f7a4f811048025eec5ed34048 flags=08 (0/0)
06-26 18:20:42.473 2796 2872 V CouchbaseLite/NETWORK: {N8litecore4blip6BLIPIOE#2878} Sending RES #3
06-26 18:20:42.473 2796 2872 V CouchbaseLite/NETWORK: {N8litecore4blip6BLIPIOE#2878} Sending frame: RES #3 ----, bytes 0--4
06-26 18:20:42.474 2796 2871 V CouchbaseLite/REPLICATOR: {N8litecore4repl6PullerE#2879} Checkpoint now at 3
06-26 18:20:42.474 2796 2872 V CouchbaseLite/NETWORK: {N8litecore4blip6BLIPIOE#2878} Finished sending RES #3
06-26 18:20:42.474 2796 2872 V CouchbaseLite/NETWORK: {N8litecore4blip6BLIPIOE#2878} ...Wrote 7 bytes to WebSocket (writeable=1)
06-26 18:20:42.475 2796 2871 V CouchbaseLite/REPLICATOR: {N8litecore4repl6PullerE#2879} progress +202/+0, 2 docs -- now 212 / 212, 2 docs
06-26 18:20:42.475 2796 2871 I CouchbaseLite/REPLICATOR: {N8litecore4repl6PullerE#2879} activityLevel=busy: pendingResponseCount=0, _caughtUp=1, _pendingRevMessages=0, _activeIncomingRevs=0
06-26 18:20:42.475 2796 2872 V CouchbaseLite/NETWORK: {N8litecore4blip6BLIPIOE#2877} Received frame: RES #4 ----, length 5
06-26 18:20:42.475 2796 2871 I CouchbaseLite/REPLICATOR: {Repl#2872} pushStatus=stopped, pullStatus=busy, progress=212/212
06-26 18:20:42.476 2796 2872 V CouchbaseLite/NETWORK: {N8litecore4blip10ConnectionE#2873} Receiving RES #4
06-26 18:20:42.476 2796 2871 V CouchbaseLite/REPLICATOR: {Repl#2872} progress +202/+0, 2 docs -- now 212 / 212, 2 docs
06-26 18:20:42.476 2796 2871 I CouchbaseLite/REPLICATOR: {Repl#2872} activityLevel=busy: connectionState=2
06-26 18:20:42.476 2796 2871 I CouchbaseLite/REPLICATOR: {N8litecore4repl6PullerE#2879} activityLevel=busy: pendingResponseCount=0, _caughtUp=1, _pendingRevMessages=0, _activeIncomingRevs=0
06-26 18:20:42.476 2796 2871 I CouchbaseLite/REPLICATOR: {N8litecore4repl6PullerE#2879} activityLevel=stopped: pendingResponseCount=0, _caughtUp=1, _pendingRevMessages=0, _activeIncomingRevs=0
06-26 18:20:42.476 2796 2871 V CouchbaseLite/REPLICATOR: {N8litecore4repl6PullerE#2879} now stopped
06-26 18:20:42.477 2796 2871 I CouchbaseLite/REPLICATOR: {Repl#2872} pushStatus=stopped, pullStatus=stopped, progress=212/212
06-26 18:20:42.477 2796 2872 V CouchbaseLite/NETWORK: {N8litecore4blip10ConnectionE#2873} Finished receiving RES #4
06-26 18:20:42.477 2796 2871 I CouchbaseLite/REPLICATOR: {Repl#2872} activityLevel=busy: connectionState=2
06-26 18:20:42.477 2796 2872 V CouchbaseLite/REPLICATOR: {n8litecore4repl6pushere#2880} Completed rev doc1 #2-bd65536f67f4481269ecb6b125dbb8c85a870e7e (seq #3)
06-26 18:20:42.478 2796 2872 V CouchbaseLite/REPLICATOR: {n8litecore4repl6pushere#2880} progress +0/+0, 1 docs -- now 0 / 202, 1 docs
06-26 18:20:42.478 2796 2872 I CouchbaseLite/REPLICATOR: {n8litecore4repl6pushere#2880} activityLevel=busy: pendingResponseCount=1, caughtUp=1, changeLists=0, revsInFlight=0, blobsInFlight=0, awaitingReply=192, revsToSend=0, pushingDocs=1, pendingSequences=0
06-26 18:20:42.478 2796 2871 V CouchbaseLite/NETWORK: {N8litecore4blip6BLIPIOE#2877} Received frame: RES #3 ----, length 5
06-26 18:20:42.479 2796 2872 V CouchbaseLite/REPLICATOR: {Repl#2872} Saving remote checkpoint cp-Zrho65lMV+re8j1aV5B+2cg/4ow= with rev='1-cc': {"local":1,"remote":3} ...
06-26 18:20:42.479 2796 2871 V CouchbaseLite/NETWORK: {N8litecore4blip10ConnectionE#2873} Receiving RES #3
06-26 18:20:42.479 2796 2872 I CouchbaseLite/REPLICATOR: {Repl#2872} activityLevel=busy: connectionState=2
06-26 18:20:42.479 2796 2872 I CouchbaseLite/REPLICATOR: {repl#2874} pushStatus=busy, pullStatus=busy, progress=0/202
06-26 18:20:42.480 2796 2872 V CouchbaseLite/REPLICATOR: {repl#2874} progress +0/+0, 1 docs -- now 0 / 202, 1 docs
06-26 18:20:42.480 2796 2872 I CouchbaseLite/REPLICATOR: {repl#2874} activityLevel=busy: connectionState=2
06-26 18:20:42.480 2796 2871 V CouchbaseLite/NETWORK: {N8litecore4blip10ConnectionE#2873} Finished receiving RES #3
06-26 18:20:42.480 2796 2872 V CouchbaseLite/NETWORK: {N8litecore4blip6BLIPIOE#2878} Sending 'setCheckpoint' REQ #4
06-26 18:20:42.481 2796 2871 V CouchbaseLite/REPLICATOR: {n8litecore4repl6pushere#2880} Completed rev doc4 #1-ff4808fa3e80574f7a4f811048025eec5ed34048 (seq #1)
06-26 18:20:42.481 2796 2872 V CouchbaseLite/NETWORK: {N8litecore4blip6BLIPIOE#2878} Sending frame: REQ #4 ----, bytes 0--96
06-26 18:20:42.481 2796 2872 V CouchbaseLite/NETWORK: {N8litecore4blip6BLIPIOE#2878} Finished sending REQ #4
06-26 18:20:42.481 2796 2871 V CouchbaseLite/REPLICATOR: {n8litecore4repl6pushere#2880} progress +0/+0, 1 docs -- now 0 / 202, 2 docs
06-26 18:20:42.481 2796 2871 I CouchbaseLite/REPLICATOR: {n8litecore4repl6pushere#2880} activityLevel=idle: pendingResponseCount=0, caughtUp=1, changeLists=0, revsInFlight=0, blobsInFlight=0, awaitingReply=0, revsToSend=0, pushingDocs=0, pendingSequences=0
06-26 18:20:42.481 2796 2871 V CouchbaseLite/REPLICATOR: {n8litecore4repl6pushere#2880} now idle
06-26 18:20:42.482 2796 2872 V CouchbaseLite/NETWORK: {N8litecore4blip6BLIPIOE#2878} ...Wrote 99 bytes to WebSocket (writeable=1)
06-26 18:20:42.482 2796 2871 I CouchbaseLite/REPLICATOR: {Repl#2872} activityLevel=busy: connectionState=2
06-26 18:20:42.482 2796 2872 I CouchbaseLite/REPLICATOR: {repl#2874} pushStatus=idle, pullStatus=busy, progress=0/202
06-26 18:20:42.482 2796 2872 V CouchbaseLite/REPLICATOR: {repl#2874} progress +0/+0, 1 docs -- now 0 / 202, 2 docs
06-26 18:20:42.482 2796 2872 I CouchbaseLite/REPLICATOR: {repl#2874} activityLevel=busy: connectionState=2
06-26 18:20:42.483 2796 2871 V CouchbaseLite/NETWORK: {N8litecore4blip6BLIPIOE#2877} Received frame: REQ #4 ----, length 97
06-26 18:20:42.483 2796 2871 V CouchbaseLite/NETWORK: {N8litecore4blip10ConnectionE#2873} Receiving 'setCheckpoint' REQ #4
06-26 18:20:42.483 2796 2871 V CouchbaseLite/NETWORK: {N8litecore4blip10ConnectionE#2873} Finished receiving 'setCheckpoint' REQ #4
06-26 18:20:42.483 2796 2871 V CouchbaseLite/DATABASE: {DB#2870} begin transaction
06-26 18:20:42.484 2796 2871 I CouchbaseLite/REPLICATOR: {repl#2874} Request to set checkpoint 'cp-Zrho65lMV+re8j1aV5B+2cg/4ow='
06-26 18:20:42.484 2796 2871 V CouchbaseLite/DATABASE: {DB#2870} KeyStore(peerCheckpoints) set cp-Zrho65lMV+re8j1aV5B+2cg/4ow=
06-26 18:20:42.484 2796 2871 V CouchbaseLite/DATABASE: {DB#2870} commit transaction
06-26 18:20:42.485 2796 2871 I CouchbaseLite/REPLICATOR: {repl#2874} activityLevel=busy: connectionState=2
06-26 18:20:42.485 2796 2872 V CouchbaseLite/NETWORK: {N8litecore4blip6BLIPIOE#2877} Sending RES #4
06-26 18:20:42.485 2796 2872 V CouchbaseLite/NETWORK: {N8litecore4blip6BLIPIOE#2877} Sending frame: RES #4 ----, bytes 0--14
06-26 18:20:42.485 2796 2872 V CouchbaseLite/NETWORK: {N8litecore4blip6BLIPIOE#2877} Finished sending RES #4
06-26 18:20:42.485 2796 2872 V CouchbaseLite/NETWORK: {N8litecore4blip6BLIPIOE#2877} ...Wrote 17 bytes to WebSocket (writeable=1)
06-26 18:20:42.486 2796 2871 V CouchbaseLite/NETWORK: {N8litecore4blip6BLIPIOE#2878} Received frame: RES #4 ----, length 15
06-26 18:20:42.486 2796 2871 V CouchbaseLite/NETWORK: {N8litecore4blip10ConnectionE#2871} Receiving RES #4
06-26 18:20:42.486 2796 2871 V CouchbaseLite/NETWORK: {N8litecore4blip10ConnectionE#2871} Finished receiving RES #4
06-26 18:20:42.486 2796 2872 I CouchbaseLite/REPLICATOR: {Repl#2872} Saved remote checkpoint cp-Zrho65lMV+re8j1aV5B+2cg/4ow= as rev='50-cc'
06-26 18:20:42.486 2796 2872 V CouchbaseLite/DATABASE: {DB#2869} begin transaction
06-26 18:20:42.487 2796 2872 V CouchbaseLite/DATABASE: {DB#2869} KeyStore(checkpoints) set cp-Zrho65lMV+re8j1aV5B+2cg/4ow=
06-26 18:20:42.487 2796 2872 V CouchbaseLite/DATABASE: {DB#2869} commit transaction
06-26 18:20:42.487 2796 2872 I CouchbaseLite/REPLICATOR: {Repl#2872} Saved local checkpoint cp-Zrho65lMV+re8j1aV5B+2cg/4ow= to db
06-26 18:20:42.487 2796 2872 I CouchbaseLite/REPLICATOR: {Repl#2872} activityLevel=busy: connectionState=2
06-26 18:20:42.602 2796 2837 I CouchbaseLite/QUERY: LiveQuery refresh: com.couchbase.lite.ResultSet@755d180 > null
06-26 18:20:42.603 2796 2837 I CouchbaseLite/QUERY: LiveQuery refresh: com.couchbase.lite.ResultSet@a210fc8 > null
06-26 18:20:42.603 2796 2837 I CouchbaseLite/QUERY: LiveQuery refresh: com.couchbase.lite.ResultSet@fc80fe0 > null
06-26 18:20:42.603 2796 2837 I CouchbaseLite/QUERY: LiveQuery refresh: com.couchbase.lite.ResultSet@41b525b > null
06-26 18:20:42.615 2796 2871 I CouchbaseLite/REPLICATOR: {repl#2874} activityLevel=busy: connectionState=2
06-26 18:20:42.616 2796 2871 I CouchbaseLite/REPLICATOR: {repl#2874} activityLevel=busy: connectionState=2
06-26 18:20:42.616 2796 2871 I CouchbaseLite/REPLICATOR: C4ReplicatorListener.documentEnded, context: Replicator{@7243cf0,<-,Database{@1805916, name='testdb'},DatabaseEndpoint{database=Database{@bced297, name='otherdb'}}], pushing: false
06-26 18:20:42.617 2796 2837 I CouchbaseLite/REPLICATOR: Replicator{@7243cf0,<-,Database{@1805916, name='testdb'},DatabaseEndpoint{database=Database{@bced297, name='otherdb'}}]: pulled conflicting version of 'doc1'
06-26 18:20:42.617 2796 2837 I CouchbaseLite/REPLICATOR: notifyDocumentEnded: %sDocumentReplication{repl=Replicator{@7243cf0,<-,Database{@1805916, name='testdb'},DatabaseEndpoint{database=Database{@bced297, name='otherdb'}}],#docs=1}
06-26 18:20:42.617 2796 2871 I CouchbaseLite/REPLICATOR: C4ReplicatorListener.statusChanged, context: Replicator{@7243cf0,<-,Database{@1805916, name='testdb'},DatabaseEndpoint{database=Database{@bced297, name='otherdb'}}], status: C4ReplicatorStatus{activityLevel=4, progressUnitsCompleted=212, progressUnitsTotal=212, progressDocumentCount=2, errorDomain=0, errorCode=0, errorInternalInfo=0}
06-26 18:20:42.618 2796 2871 I CouchbaseLite/REPLICATOR: {Repl#2872} activityLevel=busy: connectionState=2
06-26 18:20:42.618 2796 2871 I CouchbaseLite/REPLICATOR: {Repl#2872} activityLevel=busy: connectionState=2
06-26 18:20:42.618 2796 2838 I CouchbaseLite/REPLICATOR: Replicator{@7243cf0,<-,Database{@1805916, name='testdb'},DatabaseEndpoint{database=Database{@bced297, name='otherdb'}}]: status changed: C4ReplicatorStatus{activityLevel=4, progressUnitsCompleted=212, progressUnitsTotal=212, progressDocumentCount=2, errorDomain=0, errorCode=0, errorInternalInfo=0}
06-26 18:20:42.619 2796 2838 I CouchbaseLite/REPLICATOR: Replicator{@7243cf0,<-,Database{@1805916, name='testdb'},DatabaseEndpoint{database=Database{@bced297, name='otherdb'}}] is busy, progress 212/212, error: null
06-26 18:20:42.619 2796 2838 I CouchbaseLite/Test: ReplicatorChangeListener.changed() status: BUSY(212/212), lastError: null
06-26 18:20:42.619 2796 2837 V CouchbaseLite/DATABASE: Resolving doc 'doc1' (local=2-a3d06430f86d40dadfab80468163e114bc4d4d45 and remote=2-bd65536f67f4481269ecb6b125dbb8c85a870e7e) with resolver com.couchbase.lite.TestConflictResolver@e4174ee
06-26 18:20:42.619 2796 2837 V CouchbaseLite/DATABASE: {DB#2847} begin transaction
06-26 18:20:42.620 2796 2837 V CouchbaseLite/DATABASE: {DB#2847} abort transaction
06-26 18:20:42.620 2796 2837 I CouchbaseLite/REPLICATOR: Conflict resolved: doc1
06-26 18:20:42.620 2796 2837 I CouchbaseLite/REPLICATOR: notifyDocumentEnded: %sDocumentReplication{repl=Replicator{@7243cf0,<-,Database{@1805916, name='testdb'},DatabaseEndpoint{database=Database{@bced297, name='otherdb'}}],#docs=1}
06-26 18:20:42.677 2796 2872 I CouchbaseLite/REPLICATOR: {Repl#2872} Replication complete! Closing connection
06-26 18:20:42.677 2796 2872 I CouchbaseLite/REPLICATOR: {Repl#2872} Told to stop!
06-26 18:20:42.677 2796 2872 I CouchbaseLite/NETWORK: {N8litecore4blip10ConnectionE#2871} Closing with code 1000, msg ''
06-26 18:20:42.678 2796 2872 I CouchbaseLite/REPLICATOR: {Repl#2872} activityLevel=busy: connectionState=3
06-26 18:20:42.678 2796 2872 I CouchbaseLite/REPLICATOR: {Repl#2872} activityLevel=busy: connectionState=3
06-26 18:20:42.678 2796 2871 I CouchbaseLite/NETWORK: {LoopbackWS#2876} CLOSE; status=1000
06-26 18:20:42.679 2796 2871 I CouchbaseLite/NETWORK: {LoopbackWS#2876} CLOSED with WebSocket status 1000:
06-26 18:20:42.680 2796 2872 I CouchbaseLite/NETWORK: {LoopbackWS#2875} CLOSED with WebSocket status 1000:
06-26 18:20:42.680 2796 2871 I CouchbaseLite/NETWORK: {N8litecore4blip10ConnectionE#2871} Closed with WebSocket status 1000:
06-26 18:20:42.681 2796 2871 I CouchbaseLite/REPLICATOR: {Repl#2872} Connection closed with WebSocket status 1000: "" (state=3)
06-26 18:20:42.681 2796 2872 I CouchbaseLite/NETWORK: {N8litecore4blip10ConnectionE#2873} Closed with WebSocket status 1000:
06-26 18:20:42.681 2796 2872 I CouchbaseLite/REPLICATOR: {N8litecore4repl6PullerE#2879} activityLevel=stopped: pendingResponseCount=0, _caughtUp=1, _pendingRevMessages=0, _activeIncomingRevs=0
06-26 18:20:42.681 2796 2872 I CouchbaseLite/REPLICATOR: {repl#2874} Connection closed with WebSocket status 1000: "" (state=2)
06-26 18:20:42.682 2796 2871 I CouchbaseLite/REPLICATOR: {Repl#2872} activityLevel=stopped: connectionState=0
06-26 18:20:42.682 2796 2871 I CouchbaseLite/REPLICATOR: {Repl#2872} now stopped
06-26 18:20:42.682 2796 2872 I CouchbaseLite/REPLICATOR: {repl#2874} activityLevel=stopped: connectionState=0
06-26 18:20:42.682 2796 2872 I CouchbaseLite/REPLICATOR: {repl#2874} now stopped
06-26 18:20:42.682 2796 2872 I CouchbaseLite/REPLICATOR: {n8litecore4repl6pushere#2880} activityLevel=stopped: pendingResponseCount=0, caughtUp=1, changeLists=0, revsInFlight=0, blobsInFlight=0, awaitingReply=0, revsToSend=0, pushingDocs=0, pendingSequences=0
06-26 18:20:42.683 2796 2872 V CouchbaseLite/REPLICATOR: {n8litecore4repl6pushere#2880} now stopped
06-26 18:20:42.683 2796 2871 I CouchbaseLite/REPLICATOR: BLIP sent 7 msgs (386 bytes), rcvd 4 msgs (453 bytes) in 0.274 sec. Max outbox depth was 1, avg 1.00
06-26 18:20:42.683 2796 2872 I CouchbaseLite/REPLICATOR: {n8litecore4repl6pullere#2887}==> N8litecore4repl6PullerE <-file:////data/user/0/com.couchbase.lite.test/files/CouchbaseLiteTest/otherdb.cblite2/ @0xcf550e88
06-26 18:20:42.684 2796 2872 I CouchbaseLite/REPLICATOR: {n8litecore4repl6pullere#2887} activityLevel=stopped: pendingResponseCount=0, _caughtUp=0, _pendingRevMessages=0, _activeIncomingRevs=0
06-26 18:20:42.684 2796 2872 V CouchbaseLite/REPLICATOR: {n8litecore4repl6pullere#2887} now stopped
06-26 18:20:42.684 2796 2871 V CouchbaseLite/DATABASE: {DB#2869} Pre-close housekeeping: 0 of 9 pages free (0%)
06-26 18:20:42.685 2796 2872 I CouchbaseLite/REPLICATOR: BLIP sent 8 msgs (453 bytes), rcvd 4 msgs (386 bytes) in 0.276 sec. Max outbox depth was 1, avg 1.00
06-26 18:20:42.685 2796 2871 V CouchbaseLite/DATABASE: {DB#2869} Closed SQLite database
06-26 18:20:42.685 2796 2871 I CouchbaseLite/DATABASE: {DB#2869} Closing database
06-26 18:20:42.686 2796 2872 V CouchbaseLite/DATABASE: {DB#2870} Pre-close housekeeping: 0 of 9 pages free (0%)
06-26 18:20:42.686 2796 2872 V CouchbaseLite/DATABASE: {DB#2870} Closed SQLite database
06-26 18:20:42.686 2796 2872 I CouchbaseLite/DATABASE: {DB#2870} Closing database
06-26 18:20:42.686 2796 2871 V CouchbaseLite/DATABASE: {DB#2886} Pre-close housekeeping: 0 of 9 pages free (0%)
06-26 18:20:42.687 2796 2871 V CouchbaseLite/DATABASE: {DB#2886} Closed SQLite database
06-26 18:20:42.687 2796 2871 I CouchbaseLite/DATABASE: {DB#2886} Closing database
06-26 18:20:42.687 2796 2871 I CouchbaseLite/REPLICATOR: C4ReplicatorListener.statusChanged, context: Replicator{@7243cf0,<-,Database{@1805916, name='testdb'},DatabaseEndpoint{database=Database{@bced297, name='otherdb'}}], status: C4ReplicatorStatus{activityLevel=0, progressUnitsCompleted=212, progressUnitsTotal=212, progressDocumentCount=2, errorDomain=0, errorCode=0, errorInternalInfo=0}
06-26 18:20:42.688 2796 2838 I CouchbaseLite/REPLICATOR: Replicator{@7243cf0,<-,Database{@1805916, name='testdb'},DatabaseEndpoint{database=Database{@bced297, name='otherdb'}}]: status changed: C4ReplicatorStatus{activityLevel=0, progressUnitsCompleted=212, progressUnitsTotal=212, progressDocumentCount=2, errorDomain=0, errorCode=0, errorInternalInfo=0}
06-26 18:20:42.688 2796 2838 I CouchbaseLite/REPLICATOR: Replicator{@7243cf0,<-,Database{@1805916, name='testdb'},DatabaseEndpoint{database=Database{@bced297, name='otherdb'}}] is stopped, progress 212/212, error: null
06-26 18:20:42.688 2796 2838 I CouchbaseLite/Test: ReplicatorChangeListener.changed() status: STOPPED(212/212), lastError: null
06-26 18:20:42.689 2796 2812 I CouchbaseLite/DATABASE: Closing Database{@bced297, name='otherdb'} at path /data/user/0/com.couchbase.lite.test/files/CouchbaseLiteTest/otherdb.cblite2/
06-26 18:20:42.689 2796 2812 V CouchbaseLite/DATABASE: {DB#2849} Pre-close housekeeping: 0 of 9 pages free (0%)
06-26 18:20:42.695 2796 2812 V CouchbaseLite/DATABASE: {DB#2849} Closed SQLite database
06-26 18:20:42.695 2796 2812 I CouchbaseLite/DATABASE: {DB#2849} Closing database
06-26 18:20:42.695 2796 2812 I CouchbaseLite/DATABASE: Closing Database{@1805916, name='testdb'} at path /data/user/0/com.couchbase.lite.test/files/CouchbaseLiteTest/testdb.cblite2/
06-26 18:20:42.695 2796 2812 V CouchbaseLite/DATABASE: {DB#2847} Pre-close housekeeping: 0 of 9 pages free (0%)
06-26 18:20:42.700 2796 2812 V CouchbaseLite/DATABASE: {DB#2847} Closed SQLite database
06-26 18:20:42.700 2796 2812 I CouchbaseLite/DATABASE: {DB#2847} Closing database
06-26 18:20:43.205 2796 2812 I TestRunner: finished: testConflictResolverReturnsBlobFromWrongDB(com.couchbase.lite.ReplicatorConflictResolutionTests)
06-26 18:20:43.208 2796 2796 I MonitoringInstr: Activities that are still in CREATED to STOPPED: 0
06-26 18:20:43.209 2796 2812 I TestRunner: started: testConflictResolverDeletedLocalWins(com.couchbase.lite.ReplicatorConflictResolutionTests)
06-26 18:20:43.210 2796 2796 I MonitoringInstr: Activities that are still in CREATED to STOPPED: 0
06-26 18:20:43.211 2796 2812 I CouchbaseLite/DATABASE: Opening Database{@5609c25, name='testdb'} at path /data/user/0/com.couchbase.lite.test/files/CouchbaseLiteTest/testdb.cblite2
06-26 18:20:43.211 2796 2812 I CouchbaseLite/DATABASE: {DB#2888}==> N8litecore14SQLiteDataFileE /data/user/0/com.couchbase.lite.test/files/CouchbaseLiteTest/testdb.cblite2/db.sqlite3 @0xdf035680
06-26 18:20:43.211 2796 2812 I CouchbaseLite/DATABASE: {DB#2888} Opening database
06-26 18:20:43.221 2796 2812 V CouchbaseLite/DATABASE: {DB#2888} begin transaction
06-26 18:20:43.221 2796 2812 V CouchbaseLite/DATABASE: {DB#2888} KeyStore(info) set versioning
06-26 18:20:43.221 2796 2812 V CouchbaseLite/DATABASE: {DB#2888} KeyStore(info) set publicUUID
06-26 18:20:43.221 2796 2812 V CouchbaseLite/DATABASE: {DB#2888} KeyStore(info) set privateUUID
06-26 18:20:43.221 2796 2812 V CouchbaseLite/DATABASE: {DB#2888} commit transaction
06-26 18:20:43.222 2796 2812 V CouchbaseLite/DATABASE: {DB#2888} Next expiration time is 0
06-26 18:20:43.222 2796 2812 V CouchbaseLite/DATABASE: No pending doc expirations
06-26 18:20:43.222 2796 2812 I CouchbaseLite/DATABASE: Opening Database{@353f1fa, name='otherdb'} at path /data/user/0/com.couchbase.lite.test/files/CouchbaseLiteTest/otherdb.cblite2
06-26 18:20:43.222 2796 2812 I CouchbaseLite/DATABASE: {DB#2889}==> N8litecore14SQLiteDataFileE /data/user/0/com.couchbase.lite.test/files/CouchbaseLiteTest/otherdb.cblite2/db.sqlite3 @0xdf061980
06-26 18:20:43.222 2796 2812 I CouchbaseLite/DATABASE: {DB#2889} Opening database
06-26 18:20:43.229 2796 2812 V CouchbaseLite/DATABASE: {DB#2889} begin transaction
06-26 18:20:43.229 2796 2812 V CouchbaseLite/DATABASE: {DB#2889} KeyStore(info) set versioning
06-26 18:20:43.230 2796 2812 V CouchbaseLite/DATABASE: {DB#2889} KeyStore(info) set publicUUID
06-26 18:20:43.230 2796 2812 V CouchbaseLite/DATABASE: {DB#2889} KeyStore(info) set privateUUID
06-26 18:20:43.230 2796 2812 V CouchbaseLite/DATABASE: {DB#2889} commit transaction
06-26 18:20:43.230 2796 2812 V CouchbaseLite/DATABASE: {DB#2889} Next expiration time is 0
06-26 18:20:43.230 2796 2812 V CouchbaseLite/DATABASE: No pending doc expirations
06-26 18:20:43.733 2796 2812 V CouchbaseLite/DATABASE: {DB#2888} begin transaction
06-26 18:20:43.734 2796 2812 V CouchbaseLite/DATABASE: {DB#2888} Saved 'doc1' rev #1-581ad726ee407c8376fc94aad966051d013893c4 as seq 1
06-26 18:20:43.734 2796 2812 V CouchbaseLite/DATABASE: {DB#2888} commit transaction
06-26 18:20:43.735 2796 2812 I CouchbaseLite/REPLICATOR: Replicator is starting .....
06-26 18:20:43.736 2796 2812 I CouchbaseLite/REPLICATOR: Replicator{@50eba08,->,Database{@5609c25, name='testdb'},DatabaseEndpoint{database=Database{@353f1fa, name='otherdb'}}]: Starting
06-26 18:20:43.737 2796 2812 I CouchbaseLite/DATABASE: {DB#2890}==> N8litecore14SQLiteDataFileE /data/user/0/com.couchbase.lite.test/files/CouchbaseLiteTest/testdb.cblite2/db.sqlite3 @0xdf062300
06-26 18:20:43.737 2796 2812 I CouchbaseLite/DATABASE: {DB#2890} Opening database
06-26 18:20:43.738 2796 2812 I CouchbaseLite/DATABASE: {DB#2891}==> N8litecore14SQLiteDataFileE /data/user/0/com.couchbase.lite.test/files/CouchbaseLiteTest/otherdb.cblite2/db.sqlite3 @0xdf062a00
06-26 18:20:43.738 2796 2812 I CouchbaseLite/DATABASE: {DB#2891} Opening database
06-26 18:20:43.739 2796 2812 I CouchbaseLite/NETWORK: {N8litecore4blip10ConnectionE#2892}==> N8litecore4blip10ConnectionE ->file:////data/user/0/com.couchbase.lite.test/files/CouchbaseLiteTest/testdb.cblite2/ @0xde0b42e8
06-26 18:20:43.739 2796 2812 I CouchbaseLite/NETWORK: {N8litecore4blip10ConnectionE#2892} Opening connection...
06-26 18:20:43.740 2796 2812 I CouchbaseLite/REPLICATOR: {Repl#2893}==> N8litecore4repl10ReplicatorE /data/user/0/com.couchbase.lite.test/files/CouchbaseLiteTest/testdb.cblite2/ ->file:////data/user/0/com.couchbase.lite.test/files/CouchbaseLiteTest/testdb.cblite2/ @0xcf22a448
06-26 18:20:43.740 2796 2812 I CouchbaseLite/REPLICATOR: {Repl#2893} Push=one-shot, Options={{headers:{User-Agent:"CouchbaseLite/2.6.0-SNAPSHOT (Java; Android 8.1.0; Android SDK built for x86) EE/debug Build/0 Commit/d6552c7 Core/2.6.0 (136)"}, noDeltas:1, progress:0}}
06-26 18:20:43.741 2796 2812 I CouchbaseLite/NETWORK: {N8litecore4blip10ConnectionE#2894}==> N8litecore4blip10ConnectionE <-file:////data/user/0/com.couchbase.lite.test/files/CouchbaseLiteTest/otherdb.cblite2/ @0xde0b4748
06-26 18:20:43.741 2796 2812 I CouchbaseLite/NETWORK: {N8litecore4blip10ConnectionE#2894} Accepted connection
06-26 18:20:43.741 2796 2812 I CouchbaseLite/REPLICATOR: {repl#2895}==> N8litecore4repl10ReplicatorE /data/user/0/com.couchbase.lite.test/files/CouchbaseLiteTest/otherdb.cblite2/ <-file:////data/user/0/com.couchbase.lite.test/files/CouchbaseLiteTest/otherdb.cblite2/ @0xe8477648
06-26 18:20:43.741 2796 2812 I CouchbaseLite/REPLICATOR: {repl#2895} Push=passive, Pull=passive, Options={{noDeltas:1, noIncomingConflicts:1}}
06-26 18:20:43.743 2796 2872 I CouchbaseLite/REPLICATOR: {repl#2895} activityLevel=connecting: connectionState=1
06-26 18:20:43.743 2796 2812 I CouchbaseLite/REPLICATOR: Replicator{@50eba08,->,Database{@5609c25, name='testdb'},DatabaseEndpoint{database=Database{@353f1fa, name='otherdb'}}] is connecting, progress 0/0, error: null
06-26 18:20:43.743 2796 2812 I CouchbaseLite/REPLICATOR: C4ReplicatorListener.statusChanged, context: Replicator{@50eba08,->,Database{@5609c25, name='testdb'},DatabaseEndpoint{database=Database{@353f1fa, name='otherdb'}}], status: C4ReplicatorStatus{activityLevel=2, progressUnitsCompleted=0, progressUnitsTotal=0, progressDocumentCount=0, errorDomain=0, errorCode=0, errorInternalInfo=0}
06-26 18:20:43.744 2796 2872 V CouchbaseLite/NETWORK: {LoopbackWS#2896}==> N8litecore9websocket17LoopbackWebSocket6DriverE <-file:////data/user/0/com.couchbase.lite.test/files/CouchbaseLiteTest/otherdb.cblite2/ @0xcf544244
06-26 18:20:43.744 2796 2872 V CouchbaseLite/NETWORK: {LoopbackWS#2896} Connecting to peer...
06-26 18:20:43.744 2796 2838 I CouchbaseLite/REPLICATOR: Replicator{@50eba08,->,Database{@5609c25, name='testdb'},DatabaseEndpoint{database=Database{@353f1fa, name='otherdb'}}]: status changed: C4ReplicatorStatus{activityLevel=2, progressUnitsCompleted=0, progressUnitsTotal=0, progressDocumentCount=0, errorDomain=0, errorCode=0, errorInternalInfo=0}
06-26 18:20:43.744 2796 2872 V CouchbaseLite/NETWORK: {LoopbackWS#2897}==> N8litecore9websocket17LoopbackWebSocket6DriverE ->file:////data/user/0/com.couchbase.lite.test/files/CouchbaseLiteTest/testdb.cblite2/ @0xcf5441c4
06-26 18:20:43.744 2796 2872 V CouchbaseLite/NETWORK: {LoopbackWS#2897} Connecting to peer...
06-26 18:20:43.745 2796 2872 V CouchbaseLite/NETWORK: {LoopbackWS#2896} (Peer is connecting...)
06-26 18:20:43.745 2796 2872 I CouchbaseLite/NETWORK: {LoopbackWS#2896} CONNECTED
06-26 18:20:43.745 2796 2872 I CouchbaseLite/NETWORK: {N8litecore4blip10ConnectionE#2894} Connected!
06-26 18:20:43.745 2796 2872 V CouchbaseLite/NETWORK: {LoopbackWS#2897} (Peer is connecting...)
06-26 18:20:43.745 2796 2872 I CouchbaseLite/NETWORK: {LoopbackWS#2897} CONNECTED
06-26 18:20:43.746 2796 2872 I CouchbaseLite/NETWORK: {N8litecore4blip10ConnectionE#2892} Connected!
06-26 18:20:43.746 2796 2872 I CouchbaseLite/REPLICATOR: {repl#2895} activityLevel=connecting: connectionState=1
06-26 18:20:43.746 2796 2872 V CouchbaseLite/NETWORK: {N8litecore4blip6BLIPIOE#2898}==> N8litecore4blip6BLIPIOE <-file:////data/user/0/com.couchbase.lite.test/files/CouchbaseLiteTest/otherdb.cblite2/ @0xcf24f244
06-26 18:20:43.746 2796 2872 V CouchbaseLite/NETWORK: {N8litecore4blip6BLIPIOE#2898} WebSocket is hungry!
06-26 18:20:43.746 2796 2872 V CouchbaseLite/NETWORK: {N8litecore4blip6BLIPIOE#2898} ...Wrote 0 bytes to WebSocket (writeable=1)
06-26 18:20:43.747 2796 2872 V CouchbaseLite/NETWORK: {N8litecore4blip6BLIPIOE#2899}==> N8litecore4blip6BLIPIOE ->file:////data/user/0/com.couchbase.lite.test/files/CouchbaseLiteTest/testdb.cblite2/ @0xcf1d7444
