07-10 15:37:56.253 27324 27367 V CouchbaseLite/REPLICATOR: {DBWorker#51} {'cbl_sync_0' #2-20ddf09b99820b7c4263d93b1173e298 <- 1-d955c76830114f66afe1dda9fbd63c92e7040d8b} seq 2
07-10 15:37:56.254 27324 27367 V CouchbaseLite/DATABASE: {DB#48} KeyStore(info) set SharedKeys
07-10 15:37:56.254 27324 27367 V CouchbaseLite/DATABASE: {DB#48} commit transaction
07-10 15:37:56.255 27324 27369 V CouchbaseLite/NETWORK: {N8litecore4blip6BLIPIOE#52} Sending RES #3
07-10 15:37:56.255 27324 27369 V CouchbaseLite/NETWORK: {N8litecore4blip6BLIPIOE#52} Sending frame: RES #3 ----, bytes 0--4
07-10 15:37:56.255 27324 27369 W C4Socket: C4Socket.write() handle -> 124662436382256
07-10 15:37:56.255 27324 27369 W C4Socket: completedWrite(long) handle -> 124662436382256, byteCount -> 7
07-10 15:37:56.256 27324 27369 V CouchbaseLite/NETWORK: {N8litecore4blip6BLIPIOE#52} Finished sending RES #3
07-10 15:37:56.256 27324 27369 V CouchbaseLite/NETWORK: {N8litecore4blip6BLIPIOE#52} ...Wrote 7 bytes to WebSocket (writeable=1)
07-10 15:37:56.257 27324 27368 V CouchbaseLite/REPLICATOR: {Pull#53} Checkpoint now at 3
07-10 15:37:56.257 27324 27368 V CouchbaseLite/REPLICATOR: {Pull#53} progress +1/+0, 1 docs -- now 1 / 1, 1 docs
07-10 15:37:56.257 27324 27368 I CouchbaseLite/REPLICATOR: {Pull#53} activityLevel=busy: pendingResponseCount=0, _caughtUp=1, _waitingForChangesCallback=0, _pendingRevMessages=0, _activeIncomingRevs=0
07-10 15:37:56.257 27324 27368 I CouchbaseLite/REPLICATOR: {Repl#50} pushStatus=stopped, pullStatus=busy, dbStatus=idle, progress=1/1
07-10 15:37:56.258 27324 27368 V CouchbaseLite/REPLICATOR: {Repl#50} progress +1/+0, 1 docs -- now 1 / 1, 1 docs
07-10 15:37:56.258 27324 27368 I CouchbaseLite/REPLICATOR: {Repl#50} activityLevel=busy: connectionState=2
07-10 15:37:56.258 27324 27370 I CouchbaseLite/REPLICATOR: {Pull#53} activityLevel=idle: pendingResponseCount=0, _caughtUp=1, _waitingForChangesCallback=0, _pendingRevMessages=0, _activeIncomingRevs=0
07-10 15:37:56.258 27324 27370 V CouchbaseLite/REPLICATOR: {Pull#53} now idle
07-10 15:37:56.259 27324 27369 I CouchbaseLite/REPLICATOR: {Repl#50} pushStatus=stopped, pullStatus=idle, dbStatus=idle, progress=1/1
07-10 15:37:56.259 27324 27369 I CouchbaseLite/REPLICATOR: {Repl#50} activityLevel=busy: connectionState=2
07-10 15:37:56.259 27324 27369 V CouchbaseLite/REPLICATOR: {Repl#50} Saving remote checkpoint cp-YudEc+58stQ9/6fxHBUFna0YacU= with rev='0-1': {"local":1,"remote":3} ...
07-10 15:37:56.259 27324 27369 I CouchbaseLite/REPLICATOR: {Repl#50} activityLevel=busy: connectionState=2
07-10 15:37:56.259 27324 27369 V CouchbaseLite/NETWORK: {N8litecore4blip6BLIPIOE#52} Sending 'setCheckpoint' REQ #3
07-10 15:37:56.260 27324 27369 V CouchbaseLite/NETWORK: {N8litecore4blip6BLIPIOE#52} Sending frame: REQ #3 ----, bytes 0--95
07-10 15:37:56.264 27324 27369 W C4Socket: C4Socket.write() handle -> 124662436382256
07-10 15:37:56.264 27324 27367 I CouchbaseLite/REPLICATOR: {DBWorker#51} Inserted 1 revs in 2.47ms (404/sec)
07-10 15:37:56.266 27324 27369 W C4Socket: completedWrite(long) handle -> 124662436382256, byteCount -> 98
07-10 15:37:56.266 27324 27368 I CouchbaseLite/REPLICATOR: {Repl#50} activityLevel=busy: connectionState=2
07-10 15:37:56.267 27324 27367 I CouchbaseLite/REPLICATOR: {DBWorker#51} activityLevel=idle: pendingResponseCount=0, eventCount=1, activeDocs=0
07-10 15:37:56.268 27324 27367 I CouchbaseLite/REPLICATOR: {DBWorker#51} activityLevel=idle: pendingResponseCount=0, eventCount=1, activeDocs=0
07-10 15:37:56.269 27324 27369 V CouchbaseLite/NETWORK: {N8litecore4blip6BLIPIOE#52} Finished sending REQ #3
07-10 15:37:56.269 27324 27447 V CouchbaseLite/NETWORK: WebSocketListener.onMessage() bytes -> 03010872657600302d3200eb853386
07-10 15:37:56.269 27324 27369 V CouchbaseLite/NETWORK: {N8litecore4blip6BLIPIOE#52} ...Wrote 98 bytes to WebSocket (writeable=1)
07-10 15:37:56.270 27324 27369 V CouchbaseLite/NETWORK: {N8litecore4blip6BLIPIOE#52} Received frame: RES #3 ----, length 13
07-10 15:37:56.270 27324 27369 V CouchbaseLite/NETWORK: {N8litecore4blip10ConnectionE#49} Receiving RES #3
07-10 15:37:56.270 27324 27369 V CouchbaseLite/NETWORK: {N8litecore4blip10ConnectionE#49} Finished receiving RES #3
07-10 15:37:56.270 27324 27368 I CouchbaseLite/REPLICATOR: {Repl#50} Saved remote checkpoint cp-YudEc+58stQ9/6fxHBUFna0YacU= as rev='0-2'
07-10 15:37:56.271 27324 27368 I CouchbaseLite/REPLICATOR: {Repl#50} activityLevel=busy: connectionState=2
07-10 15:37:56.271 27324 27369 W C4Socket: C4Socket.completedReceive() handle -> 124662436382256
07-10 15:37:56.272 27324 27367 V CouchbaseLite/DATABASE: {DB#48} begin transaction
07-10 15:37:56.272 27324 27367 V CouchbaseLite/DATABASE: {DB#48} KeyStore(checkpoints) set cp-YudEc+58stQ9/6fxHBUFna0YacU=
07-10 15:37:56.272 27324 27367 V CouchbaseLite/DATABASE: {DB#48} commit transaction
07-10 15:37:56.273 27324 27367 I CouchbaseLite/REPLICATOR: {DBWorker#51} Saved local checkpoint cp-YudEc+58stQ9/6fxHBUFna0YacU= to db
07-10 15:37:56.273 27324 27367 I CouchbaseLite/REPLICATOR: {DBWorker#51} activityLevel=idle: pendingResponseCount=0, eventCount=1, activeDocs=0
07-10 15:37:56.273 27324 27370 I CouchbaseLite/REPLICATOR: {Repl#50} activityLevel=busy: connectionState=2
07-10 15:37:56.361 27324 27368 I CouchbaseLite/REPLICATOR: C4ReplicatorListener.statusChanged() status -> C4ReplicatorStatus{activityLevel=4, progressUnitsCompleted=1, progressUnitsTotal=1, progressDocumentCount=1, errorDomain=0, errorCode=0, errorInternalInfo=0}
07-10 15:37:56.362 27324 27368 I CouchbaseLite/REPLICATOR: {Repl#50} activityLevel=idle: connectionState=2
07-10 15:37:56.362 27324 27368 I CouchbaseLite/REPLICATOR: {Repl#50} now idle
07-10 15:37:56.362 27324 27446 I CouchbaseLite/REPLICATOR: Replicator[<* Database@e58d56b{name='cbl-test1562798208.03'} URLEndpoint{url=wss://10.100.172.178:4984/db}]: status changed: C4ReplicatorStatus{activityLevel=4, progressUnitsCompleted=1, progressUnitsTotal=1, progressDocumentCount=1, errorDomain=0, errorCode=0, errorInternalInfo=0}
07-10 15:37:56.363 27324 27446 I CouchbaseLite/REPLICATOR: Replicator[<* Database@e58d56b{name='cbl-test1562798208.03'} URLEndpoint{url=wss://10.100.172.178:4984/db}] is busy, progress 1/1, error: null
07-10 15:37:56.363 27324 27368 I CouchbaseLite/REPLICATOR: C4ReplicatorListener.statusChanged() status -> C4ReplicatorStatus{activityLevel=3, progressUnitsCompleted=1, progressUnitsTotal=1, progressDocumentCount=1, errorDomain=0, errorCode=0, errorInternalInfo=0}
07-10 15:37:56.363 27324 27368 I CouchbaseLite/REPLICATOR: {Repl#50} activityLevel=idle: connectionState=2
07-10 15:37:56.364 27324 27446 I CouchbaseLite/REPLICATOR: Replicator[<* Database@e58d56b{name='cbl-test1562798208.03'} URLEndpoint{url=wss://10.100.172.178:4984/db}]: status changed: C4ReplicatorStatus{activityLevel=3, progressUnitsCompleted=1, progressUnitsTotal=1, progressDocumentCount=1, errorDomain=0, errorCode=0, errorInternalInfo=0}
07-10 15:37:56.364 27324 27446 I CouchbaseLite/REPLICATOR: Replicator[<* Database@e58d56b{name='cbl-test1562798208.03'} URLEndpoint{url=wss://10.100.172.178:4984/db}] is idle, progress 1/1, error: null
07-10 15:37:58.231 27324 27436 I SERVER : Request URI: /replicator_getError
07-10 15:37:58.237 27324 27436 I SERVER : Request URI: /replicator_getActivityLevel
07-10 15:37:58.277 27324 27436 I SERVER : Request URI: /replicator_getTotal
07-10 15:37:58.317 27324 27436 I SERVER : Request URI: /replicator_getCompleted
07-10 15:38:00.005 1699 1713 E memtrack: Couldn't load memtrack module
07-10 15:38:00.005 1699 1713 W android.os.Debug: failed to get memory consumption info: -1
07-10 15:38:00.016 1434 1460 D hwcomposer: hw_composer sent 4 syncs in 60s
07-10 15:38:00.360 27324 27436 I SERVER : Request URI: /replicator_getCompleted
07-10 15:38:00.365 27324 27436 I SERVER : Request URI: /replicator_getTotal
07-10 15:38:02.411 27324 27436 I SERVER : Request URI: /replicator_stop
07-10 15:38:02.412 27324 27436 I CouchbaseLite/REPLICATOR: Replicator[<* Database@e58d56b{name='cbl-test1562798208.03'} URLEndpoint{url=wss://10.100.172.178:4984/db}]: Replicator is stopping ...
07-10 15:38:02.413 27324 27369 I CouchbaseLite/REPLICATOR: {Repl#50} Told to stop!
07-10 15:38:02.415 27324 27369 I CouchbaseLite/NETWORK: {N8litecore4blip10ConnectionE#49} Closing with code 1000, msg ''
07-10 15:38:02.416 27324 27369 I CouchbaseLite/REPLICATOR: {Repl#50} activityLevel=busy: connectionState=3
07-10 15:38:02.416 27324 27369 I CouchbaseLite/REPLICATOR: {Repl#50} now busy
07-10 15:38:02.417 27324 27367 I CouchbaseLite/NETWORK: {N8litecore4repl12C4SocketImplE#55}==> N8litecore4repl12C4SocketImplE wss://10.100.172.178:4984/db/_blipsync @0x71613c3cc530
07-10 15:38:02.417 27324 27367 I CouchbaseLite/NETWORK: {N8litecore4repl12C4SocketImplE#55} Requesting close with status=1000, message=''
07-10 15:38:02.418 27324 27369 I CouchbaseLite/REPLICATOR: C4ReplicatorListener.statusChanged() status -> C4ReplicatorStatus{activityLevel=4, progressUnitsCompleted=1, progressUnitsTotal=1, progressDocumentCount=1, errorDomain=0, errorCode=0, errorInternalInfo=0}
07-10 15:38:02.418 27324 27367 W C4Socket: C4Socket.requestClose() handle -> 124662436382256
07-10 15:38:02.418 27324 27436 I SERVER : Request URI: /replicator_getActivityLevel
07-10 15:38:02.419 27324 27446 I CouchbaseLite/REPLICATOR: Replicator[<* Database@e58d56b{name='cbl-test1562798208.03'} URLEndpoint{url=wss://10.100.172.178:4984/db}]: status changed: C4ReplicatorStatus{activityLevel=4, progressUnitsCompleted=1, progressUnitsTotal=1, progressDocumentCount=1, errorDomain=0, errorCode=0, errorInternalInfo=0}
07-10 15:38:02.419 27324 27446 I CouchbaseLite/REPLICATOR: Replicator[<* Database@e58d56b{name='cbl-test1562798208.03'} URLEndpoint{url=wss://10.100.172.178:4984/db}] is busy, progress 1/1, error: null
07-10 15:38:02.422 27324 27447 V CouchbaseLite/NETWORK: WebSocketListener.onClosing() code -> 1000, reason ->
07-10 15:38:02.422 27324 27447 W C4Socket: C4Socket.requestClose() handle -> 124662436382256
07-10 15:38:02.422 27324 27447 W CouchbaseLite/NETWORK: CBLWebSocket.requestClose() Failed to attempt to initiate a graceful shutdown of this web socket.
07-10 15:38:02.422 27324 27447 V CouchbaseLite/NETWORK: WebSocketListener.onClosed() code -> 1000, reason ->
07-10 15:38:02.422 27324 27447 I CouchbaseLite/NETWORK: {N8litecore4repl12C4SocketImplE#55} sent 314 bytes, rcvd 431, in 6.263 sec (50/sec, 69/sec)
07-10 15:38:02.424 27324 27370 W C4Socket: C4Socket.dispose() handle -> 124662436382256
07-10 15:38:02.424 27324 27370 I CouchbaseLite/NETWORK: {N8litecore4blip10ConnectionE#49} Closed with WebSocket status 1000:
07-10 15:38:02.426 27324 27370 I CouchbaseLite/REPLICATOR: {Repl#50} Connection closed with WebSocket status 1000: "" (state=3)
07-10 15:38:02.426 27324 27370 I CouchbaseLite/REPLICATOR: {Repl#50} activityLevel=stopped: connectionState=0
07-10 15:38:02.427 27324 27370 I CouchbaseLite/REPLICATOR: {Repl#50} now stopped
07-10 15:38:02.428 27324 27369 I CouchbaseLite/REPLICATOR: {DBWorker#51} activityLevel=idle: pendingResponseCount=0, eventCount=1, activeDocs=0
07-10 15:38:02.429 27324 27369 I CouchbaseLite/REPLICATOR: BLIP sent 5 msgs (314 bytes), rcvd 3 msgs (431 bytes) in 6.270 sec. Max outbox depth was 1, avg 1.00
07-10 15:38:02.429 27324 27369 I CouchbaseLite/REPLICATOR: {Pull#53} activityLevel=stopped: pendingResponseCount=0, _caughtUp=1, _waitingForChangesCallback=0, _pendingRevMessages=0, _activeIncomingRevs=0
07-10 15:38:02.430 27324 27369 V CouchbaseLite/REPLICATOR: {Pull#53} now stopped
07-10 15:38:02.430 27324 27369 V CouchbaseLite/DATABASE: {DB#48} Pre-close housekeeping: 0 of 9 pages free (0%)
07-10 15:38:02.431 27324 27369 V CouchbaseLite/DATABASE: {DB#48} Closed SQLite database
07-10 15:38:02.431 27324 27369 I CouchbaseLite/DATABASE: {DB#48} Closing database
07-10 15:38:02.431 27324 27370 I CouchbaseLite/REPLICATOR: C4ReplicatorListener.statusChanged() status -> C4ReplicatorStatus{activityLevel=0, progressUnitsCompleted=1, progressUnitsTotal=1, progressDocumentCount=1, errorDomain=0, errorCode=0, errorInternalInfo=0}
07-10 15:38:02.432 27324 27446 I CouchbaseLite/REPLICATOR: Replicator[<* Database@e58d56b{name='cbl-test1562798208.03'} URLEndpoint{url=wss://10.100.172.178:4984/db}]: status changed: C4ReplicatorStatus{activityLevel=0, progressUnitsCompleted=1, progressUnitsTotal=1, progressDocumentCount=1, errorDomain=0, errorCode=0, errorInternalInfo=0}
07-10 15:38:02.432 27324 27446 I CouchbaseLite/REPLICATOR: Replicator[<* Database@e58d56b{name='cbl-test1562798208.03'} URLEndpoint{url=wss://10.100.172.178:4984/db}] is stopped, progress 1/1, error: null
07-10 15:38:04.460 27324 27436 I SERVER : Request URI: /replicator_getActivityLevel
07-10 15:38:04.466 27324 27436 I SERVER : Request URI: /replicator_getActivityLevel
07-10 15:38:04.515 27324 27450 I SERVER : Request URI: /database_getDocIds
07-10 15:38:04.516 27324 27450 V CouchbaseLite/QUERY: Query encoded as {"OFFSET":0,"LIMIT":1000,"WHAT":[["._id"]]}
07-10 15:38:04.517 27324 27450 I CouchbaseLite/QUERY: {Query#56}==> N8litecore11SQLiteQueryE 0x71613c24e918 @0x71613c24e918
07-10 15:38:04.517 27324 27450 I CouchbaseLite/QUERY: {Query#56} Compiling JSON query: {"OFFSET":0,"LIMIT":1000,"WHAT":[["._id"]]}
07-10 15:38:04.517 27324 27450 I CouchbaseLite/QUERY: {Query#56} Compiled as SELECT fl_result(_doc.key) FROM kv_default AS _doc WHERE (_doc.flags & 1 = 0) LIMIT MAX(0, 1000) OFFSET MAX(0, 0)
07-10 15:38:04.517 27324 27450 I CouchbaseLite/QUERY: {QueryEnum#57}==> N8litecore21SQLiteQueryEnumeratorE 0x71613c245a60 @0x71613c245a60
07-10 15:38:04.517 27324 27450 I CouchbaseLite/QUERY: {QueryEnum#57} Created on {Query#56} with 1 rows (24 bytes) in 0.082ms
07-10 15:38:04.517 27324 27450 V CouchbaseLite/QUERY: {QueryEnum#57} --> ["cbl_sync_0"]
07-10 15:38:04.518 27324 27450 V CouchbaseLite/QUERY: {QueryEnum#57} END
07-10 15:38:04.518 27324 27450 I CouchbaseLite/QUERY: End of query enumeration
07-10 15:38:04.522 27324 27450 I SERVER : Request URI: /database_getDocuments
07-10 15:38:04.568 27324 27452 I SERVER : Request URI: /dictionary_toMutableDictionary
07-10 15:38:04.575 27324 27452 I SERVER : Request URI: /dictionary_setString
07-10 15:38:04.582 27324 27336 I CouchbaseLite/QUERY: {QueryEnum#57} Deleted
07-10 15:38:04.616 27324 27452 I SERVER : Request URI: /dictionary_setString
07-10 15:38:04.659 27324 27454 I SERVER : Request URI: /blob_createImageContent
07-10 15:38:04.666 27324 27454 I SERVER : Request URI: /blob_create
07-10 15:38:04.667 27324 27454 W SERVER : Request failed
07-10 15:38:04.667 27324 27454 W SERVER : java.lang.reflect.InvocationTargetException
07-10 15:38:04.667 27324 27454 W SERVER : at java.lang.reflect.Method.invoke(Native Method)
07-10 15:38:04.667 27324 27454 W SERVER : at com.couchbase.CouchbaseLiteServ.server.Server.handle(Server.java:212)
07-10 15:38:04.667 27324 27454 W SERVER : at org.nanohttpd.protocols.http.HTTPSession.execute(HTTPSession.java:418)
07-10 15:38:04.667 27324 27454 W SERVER : at org.nanohttpd.protocols.http.ClientHandler.run(ClientHandler.java:75)
07-10 15:38:04.667 27324 27454 W SERVER : at java.lang.Thread.run(Thread.java:764)
07-10 15:38:04.667 27324 27454 W SERVER : Caused by: java.lang.ClassCastException: libcore.io.ClassPathURLStreamHandler$ClassPathURLConnection$1 cannot be cast to byte[]
07-10 15:38:04.667 27324 27454 W SERVER : at com.couchbase.CouchbaseLiteServ.server.RequestHandler.BlobRequestHandler.create(BlobRequestHandler.java:17)
07-10 15:38:04.667 27324 27454 W SERVER : ... 5 more
07-10 15:38:05.807 27324 27450 I SERVER : Request URI: /database_exists
07-10 15:38:05.815 27324 27450 I SERVER : Request URI: /database_deleteDB
07-10 15:38:05.816 27324 27450 I CouchbaseLite/DATABASE: Deleting Database@e58d56b{name='cbl-test1562798208.03'} at path /data/user/0/com.couchbase.TestServerApp/files/cbl-test1562798208.03.cblite2/
07-10 15:38:05.816 27324 27450 V CouchbaseLite/DATABASE: Preparing to delete DataFile /data/data/com.couchbase.TestServerApp/files/cbl-test1562798208.03.cblite2/db.sqlite3
07-10 15:38:05.817 27324 27450 V CouchbaseLite/DATABASE: {DB#40} Pre-close housekeeping: 0 of 9 pages free (0%)
07-10 15:38:05.825 27324 27450 V CouchbaseLite/DATABASE: {DB#40} Closed SQLite database
07-10 15:38:05.825 27324 27450 I CouchbaseLite/DATABASE: {DB#40} Closing database
07-10 15:38:05.825 27324 27450 I CouchbaseLite/DATABASE: Deleting database file /data/data/com.couchbase.TestServerApp/files/cbl-test1562798208.03.cblite2/db.sqlite3 (with -wal and -shm)
07-10 15:38:05.826 27324 27450 D CouchbaseLite/DATABASE: ...finished deleting database file /data/data/com.couchbase.TestServerApp/files/cbl-test1562798208.03.cblite2/db.sqlite3 (with -wal and -shm)
07-10 15:38:05.827 27324 27450 I DBHANDLER: database deleted
07-10 15:38:05.873 27324 27456 I SERVER : Request URI: /flushMemory
07-10 15:38:23.665 1699 1999 D WificondControl: Scan result ready event