07-10 15:36:47.639 27324 27428 I SERVER : Request URI: /logging_configure
07-10 15:36:47.641 27324 27428 I LOGREQHANDLER: File logging configured at: /data/user/0/com.couchbase.TestServerApp/files/logs_1562798207
07-10 15:36:47.648 27324 27428 I SERVER : Request URI: /logging_getDirectory
07-10 15:36:47.690 27324 27430 I SERVER : Request URI: /databaseConfiguration_configure
07-10 15:36:47.766 27324 27430 I SERVER : Request URI: /database_create
07-10 15:36:47.768 27324 27430 I CouchbaseLite/DATABASE: Opening Database@e58d56b{name='cbl-test1562798208.03'} at path /data/user/0/com.couchbase.TestServerApp/files/cbl-test1562798208.03.cblite2
07-10 15:36:47.768 27324 27430 I CouchbaseLite/DATABASE: {N8litecore8DataFile6SharedE#39}==> N8litecore8DataFile6SharedE 0x7161292958d0 @0x7161292958d0
07-10 15:36:47.768 27324 27430 I CouchbaseLite/DATABASE: {N8litecore8DataFile6SharedE#39} instantiated on /data/data/com.couchbase.TestServerApp/files/cbl-test1562798208.03.cblite2/db.sqlite3
07-10 15:36:47.768 27324 27430 D CouchbaseLite/DATABASE: {N8litecore8DataFile6SharedE#39} created for DataFile 0x71613c21d880 at /data/data/com.couchbase.TestServerApp/files/cbl-test1562798208.03.cblite2/db.sqlite3
07-10 15:36:47.768 27324 27430 I CouchbaseLite/DATABASE: {DB#40}==> N8litecore14SQLiteDataFileE /data/user/0/com.couchbase.TestServerApp/files/cbl-test1562798208.03.cblite2/db.sqlite3 @0x71613c21d880
07-10 15:36:47.768 27324 27430 I CouchbaseLite/DATABASE: {DB#40} Opening database
07-10 15:36:47.781 27324 27430 V CouchbaseLite/DATABASE: {DB#40} begin transaction
07-10 15:36:47.781 27324 27430 V CouchbaseLite/DATABASE: {DB#40} KeyStore(info) set versioning
07-10 15:36:47.781 27324 27430 V CouchbaseLite/DATABASE: {DB#40} KeyStore(info) set publicUUID
07-10 15:36:47.781 27324 27430 V CouchbaseLite/DATABASE: {DB#40} KeyStore(info) set privateUUID
07-10 15:36:47.782 27324 27430 V CouchbaseLite/DATABASE: {DB#40} commit transaction
07-10 15:36:47.782 27324 27430 V CouchbaseLite/DATABASE: {DB#40} Next expiration time is 0
07-10 15:36:47.783 27324 27430 V CouchbaseLite/DATABASE: No pending doc expirations
07-10 15:36:47.827 27324 27430 I SERVER : Request URI: /database_getName
07-10 15:36:47.866 27324 27430 I SERVER : Request URI: /database_getPath
07-10 15:36:53.661 1441 1441 I boot-pipe: done populating /dev/random
07-10 15:37:00.016 1434 1460 D hwcomposer: hw_composer sent 5 syncs in 60s
07-10 15:37:47.429 27324 27432 I SERVER : Request URI: /database_saveDocuments
07-10 15:37:47.439 27324 27432 V CouchbaseLite/DATABASE: {DB#40} begin transaction
07-10 15:37:47.441 27324 27432 V CouchbaseLite/DATABASE: {DB#40} Saved 'cbl_sync_0' rev #1-d955c76830114f66afe1dda9fbd63c92e7040d8b as seq 1
07-10 15:37:47.441 27324 27432 V CouchbaseLite/DATABASE: {DB#40} KeyStore(info) set SharedKeys
07-10 15:37:47.441 27324 27432 V CouchbaseLite/DATABASE: {DB#40} commit transaction
07-10 15:37:47.457 27324 27434 I SERVER : Request URI: /sessionAuthenticator_create
07-10 15:37:47.466 27324 27436 I SERVER : Request URI: /replicatorConfiguration_configure
07-10 15:37:47.468 27324 27436 D REPLCONFIGHANDLER: Args: com.couchbase.CouchbaseLiteServ.server.Args@89ba8c8
07-10 15:37:47.474 27324 27436 I SERVER : Request URI: /replicator_create
07-10 15:37:47.517 27324 27436 I SERVER : Request URI: /replicator_start
07-10 15:37:47.518 27324 27436 I CouchbaseLite/REPLICATOR: Replicator is starting .....
07-10 15:37:47.518 27324 27436 I CouchbaseLite/REPLICATOR: Replicator[*> Database@e58d56b{name='cbl-test1562798208.03'} URLEndpoint{url=wss://10.100.172.178:4984/db}]: Starting
07-10 15:37:47.520 27324 27436 D CouchbaseLite/DATABASE: {N8litecore8DataFile6SharedE#39} adding DataFile 0x71613c2207c0
07-10 15:37:47.520 27324 27436 I CouchbaseLite/DATABASE: {DB#41}==> N8litecore14SQLiteDataFileE /data/user/0/com.couchbase.TestServerApp/files/cbl-test1562798208.03.cblite2/db.sqlite3 @0x71613c2207c0
07-10 15:37:47.520 27324 27436 I CouchbaseLite/DATABASE: {DB#41} Opening database
07-10 15:37:47.521 27324 27436 I CouchbaseLite/NETWORK: {N8litecore4blip10ConnectionE#42}==> N8litecore4blip10ConnectionE ->wss://10.100.172.178:4984/db/_blipsync @0x716129294d90
07-10 15:37:47.521 27324 27436 I CouchbaseLite/NETWORK: {N8litecore4blip10ConnectionE#42} Opening connection...
07-10 15:37:47.524 27324 27436 I CouchbaseLite/REPLICATOR: {Repl#43}==> N8litecore4repl10ReplicatorE /data/user/0/com.couchbase.TestServerApp/files/cbl-test1562798208.03.cblite2/ ->wss://10.100.172.178:4984/db/_blipsync @0x71613c3be6c8
07-10 15:37:47.524 27324 27436 I CouchbaseLite/REPLICATOR: {Repl#43} Push=continuous, Options={{cookies:"SyncGatewaySession=74b5fdba5c40421b121608011c57f8885999a502", headers:{User-Agent:"CouchbaseLite/2.5.2.1-2 (Java; Android 8.0.0; Android SDK built for x86_64) Build/0 Commit/ac76dee LiteCore/2.5.2.1 (2)"}, pinnedCert:"MIIDVzCCAj+gAwIBAgIJAOr81ZjnhCFSMA0GCSqGSIb3DQEBCwUAMEIxCzAJBgNVBAYTAlhYMRUwEwYDVQQHDAxEZWZhdWx0IENpdHkxHDAaBgNVBAoME0RlZmF1bHQgQ29tcGFueSBMdGQwHhcNMTgwMzAxMDAzMzMyWhcNMjEwMjI4MDAzMzMyWjBCMQswCQYDVQQGEwJYWDEVMBMGA1UEBwwMRGVmYXVsdCBDaXR5MRwwGgYDVQQKDBNEZWZhdWx0IENvbXBhbnkgTHRkMIIBIjANBgkqhkiG9w0BAQEFAAOCAQ8AMIIBCgKCAQEAtf/YiOfusEdV8/zbJNY2F+rtMBGyFQi2BUJe/3rff6upZi/0FYgqB8qX+c8yRKqdSaLmhqw1nKljANSGC5Skq35D44/MLP/Ke8SQlDWLtHahCZ8/XzmtWcwmIoG7e64K5INgSRDEdJvvNBPJlI8/bRwYfsFjH/hajm514dctdTJr0yICeeL8RnHkSmjW0ql12EmHb+tfeOukI/JAWVH+k2+xju16YpH8eXdWdK7ppDpmqoAHG+aZPL7zE+QpfbhjRxmVulO7RSlfF8Fr6Njl6kI2Q3Mx72cc034vB5YiLF6wsBIBGgJ4TmkJDJrwF0yz3lWa9JB3sT+xQgjvkLB71wIDAQABo1AwTjAdBgNVHQ4EFgQUOPULsAyQd68U2MUD6EaiWq12P0UwHwYDVR0jBBgwFoAUOPULsAyQd68U2MUD6EaiWq12P0UwDAYDVR0TBAUwAwEB/zANBgkqhkiG9w0BAQsFAAOCAQEAEXzSnPu78AcubiPODrQ0MdM0rtuyskPhcsZ4C68YV7buDMJSPdfRwUQZl+1HCqXXaTbGJkd6Z/Z4+4GQxiAykHOjV66iamVYrzFvSDZVWOBP1z+YLZACU7Um67ic8gQy6qAjzIvQSRgjTK29F4DQYWvCpbUPhliUwwZfsBYJYjf0amsvyFnixM74DUfKPHB2rJD7PGCAEICNDQg5yzXN+qY2JrCeYM4PAZHrs6qDktT9alcO1hzW6Xh/pHdRuxnKTHJT4cVjpzSMZdeVGEgi0s8aCD2RlEuZVKiAN3fgUn0b5evlX4AQl6gu69tbwGkwXXkV6SD5d4vhhmUsWmzFxw==", progress:0}}
07-10 15:37:47.525 27324 27436 I CouchbaseLite/REPLICATOR: Replicator[*> Database@e58d56b{name='cbl-test1562798208.03'} URLEndpoint{url=wss://10.100.172.178:4984/db}] is connecting, progress 0/0, error: null
07-10 15:37:47.526 27324 27436 I CouchbaseLite/REPLICATOR: C4ReplicatorListener.statusChanged() status -> C4ReplicatorStatus{activityLevel=2, progressUnitsCompleted=0, progressUnitsTotal=0, progressDocumentCount=0, errorDomain=0, errorCode=0, errorInternalInfo=0}
07-10 15:37:47.526 27324 27367 W C4Socket: C4Socket.open() socket -> 124662436376880
07-10 15:37:47.526 27324 27367 W C4Socket: C4Socket.open() clazz -> com.couchbase.lite.internal.replicator.CBLWebSocket
07-10 15:37:47.526 27324 27367 E CouchbaseLite/NETWORK: CBLWebSocket.socket_open()
07-10 15:37:47.527 27324 27437 I CouchbaseLite/REPLICATOR: Replicator[*> Database@e58d56b{name='cbl-test1562798208.03'} URLEndpoint{url=wss://10.100.172.178:4984/db}]: status changed: C4ReplicatorStatus{activityLevel=2, progressUnitsCompleted=0, progressUnitsTotal=0, progressDocumentCount=0, errorDomain=0, errorCode=0, errorInternalInfo=0}
07-10 15:37:47.528 27324 27437 I CouchbaseLite/REPLICATOR: Replicator[*> Database@e58d56b{name='cbl-test1562798208.03'} URLEndpoint{url=wss://10.100.172.178:4984/db}] is connecting, progress 0/0, error: null
07-10 15:37:47.529 27324 27367 V CouchbaseLite/NETWORK: CBLWebSocket connecting to wss://10.100.172.178:4984/db/_blipsync...
07-10 15:37:47.534 27324 27367 I CouchbaseLite/REPLICATOR: {Repl#43} activityLevel=connecting: connectionState=1
07-10 15:37:47.535 27324 27369 V CouchbaseLite/REPLICATOR: {DBWorker#44}==> N8litecore4repl8DBWorkerE ->wss://10.100.172.178:4984/db/_blipsync @0x71613c27dc48
07-10 15:37:47.536 27324 27369 V CouchbaseLite/REPLICATOR: {DBWorker#44} Checkpoint doc ID = cp-YudEc+58stQ9/6fxHBUFna0YacU=
07-10 15:37:47.537 27324 27369 V CouchbaseLite/DATABASE: {DB#41} begin transaction
07-10 15:37:47.538 27324 27369 V CouchbaseLite/DATABASE: {DB#41} KeyStore(info) set remotes
07-10 15:37:47.539 27324 27369 V CouchbaseLite/DATABASE: {DB#41} commit transaction
07-10 15:37:47.539 27324 27369 V CouchbaseLite/REPLICATOR: {DBWorker#44} Remote-DB ID 1 found for target
07-10 15:37:47.540 27324 27370 I CouchbaseLite/REPLICATOR: {Repl#43} No local checkpoint 'cp-YudEc+58stQ9/6fxHBUFna0YacU='
07-10 15:37:47.540 27324 27370 I CouchbaseLite/REPLICATOR: {Repl#43} activityLevel=connecting: connectionState=1
07-10 15:37:47.541 27324 27369 I CouchbaseLite/REPLICATOR: {DBWorker#44} activityLevel=idle: pendingResponseCount=0, eventCount=1, activeDocs=0
07-10 15:37:47.541 27324 27369 V CouchbaseLite/REPLICATOR: {DBWorker#44} now idle
07-10 15:37:47.542 27324 27368 I CouchbaseLite/REPLICATOR: {Repl#43} pushStatus=busy, pullStatus=stopped, dbStatus=idle, progress=0/0
07-10 15:37:47.543 27324 27368 I CouchbaseLite/REPLICATOR: {Repl#43} activityLevel=connecting: connectionState=1
07-10 15:37:47.555 27324 27438 V CouchbaseLite/NETWORK: WebSocketListener.onOpen() response -> Response{protocol=http/1.1, code=101, message=Switching Protocols, url=https://10.100.172.178:4984/db/_blipsync}
07-10 15:37:47.555 27324 27438 V CouchbaseLite/NETWORK: receivedHTTPResponse() httpStatus -> 101
07-10 15:37:47.555 27324 27438 I CouchbaseLite/NETWORK: CBLWebSocket CONNECTED!
07-10 15:37:47.555 27324 27367 I CouchbaseLite/REPLICATOR: {Repl#43} activityLevel=connecting: connectionState=1
07-10 15:37:47.556 27324 27438 I CouchbaseLite/NETWORK: {N8litecore4blip10ConnectionE#42} Connected!
07-10 15:37:47.556 27324 27370 I CouchbaseLite/REPLICATOR: {Repl#43} Connected!
07-10 15:37:47.557 27324 27370 V CouchbaseLite/REPLICATOR: {Repl#43} Requesting remote checkpoint
07-10 15:37:47.558 27324 27370 I CouchbaseLite/REPLICATOR: {Repl#43} activityLevel=busy: connectionState=2
07-10 15:37:47.558 27324 27370 I CouchbaseLite/REPLICATOR: {Repl#43} now busy
07-10 15:37:47.559 27324 27368 V CouchbaseLite/NETWORK: {N8litecore4blip6BLIPIOE#45}==> N8litecore4blip6BLIPIOE ->wss://10.100.172.178:4984/db/_blipsync @0x71613c27d8c8
07-10 15:37:47.560 27324 27368 V CouchbaseLite/NETWORK: {N8litecore4blip6BLIPIOE#45} WebSocket is hungry!
07-10 15:37:47.560 27324 27368 V CouchbaseLite/NETWORK: {N8litecore4blip6BLIPIOE#45} ...Wrote 0 bytes to WebSocket (writeable=1)
07-10 15:37:47.560 27324 27368 V CouchbaseLite/NETWORK: {N8litecore4blip6BLIPIOE#45} Sending 'getCheckpoint' REQ #1
07-10 15:37:47.561 27324 27368 V CouchbaseLite/NETWORK: {N8litecore4blip6BLIPIOE#45} Sending frame: REQ #1 ----, bytes 0--65
07-10 15:37:47.562 27324 27370 I CouchbaseLite/REPLICATOR: C4ReplicatorListener.statusChanged() status -> C4ReplicatorStatus{activityLevel=4, progressUnitsCompleted=0, progressUnitsTotal=0, progressDocumentCount=0, errorDomain=0, errorCode=0, errorInternalInfo=0}
07-10 15:37:47.563 27324 27369 I CouchbaseLite/REPLICATOR: {push#46}==> N8litecore4repl6PusherE ->wss://10.100.172.178:4984/db/_blipsync @0x71613c26db48
07-10 15:37:47.563 27324 27368 W C4Socket: C4Socket.write() handle -> 124662436376880
07-10 15:37:47.566 27324 27369 I CouchbaseLite/REPLICATOR: {push#46} Starting continuous push from local seq #1
07-10 15:37:47.566 27324 27368 W C4Socket: completedWrite(long) handle -> 124662436376880, byteCount -> 68
07-10 15:37:47.567 27324 27369 V CouchbaseLite/REPLICATOR: {push#46} Asking DB for 200 changes since sequence #0 ...
07-10 15:37:47.568 27324 27369 I CouchbaseLite/REPLICATOR: {push#46} activityLevel=busy: pendingResponseCount=0, caughtUp=0, changeLists=1, revsInFlight=0, blobsInFlight=0, awaitingReply=0, revsToSend=0, pendingSequences=0
07-10 15:37:47.569 27324 27369 V CouchbaseLite/REPLICATOR: {push#46} now busy
07-10 15:37:47.572 27324 27368 V CouchbaseLite/NETWORK: {N8litecore4blip6BLIPIOE#45} Finished sending REQ #1
07-10 15:37:47.572 27324 27438 V CouchbaseLite/NETWORK: WebSocketListener.onMessage() bytes -> 0102214572726f722d446f6d61696e0048545450004572726f722d436f646500343034006d697373696e679210debc
07-10 15:37:47.572 27324 27367 V CouchbaseLite/REPLICATOR: {DBWorker#44} Reading up to 200 local changes since #0
07-10 15:37:47.574 27324 27370 I CouchbaseLite/REPLICATOR: {Repl#43} activityLevel=busy: connectionState=2
07-10 15:37:47.575 27324 27370 I CouchbaseLite/REPLICATOR: {Repl#43} pushStatus=busy, pullStatus=stopped, dbStatus=idle, progress=0/0
07-10 15:37:47.577 27324 27436 I SERVER : Request URI: /replicator_getActivityLevel
07-10 15:37:47.579 27324 27370 I CouchbaseLite/REPLICATOR: {Repl#43} activityLevel=busy: connectionState=2
07-10 15:37:47.581 27324 27367 I CouchbaseLite/REPLICATOR: {DBWorker#44} activityLevel=busy: pendingResponseCount=0, eventCount=1, activeDocs=1
07-10 15:37:47.582 27324 27367 V CouchbaseLite/REPLICATOR: {DBWorker#44} now busy
07-10 15:37:47.582 27324 27367 I CouchbaseLite/REPLICATOR: {Repl#43} pushStatus=busy, pullStatus=stopped, dbStatus=busy, progress=0/0
07-10 15:37:47.583 27324 27367 I CouchbaseLite/REPLICATOR: {Repl#43} activityLevel=busy: connectionState=2
07-10 15:37:47.583 27324 27369 I CouchbaseLite/REPLICATOR: {push#46} Read 1 local changes up to #1: sending 'proposeChanges' with sequences #1 - #1
07-10 15:37:47.586 27324 27369 I CouchbaseLite/REPLICATOR: {push#46} Caught up, at lastSequence #1
07-10 15:37:47.587 27324 27369 V CouchbaseLite/REPLICATOR: {push#46} progress +0/+216, 0 docs -- now 0 / 216, 0 docs
07-10 15:37:47.587 27324 27368 V CouchbaseLite/NETWORK: {N8litecore4blip6BLIPIOE#45} ...Wrote 68 bytes to WebSocket (writeable=1)
07-10 15:37:47.588 27324 27368 V CouchbaseLite/NETWORK: {N8litecore4blip6BLIPIOE#45} Received frame: ERR #1 ----, length 45
07-10 15:37:47.589 27324 27368 V CouchbaseLite/NETWORK: {N8litecore4blip10ConnectionE#42} Receiving ERR #1
07-10 15:37:47.589 27324 27368 V CouchbaseLite/NETWORK: {N8litecore4blip10ConnectionE#42} Finished receiving ERR #1
07-10 15:37:47.590 27324 27437 I CouchbaseLite/REPLICATOR: Replicator[*> Database@e58d56b{name='cbl-test1562798208.03'} URLEndpoint{url=wss://10.100.172.178:4984/db}]: status changed: C4ReplicatorStatus{activityLevel=4, progressUnitsCompleted=0, progressUnitsTotal=0, progressDocumentCount=0, errorDomain=0, errorCode=0, errorInternalInfo=0}
07-10 15:37:47.590 27324 27368 W C4Socket: C4Socket.completedReceive() handle -> 124662436376880
07-10 15:37:47.590 27324 27437 I CouchbaseLite/REPLICATOR: Replicator[*> Database@e58d56b{name='cbl-test1562798208.03'} URLEndpoint{url=wss://10.100.172.178:4984/db}] is busy, progress 0/0, error: null
07-10 15:37:47.590 27324 27368 I CouchbaseLite/REPLICATOR: {Repl#43} No remote checkpoint
07-10 15:37:47.591 27324 27368 I CouchbaseLite/REPLICATOR: {Repl#43} activityLevel=busy: connectionState=2
07-10 15:37:47.591 27324 27368 V CouchbaseLite/NETWORK: {N8litecore4blip6BLIPIOE#45} Sending 'proposeChanges' REQ #2 UZ
07-10 15:37:47.592 27324 27368 V CouchbaseLite/NETWORK: {N8litecore4blip6BLIPIOE#45} Sending frame: REQ #2 -U-C, bytes 0--94
07-10 15:37:47.592 27324 27368 W C4Socket: C4Socket.write() handle -> 124662436376880
07-10 15:37:47.593 27324 27368 W C4Socket: completedWrite(long) handle -> 124662436376880, byteCount -> 97
07-10 15:37:47.595 27324 27369 I CouchbaseLite/REPLICATOR: {push#46} activityLevel=busy: pendingResponseCount=1, caughtUp=1, changeLists=1, revsInFlight=0, blobsInFlight=0, awaitingReply=0, revsToSend=0, pendingSequences=1
07-10 15:37:47.595 27324 27369 I CouchbaseLite/REPLICATOR: {Repl#43} pushStatus=busy, pullStatus=stopped, dbStatus=busy, progress=0/216
07-10 15:37:47.596 27324 27369 V CouchbaseLite/REPLICATOR: {Repl#43} progress +0/+216, 0 docs -- now 0 / 216, 0 docs
07-10 15:37:47.596 27324 27369 I CouchbaseLite/REPLICATOR: {Repl#43} activityLevel=busy: connectionState=2
07-10 15:37:47.597 27324 27370 I CouchbaseLite/REPLICATOR: {push#46} activityLevel=busy: pendingResponseCount=1, caughtUp=1, changeLists=1, revsInFlight=0, blobsInFlight=0, awaitingReply=0, revsToSend=0, pendingSequences=1
07-10 15:37:47.597 27324 27438 V CouchbaseLite/NETWORK: WebSocketListener.onMessage() bytes -> 0219e24949cd29492c6628292a4d65888e05003364f958
07-10 15:37:47.597 27324 27368 V CouchbaseLite/NETWORK: {N8litecore4blip6BLIPIOE#45} Finished sending REQ #2 UZ
07-10 15:37:47.598 27324 27368 V CouchbaseLite/NETWORK: {N8litecore4blip6BLIPIOE#45} ...Wrote 97 bytes to WebSocket (writeable=1)
07-10 15:37:47.599 27324 27368 V CouchbaseLite/NETWORK: {N8litecore4blip6BLIPIOE#45} Received frame: RES #2 -U-C, length 21
07-10 15:37:47.599 27324 27368 V CouchbaseLite/NETWORK: {N8litecore4blip10ConnectionE#42} Receiving RES #2 UZ
07-10 15:37:47.600 27324 27368 V CouchbaseLite/NETWORK: {N8litecore4blip10ConnectionE#42} Finished receiving RES #2 UZ
07-10 15:37:47.601 27324 27368 W C4Socket: C4Socket.completedReceive() handle -> 124662436376880
07-10 15:37:47.604 27324 27369 I CouchbaseLite/REPLICATOR: {push#46} Got response for 1 local changes (sequences from 1)
07-10 15:37:47.605 27324 27369 V CouchbaseLite/REPLICATOR: {push#46} Queueing rev 'cbl_sync_0' #1-d955c76830114f66afe1dda9fbd63c92e7040d8b (seq #1) [1 queued]
07-10 15:37:47.606 27324 27369 V CouchbaseLite/REPLICATOR: {push#46} Sending rev cbl_sync_0 1-d955c76830114f66afe1dda9fbd63c92e7040d8b (seq #1) [1/10]
07-10 15:37:47.607 27324 27369 I CouchbaseLite/REPLICATOR: {push#46} activityLevel=busy: pendingResponseCount=0, caughtUp=1, changeLists=0, revsInFlight=1, blobsInFlight=0, awaitingReply=0, revsToSend=0, pendingSequences=1
07-10 15:37:47.608 27324 27370 V CouchbaseLite/REPLICATOR: {DBWorker#44} Reading document 'cbl_sync_0' #1-d955c76830114f66afe1dda9fbd63c92e7040d8b
07-10 15:37:47.609 27324 27370 V CouchbaseLite/REPLICATOR: {DBWorker#44} Transmitting 'rev' message with 'cbl_sync_0' #1-d955c76830114f66afe1dda9fbd63c92e7040d8b
07-10 15:37:47.611 27324 27370 I CouchbaseLite/REPLICATOR: {DBWorker#44} activityLevel=busy: pendingResponseCount=1, eventCount=1, activeDocs=1
07-10 15:37:47.614 27324 27367 V CouchbaseLite/NETWORK: {N8litecore4blip6BLIPIOE#45} Sending 'rev' REQ #3 Z
07-10 15:37:47.617 27324 27367 V CouchbaseLite/NETWORK: {N8litecore4blip6BLIPIOE#45} Sending frame: REQ #3 ---C, bytes 0--255
07-10 15:37:47.618 27324 27367 W C4Socket: C4Socket.write() handle -> 124662436376880
07-10 15:37:47.619 27324 27368 I CouchbaseLite/REPLICATOR: {DBWorker#44} activityLevel=busy: pendingResponseCount=1, eventCount=1, activeDocs=1
07-10 15:37:47.619 27324 27367 W C4Socket: completedWrite(long) handle -> 124662436376880, byteCount -> 258
07-10 15:37:47.621 27324 27369 I CouchbaseLite/REPLICATOR: {push#46} activityLevel=busy: pendingResponseCount=0, caughtUp=1, changeLists=0, revsInFlight=0, blobsInFlight=0, awaitingReply=387, revsToSend=0, pendingSequences=1
07-10 15:37:47.621 27324 27367 V CouchbaseLite/NETWORK: {N8litecore4blip6BLIPIOE#45} Finished sending REQ #3 Z
07-10 15:37:47.622 27324 27367 V CouchbaseLite/NETWORK: {N8litecore4blip6BLIPIOE#45} ...Wrote 258 bytes to WebSocket (writeable=1)
07-10 15:37:47.628 27324 27438 V CouchbaseLite/NETWORK: WebSocketListener.onMessage() bytes -> 030100b78152b2
07-10 15:37:47.629 27324 27370 V CouchbaseLite/NETWORK: {N8litecore4blip6BLIPIOE#45} Received frame: RES #3 ----, length 5
07-10 15:37:47.629 27324 27370 V CouchbaseLite/NETWORK: {N8litecore4blip10ConnectionE#42} Receiving RES #3
07-10 15:37:47.630 27324 27370 V CouchbaseLite/NETWORK: {N8litecore4blip10ConnectionE#42} Finished receiving RES #3
07-10 15:37:47.631 27324 27368 I CouchbaseLite/REPLICATOR: {DBWorker#44} activityLevel=busy: pendingResponseCount=0, eventCount=1, activeDocs=1
07-10 15:37:47.631 27324 27370 W C4Socket: C4Socket.completedReceive() handle -> 124662436376880
07-10 15:37:47.632 27324 27369 V CouchbaseLite/REPLICATOR: {push#46} Completed rev cbl_sync_0 #1-d955c76830114f66afe1dda9fbd63c92e7040d8b (seq #1)
07-10 15:37:47.632 27324 27369 V CouchbaseLite/REPLICATOR: {push#46} Checkpoint now at #1
07-10 15:37:47.633 27324 27369 V CouchbaseLite/REPLICATOR: {push#46} progress +216/+0, 1 docs -- now 216 / 216, 1 docs
07-10 15:37:47.633 27324 27369 I CouchbaseLite/REPLICATOR: {push#46} activityLevel=idle: pendingResponseCount=0, caughtUp=1, changeLists=0, revsInFlight=0, blobsInFlight=0, awaitingReply=0, revsToSend=0, pendingSequences=0
07-10 15:37:47.634 27324 27369 V CouchbaseLite/REPLICATOR: {push#46} now idle
07-10 15:37:47.634 27324 27369 I CouchbaseLite/REPLICATOR: {DBWorker#44} activityLevel=busy: pendingResponseCount=0, eventCount=2, activeDocs=0
07-10 15:37:47.635 27324 27367 I CouchbaseLite/REPLICATOR: {Repl#43} pushStatus=idle, pullStatus=stopped, dbStatus=busy, progress=216/216
07-10 15:37:47.635 27324 27367 V CouchbaseLite/REPLICATOR: {Repl#43} progress +216/+0, 1 docs -- now 216 / 216, 1 docs
07-10 15:37:47.635 27324 27367 I CouchbaseLite/REPLICATOR: {Repl#43} activityLevel=busy: connectionState=2
07-10 15:37:47.635 27324 27367 V CouchbaseLite/REPLICATOR: {Repl#43} Saving remote checkpoint cp-YudEc+58stQ9/6fxHBUFna0YacU= with rev='': {"local":1} ...
07-10 15:37:47.636 27324 27367 I CouchbaseLite/REPLICATOR: {Repl#43} activityLevel=busy: connectionState=2
07-10 15:37:47.636 27324 27367 V CouchbaseLite/NETWORK: {N8litecore4blip6BLIPIOE#45} Sending 'setCheckpoint' REQ #4
07-10 15:37:47.637 27324 27367 V CouchbaseLite/NETWORK: {N8litecore4blip6BLIPIOE#45} Sending frame: REQ #4 ----, bytes 0--81
07-10 15:37:47.637 27324 27367 W C4Socket: C4Socket.write() handle -> 124662436376880
07-10 15:37:47.637 27324 27367 W C4Socket: completedWrite(long) handle -> 124662436376880, byteCount -> 84
07-10 15:37:47.637 27324 27369 I CouchbaseLite/REPLICATOR: {Repl#43} activityLevel=busy: connectionState=2
07-10 15:37:47.638 27324 27367 V CouchbaseLite/NETWORK: {N8litecore4blip6BLIPIOE#45} Finished sending REQ #4
07-10 15:37:47.638 27324 27367 V CouchbaseLite/NETWORK: {N8litecore4blip6BLIPIOE#45} ...Wrote 84 bytes to WebSocket (writeable=1)
07-10 15:37:47.640 27324 27438 V CouchbaseLite/NETWORK: WebSocketListener.onMessage() bytes -> 04010872657600302d3100e98d594e
07-10 15:37:47.640 27324 27368 V CouchbaseLite/NETWORK: {N8litecore4blip6BLIPIOE#45} Received frame: RES #4 ----, length 13
07-10 15:37:47.640 27324 27368 V CouchbaseLite/NETWORK: {N8litecore4blip10ConnectionE#42} Receiving RES #4
07-10 15:37:47.640 27324 27368 V CouchbaseLite/NETWORK: {N8litecore4blip10ConnectionE#42} Finished receiving RES #4
07-10 15:37:47.641 27324 27368 W C4Socket: C4Socket.completedReceive() handle -> 124662436376880
07-10 15:37:47.642 27324 27370 I CouchbaseLite/REPLICATOR: {Repl#43} Saved remote checkpoint cp-YudEc+58stQ9/6fxHBUFna0YacU= as rev='0-1'
07-10 15:37:47.643 27324 27370 I CouchbaseLite/REPLICATOR: {Repl#43} activityLevel=busy: connectionState=2
07-10 15:37:47.644 27324 27369 V CouchbaseLite/DATABASE: {DB#41} begin transaction
07-10 15:37:47.644 27324 27369 V CouchbaseLite/DATABASE: {DB#41} KeyStore(checkpoints) set cp-YudEc+58stQ9/6fxHBUFna0YacU=
07-10 15:37:47.644 27324 27369 V CouchbaseLite/DATABASE: {DB#41} commit transaction
07-10 15:37:47.645 27324 27369 I CouchbaseLite/REPLICATOR: {DBWorker#44} Saved local checkpoint cp-YudEc+58stQ9/6fxHBUFna0YacU= to db
07-10 15:37:47.645 27324 27369 I CouchbaseLite/REPLICATOR: {DBWorker#44} activityLevel=busy: pendingResponseCount=0, eventCount=2, activeDocs=0
07-10 15:37:47.646 27324 27367 I CouchbaseLite/REPLICATOR: {Repl#43} activityLevel=busy: connectionState=2
07-10 15:37:47.660 27324 27368 V CouchbaseLite/DATABASE: {DB#41} begin transaction
07-10 15:37:47.660 27324 27368 V CouchbaseLite/DATABASE: {DB#41} commit transaction
07-10 15:37:47.661 27324 27368 I CouchbaseLite/REPLICATOR: {DBWorker#44} Marked 1 revs as synced-to-server in 1.13ms (886/sec)
07-10 15:37:47.661 27324 27368 I CouchbaseLite/REPLICATOR: {DBWorker#44} activityLevel=idle: pendingResponseCount=0, eventCount=1, activeDocs=0
07-10 15:37:47.661 27324 27368 V CouchbaseLite/REPLICATOR: {DBWorker#44} now idle
07-10 15:37:47.662 27324 27368 I CouchbaseLite/REPLICATOR: {DBWorker#44} activityLevel=idle: pendingResponseCount=0, eventCount=1, activeDocs=0
07-10 15:37:47.662 27324 27370 I CouchbaseLite/REPLICATOR: {Repl#43} pushStatus=idle, pullStatus=stopped, dbStatus=idle, progress=216/216
07-10 15:37:47.663 27324 27370 I CouchbaseLite/REPLICATOR: {Repl#43} activityLevel=busy: connectionState=2
07-10 15:37:47.759 27324 27369 I CouchbaseLite/REPLICATOR: C4ReplicatorListener.statusChanged() status -> C4ReplicatorStatus{activityLevel=4, progressUnitsCompleted=216, progressUnitsTotal=216, progressDocumentCount=1, errorDomain=0, errorCode=0, errorInternalInfo=0}
07-10 15:37:47.760 27324 27369 I CouchbaseLite/REPLICATOR: {Repl#43} activityLevel=idle: connectionState=2
07-10 15:37:47.760 27324 27369 I CouchbaseLite/REPLICATOR: {Repl#43} now idle
07-10 15:37:47.760 27324 27437 I CouchbaseLite/REPLICATOR: Replicator[*> Database@e58d56b{name='cbl-test1562798208.03'} URLEndpoint{url=wss://10.100.172.178:4984/db}]: status changed: C4ReplicatorStatus{activityLevel=4, progressUnitsCompleted=216, progressUnitsTotal=216, progressDocumentCount=1, errorDomain=0, errorCode=0, errorInternalInfo=0}
07-10 15:37:47.761 27324 27437 I CouchbaseLite/REPLICATOR: Replicator[*> Database@e58d56b{name='cbl-test1562798208.03'} URLEndpoint{url=wss://10.100.172.178:4984/db}] is busy, progress 216/216, error: null
07-10 15:37:47.761 27324 27369 I CouchbaseLite/REPLICATOR: C4ReplicatorListener.statusChanged() status -> C4ReplicatorStatus{activityLevel=3, progressUnitsCompleted=216, progressUnitsTotal=216, progressDocumentCount=1, errorDomain=0, errorCode=0, errorInternalInfo=0}
07-10 15:37:47.764 27324 27369 I CouchbaseLite/REPLICATOR: {Repl#43} activityLevel=idle: connectionState=2
07-10 15:37:47.765 27324 27437 I CouchbaseLite/REPLICATOR: Replicator[*> Database@e58d56b{name='cbl-test1562798208.03'} URLEndpoint{url=wss://10.100.172.178:4984/db}]: status changed: C4ReplicatorStatus{activityLevel=3, progressUnitsCompleted=216, progressUnitsTotal=216, progressDocumentCount=1, errorDomain=0, errorCode=0, errorInternalInfo=0}
07-10 15:37:47.765 27324 27437 I CouchbaseLite/REPLICATOR: Replicator[*> Database@e58d56b{name='cbl-test1562798208.03'} URLEndpoint{url=wss://10.100.172.178:4984/db}] is idle, progress 216/216, error: null
07-10 15:37:49.621 27324 27436 I SERVER : Request URI: /replicator_getError
07-10 15:37:49.625 27324 27436 I SERVER : Request URI: /replicator_getActivityLevel
07-10 15:37:49.668 27324 27436 I SERVER : Request URI: /replicator_getTotal
07-10 15:37:49.708 27324 27436 I SERVER : Request URI: /replicator_getCompleted
07-10 15:37:51.752 27324 27436 I SERVER : Request URI: /replicator_getCompleted
07-10 15:37:51.756 27324 27436 I SERVER : Request URI: /replicator_getTotal
07-10 15:37:53.662 1441 1441 I boot-pipe: done populating /dev/random
07-10 15:37:53.800 27324 27436 I SERVER : Request URI: /replicator_stop
07-10 15:37:53.801 27324 27436 I CouchbaseLite/REPLICATOR: Replicator[*> Database@e58d56b{name='cbl-test1562798208.03'} URLEndpoint{url=wss://10.100.172.178:4984/db}]: Replicator is stopping ...
07-10 15:37:53.802 27324 27367 I CouchbaseLite/REPLICATOR: {Repl#43} Told to stop!
07-10 15:37:53.804 27324 27367 I CouchbaseLite/NETWORK: {N8litecore4blip10ConnectionE#42} Closing with code 1000, msg ''
07-10 15:37:53.805 27324 27367 I CouchbaseLite/REPLICATOR: {Repl#43} activityLevel=busy: connectionState=3
07-10 15:37:53.805 27324 27367 I CouchbaseLite/REPLICATOR: {Repl#43} now busy
07-10 15:37:53.809 27324 27368 I CouchbaseLite/NETWORK: {N8litecore4repl12C4SocketImplE#47}==> N8litecore4repl12C4SocketImplE wss://10.100.172.178:4984/db/_blipsync @0x71613c3cb030
07-10 15:37:53.809 27324 27368 I CouchbaseLite/NETWORK: {N8litecore4repl12C4SocketImplE#47} Requesting close with status=1000, message=''
07-10 15:37:53.809 27324 27367 I CouchbaseLite/REPLICATOR: C4ReplicatorListener.statusChanged() status -> C4ReplicatorStatus{activityLevel=4, progressUnitsCompleted=216, progressUnitsTotal=216, progressDocumentCount=1, errorDomain=0, errorCode=0, errorInternalInfo=0}
07-10 15:37:53.810 27324 27436 I SERVER : Request URI: /replicator_getActivityLevel
07-10 15:37:53.810 27324 27437 I CouchbaseLite/REPLICATOR: Replicator[*> Database@e58d56b{name='cbl-test1562798208.03'} URLEndpoint{url=wss://10.100.172.178:4984/db}]: status changed: C4ReplicatorStatus{activityLevel=4, progressUnitsCompleted=216, progressUnitsTotal=216, progressDocumentCount=1, errorDomain=0, errorCode=0, errorInternalInfo=0}
07-10 15:37:53.810 27324 27437 I CouchbaseLite/REPLICATOR: Replicator[*> Database@e58d56b{name='cbl-test1562798208.03'} URLEndpoint{url=wss://10.100.172.178:4984/db}] is busy, progress 216/216, error: null
07-10 15:37:53.810 27324 27368 W C4Socket: C4Socket.requestClose() handle -> 124662436376880
07-10 15:37:53.822 27324 27438 V CouchbaseLite/NETWORK: WebSocketListener.onClosing() code -> 1000, reason ->
07-10 15:37:53.822 27324 27438 W C4Socket: C4Socket.requestClose() handle -> 124662436376880
07-10 15:37:53.822 27324 27438 W CouchbaseLite/NETWORK: CBLWebSocket.requestClose() Failed to attempt to initiate a graceful shutdown of this web socket.
07-10 15:37:53.822 27324 27438 V CouchbaseLite/NETWORK: WebSocketListener.onClosed() code -> 1000, reason ->
07-10 15:37:53.822 27324 27438 I CouchbaseLite/NETWORK: {N8litecore4repl12C4SocketImplE#47} sent 507 bytes, rcvd 92, in 6.267 sec (81/sec, 15/sec)
07-10 15:37:53.824 27324 27370 W C4Socket: C4Socket.dispose() handle -> 124662436376880
07-10 15:37:53.824 27324 27370 I CouchbaseLite/NETWORK: {N8litecore4blip10ConnectionE#42} Closed with WebSocket status 1000:
07-10 15:37:53.826 27324 27370 I CouchbaseLite/REPLICATOR: {Repl#43} Connection closed with WebSocket status 1000: "" (state=3)
07-10 15:37:53.829 27324 27370 I CouchbaseLite/REPLICATOR: {Repl#43} activityLevel=stopped: connectionState=0
07-10 15:37:53.831 27324 27370 I CouchbaseLite/REPLICATOR: {Repl#43} now stopped
07-10 15:37:53.833 27324 27367 I CouchbaseLite/REPLICATOR: {DBWorker#44} activityLevel=idle: pendingResponseCount=0, eventCount=1, activeDocs=0
07-10 15:37:53.835 27324 27367 I CouchbaseLite/REPLICATOR: BLIP sent 4 msgs (507 bytes), rcvd 0 msgs (92 bytes) in 6.278 sec. Max outbox depth was 1, avg 1.00
07-10 15:37:53.836 27324 27370 I CouchbaseLite/REPLICATOR: C4ReplicatorListener.statusChanged() status -> C4ReplicatorStatus{activityLevel=0, progressUnitsCompleted=216, progressUnitsTotal=216, progressDocumentCount=1, errorDomain=0, errorCode=0, errorInternalInfo=0}
07-10 15:37:53.837 27324 27367 I CouchbaseLite/REPLICATOR: {push#46} activityLevel=stopped: pendingResponseCount=0, caughtUp=1, changeLists=0, revsInFlight=0, blobsInFlight=0, awaitingReply=0, revsToSend=0, pendingSequences=0
07-10 15:37:53.837 27324 27367 V CouchbaseLite/REPLICATOR: {push#46} now stopped
07-10 15:37:53.837 27324 27437 I CouchbaseLite/REPLICATOR: Replicator[*> Database@e58d56b{name='cbl-test1562798208.03'} URLEndpoint{url=wss://10.100.172.178:4984/db}]: status changed: C4ReplicatorStatus{activityLevel=0, progressUnitsCompleted=216, progressUnitsTotal=216, progressDocumentCount=1, errorDomain=0, errorCode=0, errorInternalInfo=0}
07-10 15:37:53.837 27324 27367 V CouchbaseLite/DATABASE: {DB#41} Pre-close housekeeping: 0 of 9 pages free (0%)
07-10 15:37:53.838 27324 27367 V CouchbaseLite/DATABASE: {DB#41} Closed SQLite database
07-10 15:37:53.838 27324 27367 I CouchbaseLite/DATABASE: {DB#41} Closing database
07-10 15:37:53.838 27324 27437 I CouchbaseLite/REPLICATOR: Replicator[*> Database@e58d56b{name='cbl-test1562798208.03'} URLEndpoint{url=wss://10.100.172.178:4984/db}] is stopped, progress 216/216, error: null
07-10 15:37:55.861 27324 27436 I SERVER : Request URI: /replicator_getActivityLevel
07-10 15:37:55.865 27324 27436 I SERVER : Request URI: /replicator_getActivityLevel
07-10 15:37:55.931 27324 27445 I SERVER : Request URI: /database_getCount
07-10 15:37:56.085 27324 27436 I SERVER : Request URI: /replicatorConfiguration_configure
07-10 15:37:56.086 27324 27436 D REPLCONFIGHANDLER: Args: com.couchbase.CouchbaseLiteServ.server.Args@936ae72
07-10 15:37:56.090 27324 27436 I SERVER : Request URI: /replicator_create
07-10 15:37:56.127 27324 27436 I SERVER : Request URI: /replicator_start
07-10 15:37:56.128 27324 27436 I CouchbaseLite/REPLICATOR: Replicator is starting .....
07-10 15:37:56.128 27324 27436 I CouchbaseLite/REPLICATOR: Replicator[<* Database@e58d56b{name='cbl-test1562798208.03'} URLEndpoint{url=wss://10.100.172.178:4984/db}]: Starting
07-10 15:37:56.129 27324 27436 D CouchbaseLite/DATABASE: {N8litecore8DataFile6SharedE#39} adding DataFile 0x71613c220d00
07-10 15:37:56.129 27324 27436 I CouchbaseLite/DATABASE: {DB#48}==> N8litecore14SQLiteDataFileE /data/user/0/com.couchbase.TestServerApp/files/cbl-test1562798208.03.cblite2/db.sqlite3 @0x71613c220d00
07-10 15:37:56.129 27324 27436 I CouchbaseLite/DATABASE: {DB#48} Opening database
07-10 15:37:56.130 27324 27436 I CouchbaseLite/NETWORK: {N8litecore4blip10ConnectionE#49}==> N8litecore4blip10ConnectionE ->wss://10.100.172.178:4984/db/_blipsync @0x7161292fe210
07-10 15:37:56.130 27324 27436 I CouchbaseLite/NETWORK: {N8litecore4blip10ConnectionE#49} Opening connection...
07-10 15:37:56.130 27324 27436 I CouchbaseLite/REPLICATOR: {Repl#50}==> N8litecore4repl10ReplicatorE /data/user/0/com.couchbase.TestServerApp/files/cbl-test1562798208.03.cblite2/ ->wss://10.100.172.178:4984/db/_blipsync @0x71612934fec8
07-10 15:37:56.130 27324 27436 I CouchbaseLite/REPLICATOR: {Repl#50} Pull=continuous, Options={{cookies:"SyncGatewaySession=74b5fdba5c40421b121608011c57f8885999a502", headers:{User-Agent:"CouchbaseLite/2.5.2.1-2 (Java; Android 8.0.0; Android SDK built for x86_64) Build/0 Commit/ac76dee LiteCore/2.5.2.1 (2)"}, pinnedCert:"MIIDVzCCAj+gAwIBAgIJAOr81ZjnhCFSMA0GCSqGSIb3DQEBCwUAMEIxCzAJBgNVBAYTAlhYMRUwEwYDVQQHDAxEZWZhdWx0IENpdHkxHDAaBgNVBAoME0RlZmF1bHQgQ29tcGFueSBMdGQwHhcNMTgwMzAxMDAzMzMyWhcNMjEwMjI4MDAzMzMyWjBCMQswCQYDVQQGEwJYWDEVMBMGA1UEBwwMRGVmYXVsdCBDaXR5MRwwGgYDVQQKDBNEZWZhdWx0IENvbXBhbnkgTHRkMIIBIjANBgkqhkiG9w0BAQEFAAOCAQ8AMIIBCgKCAQEAtf/YiOfusEdV8/zbJNY2F+rtMBGyFQi2BUJe/3rff6upZi/0FYgqB8qX+c8yRKqdSaLmhqw1nKljANSGC5Skq35D44/MLP/Ke8SQlDWLtHahCZ8/XzmtWcwmIoG7e64K5INgSRDEdJvvNBPJlI8/bRwYfsFjH/hajm514dctdTJr0yICeeL8RnHkSmjW0ql12EmHb+tfeOukI/JAWVH+k2+xju16YpH8eXdWdK7ppDpmqoAHG+aZPL7zE+QpfbhjRxmVulO7RSlfF8Fr6Njl6kI2Q3Mx72cc034vB5YiLF6wsBIBGgJ4TmkJDJrwF0yz3lWa9JB3sT+xQgjvkLB71wIDAQABo1AwTjAdBgNVHQ4EFgQUOPULsAyQd68U2MUD6EaiWq12P0UwHwYDVR0jBBgwFoAUOPULsAyQd68U2MUD6EaiWq12P0UwDAYDVR0TBAUwAwEB/zANBgkqhkiG9w0BAQsFAAOCAQEAEXzSnPu78AcubiPODrQ0MdM0rtuyskPhcsZ4C68YV7buDMJSPdfRwUQZl+1HCqXXaTbGJkd6Z/Z4+4GQxiAykHOjV66iamVYrzFvSDZVWOBP1z+YLZACU7Um67ic8gQy6qAjzIvQSRgjTK29F4DQYWvCpbUPhliUwwZfsBYJYjf0amsvyFnixM74DUfKPHB2rJD7PGCAEICNDQg5yzXN+qY2JrCeYM4PAZHrs6qDktT9alcO1hzW6Xh/pHdRuxnKTHJT4cVjpzSMZdeVGEgi0s8aCD2RlEuZVKiAN3fgUn0b5evlX4AQl6gu69tbwGkwXXkV6SD5d4vhhmUsWmzFxw==", progress:0}}
07-10 15:37:56.131 27324 27436 I CouchbaseLite/REPLICATOR: Replicator[<* Database@e58d56b{name='cbl-test1562798208.03'} URLEndpoint{url=wss://10.100.172.178:4984/db}] is connecting, progress 0/0, error: null
07-10 15:37:56.131 27324 27368 W C4Socket: C4Socket.open() socket -> 124662436382256
07-10 15:37:56.131 27324 27368 W C4Socket: C4Socket.open() clazz -> com.couchbase.lite.internal.replicator.CBLWebSocket
07-10 15:37:56.131 27324 27436 I CouchbaseLite/REPLICATOR: C4ReplicatorListener.statusChanged() status -> C4ReplicatorStatus{activityLevel=2, progressUnitsCompleted=0, progressUnitsTotal=0, progressDocumentCount=0, errorDomain=0, errorCode=0, errorInternalInfo=0}
07-10 15:37:56.131 27324 27368 E CouchbaseLite/NETWORK: CBLWebSocket.socket_open()
07-10 15:37:56.135 27324 27446 I CouchbaseLite/REPLICATOR: Replicator[<* Database@e58d56b{name='cbl-test1562798208.03'} URLEndpoint{url=wss://10.100.172.178:4984/db}]: status changed: C4ReplicatorStatus{activityLevel=2, progressUnitsCompleted=0, progressUnitsTotal=0, progressDocumentCount=0, errorDomain=0, errorCode=0, errorInternalInfo=0}
07-10 15:37:56.135 27324 27446 I CouchbaseLite/REPLICATOR: Replicator[<* Database@e58d56b{name='cbl-test1562798208.03'} URLEndpoint{url=wss://10.100.172.178:4984/db}] is connecting, progress 0/0, error: null
07-10 15:37:56.137 27324 27368 V CouchbaseLite/NETWORK: CBLWebSocket connecting to wss://10.100.172.178:4984/db/_blipsync...
07-10 15:37:56.141 27324 27368 I CouchbaseLite/REPLICATOR: {Repl#50} activityLevel=connecting: connectionState=1
07-10 15:37:56.142 27324 27368 V CouchbaseLite/REPLICATOR: {DBWorker#51}==> N8litecore4repl8DBWorkerE ->wss://10.100.172.178:4984/db/_blipsync @0x71613c27c048
07-10 15:37:56.144 27324 27368 V CouchbaseLite/REPLICATOR: {DBWorker#51} Checkpoint doc ID = cp-YudEc+58stQ9/6fxHBUFna0YacU=
07-10 15:37:56.146 27324 27368 V CouchbaseLite/REPLICATOR: {DBWorker#51} Remote-DB ID 1 found for target
07-10 15:37:56.147 27324 27368 I CouchbaseLite/REPLICATOR: {DBWorker#51} activityLevel=idle: pendingResponseCount=0, eventCount=1, activeDocs=0
07-10 15:37:56.148 27324 27368 V CouchbaseLite/REPLICATOR: {DBWorker#51} now idle
07-10 15:37:56.148 27324 27368 I CouchbaseLite/REPLICATOR: {Repl#50} Local checkpoint 'cp-YudEc+58stQ9/6fxHBUFna0YacU=' is [1, '']; getting remote ...
07-10 15:37:56.148 27324 27368 I CouchbaseLite/REPLICATOR: {Repl#50} activityLevel=connecting: connectionState=1
07-10 15:37:56.148 27324 27368 I CouchbaseLite/REPLICATOR: {Repl#50} pushStatus=stopped, pullStatus=busy, dbStatus=idle, progress=0/0
07-10 15:37:56.149 27324 27368 I CouchbaseLite/REPLICATOR: {Repl#50} activityLevel=connecting: connectionState=1
07-10 15:37:56.158 27324 27447 V CouchbaseLite/NETWORK: WebSocketListener.onOpen() response -> Response{protocol=http/1.1, code=101, message=Switching Protocols, url=https://10.100.172.178:4984/db/_blipsync}
07-10 15:37:56.158 27324 27447 V CouchbaseLite/NETWORK: receivedHTTPResponse() httpStatus -> 101
07-10 15:37:56.158 27324 27447 I CouchbaseLite/NETWORK: CBLWebSocket CONNECTED!
07-10 15:37:56.159 27324 27367 I CouchbaseLite/REPLICATOR: {Repl#50} activityLevel=connecting: connectionState=1
07-10 15:37:56.159 27324 27447 I CouchbaseLite/NETWORK: {N8litecore4blip10ConnectionE#49} Connected!
07-10 15:37:56.159 27324 27369 I CouchbaseLite/REPLICATOR: {Repl#50} Connected!
07-10 15:37:56.159 27324 27369 V CouchbaseLite/REPLICATOR: {Repl#50} Requesting remote checkpoint
07-10 15:37:56.160 27324 27369 I CouchbaseLite/REPLICATOR: {Repl#50} activityLevel=busy: connectionState=2
07-10 15:37:56.160 27324 27369 I CouchbaseLite/REPLICATOR: {Repl#50} now busy
07-10 15:37:56.160 27324 27369 I CouchbaseLite/REPLICATOR: C4ReplicatorListener.statusChanged() status -> C4ReplicatorStatus{activityLevel=4, progressUnitsCompleted=0, progressUnitsTotal=0, progressDocumentCount=0, errorDomain=0, errorCode=0, errorInternalInfo=0}
07-10 15:37:56.160 27324 27369 V CouchbaseLite/NETWORK: {N8litecore4blip6BLIPIOE#52}==> N8litecore4blip6BLIPIOE ->wss://10.100.172.178:4984/db/_blipsync @0x71613c27bcc8
07-10 15:37:56.160 27324 27369 V CouchbaseLite/NETWORK: {N8litecore4blip6BLIPIOE#52} WebSocket is hungry!
07-10 15:37:56.161 27324 27369 V CouchbaseLite/NETWORK: {N8litecore4blip6BLIPIOE#52} ...Wrote 0 bytes to WebSocket (writeable=1)
07-10 15:37:56.161 27324 27446 I CouchbaseLite/REPLICATOR: Replicator[<* Database@e58d56b{name='cbl-test1562798208.03'} URLEndpoint{url=wss://10.100.172.178:4984/db}]: status changed: C4ReplicatorStatus{activityLevel=4, progressUnitsCompleted=0, progressUnitsTotal=0, progressDocumentCount=0, errorDomain=0, errorCode=0, errorInternalInfo=0}
07-10 15:37:56.162 27324 27369 V CouchbaseLite/NETWORK: {N8litecore4blip6BLIPIOE#52} Sending 'getCheckpoint' REQ #1
07-10 15:37:56.163 27324 27369 V CouchbaseLite/NETWORK: {N8litecore4blip6BLIPIOE#52} Sending frame: REQ #1 ----, bytes 0--65
07-10 15:37:56.163 27324 27446 I CouchbaseLite/REPLICATOR: Replicator[<* Database@e58d56b{name='cbl-test1562798208.03'} URLEndpoint{url=wss://10.100.172.178:4984/db}] is busy, progress 0/0, error: null
07-10 15:37:56.163 27324 27369 W C4Socket: C4Socket.write() handle -> 124662436382256
07-10 15:37:56.164 27324 27368 I CouchbaseLite/REPLICATOR: {Repl#50} activityLevel=busy: connectionState=2
07-10 15:37:56.167 27324 27369 W C4Socket: completedWrite(long) handle -> 124662436382256, byteCount -> 68
07-10 15:37:56.169 27324 27369 V CouchbaseLite/NETWORK: {N8litecore4blip6BLIPIOE#52} Finished sending REQ #1
07-10 15:37:56.170 27324 27369 V CouchbaseLite/NETWORK: {N8litecore4blip6BLIPIOE#52} ...Wrote 68 bytes to WebSocket (writeable=1)
07-10 15:37:56.172 27324 27447 V CouchbaseLite/NETWORK: WebSocketListener.onMessage() bytes -> 01095273cecf2b49cd2bd10da92c4865482c28c8c94c4e2cc9cccfd3cf2acecf63284a2d6330d03564a856cac94f4ecc51b232ac0500c9b7bc5b
07-10 15:37:56.172 27324 27367 V CouchbaseLite/NETWORK: {N8litecore4blip6BLIPIOE#52} Received frame: RES #1 ---C, length 56
07-10 15:37:56.172 27324 27367 V CouchbaseLite/NETWORK: {N8litecore4blip10ConnectionE#49} Receiving RES #1 Z
07-10 15:37:56.173 27324 27367 V CouchbaseLite/NETWORK: {N8litecore4blip10ConnectionE#49} Finished receiving RES #1 Z
07-10 15:37:56.173 27324 27367 W C4Socket: C4Socket.completedReceive() handle -> 124662436382256
07-10 15:37:56.174 27324 27367 I CouchbaseLite/REPLICATOR: {Repl#50} Received remote checkpoint: [1, ''] rev='0-1'
07-10 15:37:56.174 27324 27367 I CouchbaseLite/REPLICATOR: {Repl#50} activityLevel=busy: connectionState=2
07-10 15:37:56.175 27324 27368 I CouchbaseLite/REPLICATOR: {Pull#53}==> N8litecore4repl6PullerE ->wss://10.100.172.178:4984/db/_blipsync @0x71613c3344c8
07-10 15:37:56.176 27324 27368 I CouchbaseLite/REPLICATOR: {Pull#53} Starting pull from remote seq
07-10 15:37:56.176 27324 27368 I CouchbaseLite/REPLICATOR: {Pull#53} activityLevel=busy: pendingResponseCount=1, _caughtUp=0, _waitingForChangesCallback=0, _pendingRevMessages=0, _activeIncomingRevs=0
07-10 15:37:56.177 27324 27368 V CouchbaseLite/REPLICATOR: {Pull#53} now busy
07-10 15:37:56.177 27324 27436 I SERVER : Request URI: /replicator_getActivityLevel
07-10 15:37:56.177 27324 27368 I CouchbaseLite/REPLICATOR: {Repl#50} pushStatus=stopped, pullStatus=busy, dbStatus=idle, progress=0/0
07-10 15:37:56.183 27324 27368 I CouchbaseLite/REPLICATOR: {Repl#50} activityLevel=busy: connectionState=2
07-10 15:37:56.185 27324 27369 V CouchbaseLite/NETWORK: {N8litecore4blip6BLIPIOE#52} Sending 'subChanges' REQ #2
07-10 15:37:56.186 27324 27369 V CouchbaseLite/NETWORK: {N8litecore4blip6BLIPIOE#52} Sending frame: REQ #2 ----, bytes 0--49
07-10 15:37:56.188 27324 27369 W C4Socket: C4Socket.write() handle -> 124662436382256
07-10 15:37:56.188 27324 27370 I CouchbaseLite/REPLICATOR: {Pull#53} activityLevel=busy: pendingResponseCount=1, _caughtUp=0, _waitingForChangesCallback=0, _pendingRevMessages=0, _activeIncomingRevs=0
07-10 15:37:56.189 27324 27369 W C4Socket: completedWrite(long) handle -> 124662436382256, byteCount -> 52
07-10 15:37:56.192 27324 27369 V CouchbaseLite/NETWORK: {N8litecore4blip6BLIPIOE#52} Finished sending REQ #2
07-10 15:37:56.192 27324 27369 V CouchbaseLite/NETWORK: {N8litecore4blip6BLIPIOE#52} ...Wrote 52 bytes to WebSocket (writeable=1)
07-10 15:37:56.192 27324 27447 V CouchbaseLite/NETWORK: WebSocketListener.onMessage() bytes -> 0201002e72d04d
07-10 15:37:56.193 27324 27367 V CouchbaseLite/NETWORK: {N8litecore4blip6BLIPIOE#52} Received frame: RES #2 ----, length 5
07-10 15:37:56.193 27324 27367 V CouchbaseLite/NETWORK: {N8litecore4blip10ConnectionE#49} Receiving RES #2
07-10 15:37:56.194 27324 27367 V CouchbaseLite/NETWORK: {N8litecore4blip10ConnectionE#49} Finished receiving RES #2
07-10 15:37:56.194 27324 27447 V CouchbaseLite/NETWORK: WebSocketListener.onMessage() bytes -> 0108d20b28ca4fcbcc496548ce48cc4b4f2d66c06f4274b4b18e5272524e7c71655e72bc81928e9291ae91414a4a9a816592a5a58591419279b2899199718aa57192a1a1b971aa91a585526c2c007959e370
07-10 15:37:56.194 27324 27367 W C4Socket: C4Socket.completedReceive() handle -> 124662436382256
07-10 15:37:56.196 27324 27367 I CouchbaseLite/REPLICATOR: {Pull#53} activityLevel=busy: pendingResponseCount=0, _caughtUp=0, _waitingForChangesCallback=0, _pendingRevMessages=0, _activeIncomingRevs=0
07-10 15:37:56.196 27324 27368 V CouchbaseLite/NETWORK: {N8litecore4blip6BLIPIOE#52} Received frame: REQ #1 ---C, length 80
07-10 15:37:56.196 27324 27368 V CouchbaseLite/NETWORK: {N8litecore4blip10ConnectionE#49} Receiving 'changes' REQ #1 Z
07-10 15:37:56.197 27324 27368 V CouchbaseLite/NETWORK: {N8litecore4blip10ConnectionE#49} Finished receiving 'changes' REQ #1 Z
07-10 15:37:56.197 27324 27370 V CouchbaseLite/REPLICATOR: {Pull#53} Received 'changes' REQ#1 (0 queued; 0 revs pending, 0 active)
07-10 15:37:56.198 27324 27368 W C4Socket: C4Socket.completedReceive() handle -> 124662436382256
07-10 15:37:56.198 27324 27370 V CouchbaseLite/REPLICATOR: {Pull#53} Handling 'changes' REQ#1
07-10 15:37:56.199 27324 27370 I CouchbaseLite/REPLICATOR: {Pull#53} activityLevel=busy: pendingResponseCount=0, _caughtUp=0, _waitingForChangesCallback=1, _pendingRevMessages=0, _activeIncomingRevs=0
07-10 15:37:56.200 27324 27369 I CouchbaseLite/REPLICATOR: {DBWorker#51} Received 1 changes (seq '3'..'3')
07-10 15:37:56.201 27324 27369 I CouchbaseLite/REPLICATOR: {DBWorker#51} Responded to 'changes' REQ#1 w/request for 1 revs
07-10 15:37:56.202 27324 27369 I CouchbaseLite/REPLICATOR: {DBWorker#51} activityLevel=idle: pendingResponseCount=0, eventCount=1, activeDocs=0
07-10 15:37:56.204 27324 27369 V CouchbaseLite/NETWORK: {N8litecore4blip6BLIPIOE#52} Sending RES #1 Z
07-10 15:37:56.206 27324 27367 V CouchbaseLite/REPLICATOR: {Pull#53} Now waiting for 1 'rev' messages; 1 known sequences pending
07-10 15:37:56.207 27324 27367 V CouchbaseLite/REPLICATOR: {Pull#53} progress +0/+1, 0 docs -- now 0 / 1, 0 docs
07-10 15:37:56.208 27324 27367 I CouchbaseLite/REPLICATOR: {Pull#53} activityLevel=busy: pendingResponseCount=0, _caughtUp=0, _waitingForChangesCallback=0, _pendingRevMessages=1, _activeIncomingRevs=0
07-10 15:37:56.208 27324 27367 I CouchbaseLite/REPLICATOR: {Repl#50} pushStatus=stopped, pullStatus=busy, dbStatus=idle, progress=0/1
07-10 15:37:56.209 27324 27367 V CouchbaseLite/REPLICATOR: {Repl#50} progress +0/+1, 0 docs -- now 0 / 1, 0 docs
07-10 15:37:56.211 27324 27367 I CouchbaseLite/REPLICATOR: {Repl#50} activityLevel=busy: connectionState=2
07-10 15:37:56.215 27324 27369 V CouchbaseLite/NETWORK: {N8litecore4blip6BLIPIOE#52} Sending frame: RES #1 ---C, bytes 0--86
07-10 15:37:56.216 27324 27369 W C4Socket: C4Socket.write() handle -> 124662436382256
07-10 15:37:56.216 27324 27369 W C4Socket: completedWrite(long) handle -> 124662436382256, byteCount -> 89
07-10 15:37:56.218 27324 27369 V CouchbaseLite/NETWORK: {N8litecore4blip6BLIPIOE#52} Finished sending RES #1 Z
07-10 15:37:56.219 27324 27369 V CouchbaseLite/NETWORK: {N8litecore4blip6BLIPIOE#52} ...Wrote 89 bytes to WebSocket (writeable=1)
07-10 15:37:56.219 27324 27447 V CouchbaseLite/NETWORK: WebSocketListener.onMessage() bytes -> 022822d196bcd29c1c0000c70c0328
07-10 15:37:56.220 27324 27447 V CouchbaseLite/NETWORK: WebSocketListener.onMessage() bytes -> 03089492cb4af3501485f3bfca1e273f3997dc0e386d472988504191b293bd73d134a9393b42097d48df482a8833c5e9828f6f2d58efffbe986beb9e826feb67f2bb37f0fcbaf058736082aef732cde740455424499da5b98995b24d9a62c38a088ba6a2d4d485e62cb631e555403c08decdf55f989f67ad704011acbb238fe2c13daed04e03f1786851f830e0dcf2ffe7530b6e05ea5bf6020e7c872ad21bd9eecafbf366294b7e28f3fdada77ebbcf76c3cb0d8430f0d84a074e9b24cf8a2c8499df4e9307a743f0b254e0645ef872790a61c691a623382052499c23450d5a8c6ca59b086d9c47da1a65546ab42e2c84b09c0885fdf52a1f007ab2927d
07-10 15:37:56.220 27324 27370 V CouchbaseLite/NETWORK: {N8litecore4blip6BLIPIOE#52} Received frame: REQ #2 --NC, length 13
07-10 15:37:56.221 27324 27370 V CouchbaseLite/NETWORK: {N8litecore4blip10ConnectionE#49} Receiving 'changes' REQ #2 NZ
07-10 15:37:56.221 27324 27370 V CouchbaseLite/NETWORK: {N8litecore4blip10ConnectionE#49} Finished receiving 'changes' REQ #2 NZ
07-10 15:37:56.221 27324 27370 W C4Socket: C4Socket.completedReceive() handle -> 124662436382256
07-10 15:37:56.222 27324 27368 V CouchbaseLite/REPLICATOR: {Pull#53} Received 'changes' REQ#2 (0 queued; 1 revs pending, 0 active)
07-10 15:37:56.222 27324 27368 V CouchbaseLite/REPLICATOR: {Pull#53} Handling 'changes' REQ#2
07-10 15:37:56.222 27324 27368 I CouchbaseLite/REPLICATOR: {Pull#53} Caught up with remote changes
07-10 15:37:56.222 27324 27368 I CouchbaseLite/REPLICATOR: {Pull#53} activityLevel=busy: pendingResponseCount=0, _caughtUp=1, _waitingForChangesCallback=0, _pendingRevMessages=1, _activeIncomingRevs=0
07-10 15:37:56.223 27324 27370 V CouchbaseLite/NETWORK: {N8litecore4blip6BLIPIOE#52} Received frame: REQ #3 ---C, length 252
07-10 15:37:56.223 27324 27370 V CouchbaseLite/NETWORK: {N8litecore4blip10ConnectionE#49} Receiving 'rev' REQ #3 Z
07-10 15:37:56.223 27324 27370 V CouchbaseLite/NETWORK: {N8litecore4blip10ConnectionE#49} Finished receiving 'rev' REQ #3 Z
07-10 15:37:56.224 27324 27370 W C4Socket: C4Socket.completedReceive() handle -> 124662436382256
07-10 15:37:56.224 27324 27367 I CouchbaseLite/REPLICATOR: {Pull#53} activityLevel=busy: pendingResponseCount=0, _caughtUp=1, _waitingForChangesCallback=0, _pendingRevMessages=0, _activeIncomingRevs=1
07-10 15:37:56.224 27324 27370 V CouchbaseLite/REPLICATOR: {IncomingRev#54}==> N8litecore4repl11IncomingRevE ->wss://10.100.172.178:4984/db/_blipsync @0x71613c26db48
07-10 15:37:56.225 27324 27370 V CouchbaseLite/REPLICATOR: {IncomingRev#54} Received revision 'cbl_sync_0' #2-20ddf09b99820b7c4263d93b1173e298 (seq '3')
07-10 15:37:56.225 27324 27370 I CouchbaseLite/REPLICATOR: {Pull#53} activityLevel=busy: pendingResponseCount=0, _caughtUp=1, _waitingForChangesCallback=0, _pendingRevMessages=0, _activeIncomingRevs=1
07-10 15:37:56.252 27324 27367 V CouchbaseLite/REPLICATOR: {DBWorker#51} Inserting 1 revs:
07-10 15:37:56.252 27324 27367 V CouchbaseLite/DATABASE: {DB#48} begin transaction
07-10 15:37:56.253 27324 27367 V CouchbaseLite/DATABASE: {DB#48} Saved 'cbl_sync_0' rev #2-20ddf09b99820b7c4263d93b1173e298 as seq 2
