2019-07-22 18:00:11.644898-0700 xctest[59729:374004] CouchbaseLite Replicator Info: {Puller#15} activityLevel=busy: pendingResponseCount=0, _caughtUp=1, _pendingRevMessages=294, _activeIncomingRevs=1
2019-07-22 18:00:11.644985-0700 xctest[59729:373964] CouchbaseLite Replicator Debug: {pusher#16} Transmitted 'rev' doc1101 #1-c8c16ee37b9d0041b91beafe4587497a8ee75665 (seq #101)
2019-07-22 18:00:11.645081-0700 xctest[59729:373987] CouchbaseLite Network Verbose: {BLIPIO#13} Received frame: RES #100 ----, length 5
2019-07-22 18:00:11.645163-0700 xctest[59729:373989] CouchbaseLite Network Verbose: {BLIPIO#14} Received frame: REQ #111 ---C, length 17
2019-07-22 18:00:11.645242-0700 xctest[59729:374007] CouchbaseLite Network Debug: {LoopbackWS#11} RECEIVED: 7008c2ee 4f0a0e69 34189ced 210000e1 71331d
2019-07-22 18:00:11.645320-0700 xctest[59729:374004] CouchbaseLite Replicator Verbose: {Puller#15} Checkpoint now at 105
2019-07-22 18:00:11.645396-0700 xctest[59729:373964] CouchbaseLite Replicator Verbose: {pusher#16} Sending rev doc1111 1-c8c16ee37b9d0041b91beafe4587497a8ee75665 (seq #111) [10/10]
2019-07-22 18:00:11.645747-0700 xctest[59729:373987] CouchbaseLite Network Verbose: {Connection#9} Receiving RES #100
2019-07-22 18:00:11.645831-0700 xctest[59729:373989] CouchbaseLite Network Verbose: {Connection#7} Receiving 'rev' REQ #111 Z
2019-07-22 18:00:11.645926-0700 xctest[59729:374004] CouchbaseLite Replicator Verbose: {Puller#15} progress +142/+0, 1 docs -- now 15102 / 56992, 105 docs
2019-07-22 18:00:11.646011-0700 xctest[59729:374004] CouchbaseLite Replicator Info: {Puller#15} activityLevel=busy: pendingResponseCount=0, _caughtUp=1, _pendingRevMessages=294, _activeIncomingRevs=1
2019-07-22 18:00:11.646087-0700 xctest[59729:373987] CouchbaseLite Network Verbose: {Connection#9} Finished receiving RES #100
2019-07-22 18:00:11.646183-0700 xctest[59729:373989] CouchbaseLite Network Verbose: {Connection#7} Finished receiving 'rev' REQ #111 Z
2019-07-22 18:00:11.646268-0700 xctest[59729:373964] CouchbaseLite Replicator Verbose: {pusher#16} Reading document 'doc1111' #1-c8c16ee37b9d0041b91beafe4587497a8ee75665
2019-07-22 18:00:11.646362-0700 xctest[59729:374004] CouchbaseLite Replicator Info: {Puller#15} activityLevel=busy: pendingResponseCount=0, _caughtUp=1, _pendingRevMessages=294, _activeIncomingRevs=1
2019-07-22 18:00:11.646490-0700 xctest[59729:374007] CouchbaseLite Replicator Info: {Repl#8} pushStatus=stopped, pullStatus=busy, progress=15102/56992
2019-07-22 18:00:11.646576-0700 xctest[59729:374007] CouchbaseLite Replicator Verbose: {Repl#8} progress +142/+0, 1 docs -- now 15102 / 56992, 105 docs
2019-07-22 18:00:11.646657-0700 xctest[59729:374007] CouchbaseLite Replicator Info: {Repl#8} activityLevel=busy: connectionState=2
2019-07-22 18:00:11.646725-0700 xctest[59729:374007] CouchbaseLite Replicator Info: {Repl#8} pushStatus=stopped, pullStatus=busy, progress=15102/56992
2019-07-22 18:00:11.646803-0700 xctest[59729:373965] CouchbaseLite Replicator Verbose: {IncomingRev#50} Received revision 'doc1107' #1-c8c16ee37b9d0041b91beafe4587497a8ee75665 (seq '107')
2019-07-22 18:00:11.646896-0700 xctest[59729:373964] CouchbaseLite Replicator Verbose: {pusher#16} Transmitting 'rev' message with 'doc1111' #1-c8c16ee37b9d0041b91beafe4587497a8ee75665
2019-07-22 18:00:11.647007-0700 xctest[59729:373987] CouchbaseLite Network Verbose: {BLIPIO#13} Received frame: RES #101 ----, length 5
2019-07-22 18:00:11.647099-0700 xctest[59729:373989] CouchbaseLite Network Verbose: {BLIPIO#14} Sending RES #103
2019-07-22 18:00:11.647212-0700 xctest[59729:374004] CouchbaseLite Replicator Info: {Puller#15} activityLevel=busy: pendingResponseCount=0, _caughtUp=1, _pendingRevMessages=293, _activeIncomingRevs=2
2019-07-22 18:00:11.647329-0700 xctest[59729:373964] CouchbaseLite Replicator Info: {pusher#16} activityLevel=busy: pendingResponseCount=22, caughtUp=1, changeLists=0, revsInFlight=10, blobsInFlight=0, awaitingReply=2764, revsToSend=289, pushingDocs=311, pendingSequences=0
2019-07-22 18:00:11.647441-0700 xctest[59729:373987] CouchbaseLite Network Verbose: {Connection#9} Receiving RES #101
2019-07-22 18:00:11.647541-0700 xctest[59729:373989] CouchbaseLite Network Verbose: {BLIPIO#14} Sending frame: RES #103 ----, bytes 0--4
2019-07-22 18:00:11.647640-0700 xctest[59729:374004] CouchbaseLite Replicator Info: {Puller#15} activityLevel=busy: pendingResponseCount=0, _caughtUp=1, _pendingRevMessages=292, _activeIncomingRevs=3
2019-07-22 18:00:11.647768-0700 xctest[59729:373964] CouchbaseLite Replicator Debug: {pusher#16} Transmitted 'rev' doc1102 #1-c8c16ee37b9d0041b91beafe4587497a8ee75665 (seq #102)
2019-07-22 18:00:11.647868-0700 xctest[59729:373965] CouchbaseLite Replicator Verbose: {IncomingRev#31} Received revision 'doc1108' #1-c8c16ee37b9d0041b91beafe4587497a8ee75665 (seq '108')
2019-07-22 18:00:11.647955-0700 xctest[59729:373987] CouchbaseLite Network Verbose: {Connection#9} Finished receiving RES #101
2019-07-22 18:00:11.648047-0700 xctest[59729:373989] CouchbaseLite Network Verbose: {BLIPIO#14} Finished sending RES #103
2019-07-22 18:00:11.648142-0700 xctest[59729:373989] CouchbaseLite Network Verbose: {BLIPIO#14} ...Wrote 7 bytes to WebSocket (writeable=1)
2019-07-22 18:00:11.648239-0700 xctest[59729:374004] CouchbaseLite Replicator Info: {Puller#15} activityLevel=busy: pendingResponseCount=0, _caughtUp=1, _pendingRevMessages=292, _activeIncomingRevs=3
2019-07-22 18:00:11.648337-0700 xctest[59729:373964] CouchbaseLite Replicator Verbose: {pusher#16} Sending rev doc1112 1-c8c16ee37b9d0041b91beafe4587497a8ee75665 (seq #112) [10/10]
2019-07-22 18:00:11.648430-0700 xctest[59729:373987] CouchbaseLite Network Verbose: {BLIPIO#13} Received frame: RES #102 ----, length 5
2019-07-22 18:00:11.648519-0700 xctest[59729:374007] CouchbaseLite Network Debug: {LoopbackWS#11} SEND: 670100d2 664662
2019-07-22 18:00:11.648622-0700 xctest[59729:373989] CouchbaseLite Network Verbose: {BLIPIO#14} Sending RES #104
2019-07-22 18:00:11.648712-0700 xctest[59729:373964] CouchbaseLite Replicator Verbose: {pusher#16} Reading document 'doc1112' #1-c8c16ee37b9d0041b91beafe4587497a8ee75665
2019-07-22 18:00:11.648812-0700 xctest[59729:374004] CouchbaseLite Replicator Info: {Puller#15} activityLevel=busy: pendingResponseCount=0, _caughtUp=1, _pendingRevMessages=292, _activeIncomingRevs=3
2019-07-22 18:00:11.648899-0700 xctest[59729:373987] CouchbaseLite Network Verbose: {Connection#9} Receiving RES #102
2019-07-22 18:00:11.648994-0700 xctest[59729:373965] CouchbaseLite Network Debug: {LoopbackWS#12} RECEIVED: 670100d2 664662
2019-07-22 18:00:11.649137-0700 xctest[59729:373989] CouchbaseLite Network Verbose: {BLIPIO#14} Sending frame: RES #104 ----, bytes 0--4
2019-07-22 18:00:11.649221-0700 xctest[59729:373987] CouchbaseLite Network Verbose: {Connection#9} Finished receiving RES #102
2019-07-22 18:00:11.649320-0700 xctest[59729:373964] CouchbaseLite Replicator Verbose: {pusher#16} Transmitting 'rev' message with 'doc1112' #1-c8c16ee37b9d0041b91beafe4587497a8ee75665
2019-07-22 18:00:11.649426-0700 xctest[59729:373989] CouchbaseLite Network Verbose: {BLIPIO#14} Finished sending RES #104
2019-07-22 18:00:11.649526-0700 xctest[59729:373965] CouchbaseLite Network Debug: {LoopbackWS#11} SEND: 68010071 6c89bf
2019-07-22 18:00:11.649644-0700 xctest[59729:373987] CouchbaseLite Network Verbose: {BLIPIO#13} Sending 'rev' REQ #113 Z
2019-07-22 18:00:11.649741-0700 xctest[59729:373964] CouchbaseLite Replicator Info: {pusher#16} activityLevel=busy: pendingResponseCount=23, caughtUp=1, changeLists=0, revsInFlight=10, blobsInFlight=0, awaitingReply=2996, revsToSend=288, pushingDocs=311, pendingSequences=0
2019-07-22 18:00:11.649866-0700 xctest[59729:373989] CouchbaseLite Network Verbose: {BLIPIO#14} ...Wrote 7 bytes to WebSocket (writeable=1)
2019-07-22 18:00:11.649975-0700 xctest[59729:373965] CouchbaseLite Network Debug: {LoopbackWS#12} RECEIVED: 68010071 6c89bf
2019-07-22 18:00:11.650077-0700 xctest[59729:373987] CouchbaseLite Network Verbose: {BLIPIO#13} Sending frame: REQ #113 ---C, bytes 0--15
2019-07-22 18:00:11.650180-0700 xctest[59729:373964] CouchbaseLite Replicator Debug: {pusher#16} Transmitted 'rev' doc1103 #1-c8c16ee37b9d0041b91beafe4587497a8ee75665 (seq #103)
2019-07-22 18:00:11.650313-0700 xctest[59729:373989] CouchbaseLite Network Verbose: {BLIPIO#14} Sending RES #105
2019-07-22 18:00:11.650425-0700 xctest[59729:373987] CouchbaseLite Network Verbose: {BLIPIO#13} Finished sending REQ #113 Z
2019-07-22 18:00:11.650509-0700 xctest[59729:373965] CouchbaseLite Network Debug: {LoopbackWS#12} SEND: 7108c2ea 4f4a0eaf 1ea4a757 0300fd24 aabc
2019-07-22 18:00:11.650634-0700 xctest[59729:373964] CouchbaseLite Replicator Verbose: {pusher#16} Sending rev doc1113 1-c8c16ee37b9d0041b91beafe4587497a8ee75665 (seq #113) [10/10]
2019-07-22 18:00:11.650739-0700 xctest[59729:373989] CouchbaseLite Network Verbose: {BLIPIO#14} Sending frame: RES #105 ----, bytes 0--4
2019-07-22 18:00:11.650842-0700 xctest[59729:373987] CouchbaseLite Network Verbose: {BLIPIO#13} ...Wrote 18 bytes to WebSocket (writeable=1)
2019-07-22 18:00:11.650983-0700 xctest[59729:374004] CouchbaseLite Network Debug: {LoopbackWS#11} RECEIVED: 7108c2ea 4f4a0eaf 1ea4a757 0300fd24 aabc
2019-07-22 18:00:11.651092-0700 xctest[59729:373964] CouchbaseLite Replicator Verbose: {pusher#16} Reading document 'doc1113' #1-c8c16ee37b9d0041b91beafe4587497a8ee75665
2019-07-22 18:00:11.651206-0700 xctest[59729:373989] CouchbaseLite Network Verbose: {BLIPIO#14} Finished sending RES #105
2019-07-22 18:00:11.651326-0700 xctest[59729:373987] CouchbaseLite Network Verbose: {BLIPIO#13} Sending 'rev' REQ #114 Z
2019-07-22 18:00:11.651425-0700 xctest[59729:374004] CouchbaseLite Network Debug: {LoopbackWS#11} SEND: 69010089 ad2d19
2019-07-22 18:00:11.651535-0700 xctest[59729:373989] CouchbaseLite Network Verbose: {BLIPIO#14} ...Wrote 7 bytes to WebSocket (writeable=1)
2019-07-22 18:00:11.651681-0700 xctest[59729:373987] CouchbaseLite Network Verbose: {BLIPIO#13} Sending frame: REQ #114 ---C, bytes 0--15
2019-07-22 18:00:11.651823-0700 xctest[59729:373964] CouchbaseLite Replicator Verbose: {pusher#16} Transmitting 'rev' message with 'doc1113' #1-c8c16ee37b9d0041b91beafe4587497a8ee75665
2019-07-22 18:00:11.651933-0700 xctest[59729:373965] CouchbaseLite Network Debug: {LoopbackWS#12} RECEIVED: 69010089 ad2d19
2019-07-22 18:00:11.652061-0700 xctest[59729:373989] CouchbaseLite Network Verbose: {BLIPIO#14} Sending RES #106
2019-07-22 18:00:11.652214-0700 xctest[59729:373987] CouchbaseLite Network Verbose: {BLIPIO#13} Finished sending REQ #114 Z
2019-07-22 18:00:11.652346-0700 xctest[59729:373964] CouchbaseLite Replicator Info: {pusher#16} activityLevel=busy: pendingResponseCount=24, caughtUp=1, changeLists=0, revsInFlight=10, blobsInFlight=0, awaitingReply=3228, revsToSend=287, pushingDocs=311, pendingSequences=0
2019-07-22 18:00:11.652470-0700 xctest[59729:373965] CouchbaseLite Network Debug: {LoopbackWS#12} SEND: 7208c2ee 4f4a8eaf 1e9ced21 0000445e ec62
2019-07-22 18:00:11.652565-0700 xctest[59729:373989] CouchbaseLite Network Verbose: {BLIPIO#14} Sending frame: RES #106 ----, bytes 0--4
2019-07-22 18:00:11.652674-0700 xctest[59729:373987] CouchbaseLite Network Verbose: {BLIPIO#13} ...Wrote 18 bytes to WebSocket (writeable=1)
2019-07-22 18:00:11.652762-0700 xctest[59729:373964] CouchbaseLite Replicator Debug: {pusher#16} Transmitted 'rev' doc1104 #1-c8c16ee37b9d0041b91beafe4587497a8ee75665 (seq #104)
2019-07-22 18:00:11.652889-0700 xctest[59729:373964] CouchbaseLite Replicator Verbose: {pusher#16} Sending rev doc1114 1-c8c16ee37b9d0041b91beafe4587497a8ee75665 (seq #114) [10/10]
2019-07-22 18:00:11.653045-0700 xctest[59729:373989] CouchbaseLite Network Verbose: {BLIPIO#14} Finished sending RES #106
2019-07-22 18:00:11.653144-0700 xctest[59729:373989] CouchbaseLite Network Verbose: {BLIPIO#14} ...Wrote 7 bytes to WebSocket (writeable=1)
2019-07-22 18:00:11.653242-0700 xctest[59729:374004] CouchbaseLite Network Debug: {LoopbackWS#11} RECEIVED: 7208c2ee 4f4a8eaf 1e9ced21 0000445e ec62
2019-07-22 18:00:11.653365-0700 xctest[59729:373964] CouchbaseLite Replicator Verbose: {pusher#16} Reading document 'doc1114' #1-c8c16ee37b9d0041b91beafe4587497a8ee75665
2019-07-22 18:00:11.653501-0700 xctest[59729:373987] CouchbaseLite Network Verbose: {BLIPIO#13} Received frame: RES #103 ----, length 5
2019-07-22 18:00:11.653600-0700 xctest[59729:373989] CouchbaseLite Network Verbose: {BLIPIO#14} Sending RES #107
2019-07-22 18:00:11.653716-0700 xctest[59729:374004] CouchbaseLite Network Debug: {LoopbackWS#11} SEND: 6a0100b6 e0ea60
2019-07-22 18:00:11.653841-0700 xctest[59729:373987] CouchbaseLite Network Verbose: {Connection#9} Receiving RES #103
2019-07-22 18:00:11.653957-0700 xctest[59729:373989] CouchbaseLite Network Verbose: {BLIPIO#14} Sending frame: RES #107 ----, bytes 0--4
2019-07-22 18:00:11.654076-0700 xctest[59729:373964] CouchbaseLite Replicator Verbose: {pusher#16} Transmitting 'rev' message with 'doc1114' #1-c8c16ee37b9d0041b91beafe4587497a8ee75665
2019-07-22 18:00:11.654189-0700 xctest[59729:373965] CouchbaseLite Network Debug: {LoopbackWS#12} RECEIVED: 6a0100b6 e0ea60
2019-07-22 18:00:11.654297-0700 xctest[59729:373987] CouchbaseLite Network Verbose: {Connection#9} Finished receiving RES #103
2019-07-22 18:00:11.654398-0700 xctest[59729:373989] CouchbaseLite Network Verbose: {BLIPIO#14} Finished sending RES #107
2019-07-22 18:00:11.654496-0700 xctest[59729:374004] CouchbaseLite Network Debug: {LoopbackWS#11} SEND: 6b01009f 066e3f
2019-07-22 18:00:11.654604-0700 xctest[59729:373964] CouchbaseLite Replicator Info: {pusher#16} activityLevel=busy: pendingResponseCount=25, caughtUp=1, changeLists=0, revsInFlight=10, blobsInFlight=0, awaitingReply=3460, revsToSend=286, pushingDocs=311, pendingSequences=0
2019-07-22 18:00:11.654724-0700 xctest[59729:373987] CouchbaseLite Network Verbose: {BLIPIO#13} Received frame: RES #104 ----, length 5
2019-07-22 18:00:11.654855-0700 xctest[59729:373989] CouchbaseLite Network Verbose: {BLIPIO#14} ...Wrote 7 bytes to WebSocket (writeable=1)
2019-07-22 18:00:11.654952-0700 xctest[59729:373965] CouchbaseLite Network Debug: {LoopbackWS#12} RECEIVED: 6b01009f 066e3f
2019-07-22 18:00:11.655068-0700 xctest[59729:373964] CouchbaseLite Replicator Debug: {pusher#16} Transmitted 'rev' doc1105 #1-c8c16ee37b9d0041b91beafe4587497a8ee75665 (seq #105)
2019-07-22 18:00:11.655179-0700 xctest[59729:373987] CouchbaseLite Network Verbose: {Connection#9} Receiving RES #104
2019-07-22 18:00:11.655278-0700 xctest[59729:373989] CouchbaseLite Network Verbose: {BLIPIO#14} Sending RES #108
2019-07-22 18:00:11.655413-0700 xctest[59729:373964] CouchbaseLite Replicator Verbose: {pusher#16} Sending rev doc1115 1-c8c16ee37b9d0041b91beafe4587497a8ee75665 (seq #115) [10/10]
2019-07-22 18:00:11.655545-0700 xctest[59729:373987] CouchbaseLite Network Verbose: {Connection#9} Finished receiving RES #104
2019-07-22 18:00:11.655655-0700 xctest[59729:373989] CouchbaseLite Network Verbose: {BLIPIO#14} Sending frame: RES #108 ----, bytes 0--4
2019-07-22 18:00:11.655768-0700 xctest[59729:373964] CouchbaseLite Replicator Verbose: {pusher#16} Reading document 'doc1115' #1-c8c16ee37b9d0041b91beafe4587497a8ee75665
2019-07-22 18:00:11.655910-0700 xctest[59729:373987] CouchbaseLite Network Verbose: {BLIPIO#13} Received frame: RES #105 ----, length 5
2019-07-22 18:00:11.656016-0700 xctest[59729:373989] CouchbaseLite Network Verbose: {BLIPIO#14} Finished sending RES #108
2019-07-22 18:00:11.656136-0700 xctest[59729:373989] CouchbaseLite Network Verbose: {BLIPIO#14} ...Wrote 7 bytes to WebSocket (writeable=1)
2019-07-22 18:00:11.656253-0700 xctest[59729:373987] CouchbaseLite Network Verbose: {Connection#9} Receiving RES #105
2019-07-22 18:00:11.656364-0700 xctest[59729:373965] CouchbaseLite Network Debug: {LoopbackWS#11} SEND: 6c010064 fbc4de
2019-07-22 18:00:11.656459-0700 xctest[59729:373964] CouchbaseLite Replicator Verbose: {pusher#16} Transmitting 'rev' message with 'doc1115' #1-c8c16ee37b9d0041b91beafe4587497a8ee75665
2019-07-22 18:00:11.656600-0700 xctest[59729:373989] CouchbaseLite Network Verbose: {BLIPIO#14} Received frame: REQ #112 ---C, length 17
2019-07-22 18:00:11.656709-0700 xctest[59729:373987] CouchbaseLite Network Verbose: {Connection#9} Finished receiving RES #105
2019-07-22 18:00:11.656809-0700 xctest[59729:374004] CouchbaseLite Network Debug: {LoopbackWS#12} RECEIVED: 6c010064 fbc4de
2019-07-22 18:00:11.656931-0700 xctest[59729:373964] CouchbaseLite Replicator Info: {pusher#16} activityLevel=busy: pendingResponseCount=26, caughtUp=1, changeLists=0, revsInFlight=10, blobsInFlight=0, awaitingReply=3692, revsToSend=285, pushingDocs=311, pendingSequences=0
2019-07-22 18:00:11.657017-0700 xctest[59729:373989] CouchbaseLite Network Verbose: {Connection#7} Receiving 'rev' REQ #112 Z
2019-07-22 18:00:11.657120-0700 xctest[59729:373987] CouchbaseLite Network Verbose: {BLIPIO#13} Sending 'rev' REQ #115 Z
2019-07-22 18:00:11.657248-0700 xctest[59729:373964] CouchbaseLite Replicator Verbose: {pusher#16} Completed rev doc190 #1-c8c16ee37b9d0041b91beafe4587497a8ee75665 (seq #90)
2019-07-22 18:00:11.657350-0700 xctest[59729:373989] CouchbaseLite Network Verbose: {Connection#7} Finished receiving 'rev' REQ #112 Z
2019-07-22 18:00:11.657445-0700 xctest[59729:373987] CouchbaseLite Network Verbose: {BLIPIO#13} Sending frame: REQ #115 ---C, bytes 0--15
2019-07-22 18:00:11.657581-0700 xctest[59729:373965] CouchbaseLite Replicator Verbose: {IncomingRev#39} Received revision 'doc1109' #1-c8c16ee37b9d0041b91beafe4587497a8ee75665 (seq '109')
2019-07-22 18:00:11.657700-0700 xctest[59729:373989] CouchbaseLite Network Verbose: {BLIPIO#14} Received frame: REQ #113 ---C, length 16
2019-07-22 18:00:11.657825-0700 xctest[59729:374004] CouchbaseLite Replicator Info: {Puller#15} activityLevel=busy: pendingResponseCount=0, _caughtUp=1, _pendingRevMessages=291, _activeIncomingRevs=4
2019-07-22 18:00:11.657947-0700 xctest[59729:373964] CouchbaseLite Replicator Debug: {pusher#16} Done pushing 'doc190' 1-c8c16ee37b9d0041b91beafe4587497a8ee75665
2019-07-22 18:00:11.658068-0700 xctest[59729:373964] CouchbaseLite Replicator Verbose: {pusher#16} progress +0/+0, 1 docs -- now 0 / 56800, 90 docs
2019-07-22 18:00:11.658172-0700 xctest[59729:373964] CouchbaseLite Replicator Info: {pusher#16} activityLevel=busy: pendingResponseCount=25, caughtUp=1, changeLists=0, revsInFlight=10, blobsInFlight=0, awaitingReply=3462, revsToSend=285, pushingDocs=310, pendingSequences=0
2019-07-22 18:00:11.658290-0700 xctest[59729:373989] CouchbaseLite Network Verbose: {Connection#7} Receiving 'rev' REQ #113 Z
2019-07-22 18:00:11.658393-0700 xctest[59729:374005] CouchbaseLite Replicator Info: {Puller#15} activityLevel=busy: pendingResponseCount=0, _caughtUp=1, _pendingRevMessages=291, _activeIncomingRevs=4
2019-07-22 18:00:11.658496-0700 xctest[59729:374007] CouchbaseLite Network Debug: {LoopbackWS#12} SEND: 7308c2ee 4f0ada43 83f4046b 000066c8 aaaa
2019-07-22 18:00:11.658588-0700 xctest[59729:374004] CouchbaseLite Replicator Info: {repl#10} pushStatus=busy, pullStatus=busy, progress=0/56800
2019-07-22 18:00:11.658665-0700 xctest[59729:374004] CouchbaseLite Replicator Verbose: {repl#10} progress +0/+0, 1 docs -- now 0 / 56800, 90 docs
2019-07-22 18:00:11.658768-0700 xctest[59729:373987] CouchbaseLite Network Verbose: {BLIPIO#13} Finished sending REQ #115 Z
2019-07-22 18:00:11.658860-0700 xctest[59729:373989] CouchbaseLite Network Verbose: {Connection#7} Finished receiving 'rev' REQ #113 Z
2019-07-22 18:00:11.658960-0700 xctest[59729:374005] CouchbaseLite Network Debug: {LoopbackWS#11} RECEIVED: 7308c2ee 4f0ada43 83f4046b 000066c8 aaaa
2019-07-22 18:00:11.659050-0700 xctest[59729:373964] CouchbaseLite Replicator Debug: {pusher#16} Transmitted 'rev' doc1106 #1-c8c16ee37b9d0041b91beafe4587497a8ee75665 (seq #106)
2019-07-22 18:00:11.659160-0700 xctest[59729:374004] CouchbaseLite Replicator Info: {repl#10} activityLevel=busy: connectionState=2
2019-07-22 18:00:11.659256-0700 xctest[59729:373987] CouchbaseLite Network Verbose: {BLIPIO#13} ...Wrote 18 bytes to WebSocket (writeable=1)
2019-07-22 18:00:11.659345-0700 xctest[59729:373989] CouchbaseLite Network Verbose: {BLIPIO#14} Received frame: REQ #114 ---C, length 16
2019-07-22 18:00:11.659434-0700 xctest[59729:374007] CouchbaseLite Replicator Info: {Puller#15} activityLevel=busy: pendingResponseCount=0, _caughtUp=1, _pendingRevMessages=290, _activeIncomingRevs=5
2019-07-22 18:00:11.659527-0700 xctest[59729:373965] CouchbaseLite Replicator Verbose: {IncomingRev#56} Received revision 'doc1110' #1-c8c16ee37b9d0041b91beafe4587497a8ee75665 (seq '110')
2019-07-22 18:00:11.659629-0700 xctest[59729:373964] CouchbaseLite Replicator Verbose: {pusher#16} Sending rev doc1116 1-c8c16ee37b9d0041b91beafe4587497a8ee75665 (seq #116) [10/10]
2019-07-22 18:00:11.659737-0700 xctest[59729:374004] CouchbaseLite Replicator Info: {repl#10} pushStatus=busy, pullStatus=busy, progress=0/56800
2019-07-22 18:00:11.659830-0700 xctest[59729:373987] CouchbaseLite Network Verbose: {BLIPIO#13} Sending 'rev' REQ #116 Z
2019-07-22 18:00:11.659949-0700 xctest[59729:373989] CouchbaseLite Network Verbose: {Connection#7} Receiving 'rev' REQ #114 Z
2019-07-22 18:00:11.660062-0700 xctest[59729:373964] CouchbaseLite Replicator Verbose: {pusher#16} Reading document 'doc1116' #1-c8c16ee37b9d0041b91beafe4587497a8ee75665
2019-07-22 18:00:11.660160-0700 xctest[59729:373987] CouchbaseLite Network Verbose: {BLIPIO#13} Sending frame: REQ #116 ---C, bytes 0--15
2019-07-22 18:00:11.660262-0700 xctest[59729:373989] CouchbaseLite Network Verbose: {Connection#7} Finished receiving 'rev' REQ #114 Z
2019-07-22 18:00:11.660355-0700 xctest[59729:374004] CouchbaseLite Replicator Info: {Puller#15} activityLevel=busy: pendingResponseCount=0, _caughtUp=1, _pendingRevMessages=290, _activeIncomingRevs=5
2019-07-22 18:00:11.660480-0700 xctest[59729:373987] CouchbaseLite Network Verbose: {BLIPIO#13} Finished sending REQ #116 Z
2019-07-22 18:00:11.660583-0700 xctest[59729:373965] CouchbaseLite Network Debug: {LoopbackWS#12} SEND: 7408c2ee 4f0ada43 83f40c6b 00007843 f7c1
2019-07-22 18:00:11.660670-0700 xctest[59729:373989] CouchbaseLite Network Verbose: {BLIPIO#14} Received frame: REQ #115 ---C, length 16
2019-07-22 18:00:11.660770-0700 xctest[59729:373964] CouchbaseLite Replicator Verbose: {pusher#16} Transmitting 'rev' message with 'doc1116' #1-c8c16ee37b9d0041b91beafe4587497a8ee75665
2019-07-22 18:00:11.660910-0700 xctest[59729:374004] CouchbaseLite Replicator Info: {Puller#15} activityLevel=busy: pendingResponseCount=0, _caughtUp=1, _pendingRevMessages=289, _activeIncomingRevs=6
2019-07-22 18:00:11.661019-0700 xctest[59729:374007] CouchbaseLite Replicator Verbose: {IncomingRev#51} Received revision 'doc1111' #1-c8c16ee37b9d0041b91beafe4587497a8ee75665 (seq '111')
2019-07-22 18:00:11.661143-0700 xctest[59729:373987] CouchbaseLite Network Verbose: {BLIPIO#13} ...Wrote 18 bytes to WebSocket (writeable=1)
2019-07-22 18:00:11.661257-0700 xctest[59729:374005] CouchbaseLite Network Debug: {LoopbackWS#11} RECEIVED: 7408c2ee 4f0ada43 83f40c6b 00007843 f7c1
2019-07-22 18:00:11.661362-0700 xctest[59729:373989] CouchbaseLite Network Verbose: {Connection#7} Receiving 'rev' REQ #115 Z
2019-07-22 18:00:11.661510-0700 xctest[59729:373964] CouchbaseLite Replicator Info: {pusher#16} activityLevel=busy: pendingResponseCount=26, caughtUp=1, changeLists=0, revsInFlight=10, blobsInFlight=0, awaitingReply=3694, revsToSend=284, pushingDocs=310, pendingSequences=0
2019-07-22 18:00:11.661641-0700 xctest[59729:373987] CouchbaseLite Network Verbose: {BLIPIO#13} Sending 'rev' REQ #117 Z
2019-07-22 18:00:11.661745-0700 xctest[59729:373989] CouchbaseLite Network Verbose: {Connection#7} Finished receiving 'rev' REQ #115 Z
2019-07-22 18:00:11.661846-0700 xctest[59729:373964] CouchbaseLite Replicator Verbose: {pusher#16} Completed rev doc191 #1-c8c16ee37b9d0041b91beafe4587497a8ee75665 (seq #91)
2019-07-22 18:00:11.661945-0700 xctest[59729:374005] CouchbaseLite Replicator Info: {Puller#15} activityLevel=busy: pendingResponseCount=0, _caughtUp=1, _pendingRevMessages=289, _activeIncomingRevs=6
2019-07-22 18:00:11.662065-0700 xctest[59729:373987] CouchbaseLite Network Verbose: {BLIPIO#13} Sending frame: REQ #117 ---C, bytes 0--15
2019-07-22 18:00:11.662164-0700 xctest[59729:373989] CouchbaseLite Network Verbose: {BLIPIO#14} Received frame: REQ #116 ---C, length 16
2019-07-22 18:00:11.662287-0700 xctest[59729:373964] CouchbaseLite Replicator Debug: {pusher#16} Done pushing 'doc191' 1-c8c16ee37b9d0041b91beafe4587497a8ee75665
2019-07-22 18:00:11.662391-0700 xctest[59729:374005] CouchbaseLite Replicator Info: {Puller#15} activityLevel=busy: pendingResponseCount=0, _caughtUp=1, _pendingRevMessages=288, _activeIncomingRevs=7
2019-07-22 18:00:11.662483-0700 xctest[59729:374007] CouchbaseLite Replicator Verbose: {IncomingRev#36} Received revision 'doc1112' #1-c8c16ee37b9d0041b91beafe4587497a8ee75665 (seq '112')
2019-07-22 18:00:11.662577-0700 xctest[59729:373987] CouchbaseLite Network Verbose: {BLIPIO#13} Finished sending REQ #117 Z
2019-07-22 18:00:11.662705-0700 xctest[59729:374004] CouchbaseLite Network Debug: {LoopbackWS#12} SEND: 7508c2ee 4f0ada43 83f4146b 00005f6a 8daf
2019-07-22 18:00:11.662818-0700 xctest[59729:373989] CouchbaseLite Network Verbose: {Connection#7} Receiving 'rev' REQ #116 Z
2019-07-22 18:00:11.662929-0700 xctest[59729:373964] CouchbaseLite Replicator Verbose: {pusher#16} progress +0/+0, 1 docs -- now 0 / 56800, 91 docs
2019-07-22 18:00:11.663031-0700 xctest[59729:373987] CouchbaseLite Network Verbose: {BLIPIO#13} ...Wrote 18 bytes to WebSocket (writeable=1)
2019-07-22 18:00:11.663114-0700 xctest[59729:374005] CouchbaseLite Network Debug: {LoopbackWS#11} RECEIVED: 7508c2ee 4f0ada43 83f4146b 00005f6a 8daf
2019-07-22 18:00:11.663208-0700 xctest[59729:373989] CouchbaseLite Network Verbose: {Connection#7} Finished receiving 'rev' REQ #116 Z
2019-07-22 18:00:11.663302-0700 xctest[59729:373964] CouchbaseLite Replicator Info: {pusher#16} activityLevel=busy: pendingResponseCount=25, caughtUp=1, changeLists=0, revsInFlight=10, blobsInFlight=0, awaitingReply=3464, revsToSend=284, pushingDocs=309, pendingSequences=0
2019-07-22 18:00:11.663386-0700 xctest[59729:374004] CouchbaseLite Replicator Info: {Puller#15} activityLevel=busy: pendingResponseCount=0, _caughtUp=1, _pendingRevMessages=288, _activeIncomingRevs=7
2019-07-22 18:00:11.663472-0700 xctest[59729:373987] CouchbaseLite Network Verbose: {BLIPIO#13} Received frame: RES #106 ----, length 5
2019-07-22 18:00:11.663559-0700 xctest[59729:373989] CouchbaseLite Network Verbose: {BLIPIO#14} Received frame: REQ #117 ---C, length 16
2019-07-22 18:00:11.663651-0700 xctest[59729:374005] CouchbaseLite Replicator Info: {repl#10} pushStatus=busy, pullStatus=busy, progress=0/56800
2019-07-22 18:00:11.663732-0700 xctest[59729:374005] CouchbaseLite Replicator Verbose: {repl#10} progress +0/+0, 1 docs -- now 0 / 56800, 91 docs
2019-07-22 18:00:11.663807-0700 xctest[59729:374004] CouchbaseLite Replicator Info: {Puller#15} activityLevel=busy: pendingResponseCount=0, _caughtUp=1, _pendingRevMessages=287, _activeIncomingRevs=8
2019-07-22 18:00:11.663934-0700 xctest[59729:374007] CouchbaseLite Replicator Verbose: {IncomingRev#42} Received revision 'doc1113' #1-c8c16ee37b9d0041b91beafe4587497a8ee75665 (seq '113')
2019-07-22 18:00:11.664021-0700 xctest[59729:373987] CouchbaseLite Network Verbose: {Connection#9} Receiving RES #106
2019-07-22 18:00:11.664117-0700 xctest[59729:373989] CouchbaseLite Network Verbose: {Connection#7} Receiving 'rev' REQ #117 Z
2019-07-22 18:00:11.664220-0700 xctest[59729:373964] CouchbaseLite Replicator Debug: {pusher#16} Transmitted 'rev' doc1107 #1-c8c16ee37b9d0041b91beafe4587497a8ee75665 (seq #107)
2019-07-22 18:00:11.664326-0700 xctest[59729:374005] CouchbaseLite Replicator Info: {repl#10} activityLevel=busy: connectionState=2
2019-07-22 18:00:11.664420-0700 xctest[59729:374005] CouchbaseLite Replicator Info: {repl#10} pushStatus=busy, pullStatus=busy, progress=0/56800
2019-07-22 18:00:11.664499-0700 xctest[59729:373989] CouchbaseLite Network Verbose: {Connection#7} Finished receiving 'rev' REQ #117 Z
2019-07-22 18:00:11.664591-0700 xctest[59729:373964] CouchbaseLite Replicator Verbose: {pusher#16} Sending rev doc1117 1-c8c16ee37b9d0041b91beafe4587497a8ee75665 (seq #117) [10/10]
2019-07-22 18:00:11.664681-0700 xctest[59729:374004] CouchbaseLite Replicator Info: {Puller#15} activityLevel=busy: pendingResponseCount=0, _caughtUp=1, _pendingRevMessages=287, _activeIncomingRevs=8
2019-07-22 18:00:11.664774-0700 xctest[59729:373987] CouchbaseLite Network Verbose: {Connection#9} Finished receiving RES #106
2019-07-22 18:00:11.664869-0700 xctest[59729:373989] CouchbaseLite Replicator Verbose: {Inserter#54} Inserting 8 revs:
2019-07-22 18:00:11.664966-0700 xctest[59729:373964] CouchbaseLite Replicator Verbose: {pusher#16} Reading document 'doc1117' #1-c8c16ee37b9d0041b91beafe4587497a8ee75665
2019-07-22 18:00:11.665059-0700 xctest[59729:374004] CouchbaseLite Replicator Info: {Puller#15} activityLevel=busy: pendingResponseCount=0, _caughtUp=1, _pendingRevMessages=286, _activeIncomingRevs=9
2019-07-22 18:00:11.665144-0700 xctest[59729:374007] CouchbaseLite Replicator Verbose: {IncomingRev#20} Received revision 'doc1114' #1-c8c16ee37b9d0041b91beafe4587497a8ee75665 (seq '114')
2019-07-22 18:00:11.665228-0700 xctest[59729:373987] CouchbaseLite Network Verbose: {BLIPIO#13} Received frame: RES #107 ----, length 5
2019-07-22 18:00:11.665361-0700 xctest[59729:373989] CouchbaseLite Database Verbose: {DB#55} begin transaction
2019-07-22 18:00:11.665510-0700 xctest[59729:373964] CouchbaseLite Replicator Verbose: {pusher#16} Transmitting 'rev' message with 'doc1117' #1-c8c16ee37b9d0041b91beafe4587497a8ee75665
2019-07-22 18:00:11.665679-0700 xctest[59729:373987] CouchbaseLite Network Verbose: {Connection#9} Receiving RES #107
2019-07-22 18:00:11.665792-0700 xctest[59729:373964] CouchbaseLite Replicator Info: {pusher#16} activityLevel=busy: pendingResponseCount=26, caughtUp=1, changeLists=0, revsInFlight=10, blobsInFlight=0, awaitingReply=3696, revsToSend=283, pushingDocs=309, pendingSequences=0
2019-07-22 18:00:11.665956-0700 xctest[59729:373987] CouchbaseLite Network Verbose: {Connection#9} Finished receiving RES #107
2019-07-22 18:00:11.666081-0700 xctest[59729:374005] CouchbaseLite Replicator Info: {Puller#15} activityLevel=busy: pendingResponseCount=0, _caughtUp=1, _pendingRevMessages=286, _activeIncomingRevs=9
2019-07-22 18:00:11.666187-0700 xctest[59729:373964] CouchbaseLite Replicator Verbose: {pusher#16} Completed rev doc192 #1-c8c16ee37b9d0041b91beafe4587497a8ee75665 (seq #92)
2019-07-22 18:00:11.666278-0700 xctest[59729:373989] CouchbaseLite Database Verbose: {DB#55} Saved 'doc1106' rev #1-c8c16ee37b9d0041b91beafe4587497a8ee75665 as seq 107
2019-07-22 18:00:11.666369-0700 xctest[59729:373987] CouchbaseLite Network Verbose: {BLIPIO#13} Received frame: RES #108 ----, length 5
2019-07-22 18:00:11.666463-0700 xctest[59729:373964] CouchbaseLite Replicator Debug: {pusher#16} Done pushing 'doc192' 1-c8c16ee37b9d0041b91beafe4587497a8ee75665
2019-07-22 18:00:11.666566-0700 xctest[59729:373989] CouchbaseLite Replicator Verbose: {Inserter#54} {'doc1106' #1-c8c16ee37b9d0041b91beafe4587497a8ee75665 <- } seq 107
2019-07-22 18:00:11.666650-0700 xctest[59729:373987] CouchbaseLite Network Verbose: {Connection#9} Receiving RES #108
2019-07-22 18:00:11.666743-0700 xctest[59729:373964] CouchbaseLite Replicator Verbose: {pusher#16} progress +0/+0, 1 docs -- now 0 / 56800, 92 docs
2019-07-22 18:00:11.666834-0700 xctest[59729:374005] CouchbaseLite Replicator Info: {Puller#15} activityLevel=busy: pendingResponseCount=0, _caughtUp=1, _pendingRevMessages=286, _activeIncomingRevs=8
2019-07-22 18:00:11.666934-0700 xctest[59729:373987] CouchbaseLite Network Verbose: {Connection#9} Finished receiving RES #108
2019-07-22 18:00:11.667018-0700 xctest[59729:373964] CouchbaseLite Replicator Info: {pusher#16} activityLevel=busy: pendingResponseCount=25, caughtUp=1, changeLists=0, revsInFlight=10, blobsInFlight=0, awaitingReply=3466, revsToSend=283, pushingDocs=308, pendingSequences=0
2019-07-22 18:00:11.667114-0700 xctest[59729:373989] CouchbaseLite Database Verbose: {DB#55} Saved 'doc1107' rev #1-c8c16ee37b9d0041b91beafe4587497a8ee75665 as seq 108
2019-07-22 18:00:11.667196-0700 xctest[59729:373987] CouchbaseLite Network Verbose: {BLIPIO#13} Sending 'rev' REQ #118 Z
2019-07-22 18:00:11.667290-0700 xctest[59729:374005] CouchbaseLite Replicator Info: {repl#10} pushStatus=busy, pullStatus=busy, progress=0/56800
2019-07-22 18:00:11.667375-0700 xctest[59729:374005] CouchbaseLite Replicator Verbose: {repl#10} progress +0/+0, 1 docs -- now 0 / 56800, 92 docs
2019-07-22 18:00:11.667464-0700 xctest[59729:373989] CouchbaseLite Replicator Verbose: {Inserter#54} {'doc1107' #1-c8c16ee37b9d0041b91beafe4587497a8ee75665 <- } seq 108
2019-07-22 18:00:11.667552-0700 xctest[59729:373987] CouchbaseLite Network Verbose: {BLIPIO#13} Sending frame: REQ #118 ---C, bytes 0--15
2019-07-22 18:00:11.667635-0700 xctest[59729:373964] CouchbaseLite Replicator Verbose: {pusher#16} Completed rev doc193 #1-c8c16ee37b9d0041b91beafe4587497a8ee75665 (seq #93)
2019-07-22 18:00:11.667754-0700 xctest[59729:374005] CouchbaseLite Replicator Info: {repl#10} activityLevel=busy: connectionState=2
2019-07-22 18:00:11.667843-0700 xctest[59729:374005] CouchbaseLite Replicator Info: {repl#10} pushStatus=busy, pullStatus=busy, progress=0/56800
2019-07-22 18:00:11.667957-0700 xctest[59729:373987] CouchbaseLite Network Verbose: {BLIPIO#13} Finished sending REQ #118 Z
2019-07-22 18:00:11.668045-0700 xctest[59729:374004] CouchbaseLite Network Debug: {LoopbackWS#12} SEND: 7608c2ee 4f0ada43 83f41c6b 0000e2a9 3e59
2019-07-22 18:00:11.668132-0700 xctest[59729:373964] CouchbaseLite Replicator Debug: {pusher#16} Done pushing 'doc193' 1-c8c16ee37b9d0041b91beafe4587497a8ee75665
2019-07-22 18:00:11.668215-0700 xctest[59729:374007] CouchbaseLite Replicator Info: {Puller#15} activityLevel=busy: pendingResponseCount=0, _caughtUp=1, _pendingRevMessages=286, _activeIncomingRevs=7
2019-07-22 18:00:11.668311-0700 xctest[59729:373989] CouchbaseLite Database Verbose: {DB#55} Saved 'doc1108' rev #1-c8c16ee37b9d0041b91beafe4587497a8ee75665 as seq 109
2019-07-22 18:00:11.668398-0700 xctest[59729:373987] CouchbaseLite Network Verbose: {BLIPIO#13} ...Wrote 18 bytes to WebSocket (writeable=1)
2019-07-22 18:00:11.668496-0700 xctest[59729:374005] CouchbaseLite Network Debug: {LoopbackWS#11} RECEIVED: 7608c2ee 4f0ada43 83f41c6b 0000e2a9 3e59
2019-07-22 18:00:11.668579-0700 xctest[59729:373964] CouchbaseLite Replicator Verbose: {pusher#16} progress +0/+0, 1 docs -- now 0 / 56800, 93 docs
2019-07-22 18:00:11.668659-0700 xctest[59729:373964] CouchbaseLite Replicator Info: {pusher#16} activityLevel=busy: pendingResponseCount=24, caughtUp=1, changeLists=0, revsInFlight=10, blobsInFlight=0, awaitingReply=3236, revsToSend=283, pushingDocs=307, pendingSequences=0
2019-07-22 18:00:11.668739-0700 xctest[59729:373987] CouchbaseLite Network Verbose: {BLIPIO#13} Sending 'rev' REQ #119 Z
2019-07-22 18:00:11.668818-0700 xctest[59729:374007] CouchbaseLite Network Verbose: {BLIPIO#14} Received frame: REQ #118 ---C, length 16
2019-07-22 18:00:11.668904-0700 xctest[59729:373989] CouchbaseLite Replicator Verbose: {Inserter#54} {'doc1108' #1-c8c16ee37b9d0041b91beafe4587497a8ee75665 <- } seq 109
2019-07-22 18:00:11.668993-0700 xctest[59729:373964] CouchbaseLite Replicator Debug: {pusher#16} Transmitted 'rev' doc1108 #1-c8c16ee37b9d0041b91beafe4587497a8ee75665 (seq #108)
2019-07-22 18:00:11.669078-0700 xctest[59729:374005] CouchbaseLite Replicator Info: {repl#10} pushStatus=busy, pullStatus=busy, progress=0/56800
2019-07-22 18:00:11.669160-0700 xctest[59729:374005] CouchbaseLite Replicator Verbose: {repl#10} progress +0/+0, 1 docs -- now 0 / 56800, 93 docs
2019-07-22 18:00:11.669230-0700 xctest[59729:374005] CouchbaseLite Replicator Info: {repl#10} activityLevel=busy: connectionState=2
2019-07-22 18:00:11.669294-0700 xctest[59729:374005] CouchbaseLite Replicator Info: {repl#10} pushStatus=busy, pullStatus=busy, progress=0/56800
2019-07-22 18:00:11.669369-0700 xctest[59729:373964] CouchbaseLite Replicator Verbose: {pusher#16} Sending rev doc1118 1-c8c16ee37b9d0041b91beafe4587497a8ee75665 (seq #118) [10/10]
2019-07-22 18:00:11.669450-0700 xctest[59729:373987] CouchbaseLite Network Verbose: {BLIPIO#13} Sending frame: REQ #119 ---C, bytes 0--15
2019-07-22 18:00:11.669559-0700 xctest[59729:374007] CouchbaseLite Network Verbose: {Connection#7} Receiving 'rev' REQ #118 Z
2019-07-22 18:00:11.669644-0700 xctest[59729:373989] CouchbaseLite Database Verbose: {DB#55} Saved 'doc1109' rev #1-c8c16ee37b9d0041b91beafe4587497a8ee75665 as seq 110
2019-07-22 18:00:11.669738-0700 xctest[59729:374004] CouchbaseLite Replicator Info: {Puller#15} activityLevel=busy: pendingResponseCount=0, _caughtUp=1, _pendingRevMessages=286, _activeIncomingRevs=6
2019-07-22 18:00:11.669837-0700 xctest[59729:373964] CouchbaseLite Replicator Verbose: {pusher#16} Reading document 'doc1118' #1-c8c16ee37b9d0041b91beafe4587497a8ee75665
2019-07-22 18:00:11.669924-0700 xctest[59729:373987] CouchbaseLite Network Verbose: {BLIPIO#13} Finished sending REQ #119 Z
2019-07-22 18:00:11.670018-0700 xctest[59729:374005] CouchbaseLite Network Debug: {LoopbackWS#12} SEND: 7708c2ee 4f0ada43 83f4246b 0000a9e8 fa5d
2019-07-22 18:00:11.670101-0700 xctest[59729:374007] CouchbaseLite Network Verbose: {Connection#7} Finished receiving 'rev' REQ #118 Z
2019-07-22 18:00:11.670198-0700 xctest[59729:373989] CouchbaseLite Replicator Verbose: {Inserter#54} {'doc1109' #1-c8c16ee37b9d0041b91beafe4587497a8ee75665 <- } seq 110
2019-07-22 18:00:11.670281-0700 xctest[59729:373987] CouchbaseLite Network Verbose: {BLIPIO#13} ...Wrote 18 bytes to WebSocket (writeable=1)
2019-07-22 18:00:11.670367-0700 xctest[59729:373964] CouchbaseLite Replicator Verbose: {pusher#16} Transmitting 'rev' message with 'doc1118' #1-c8c16ee37b9d0041b91beafe4587497a8ee75665
2019-07-22 18:00:11.670479-0700 xctest[59729:374004] CouchbaseLite Network Debug: {LoopbackWS#11} RECEIVED: 7708c2ee 4f0ada43 83f4246b 0000a9e8 fa5d
2019-07-22 18:00:11.670610-0700 xctest[59729:374005] CouchbaseLite Replicator Info: {Puller#15} activityLevel=busy: pendingResponseCount=0, _caughtUp=1, _pendingRevMessages=285, _activeIncomingRevs=7
2019-07-22 18:00:11.670703-0700 xctest[59729:374007] CouchbaseLite Replicator Verbose: {IncomingRev#18} Received revision 'doc1115' #1-c8c16ee37b9d0041b91beafe4587497a8ee75665 (seq '115')
2019-07-22 18:00:11.670809-0700 xctest[59729:373987] CouchbaseLite Network Verbose: {BLIPIO#13} Sending 'rev' REQ #120 Z
2019-07-22 18:00:11.670911-0700 xctest[59729:373964] CouchbaseLite Replicator Info: {pusher#16} activityLevel=busy: pendingResponseCount=25, caughtUp=1, changeLists=0, revsInFlight=10, blobsInFlight=0, awaitingReply=3468, revsToSend=282, pushingDocs=307, pendingSequences=0
2019-07-22 18:00:11.671010-0700 xctest[59729:373965] CouchbaseLite Network Verbose: {BLIPIO#14} Received frame: REQ #119 ---C, length 16
2019-07-22 18:00:11.671117-0700 xctest[59729:373989] CouchbaseLite Database Verbose: {DB#55} Saved 'doc1110' rev #1-c8c16ee37b9d0041b91beafe4587497a8ee75665 as seq 111
2019-07-22 18:00:11.671212-0700 xctest[59729:374005] CouchbaseLite Replicator Info: {Puller#15} activityLevel=busy: pendingResponseCount=0, _caughtUp=1, _pendingRevMessages=285, _activeIncomingRevs=6
2019-07-22 18:00:11.671301-0700 xctest[59729:373987] CouchbaseLite Network Verbose: {BLIPIO#13} Sending frame: REQ #120 ---C, bytes 0--15
2019-07-22 18:00:11.671406-0700 xctest[59729:373964] CouchbaseLite Replicator Verbose: {pusher#16} Completed rev doc194 #1-c8c16ee37b9d0041b91beafe4587497a8ee75665 (seq #94)
2019-07-22 18:00:11.671499-0700 xctest[59729:373965] CouchbaseLite Network Verbose: {Connection#7} Receiving 'rev' REQ #119 Z
2019-07-22 18:00:11.671609-0700 xctest[59729:373989] CouchbaseLite Replicator Verbose: {Inserter#54} {'doc1110' #1-c8c16ee37b9d0041b91beafe4587497a8ee75665 <- } seq 111
2019-07-22 18:00:11.671692-0700 xctest[59729:374005] CouchbaseLite Replicator Info: {Puller#15} activityLevel=busy: pendingResponseCount=0, _caughtUp=1, _pendingRevMessages=285, _activeIncomingRevs=6
2019-07-22 18:00:11.671794-0700 xctest[59729:373987] CouchbaseLite Network Verbose: {BLIPIO#13} Finished sending REQ #120 Z
2019-07-22 18:00:11.671882-0700 xctest[59729:374007] CouchbaseLite Network Debug: {LoopbackWS#12} SEND: 7808c2ee 4f0ada43 83f4f86a 000016d3 d01c
2019-07-22 18:00:11.671978-0700 xctest[59729:373964] CouchbaseLite Replicator Debug: {pusher#16} Done pushing 'doc194' 1-c8c16ee37b9d0041b91beafe4587497a8ee75665
2019-07-22 18:00:11.672068-0700 xctest[59729:373965] CouchbaseLite Network Verbose: {Connection#7} Finished receiving 'rev' REQ #119 Z
2019-07-22 18:00:11.672158-0700 xctest[59729:374005] CouchbaseLite Replicator Info: {Puller#15} activityLevel=busy: pendingResponseCount=0, _caughtUp=1, _pendingRevMessages=285, _activeIncomingRevs=5
2019-07-22 18:00:11.672262-0700 xctest[59729:373987] CouchbaseLite Network Verbose: {BLIPIO#13} ...Wrote 18 bytes to WebSocket (writeable=1)
2019-07-22 18:00:11.672356-0700 xctest[59729:373989] CouchbaseLite Database Verbose: {DB#55} Saved 'doc1111' rev #1-c8c16ee37b9d0041b91beafe4587497a8ee75665 as seq 112
2019-07-22 18:00:11.672443-0700 xctest[59729:374004] CouchbaseLite Network Debug: {LoopbackWS#11} RECEIVED: 7808c2ee 4f0ada43 83f4f86a 000016d3 d01c
2019-07-22 18:00:11.672533-0700 xctest[59729:373964] CouchbaseLite Replicator Verbose: {pusher#16} progress +0/+0, 1 docs -- now 0 / 56800, 94 docs
2019-07-22 18:00:11.672616-0700 xctest[59729:373964] CouchbaseLite Replicator Info: {pusher#16} activityLevel=busy: pendingResponseCount=24, caughtUp=1, changeLists=0, revsInFlight=10, blobsInFlight=0, awaitingReply=3238, revsToSend=282, pushingDocs=306, pendingSequences=0
2019-07-22 18:00:11.672722-0700 xctest[59729:374007] CouchbaseLite Replicator Verbose: {IncomingRev#38} Received revision 'doc1116' #1-c8c16ee37b9d0041b91beafe4587497a8ee75665 (seq '116')
2019-07-22 18:00:11.672813-0700 xctest[59729:373987] CouchbaseLite Network Verbose: {BLIPIO#13} Sending 'rev' REQ #121 Z
2019-07-22 18:00:11.672916-0700 xctest[59729:373989] CouchbaseLite Replicator Verbose: {Inserter#54} {'doc1111' #1-c8c16ee37b9d0041b91beafe4587497a8ee75665 <- } seq 112
2019-07-22 18:00:11.673026-0700 xctest[59729:373965] CouchbaseLite Network Verbose: {BLIPIO#14} Received frame: REQ #120 ---C, length 16
2019-07-22 18:00:11.673135-0700 xctest[59729:374005] CouchbaseLite Replicator Info: {Puller#15} activityLevel=busy: pendingResponseCount=0, _caughtUp=1, _pendingRevMessages=284, _activeIncomingRevs=6
2019-07-22 18:00:11.673236-0700 xctest[59729:374005] CouchbaseLite Replicator Info: {Puller#15} activityLevel=busy: pendingResponseCount=0, _caughtUp=1, _pendingRevMessages=284, _activeIncomingRevs=5
2019-07-22 18:00:11.673347-0700 xctest[59729:374005] CouchbaseLite Replicator Info: {Puller#15} activityLevel=busy: pendingResponseCount=0, _caughtUp=1, _pendingRevMessages=284, _activeIncomingRevs=5
2019-07-22 18:00:11.673448-0700 xctest[59729:373987] CouchbaseLite Network Verbose: {BLIPIO#13} Sending frame: REQ #121 ---C, bytes 0--15
2019-07-22 18:00:11.673549-0700 xctest[59729:373965] CouchbaseLite Network Verbose: {Connection#7} Receiving 'rev' REQ #120 Z
2019-07-22 18:00:11.673656-0700 xctest[59729:374004] CouchbaseLite Replicator Info: {repl#10} pushStatus=busy, pullStatus=busy, progress=0/56800
2019-07-22 18:00:11.673737-0700 xctest[59729:374004] CouchbaseLite Replicator Verbose: {repl#10} progress +0/+0, 1 docs -- now 0 / 56800, 94 docs
2019-07-22 18:00:11.673819-0700 xctest[59729:374004] CouchbaseLite Replicator Info: {repl#10} activityLevel=busy: connectionState=2
2019-07-22 18:00:11.673902-0700 xctest[59729:374004] CouchbaseLite Replicator Info: {repl#10} pushStatus=busy, pullStatus=busy, progress=0/56800
2019-07-22 18:00:11.673985-0700 xctest[59729:374005] CouchbaseLite Network Debug: {LoopbackWS#12} SEND: 7908c2ee 4f0ada43 83f4cc6a 0000c260 cfc9
2019-07-22 18:00:11.674069-0700 xctest[59729:373965] CouchbaseLite Network Verbose: {Connection#7} Finished receiving 'rev' REQ #120 Z
2019-07-22 18:00:11.674160-0700 xctest[59729:373989] CouchbaseLite Database Verbose: {DB#55} Saved 'doc1112' rev #1-c8c16ee37b9d0041b91beafe4587497a8ee75665 as seq 113
2019-07-22 18:00:11.674270-0700 xctest[59729:373964] CouchbaseLite Replicator Verbose: {pusher#16} Completed rev doc195 #1-c8c16ee37b9d0041b91beafe4587497a8ee75665 (seq #95)
2019-07-22 18:00:11.674364-0700 xctest[59729:373987] CouchbaseLite Network Verbose: {BLIPIO#13} Finished sending REQ #121 Z
2019-07-22 18:00:11.674455-0700 xctest[59729:374004] CouchbaseLite Network Debug: {LoopbackWS#11} RECEIVED: 7908c2ee 4f0ada43 83f4cc6a 0000c260 cfc9
2019-07-22 18:00:11.674540-0700 xctest[59729:374005] CouchbaseLite Replicator Info: {Puller#15} activityLevel=busy: pendingResponseCount=0, _caughtUp=1, _pendingRevMessages=283, _activeIncomingRevs=6
2019-07-22 18:00:11.674642-0700 xctest[59729:374007] CouchbaseLite Replicator Verbose: {IncomingRev#48} Received revision 'doc1117' #1-c8c16ee37b9d0041b91beafe4587497a8ee75665 (seq '117')
2019-07-22 18:00:11.674742-0700 xctest[59729:373989] CouchbaseLite Replicator Verbose: {Inserter#54} {'doc1112' #1-c8c16ee37b9d0041b91beafe4587497a8ee75665 <- } seq 113
2019-07-22 18:00:11.674826-0700 xctest[59729:373964] CouchbaseLite Replicator Debug: {pusher#16} Done pushing 'doc195' 1-c8c16ee37b9d0041b91beafe4587497a8ee75665
2019-07-22 18:00:11.674927-0700 xctest[59729:373987] CouchbaseLite Network Verbose: {BLIPIO#13} ...Wrote 18 bytes to WebSocket (writeable=1)
2019-07-22 18:00:11.675015-0700 xctest[59729:373965] CouchbaseLite Network Verbose: {BLIPIO#14} Received frame: REQ #121 ---C, length 16
2019-07-22 18:00:11.675123-0700 xctest[59729:374005] CouchbaseLite Replicator Info: {Puller#15} activityLevel=busy: pendingResponseCount=0, _caughtUp=1, _pendingRevMessages=283, _activeIncomingRevs=5
2019-07-22 18:00:11.675237-0700 xctest[59729:373964] CouchbaseLite Replicator Verbose: {pusher#16} progress +0/+0, 1 docs -- now 0 / 56800, 95 docs
2019-07-22 18:00:11.675318-0700 xctest[59729:373964] CouchbaseLite Replicator Info: {pusher#16} activityLevel=busy: pendingResponseCount=23, caughtUp=1, changeLists=0, revsInFlight=10, blobsInFlight=0, awaitingReply=3008, revsToSend=282, pushingDocs=305, pendingSequences=0
2019-07-22 18:00:11.675407-0700 xctest[59729:374005] CouchbaseLite Replicator Info: {Puller#15} activityLevel=busy: pendingResponseCount=0, _caughtUp=1, _pendingRevMessages=283, _activeIncomingRevs=5
2019-07-22 18:00:11.675512-0700 xctest[59729:373989] CouchbaseLite Database Verbose: {DB#55} Saved 'doc1113' rev #1-c8c16ee37b9d0041b91beafe4587497a8ee75665 as seq 114
2019-07-22 18:00:11.675593-0700 xctest[59729:373965] CouchbaseLite Network Verbose: {Connection#7} Receiving 'rev' REQ #121 Z
2019-07-22 18:00:11.675674-0700 xctest[59729:374007] CouchbaseLite Replicator Info: {repl#10} pushStatus=busy, pullStatus=busy, progress=0/56800
2019-07-22 18:00:11.675756-0700 xctest[59729:374007] CouchbaseLite Replicator Verbose: {repl#10} progress +0/+0, 1 docs -- now 0 / 56800, 95 docs
2019-07-22 18:00:11.675838-0700 xctest[59729:373989] CouchbaseLite Replicator Verbose: {Inserter#54} {'doc1113' #1-c8c16ee37b9d0041b91beafe4587497a8ee75665 <- } seq 114
2019-07-22 18:00:11.675915-0700 xctest[59729:373965] CouchbaseLite Network Verbose: {Connection#7} Finished receiving 'rev' REQ #121 Z
2019-07-22 18:00:11.676016-0700 xctest[59729:373964] CouchbaseLite Replicator Verbose: {pusher#16} Completed rev doc196 #1-c8c16ee37b9d0041b91beafe4587497a8ee75665 (seq #96)
2019-07-22 18:00:11.676097-0700 xctest[59729:374007] CouchbaseLite Replicator Info: {repl#10} activityLevel=busy: connectionState=2
2019-07-22 18:00:11.676179-0700 xctest[59729:374007] CouchbaseLite Replicator Info: {repl#10} pushStatus=busy, pullStatus=busy, progress=0/56800
2019-07-22 18:00:11.676254-0700 xctest[59729:374005] CouchbaseLite Replicator Info: {Puller#15} activityLevel=busy: pendingResponseCount=0, _caughtUp=1, _pendingRevMessages=283, _activeIncomingRevs=4
2019-07-22 18:00:11.676335-0700 xctest[59729:373964] CouchbaseLite Replicator Debug: {pusher#16} Done pushing 'doc196' 1-c8c16ee37b9d0041b91beafe4587497a8ee75665
2019-07-22 18:00:11.676411-0700 xctest[59729:373964] CouchbaseLite Replicator Verbose: {pusher#16} progress +0/+0, 1 docs -- now 0 / 56800, 96 docs
2019-07-22 18:00:11.676477-0700 xctest[59729:373964] CouchbaseLite Replicator Info: {pusher#16} activityLevel=busy: pendingResponseCount=22, caughtUp=1, changeLists=0, revsInFlight=10, blobsInFlight=0, awaitingReply=2778, revsToSend=282, pushingDocs=304, pendingSequences=0
2019-07-22 18:00:11.676559-0700 xctest[59729:374007] CouchbaseLite Replicator Verbose: {IncomingRev#46} Received revision 'doc1118' #1-c8c16ee37b9d0041b91beafe4587497a8ee75665 (seq '118')
2019-07-22 18:00:11.676656-0700 xctest[59729:373989] CouchbaseLite Database Verbose: {DB#55} commit transaction
2019-07-22 18:00:11.676751-0700 xctest[59729:374005] CouchbaseLite Replicator Info: {Puller#15} activityLevel=busy: pendingResponseCount=0, _caughtUp=1, _pendingRevMessages=282, _activeIncomingRevs=5
2019-07-22 18:00:11.676859-0700 xctest[59729:373987] CouchbaseLite Replicator Info: {repl#10} pushStatus=busy, pullStatus=busy, progress=0/56800
2019-07-22 18:00:11.676949-0700 xctest[59729:373964] CouchbaseLite Replicator Debug: {pusher#16} Transmitted 'rev' doc1109 #1-c8c16ee37b9d0041b91beafe4587497a8ee75665 (seq #109)
2019-07-22 18:00:11.677035-0700 xctest[59729:373964] CouchbaseLite Replicator Verbose: {pusher#16} Sending rev doc1119 1-c8c16ee37b9d0041b91beafe4587497a8ee75665 (seq #119) [10/10]
