2019-07-22 18:00:12.218765-0700 xctest[59729:373989] CouchbaseLite Replicator Verbose: {repl#10} progress +0/+0, 1 docs -- now 0 / 56800, 181 docs
2019-07-22 18:00:12.218826-0700 xctest[59729:373989] CouchbaseLite Replicator Info: {repl#10} activityLevel=busy: connectionState=2
2019-07-22 18:00:12.218885-0700 xctest[59729:373989] CouchbaseLite Replicator Info: {repl#10} pushStatus=busy, pullStatus=busy, progress=0/56800
2019-07-22 18:00:12.218954-0700 xctest[59729:373968] CouchbaseLite Network Verbose: {Connection#9} Receiving RES #194
2019-07-22 18:00:12.219031-0700 xctest[59729:373964] CouchbaseLite Replicator Verbose: {pusher#16} Sending rev doc25 1-c51e026de7cf8de5a633f3a8066a50ab6a29d033 (seq #205) [10/10]
2019-07-22 18:00:12.219115-0700 xctest[59729:374007] CouchbaseLite Replicator Verbose: {IncomingRev#46} Received revision 'doc22' #1-c51e026de7cf8de5a633f3a8066a50ab6a29d033 (seq '202')
2019-07-22 18:00:12.219205-0700 xctest[59729:373987] CouchbaseLite Network Verbose: {BLIPIO#14} Finished sending ERR #204
2019-07-22 18:00:12.219290-0700 xctest[59729:373987] CouchbaseLite Network Verbose: {BLIPIO#14} ...Wrote 72 bytes to WebSocket (writeable=1)
2019-07-22 18:00:12.219381-0700 xctest[59729:373968] CouchbaseLite Network Verbose: {Connection#9} Finished receiving RES #194
2019-07-22 18:00:12.219453-0700 xctest[59729:373964] CouchbaseLite Replicator Verbose: {pusher#16} Reading document 'doc25' #1-c51e026de7cf8de5a633f3a8066a50ab6a29d033
2019-07-22 18:00:12.219549-0700 xctest[59729:373965] CouchbaseLite Network Debug: {LoopbackWS#11} SEND: cc010221 4572726f 722d446f 6d61696e 00485454 50004572 726f722d 436f6465 00343033 0072656a 65637465 64206279 2076616c 69646174 696f6e20 66756e63... [72]
2019-07-22 18:00:12.219639-0700 xctest[59729:373968] CouchbaseLite Network Verbose: {BLIPIO#13} Received frame: RES #195 ----, length 5
2019-07-22 18:00:12.219742-0700 xctest[59729:373964] CouchbaseLite Replicator Verbose: {pusher#16} Transmitting 'rev' message with 'doc25' #1-c51e026de7cf8de5a633f3a8066a50ab6a29d033
2019-07-22 18:00:12.219842-0700 xctest[59729:374007] CouchbaseLite Replicator Info: {IncomingRev#46} Rejected by pull validator function
2019-07-22 18:00:12.219924-0700 xctest[59729:373987] CouchbaseLite Network Debug: {LoopbackWS#12} RECEIVED: cc010221 4572726f 722d446f 6d61696e 00485454 50004572 726f722d 436f6465 00343033 0072656a 65637465 64206279 2076616c 69646174 696f6e20 66756e63... [72]
2019-07-22 18:00:12.220022-0700 xctest[59729:374005] CouchbaseLite Replicator Info: {Repl#8} documentEnded doc22 1-c51e026de7cf8de5a633f3a8066a50ab6a29d033 flags=08 (6/403)
2019-07-22 18:00:12.220106-0700 xctest[59729:373968] CouchbaseLite Network Verbose: {Connection#9} Receiving RES #195
2019-07-22 18:00:12.220187-0700 xctest[59729:373964] CouchbaseLite Replicator Info: {pusher#16} activityLevel=busy: pendingResponseCount=24, caughtUp=1, changeLists=0, revsInFlight=10, blobsInFlight=0, awaitingReply=3248, revsToSend=195, pushingDocs=219, pendingSequences=0
2019-07-22 18:00:12.220266-0700 xctest[59729:373965] CouchbaseLite Network Verbose: {BLIPIO#14} Sending ERR #205
2019-07-22 18:00:12.220348-0700 xctest[59729:373989] CouchbaseLite Replicator Verbose: {Inserter#54} Inserting 7 revs:
2019-07-22 18:00:12.220429-0700 xctest[59729:374005] CouchbaseLite Replicator Verbose: {Puller#15} progress +142/+0, 0 docs -- now 27882 / 56992, 193 docs
2019-07-22 18:00:12.220499-0700 xctest[59729:374005] CouchbaseLite Replicator Info: {Puller#15} activityLevel=busy: pendingResponseCount=0, _caughtUp=1, _pendingRevMessages=198, _activeIncomingRevs=9
2019-07-22 18:00:12.220574-0700 xctest[59729:373964] CouchbaseLite Replicator Debug: {pusher#16} Transmitted 'rev' doc1196 #1-c8c16ee37b9d0041b91beafe4587497a8ee75665 (seq #196)
2019-07-22 18:00:12.220668-0700 xctest[59729:373965] CouchbaseLite Network Verbose: {BLIPIO#14} Sending frame: ERR #205 ----, bytes 0--68
2019-07-22 18:00:12.220764-0700 xctest[59729:373989] CouchbaseLite Database Verbose: {DB#55} begin transaction
2019-07-22 18:00:12.220851-0700 xctest[59729:373968] CouchbaseLite Network Verbose: {Connection#9} Finished receiving RES #195
2019-07-22 18:00:12.220966-0700 xctest[59729:373987] CouchbaseLite Replicator Info: {Repl#8} pushStatus=stopped, pullStatus=busy, progress=27882/56992
2019-07-22 18:00:12.221053-0700 xctest[59729:373987] CouchbaseLite Replicator Verbose: {Repl#8} progress +142/+0, 0 docs -- now 27882 / 56992, 193 docs
2019-07-22 18:00:12.221130-0700 xctest[59729:373987] CouchbaseLite Replicator Info: {Repl#8} activityLevel=busy: connectionState=2
2019-07-22 18:00:12.221223-0700 xctest[59729:373989] CouchbaseLite Database Verbose: {DB#55} Saved 'doc1194' rev #1-c8c16ee37b9d0041b91beafe4587497a8ee75665 as seq 195
2019-07-22 18:00:12.221340-0700 xctest[59729:373968] CouchbaseLite Network Verbose: {BLIPIO#13} Received frame: RES #196 ----, length 5
2019-07-22 18:00:12.221426-0700 xctest[59729:373964] CouchbaseLite Replicator Verbose: {pusher#16} Sending rev doc26 1-c51e026de7cf8de5a633f3a8066a50ab6a29d033 (seq #206) [10/10]
2019-07-22 18:00:12.221507-0700 xctest[59729:373964] CouchbaseLite Replicator Verbose: {pusher#16} Reading document 'doc26' #1-c51e026de7cf8de5a633f3a8066a50ab6a29d033
2019-07-22 18:00:12.221581-0700 xctest[59729:373987] CouchbaseLite Replicator Info: {Repl#8} pushStatus=stopped, pullStatus=busy, progress=27882/56992
2019-07-22 18:00:12.221676-0700 xctest[59729:374005] CouchbaseLite Network Debug: {LoopbackWS#11} SEND: cd010221 4572726f 722d446f 6d61696e 00485454 50004572 726f722d 436f6465 00343033 0072656a 65637465 64206279 2076616c 69646174 696f6e20 66756e63... [72]
2019-07-22 18:00:12.221757-0700 xctest[59729:373989] CouchbaseLite Replicator Verbose: {Inserter#54} {'doc1194' #1-c8c16ee37b9d0041b91beafe4587497a8ee75665 <- } seq 195
2019-07-22 18:00:12.221843-0700 xctest[59729:373968] CouchbaseLite Network Verbose: {Connection#9} Receiving RES #196
2019-07-22 18:00:12.221923-0700 xctest[59729:373965] CouchbaseLite Network Verbose: {BLIPIO#14} Finished sending ERR #205
2019-07-22 18:00:12.222051-0700 xctest[59729:373965] CouchbaseLite Network Verbose: {BLIPIO#14} ...Wrote 72 bytes to WebSocket (writeable=1)
2019-07-22 18:00:12.222172-0700 xctest[59729:373987] CouchbaseLite Network Debug: {LoopbackWS#12} RECEIVED: cd010221 4572726f 722d446f 6d61696e 00485454 50004572 726f722d 436f6465 00343033 0072656a 65637465 64206279 2076616c 69646174 696f6e20 66756e63... [72]
2019-07-22 18:00:12.222254-0700 xctest[59729:374005] CouchbaseLite Replicator Info: {Puller#15} activityLevel=busy: pendingResponseCount=0, _caughtUp=1, _pendingRevMessages=198, _activeIncomingRevs=8
2019-07-22 18:00:12.222343-0700 xctest[59729:373968] CouchbaseLite Network Verbose: {Connection#9} Finished receiving RES #196
2019-07-22 18:00:12.222425-0700 xctest[59729:373964] CouchbaseLite Replicator Verbose: {pusher#16} Transmitting 'rev' message with 'doc26' #1-c51e026de7cf8de5a633f3a8066a50ab6a29d033
2019-07-22 18:00:12.222528-0700 xctest[59729:373989] CouchbaseLite Database Verbose: {DB#55} Saved 'doc1195' rev #1-c8c16ee37b9d0041b91beafe4587497a8ee75665 as seq 196
2019-07-22 18:00:12.222604-0700 xctest[59729:373968] CouchbaseLite Network Verbose: {BLIPIO#13} Sending 'rev' REQ #206 Z
2019-07-22 18:00:12.222702-0700 xctest[59729:373964] CouchbaseLite Replicator Info: {pusher#16} activityLevel=busy: pendingResponseCount=25, caughtUp=1, changeLists=0, revsInFlight=10, blobsInFlight=0, awaitingReply=3480, revsToSend=194, pushingDocs=219, pendingSequences=0
2019-07-22 18:00:12.222781-0700 xctest[59729:373989] CouchbaseLite Replicator Verbose: {Inserter#54} {'doc1195' #1-c8c16ee37b9d0041b91beafe4587497a8ee75665 <- } seq 196
2019-07-22 18:00:12.222865-0700 xctest[59729:373968] CouchbaseLite Network Verbose: {BLIPIO#13} Sending frame: REQ #206 ---C, bytes 0--17
2019-07-22 18:00:12.222964-0700 xctest[59729:373964] CouchbaseLite Replicator Debug: {pusher#16} Transmitted 'rev' doc1197 #1-c8c16ee37b9d0041b91beafe4587497a8ee75665 (seq #197)
2019-07-22 18:00:12.223051-0700 xctest[59729:373964] CouchbaseLite Replicator Verbose: {pusher#16} Sending rev doc27 1-c51e026de7cf8de5a633f3a8066a50ab6a29d033 (seq #207) [10/10]
2019-07-22 18:00:12.223126-0700 xctest[59729:373968] CouchbaseLite Network Verbose: {BLIPIO#13} Finished sending REQ #206 Z
2019-07-22 18:00:12.223206-0700 xctest[59729:373987] CouchbaseLite Network Debug: {LoopbackWS#12} SEND: ce0108c2 e64d630a bc49a82d 3440de04 007e5d40 b9
2019-07-22 18:00:12.223298-0700 xctest[59729:374005] CouchbaseLite Replicator Info: {Puller#15} activityLevel=busy: pendingResponseCount=0, _caughtUp=1, _pendingRevMessages=198, _activeIncomingRevs=7
2019-07-22 18:00:12.223377-0700 xctest[59729:373964] CouchbaseLite Replicator Verbose: {pusher#16} Reading document 'doc27' #1-c51e026de7cf8de5a633f3a8066a50ab6a29d033
2019-07-22 18:00:12.223457-0700 xctest[59729:373989] CouchbaseLite Database Verbose: {DB#55} Saved 'doc1196' rev #1-c8c16ee37b9d0041b91beafe4587497a8ee75665 as seq 197
2019-07-22 18:00:12.223540-0700 xctest[59729:373968] CouchbaseLite Network Verbose: {BLIPIO#13} ...Wrote 21 bytes to WebSocket (writeable=1)
2019-07-22 18:00:12.223642-0700 xctest[59729:373965] CouchbaseLite Network Debug: {LoopbackWS#11} RECEIVED: ce0108c2 e64d630a bc49a82d 3440de04 007e5d40 b9
2019-07-22 18:00:12.223721-0700 xctest[59729:373989] CouchbaseLite Replicator Verbose: {Inserter#54} {'doc1196' #1-c8c16ee37b9d0041b91beafe4587497a8ee75665 <- } seq 197
2019-07-22 18:00:12.223804-0700 xctest[59729:373968] CouchbaseLite Network Verbose: {BLIPIO#13} Sending 'rev' REQ #207 Z
2019-07-22 18:00:12.223917-0700 xctest[59729:373964] CouchbaseLite Replicator Verbose: {pusher#16} Transmitting 'rev' message with 'doc27' #1-c51e026de7cf8de5a633f3a8066a50ab6a29d033
2019-07-22 18:00:12.224020-0700 xctest[59729:374005] CouchbaseLite Network Verbose: {BLIPIO#14} Received frame: REQ #206 ---C, length 18
2019-07-22 18:00:12.224103-0700 xctest[59729:373965] CouchbaseLite Replicator Info: {Puller#15} activityLevel=busy: pendingResponseCount=0, _caughtUp=1, _pendingRevMessages=198, _activeIncomingRevs=6
2019-07-22 18:00:12.224191-0700 xctest[59729:373968] CouchbaseLite Network Verbose: {BLIPIO#13} Sending frame: REQ #207 ---C, bytes 0--17
2019-07-22 18:00:12.224270-0700 xctest[59729:373964] CouchbaseLite Replicator Info: {pusher#16} activityLevel=busy: pendingResponseCount=26, caughtUp=1, changeLists=0, revsInFlight=10, blobsInFlight=0, awaitingReply=3712, revsToSend=193, pushingDocs=219, pendingSequences=0
2019-07-22 18:00:12.224358-0700 xctest[59729:373989] CouchbaseLite Database Verbose: {DB#55} Saved 'doc1197' rev #1-c8c16ee37b9d0041b91beafe4587497a8ee75665 as seq 198
2019-07-22 18:00:12.224434-0700 xctest[59729:374005] CouchbaseLite Network Verbose: {Connection#7} Receiving 'rev' REQ #206 Z
2019-07-22 18:00:12.224514-0700 xctest[59729:373968] CouchbaseLite Network Verbose: {BLIPIO#13} Finished sending REQ #207 Z
2019-07-22 18:00:12.224588-0700 xctest[59729:373965] CouchbaseLite Network Debug: {LoopbackWS#12} SEND: cf0108c2 e64d130a bc49a829 3440de04 00ddc58e b5
2019-07-22 18:00:12.224670-0700 xctest[59729:373964] CouchbaseLite Replicator Debug: {pusher#16} Transmitted 'rev' doc1198 #1-c8c16ee37b9d0041b91beafe4587497a8ee75665 (seq #198)
2019-07-22 18:00:12.224753-0700 xctest[59729:373989] CouchbaseLite Replicator Verbose: {Inserter#54} {'doc1197' #1-c8c16ee37b9d0041b91beafe4587497a8ee75665 <- } seq 198
2019-07-22 18:00:12.224832-0700 xctest[59729:374005] CouchbaseLite Network Verbose: {Connection#7} Finished receiving 'rev' REQ #206 Z
2019-07-22 18:00:12.224909-0700 xctest[59729:373968] CouchbaseLite Network Verbose: {BLIPIO#13} ...Wrote 21 bytes to WebSocket (writeable=1)
2019-07-22 18:00:12.224992-0700 xctest[59729:373987] CouchbaseLite Network Debug: {LoopbackWS#11} RECEIVED: cf0108c2 e64d130a bc49a829 3440de04 00ddc58e b5
2019-07-22 18:00:12.225079-0700 xctest[59729:373964] CouchbaseLite Replicator Verbose: {pusher#16} Sending rev doc28 1-c51e026de7cf8de5a633f3a8066a50ab6a29d033 (seq #208) [10/10]
2019-07-22 18:00:12.225165-0700 xctest[59729:373965] CouchbaseLite Replicator Info: {Puller#15} activityLevel=busy: pendingResponseCount=0, _caughtUp=1, _pendingRevMessages=198, _activeIncomingRevs=5
2019-07-22 18:00:12.225248-0700 xctest[59729:373968] CouchbaseLite Network Verbose: {BLIPIO#13} Sending 'rev' REQ #208 Z
2019-07-22 18:00:12.225356-0700 xctest[59729:373989] CouchbaseLite Database Verbose: {DB#55} Saved 'doc1198' rev #1-c8c16ee37b9d0041b91beafe4587497a8ee75665 as seq 199
2019-07-22 18:00:12.225446-0700 xctest[59729:374007] CouchbaseLite Network Verbose: {BLIPIO#14} Received frame: REQ #207 ---C, length 18
2019-07-22 18:00:12.225528-0700 xctest[59729:373964] CouchbaseLite Replicator Verbose: {pusher#16} Reading document 'doc28' #1-c51e026de7cf8de5a633f3a8066a50ab6a29d033
2019-07-22 18:00:12.225635-0700 xctest[59729:373965] CouchbaseLite Replicator Info: {Puller#15} activityLevel=busy: pendingResponseCount=0, _caughtUp=1, _pendingRevMessages=197, _activeIncomingRevs=6
2019-07-22 18:00:12.225715-0700 xctest[59729:373987] CouchbaseLite Replicator Verbose: {IncomingRev#46} Received revision 'doc23' #1-c51e026de7cf8de5a633f3a8066a50ab6a29d033 (seq '203')
2019-07-22 18:00:12.225795-0700 xctest[59729:373968] CouchbaseLite Network Verbose: {BLIPIO#13} Sending frame: REQ #208 ---C, bytes 0--17
2019-07-22 18:00:12.225879-0700 xctest[59729:373989] CouchbaseLite Replicator Verbose: {Inserter#54} {'doc1198' #1-c8c16ee37b9d0041b91beafe4587497a8ee75665 <- } seq 199
2019-07-22 18:00:12.225982-0700 xctest[59729:374007] CouchbaseLite Network Verbose: {Connection#7} Receiving 'rev' REQ #207 Z
2019-07-22 18:00:12.226071-0700 xctest[59729:373964] CouchbaseLite Replicator Verbose: {pusher#16} Transmitting 'rev' message with 'doc28' #1-c51e026de7cf8de5a633f3a8066a50ab6a29d033
2019-07-22 18:00:12.226202-0700 xctest[59729:373968] CouchbaseLite Network Verbose: {BLIPIO#13} Finished sending REQ #208 Z
2019-07-22 18:00:12.226346-0700 xctest[59729:373989] CouchbaseLite Database Verbose: {DB#55} Saved 'doc1199' rev #1-c8c16ee37b9d0041b91beafe4587497a8ee75665 as seq 200
2019-07-22 18:00:12.226426-0700 xctest[59729:374005] CouchbaseLite Replicator Info: {Puller#15} activityLevel=busy: pendingResponseCount=0, _caughtUp=1, _pendingRevMessages=197, _activeIncomingRevs=5
2019-07-22 18:00:12.226510-0700 xctest[59729:374007] CouchbaseLite Network Verbose: {Connection#7} Finished receiving 'rev' REQ #207 Z
2019-07-22 18:00:12.226609-0700 xctest[59729:373964] CouchbaseLite Replicator Info: {pusher#16} activityLevel=busy: pendingResponseCount=27, caughtUp=1, changeLists=0, revsInFlight=10, blobsInFlight=0, awaitingReply=3944, revsToSend=192, pushingDocs=219, pendingSequences=0
2019-07-22 18:00:12.226691-0700 xctest[59729:373987] CouchbaseLite Replicator Info: {IncomingRev#46} Rejected by pull validator function
2019-07-22 18:00:12.226780-0700 xctest[59729:373965] CouchbaseLite Network Debug: {LoopbackWS#12} SEND: d00108c2 e64d530a bc49a825 3440de04 0070a16e bf
2019-07-22 18:00:12.226877-0700 xctest[59729:373968] CouchbaseLite Network Verbose: {BLIPIO#13} ...Wrote 21 bytes to WebSocket (writeable=1)
2019-07-22 18:00:12.226958-0700 xctest[59729:373989] CouchbaseLite Replicator Verbose: {Inserter#54} {'doc1199' #1-c8c16ee37b9d0041b91beafe4587497a8ee75665 <- } seq 200
2019-07-22 18:00:12.227043-0700 xctest[59729:374005] CouchbaseLite Replicator Info: {Puller#15} activityLevel=busy: pendingResponseCount=0, _caughtUp=1, _pendingRevMessages=196, _activeIncomingRevs=6
2019-07-22 18:00:12.227128-0700 xctest[59729:373964] CouchbaseLite Replicator Verbose: {pusher#16} Completed rev doc1182 #1-c8c16ee37b9d0041b91beafe4587497a8ee75665 (seq #182)
2019-07-22 18:00:12.227216-0700 xctest[59729:374007] CouchbaseLite Network Verbose: {BLIPIO#14} Sending ERR #206
2019-07-22 18:00:12.227295-0700 xctest[59729:373987] CouchbaseLite Replicator Verbose: {IncomingRev#56} Received revision 'doc24' #1-c51e026de7cf8de5a633f3a8066a50ab6a29d033 (seq '204')
2019-07-22 18:00:12.227377-0700 xctest[59729:374003] CouchbaseLite Network Debug: {LoopbackWS#11} RECEIVED: d00108c2 e64d530a bc49a825 3440de04 0070a16e bf
2019-07-22 18:00:12.227479-0700 xctest[59729:373968] CouchbaseLite Network Verbose: {BLIPIO#13} Received frame: ERR #204 ----, length 69
2019-07-22 18:00:12.227560-0700 xctest[59729:374005] CouchbaseLite Replicator Info: {Repl#8} documentEnded doc23 1-c51e026de7cf8de5a633f3a8066a50ab6a29d033 flags=08 (6/403)
2019-07-22 18:00:12.227659-0700 xctest[59729:373964] CouchbaseLite Replicator Debug: {pusher#16} Done pushing 'doc1182' 1-c8c16ee37b9d0041b91beafe4587497a8ee75665
2019-07-22 18:00:12.227754-0700 xctest[59729:373989] CouchbaseLite Database Verbose: {DB#55} Saved 'doc1200' rev #1-c8c16ee37b9d0041b91beafe4587497a8ee75665 as seq 201
2019-07-22 18:00:12.227842-0700 xctest[59729:374007] CouchbaseLite Network Verbose: {BLIPIO#14} Sending frame: ERR #206 ----, bytes 0--68
2019-07-22 18:00:12.227937-0700 xctest[59729:373968] CouchbaseLite Network Verbose: {Connection#9} Receiving ERR #204
2019-07-22 18:00:12.228033-0700 xctest[59729:374005] CouchbaseLite Replicator Verbose: {Puller#15} progress +142/+0, 0 docs -- now 28024 / 56992, 193 docs
2019-07-22 18:00:12.228103-0700 xctest[59729:374005] CouchbaseLite Replicator Info: {Puller#15} activityLevel=busy: pendingResponseCount=0, _caughtUp=1, _pendingRevMessages=196, _activeIncomingRevs=6
2019-07-22 18:00:12.228178-0700 xctest[59729:373964] CouchbaseLite Replicator Verbose: {pusher#16} progress +0/+0, 1 docs -- now 0 / 56800, 182 docs
2019-07-22 18:00:12.228264-0700 xctest[59729:373989] CouchbaseLite Replicator Verbose: {Inserter#54} {'doc1200' #1-c8c16ee37b9d0041b91beafe4587497a8ee75665 <- } seq 201
2019-07-22 18:00:12.228345-0700 xctest[59729:374007] CouchbaseLite Network Verbose: {BLIPIO#14} Finished sending ERR #206
2019-07-22 18:00:12.228412-0700 xctest[59729:374007] CouchbaseLite Network Verbose: {BLIPIO#14} ...Wrote 72 bytes to WebSocket (writeable=1)
2019-07-22 18:00:12.228483-0700 xctest[59729:373968] CouchbaseLite Network Verbose: {Connection#9} Finished receiving ERR #204
2019-07-22 18:00:12.228567-0700 xctest[59729:373987] CouchbaseLite Replicator Info: {IncomingRev#56} Rejected by pull validator function
2019-07-22 18:00:12.228673-0700 xctest[59729:374005] CouchbaseLite Replicator Info: {Puller#15} activityLevel=busy: pendingResponseCount=0, _caughtUp=1, _pendingRevMessages=196, _activeIncomingRevs=5
2019-07-22 18:00:12.228768-0700 xctest[59729:373965] CouchbaseLite Replicator Info: {Repl#8} pushStatus=stopped, pullStatus=busy, progress=28024/56992
2019-07-22 18:00:12.228846-0700 xctest[59729:373965] CouchbaseLite Replicator Verbose: {Repl#8} progress +142/+0, 0 docs -- now 28024 / 56992, 193 docs
2019-07-22 18:00:12.228924-0700 xctest[59729:373989] CouchbaseLite Database Verbose: {DB#55} commit transaction
2019-07-22 18:00:12.229009-0700 xctest[59729:374003] CouchbaseLite Network Debug: {LoopbackWS#11} SEND: ce010221 4572726f 722d446f 6d61696e 00485454 50004572 726f722d 436f6465 00343033 0072656a 65637465 64206279 2076616c 69646174 696f6e20 66756e63... [72]
2019-07-22 18:00:12.229120-0700 xctest[59729:374007] CouchbaseLite Network Verbose: {BLIPIO#14} Received frame: REQ #208 ---C, length 18
2019-07-22 18:00:12.229223-0700 xctest[59729:373968] CouchbaseLite Network Verbose: {BLIPIO#13} Received frame: ERR #205 ----, length 69
2019-07-22 18:00:12.229317-0700 xctest[59729:374005] CouchbaseLite Replicator Info: {Puller#15} activityLevel=busy: pendingResponseCount=0, _caughtUp=1, _pendingRevMessages=196, _activeIncomingRevs=4
2019-07-22 18:00:12.229431-0700 xctest[59729:373964] CouchbaseLite Replicator Info: {pusher#16} activityLevel=busy: pendingResponseCount=26, caughtUp=1, changeLists=0, revsInFlight=10, blobsInFlight=0, awaitingReply=3712, revsToSend=192, pushingDocs=218, pendingSequences=0
2019-07-22 18:00:12.229520-0700 xctest[59729:373965] CouchbaseLite Replicator Info: {Repl#8} activityLevel=busy: connectionState=2
2019-07-22 18:00:12.229599-0700 xctest[59729:373965] CouchbaseLite Replicator Info: {Repl#8} pushStatus=stopped, pullStatus=busy, progress=28024/56992
2019-07-22 18:00:12.229670-0700 xctest[59729:374007] CouchbaseLite Network Verbose: {Connection#7} Receiving 'rev' REQ #208 Z
2019-07-22 18:00:12.229745-0700 xctest[59729:373989] CouchbaseLite Replicator Info: {Inserter#54} Inserted 7 revs in 8.81ms ( 795/sec) of which 99.7% was commit
2019-07-22 18:00:12.229815-0700 xctest[59729:373968] CouchbaseLite Network Verbose: {Connection#9} Receiving ERR #205
2019-07-22 18:00:12.229892-0700 xctest[59729:374005] CouchbaseLite Replicator Info: {Repl#8} documentEnded doc24 1-c51e026de7cf8de5a633f3a8066a50ab6a29d033 flags=08 (6/403)
2019-07-22 18:00:12.275885-0700 xctest[59729:374003] CouchbaseLite Replicator Info: {repl#10} pushStatus=busy, pullStatus=busy, progress=0/56800
2019-07-22 18:00:12.276157-0700 xctest[59729:374003] CouchbaseLite Replicator Verbose: {repl#10} progress +0/+0, 1 docs -- now 0 / 56800, 182 docs
2019-07-22 18:00:12.276350-0700 xctest[59729:373987] CouchbaseLite Network Debug: {LoopbackWS#12} RECEIVED: ce010221 4572726f 722d446f 6d61696e 00485454 50004572 726f722d 436f6465 00343033 0072656a 65637465 64206279 2076616c 69646174 696f6e20 66756e63... [72]
2019-07-22 18:00:12.276533-0700 xctest[59729:374007] CouchbaseLite Network Verbose: {Connection#7} Finished receiving 'rev' REQ #208 Z
2019-07-22 18:00:12.276688-0700 xctest[59729:373989] CouchbaseLite Replicator Verbose: {Inserter#54} now idle
2019-07-22 18:00:12.276819-0700 xctest[59729:373968] CouchbaseLite Network Verbose: {Connection#9} Finished receiving ERR #205
2019-07-22 18:00:12.276926-0700 xctest[59729:373965] CouchbaseLite Replicator Info: {Repl#8} activityLevel=busy: connectionState=2
2019-07-22 18:00:12.277011-0700 xctest[59729:373965] CouchbaseLite Replicator Info: {Repl#8} pushStatus=stopped, pullStatus=busy, progress=28024/56992
2019-07-22 18:00:12.277119-0700 xctest[59729:373965] CouchbaseLite Replicator Info: {Repl#8} pushStatus=stopped, pullStatus=busy, progress=28024/56992
2019-07-22 18:00:12.277182-0700 xctest[59729:373965] CouchbaseLite Replicator Info: {Repl#8} activityLevel=busy: connectionState=2
2019-07-22 18:00:12.277285-0700 xctest[59729:373965] CouchbaseLite Replicator Info: {Repl#8} pushStatus=stopped, pullStatus=busy, progress=28024/56992
2019-07-22 18:00:12.277485-0700 xctest[59729:374007] CouchbaseLite Network Verbose: {BLIPIO#14} Sending ERR #207
2019-07-22 18:00:12.277587-0700 xctest[59729:374007] CouchbaseLite Network Verbose: {BLIPIO#14} Sending frame: ERR #207 ----, bytes 0--68
2019-07-22 18:00:12.277733-0700 xctest[59729:374004] CouchbaseLite Replicator Info: CBLReplicator[<- DB[otherdb]]: error pulling 'doc21': 6/403
2019-07-22 18:00:12.277747-0700 xctest[59729:374005] CouchbaseLite Replicator Verbose: {Puller#15} Checkpoint now at 198
2019-07-22 18:00:12.277848-0700 xctest[59729:374005] CouchbaseLite Replicator Verbose: {Puller#15} progress +852/+0, 5 docs -- now 28876 / 56992, 198 docs
2019-07-22 18:00:12.277867-0700 xctest[59729:374004] CouchbaseLite Replicator Info: CBLReplicator[<- DB[otherdb]]: error pulling 'doc22': 6/403
2019-07-22 18:00:12.277965-0700 xctest[59729:373968] CouchbaseLite Network Verbose: {BLIPIO#13} Sending 'rev' REQ #209 Z
2019-07-22 18:00:12.278093-0700 xctest[59729:374007] CouchbaseLite Network Verbose: {BLIPIO#14} Finished sending ERR #207
2019-07-22 18:00:12.278206-0700 xctest[59729:374007] CouchbaseLite Network Verbose: {BLIPIO#14} ...Wrote 72 bytes to WebSocket (writeable=1)
2019-07-22 18:00:12.278355-0700 xctest[59729:373964] CouchbaseLite Replicator Verbose: {pusher#16} Completed rev doc1183 #1-c8c16ee37b9d0041b91beafe4587497a8ee75665 (seq #183)
2019-07-22 18:00:12.278493-0700 xctest[59729:374003] CouchbaseLite Replicator Info: {repl#10} activityLevel=busy: connectionState=2
2019-07-22 18:00:12.278579-0700 xctest[59729:374003] CouchbaseLite Replicator Info: {repl#10} pushStatus=busy, pullStatus=busy, progress=0/56800
2019-07-22 18:00:12.278662-0700 xctest[59729:374004] CouchbaseLite Replicator Info: CBLReplicator[<- DB[otherdb]]: error pulling 'doc23': 6/403
2019-07-22 18:00:12.278668-0700 xctest[59729:373968] CouchbaseLite Network Verbose: {BLIPIO#13} Sending frame: REQ #209 ---C, bytes 0--17
2019-07-22 18:00:12.278793-0700 xctest[59729:373965] CouchbaseLite Network Debug: {LoopbackWS#11} SEND: cf010221 4572726f 722d446f 6d61696e 00485454 50004572 726f722d 436f6465 00343033 0072656a 65637465 64206279 2076616c 69646174 696f6e20 66756e63... [72]
2019-07-22 18:00:12.278915-0700 xctest[59729:374007] CouchbaseLite Network Verbose: {BLIPIO#14} Sending RES #197
2019-07-22 18:00:12.279035-0700 xctest[59729:374007] CouchbaseLite Network Verbose: {BLIPIO#14} Sending frame: RES #197 ----, bytes 0--4
2019-07-22 18:00:12.279171-0700 xctest[59729:374005] CouchbaseLite Replicator Info: {Puller#15} activityLevel=busy: pendingResponseCount=0, _caughtUp=1, _pendingRevMessages=196, _activeIncomingRevs=4
2019-07-22 18:00:12.279267-0700 xctest[59729:374003] CouchbaseLite Replicator Info: {repl#10} activityLevel=busy: connectionState=2
2019-07-22 18:00:12.279389-0700 xctest[59729:374003] CouchbaseLite Replicator Info: {repl#10} pushStatus=busy, pullStatus=busy, progress=0/56800
2019-07-22 18:00:12.279487-0700 xctest[59729:374004] CouchbaseLite Replicator Info: CBLReplicator[<- DB[otherdb]] is busy, progress 28024/56992, error: (null)
2019-07-22 18:00:12.279521-0700 xctest[59729:373989] CouchbaseLite Network Debug: {LoopbackWS#12} SEND: d10108c2 e64d330a bc49a821 3440de04 00a75846 eb
2019-07-22 18:00:12.279631-0700 xctest[59729:373964] CouchbaseLite Replicator Debug: {pusher#16} Done pushing 'doc1183' 1-c8c16ee37b9d0041b91beafe4587497a8ee75665
2019-07-22 18:00:12.279750-0700 xctest[59729:374007] CouchbaseLite Network Verbose: {BLIPIO#14} Finished sending RES #197
2019-07-22 18:00:12.279830-0700 xctest[59729:374007] CouchbaseLite Network Verbose: {BLIPIO#14} ...Wrote 8 bytes to WebSocket (writeable=1)
2019-07-22 18:00:12.279957-0700 xctest[59729:374007] CouchbaseLite Network Verbose: {BLIPIO#14} Sending RES #198
2019-07-22 18:00:12.280071-0700 xctest[59729:373987] CouchbaseLite Replicator Info: {Repl#8} pushStatus=stopped, pullStatus=busy, progress=28876/56992
2019-07-22 18:00:12.280172-0700 xctest[59729:373987] CouchbaseLite Replicator Verbose: {Repl#8} progress +852/+0, 5 docs -- now 28876 / 56992, 198 docs
2019-07-22 18:00:12.280252-0700 xctest[59729:373987] CouchbaseLite Replicator Info: {Repl#8} activityLevel=busy: connectionState=2
2019-07-22 18:00:12.280343-0700 xctest[59729:373987] CouchbaseLite Replicator Info: {Repl#8} pushStatus=stopped, pullStatus=busy, progress=28876/56992
2019-07-22 18:00:12.280459-0700 xctest[59729:373965] CouchbaseLite Network Debug: {LoopbackWS#11} SEND: c5010100 291c64bc
2019-07-22 18:00:12.280557-0700 xctest[59729:374005] CouchbaseLite Replicator Info: {Puller#15} activityLevel=busy: pendingResponseCount=0, _caughtUp=1, _pendingRevMessages=196, _activeIncomingRevs=4
2019-07-22 18:00:12.280640-0700 xctest[59729:374005] CouchbaseLite Replicator Info: {Puller#15} activityLevel=busy: pendingResponseCount=0, _caughtUp=1, _pendingRevMessages=196, _activeIncomingRevs=4
2019-07-22 18:00:12.280744-0700 xctest[59729:373968] CouchbaseLite Network Verbose: {BLIPIO#13} Finished sending REQ #209 Z
2019-07-22 18:00:12.280853-0700 xctest[59729:373964] CouchbaseLite Replicator Verbose: {pusher#16} progress +0/+0, 1 docs -- now 0 / 56800, 183 docs
2019-07-22 18:00:12.280947-0700 xctest[59729:373989] CouchbaseLite Network Debug: {LoopbackWS#12} RECEIVED: cf010221 4572726f 722d446f 6d61696e 00485454 50004572 726f722d 436f6465 00343033 0072656a 65637465 64206279 2076616c 69646174 696f6e20 66756e63... [72]
2019-07-22 18:00:12.281063-0700 xctest[59729:373965] CouchbaseLite Network Debug: {LoopbackWS#11} RECEIVED: d10108c2 e64d330a bc49a821 3440de04 00a75846 eb
2019-07-22 18:00:12.281168-0700 xctest[59729:374007] CouchbaseLite Network Verbose: {BLIPIO#14} Sending frame: RES #198 ----, bytes 0--4
2019-07-22 18:00:12.281249-0700 xctest[59729:374005] CouchbaseLite Replicator Info: {Puller#15} activityLevel=busy: pendingResponseCount=0, _caughtUp=1, _pendingRevMessages=196, _activeIncomingRevs=4
2019-07-22 18:00:12.281358-0700 xctest[59729:373968] CouchbaseLite Network Verbose: {BLIPIO#13} ...Wrote 21 bytes to WebSocket (writeable=1)
2019-07-22 18:00:12.281452-0700 xctest[59729:373964] CouchbaseLite Replicator Info: {pusher#16} activityLevel=busy: pendingResponseCount=25, caughtUp=1, changeLists=0, revsInFlight=10, blobsInFlight=0, awaitingReply=3480, revsToSend=192, pushingDocs=217, pendingSequences=0
2019-07-22 18:00:12.281549-0700 xctest[59729:373989] CouchbaseLite Network Debug: {LoopbackWS#12} RECEIVED: c5010100 291c64bc
2019-07-22 18:00:12.281637-0700 xctest[59729:374007] CouchbaseLite Network Verbose: {BLIPIO#14} Finished sending RES #198
2019-07-22 18:00:12.281726-0700 xctest[59729:373965] CouchbaseLite Network Debug: {LoopbackWS#11} SEND: c6010100 10fc0c4e
2019-07-22 18:00:12.281820-0700 xctest[59729:374005] CouchbaseLite Replicator Info: {Puller#15} activityLevel=busy: pendingResponseCount=0, _caughtUp=1, _pendingRevMessages=196, _activeIncomingRevs=4
2019-07-22 18:00:12.281914-0700 xctest[59729:373968] CouchbaseLite Network Verbose: {BLIPIO#13} Sending 'rev' REQ #210 Z
2019-07-22 18:00:12.282005-0700 xctest[59729:374004] CouchbaseLite Replicator Info: {repl#10} pushStatus=busy, pullStatus=busy, progress=0/56800
2019-07-22 18:00:12.282084-0700 xctest[59729:374004] CouchbaseLite Replicator Verbose: {repl#10} progress +0/+0, 1 docs -- now 0 / 56800, 183 docs
2019-07-22 18:00:12.282153-0700 xctest[59729:374004] CouchbaseLite Replicator Info: {repl#10} activityLevel=busy: connectionState=2
2019-07-22 18:00:12.282218-0700 xctest[59729:374004] CouchbaseLite Replicator Info: {repl#10} pushStatus=busy, pullStatus=busy, progress=0/56800
2019-07-22 18:00:12.282295-0700 xctest[59729:374005] CouchbaseLite Replicator Info: {Puller#15} activityLevel=busy: pendingResponseCount=0, _caughtUp=1, _pendingRevMessages=196, _activeIncomingRevs=4
2019-07-22 18:00:12.282391-0700 xctest[59729:373968] CouchbaseLite Network Verbose: {BLIPIO#13} Sending frame: REQ #210 ---C, bytes 0--17
2019-07-22 18:00:12.282488-0700 xctest[59729:373964] CouchbaseLite Replicator Verbose: {pusher#16} Completed rev doc1184 #1-c8c16ee37b9d0041b91beafe4587497a8ee75665 (seq #184)
2019-07-22 18:00:12.282586-0700 xctest[59729:374007] CouchbaseLite Network Verbose: {BLIPIO#14} ...Wrote 8 bytes to WebSocket (writeable=1)
2019-07-22 18:00:12.282688-0700 xctest[59729:373965] CouchbaseLite Network Debug: {LoopbackWS#12} RECEIVED: c6010100 10fc0c4e
2019-07-22 18:00:12.282774-0700 xctest[59729:374005] CouchbaseLite Replicator Verbose: {Puller#15} Checkpoint now at 204
2019-07-22 18:00:12.282885-0700 xctest[59729:373968] CouchbaseLite Network Verbose: {BLIPIO#13} Finished sending REQ #210 Z
2019-07-22 18:00:12.282979-0700 xctest[59729:373964] CouchbaseLite Replicator Debug: {pusher#16} Done pushing 'doc1184' 1-c8c16ee37b9d0041b91beafe4587497a8ee75665
2019-07-22 18:00:12.283065-0700 xctest[59729:373964] CouchbaseLite Replicator Verbose: {pusher#16} progress +0/+0, 1 docs -- now 0 / 56800, 184 docs
2019-07-22 18:00:12.283139-0700 xctest[59729:373964] CouchbaseLite Replicator Info: {pusher#16} activityLevel=busy: pendingResponseCount=24, caughtUp=1, changeLists=0, revsInFlight=10, blobsInFlight=0, awaitingReply=3248, revsToSend=192, pushingDocs=216, pendingSequences=0
2019-07-22 18:00:12.283268-0700 xctest[59729:374005] CouchbaseLite Replicator Verbose: {Puller#15} progress +284/+0, 2 docs -- now 29160 / 56992, 200 docs
2019-07-22 18:00:12.283380-0700 xctest[59729:374005] CouchbaseLite Replicator Info: {Puller#15} activityLevel=busy: pendingResponseCount=0, _caughtUp=1, _pendingRevMessages=196, _activeIncomingRevs=4
2019-07-22 18:00:12.283476-0700 xctest[59729:374007] CouchbaseLite Network Verbose: {BLIPIO#14} Sending RES #199
2019-07-22 18:00:12.283576-0700 xctest[59729:373965] CouchbaseLite Network Debug: {LoopbackWS#12} SEND: d20108c2 e64d730a bc49a81d 3440de04 000263a1 30
2019-07-22 18:00:12.283697-0700 xctest[59729:373964] CouchbaseLite Replicator Verbose: {pusher#16} Completed rev doc1185 #1-c8c16ee37b9d0041b91beafe4587497a8ee75665 (seq #185)
2019-07-22 18:00:12.283793-0700 xctest[59729:373989] CouchbaseLite Replicator Info: {repl#10} pushStatus=busy, pullStatus=busy, progress=0/56800
2019-07-22 18:00:12.283903-0700 xctest[59729:373968] CouchbaseLite Network Verbose: {BLIPIO#13} ...Wrote 21 bytes to WebSocket (writeable=1)
2019-07-22 18:00:12.284027-0700 xctest[59729:374005] CouchbaseLite Replicator Info: {Puller#15} activityLevel=busy: pendingResponseCount=0, _caughtUp=1, _pendingRevMessages=196, _activeIncomingRevs=4
2019-07-22 18:00:12.284151-0700 xctest[59729:374004] CouchbaseLite Replicator Info: {Repl#8} pushStatus=stopped, pullStatus=busy, progress=29160/56992
2019-07-22 18:00:12.284228-0700 xctest[59729:374004] CouchbaseLite Replicator Verbose: {Repl#8} progress +284/+0, 2 docs -- now 29160 / 56992, 200 docs
2019-07-22 18:00:12.284343-0700 xctest[59729:373987] CouchbaseLite Network Debug: {LoopbackWS#11} RECEIVED: d20108c2 e64d730a bc49a81d 3440de04 000263a1 30
2019-07-22 18:00:12.284451-0700 xctest[59729:373964] CouchbaseLite Replicator Debug: {pusher#16} Done pushing 'doc1185' 1-c8c16ee37b9d0041b91beafe4587497a8ee75665
2019-07-22 18:00:12.284539-0700 xctest[59729:373989] CouchbaseLite Replicator Verbose: {repl#10} progress +0/+0, 1 docs -- now 0 / 56800, 184 docs
2019-07-22 18:00:12.284637-0700 xctest[59729:373989] CouchbaseLite Replicator Info: {repl#10} activityLevel=busy: connectionState=2
2019-07-22 18:00:12.284736-0700 xctest[59729:373989] CouchbaseLite Replicator Info: {repl#10} pushStatus=busy, pullStatus=busy, progress=0/56800
2019-07-22 18:00:12.284833-0700 xctest[59729:374007] CouchbaseLite Network Verbose: {BLIPIO#14} Sending frame: RES #199 ----, bytes 0--4
2019-07-22 18:00:12.284943-0700 xctest[59729:374004] CouchbaseLite Replicator Info: {Repl#8} activityLevel=busy: connectionState=2
2019-07-22 18:00:12.285049-0700 xctest[59729:374004] CouchbaseLite Replicator Info: {Repl#8} pushStatus=stopped, pullStatus=busy, progress=29160/56992
2019-07-22 18:00:12.285169-0700 xctest[59729:373968] CouchbaseLite Network Verbose: {BLIPIO#13} Sending 'rev' REQ #211 Z
2019-07-22 18:00:12.285278-0700 xctest[59729:374005] CouchbaseLite Replicator Info: {Puller#15} activityLevel=busy: pendingResponseCount=0, _caughtUp=1, _pendingRevMessages=196, _activeIncomingRevs=4
2019-07-22 18:00:12.285378-0700 xctest[59729:374007] CouchbaseLite Network Verbose: {BLIPIO#14} Finished sending RES #199
2019-07-22 18:00:12.285491-0700 xctest[59729:373989] CouchbaseLite Network Debug: {LoopbackWS#11} SEND: c7010100 43767f16
2019-07-22 18:00:12.285597-0700 xctest[59729:373964] CouchbaseLite Replicator Verbose: {pusher#16} progress +0/+0, 1 docs -- now 0 / 56800, 185 docs
2019-07-22 18:00:12.285709-0700 xctest[59729:373968] CouchbaseLite Network Verbose: {BLIPIO#13} Sending frame: REQ #211 ---C, bytes 0--17
2019-07-22 18:00:12.285833-0700 xctest[59729:374005] CouchbaseLite Replicator Info: {Puller#15} activityLevel=busy: pendingResponseCount=0, _caughtUp=1, _pendingRevMessages=195, _activeIncomingRevs=5
2019-07-22 18:00:12.285925-0700 xctest[59729:374004] CouchbaseLite Replicator Verbose: {IncomingRev#20} Received revision 'doc25' #1-c51e026de7cf8de5a633f3a8066a50ab6a29d033 (seq '205')
2019-07-22 18:00:12.286047-0700 xctest[59729:374007] CouchbaseLite Network Verbose: {BLIPIO#14} ...Wrote 8 bytes to WebSocket (writeable=1)
2019-07-22 18:00:12.286163-0700 xctest[59729:373987] CouchbaseLite Network Debug: {LoopbackWS#12} RECEIVED: c7010100 43767f16
2019-07-22 18:00:12.286314-0700 xctest[59729:373964] CouchbaseLite Replicator Info: {pusher#16} activityLevel=busy: pendingResponseCount=23, caughtUp=1, changeLists=0, revsInFlight=10, blobsInFlight=0, awaitingReply=3016, revsToSend=192, pushingDocs=215, pendingSequences=0
2019-07-22 18:00:12.286467-0700 xctest[59729:373968] CouchbaseLite Network Verbose: {BLIPIO#13} Finished sending REQ #211 Z
2019-07-22 18:00:12.286613-0700 xctest[59729:374007] CouchbaseLite Network Verbose: {BLIPIO#14} Sending RES #200
2019-07-22 18:00:12.286706-0700 xctest[59729:373987] CouchbaseLite Network Debug: {LoopbackWS#12} SEND: d30108c2 e64d0b0a bc49a819 3440de04 00e3b724 16
2019-07-22 18:00:12.286828-0700 xctest[59729:374005] CouchbaseLite Replicator Info: {repl#10} pushStatus=busy, pullStatus=busy, progress=0/56800
2019-07-22 18:00:12.286944-0700 xctest[59729:373964] CouchbaseLite Replicator Verbose: {pusher#16} Completed rev doc1186 #1-c8c16ee37b9d0041b91beafe4587497a8ee75665 (seq #186)
2019-07-22 18:00:12.287032-0700 xctest[59729:373968] CouchbaseLite Network Verbose: {BLIPIO#13} ...Wrote 21 bytes to WebSocket (writeable=1)
2019-07-22 18:00:12.287142-0700 xctest[59729:374004] CouchbaseLite Replicator Info: {IncomingRev#20} Rejected by pull validator function
2019-07-22 18:00:12.287262-0700 xctest[59729:374007] CouchbaseLite Network Verbose: {BLIPIO#14} Sending frame: RES #200 ----, bytes 0--4
2019-07-22 18:00:12.287356-0700 xctest[59729:373989] CouchbaseLite Network Debug: {LoopbackWS#11} RECEIVED: d30108c2 e64d0b0a bc49a819 3440de04 00e3b724 16
2019-07-22 18:00:12.287492-0700 xctest[59729:374005] CouchbaseLite Replicator Verbose: {repl#10} progress +0/+0, 1 docs -- now 0 / 56800, 185 docs
2019-07-22 18:00:12.287593-0700 xctest[59729:373964] CouchbaseLite Replicator Debug: {pusher#16} Done pushing 'doc1186' 1-c8c16ee37b9d0041b91beafe4587497a8ee75665
2019-07-22 18:00:12.287714-0700 xctest[59729:373968] CouchbaseLite Network Verbose: {BLIPIO#13} Received frame: ERR #206 ----, length 69
2019-07-22 18:00:12.287824-0700 xctest[59729:374007] CouchbaseLite Network Verbose: {BLIPIO#14} Finished sending RES #200
2019-07-22 18:00:12.287920-0700 xctest[59729:373987] CouchbaseLite Replicator Info: {Repl#8} documentEnded doc25 1-c51e026de7cf8de5a633f3a8066a50ab6a29d033 flags=08 (6/403)
2019-07-22 18:00:12.288066-0700 xctest[59729:373989] CouchbaseLite Network Debug: {LoopbackWS#11} SEND: c8010100 26952ca3
2019-07-22 18:00:12.288189-0700 xctest[59729:374005] CouchbaseLite Replicator Info: {repl#10} activityLevel=busy: connectionState=2
2019-07-22 18:00:12.288321-0700 xctest[59729:373964] CouchbaseLite Replicator Verbose: {pusher#16} progress +0/+0, 1 docs -- now 0 / 56800, 186 docs
2019-07-22 18:00:12.288434-0700 xctest[59729:373964] CouchbaseLite Replicator Info: {pusher#16} activityLevel=busy: pendingResponseCount=22, caughtUp=1, changeLists=0, revsInFlight=10, blobsInFlight=0, awaitingReply=2784, revsToSend=192, pushingDocs=214, pendingSequences=0
2019-07-22 18:00:12.288623-0700 xctest[59729:374007] CouchbaseLite Network Verbose: {BLIPIO#14} ...Wrote 8 bytes to WebSocket (writeable=1)
2019-07-22 18:00:12.288779-0700 xctest[59729:373987] CouchbaseLite Replicator Verbose: {Puller#15} Checkpoint now at 205
2019-07-22 18:00:12.288910-0700 xctest[59729:373987] CouchbaseLite Replicator Verbose: {Puller#15} progress +142/+0, 0 docs -- now 29302 / 56992, 200 docs
2019-07-22 18:00:12.289046-0700 xctest[59729:374005] CouchbaseLite Replicator Info: {repl#10} pushStatus=busy, pullStatus=busy, progress=0/56800
2019-07-22 18:00:12.289156-0700 xctest[59729:373968] CouchbaseLite Network Verbose: {Connection#9} Receiving ERR #206
2019-07-22 18:00:12.289279-0700 xctest[59729:373964] CouchbaseLite Replicator Verbose: {pusher#16} Completed rev doc1187 #1-c8c16ee37b9d0041b91beafe4587497a8ee75665 (seq #187)
2019-07-22 18:00:12.289408-0700 xctest[59729:373964] CouchbaseLite Replicator Debug: {pusher#16} Done pushing 'doc1187' 1-c8c16ee37b9d0041b91beafe4587497a8ee75665
2019-07-22 18:00:12.289524-0700 xctest[59729:373964] CouchbaseLite Replicator Verbose: {pusher#16} progress +0/+0, 1 docs -- now 0 / 56800, 187 docs
2019-07-22 18:00:12.289666-0700 xctest[59729:373987] CouchbaseLite Replicator Info: {Puller#15} activityLevel=busy: pendingResponseCount=0, _caughtUp=1, _pendingRevMessages=195, _activeIncomingRevs=5
2019-07-22 18:00:12.289800-0700 xctest[59729:374005] CouchbaseLite Replicator Info: {repl#10} pushStatus=busy, pullStatus=busy, progress=0/56800
2019-07-22 18:00:12.289892-0700 xctest[59729:374005] CouchbaseLite Replicator Verbose: {repl#10} progress +0/+0, 1 docs -- now 0 / 56800, 186 docs
2019-07-22 18:00:12.289998-0700 xctest[59729:374007] CouchbaseLite Network Verbose: {BLIPIO#14} Sending RES #201
2019-07-22 18:00:12.290115-0700 xctest[59729:374004] CouchbaseLite Network Debug: {LoopbackWS#12} RECEIVED: c8010100 26952ca3
2019-07-22 18:00:12.290217-0700 xctest[59729:373964] CouchbaseLite Replicator Info: {pusher#16} activityLevel=busy: pendingResponseCount=21, caughtUp=1, changeLists=0, revsInFlight=10, blobsInFlight=0, awaitingReply=2552, revsToSend=192, pushingDocs=213, pendingSequences=0
2019-07-22 18:00:12.290342-0700 xctest[59729:373989] CouchbaseLite Replicator Info: {Repl#8} pushStatus=stopped, pullStatus=busy, progress=29302/56992
2019-07-22 18:00:12.290450-0700 xctest[59729:373989] CouchbaseLite Replicator Verbose: {Repl#8} progress +142/+0, 0 docs -- now 29302 / 56992, 200 docs
2019-07-22 18:00:12.290536-0700 xctest[59729:373989] CouchbaseLite Replicator Info: {Repl#8} activityLevel=busy: connectionState=2
2019-07-22 18:00:12.290630-0700 xctest[59729:373989] CouchbaseLite Replicator Info: {Repl#8} pushStatus=stopped, pullStatus=busy, progress=29302/56992
2019-07-22 18:00:12.290720-0700 xctest[59729:373964] CouchbaseLite Replicator Verbose: {pusher#16} Completed rev doc1188 #1-c8c16ee37b9d0041b91beafe4587497a8ee75665 (seq #188)
2019-07-22 18:00:12.290817-0700 xctest[59729:373968] CouchbaseLite Network Verbose: {Connection#9} Finished receiving ERR #206
2019-07-22 18:00:12.290921-0700 xctest[59729:374005] CouchbaseLite Replicator Info: {repl#10} activityLevel=busy: connectionState=2
2019-07-22 18:00:12.291003-0700 xctest[59729:374005] CouchbaseLite Replicator Info: {repl#10} pushStatus=busy, pullStatus=busy, progress=0/56800
2019-07-22 18:00:12.291093-0700 xctest[59729:373964] CouchbaseLite Replicator Debug: {pusher#16} Done pushing 'doc1188' 1-c8c16ee37b9d0041b91beafe4587497a8ee75665
2019-07-22 18:00:12.291182-0700 xctest[59729:373968] CouchbaseLite Network Verbose: {BLIPIO#13} Received frame: ERR #207 ----, length 69
2019-07-22 18:00:12.291271-0700 xctest[59729:374007] CouchbaseLite Network Verbose: {BLIPIO#14} Sending frame: RES #201 ----, bytes 0--4
2019-07-22 18:00:12.291366-0700 xctest[59729:374005] CouchbaseLite Replicator Info: {repl#10} pushStatus=busy, pullStatus=busy, progress=0/56800
2019-07-22 18:00:12.291458-0700 xctest[59729:374005] CouchbaseLite Replicator Verbose: {repl#10} progress +0/+0, 1 docs -- now 0 / 56800, 187 docs
2019-07-22 18:00:12.291538-0700 xctest[59729:374005] CouchbaseLite Replicator Info: {repl#10} activityLevel=busy: connectionState=2
2019-07-22 18:00:12.291633-0700 xctest[59729:374005] CouchbaseLite Replicator Info: {repl#10} pushStatus=busy, pullStatus=busy, progress=0/56800
2019-07-22 18:00:12.291718-0700 xctest[59729:373989] CouchbaseLite Network Debug: {LoopbackWS#11} SEND: c9010100 9dfb88f3
2019-07-22 18:00:12.291800-0700 xctest[59729:373964] CouchbaseLite Replicator Verbose: {pusher#16} progress +0/+0, 1 docs -- now 0 / 56800, 188 docs
2019-07-22 18:00:12.291887-0700 xctest[59729:373964] CouchbaseLite Replicator Info: {pusher#16} activityLevel=busy: pendingResponseCount=20, caughtUp=1, changeLists=0, revsInFlight=10, blobsInFlight=0, awaitingReply=2320, revsToSend=192, pushingDocs=212, pendingSequences=0
2019-07-22 18:00:12.291976-0700 xctest[59729:374007] CouchbaseLite Network Verbose: {BLIPIO#14} Finished sending RES #201
2019-07-22 18:00:12.292059-0700 xctest[59729:374007] CouchbaseLite Network Verbose: {BLIPIO#14} ...Wrote 8 bytes to WebSocket (writeable=1)
2019-07-22 18:00:12.292154-0700 xctest[59729:373968] CouchbaseLite Network Verbose: {Connection#9} Receiving ERR #207
2019-07-22 18:00:12.292271-0700 xctest[59729:373989] CouchbaseLite Replicator Info: {repl#10} pushStatus=busy, pullStatus=busy, progress=0/56800
2019-07-22 18:00:12.292358-0700 xctest[59729:373989] CouchbaseLite Replicator Verbose: {repl#10} progress +0/+0, 1 docs -- now 0 / 56800, 188 docs
2019-07-22 18:00:12.292428-0700 xctest[59729:373989] CouchbaseLite Replicator Info: {repl#10} activityLevel=busy: connectionState=2
2019-07-22 18:00:12.292495-0700 xctest[59729:373989] CouchbaseLite Replicator Info: {repl#10} pushStatus=busy, pullStatus=busy, progress=0/56800
2019-07-22 18:00:12.292575-0700 xctest[59729:373968] CouchbaseLite Network Verbose: {Connection#9} Finished receiving ERR #207
2019-07-22 18:00:12.292658-0700 xctest[59729:373964] CouchbaseLite Replicator Debug: {pusher#16} Transmitted 'rev' doc1199 #1-c8c16ee37b9d0041b91beafe4587497a8ee75665 (seq #199)
2019-07-22 18:00:12.292754-0700 xctest[59729:374005] CouchbaseLite Network Debug: {LoopbackWS#12} RECEIVED: c9010100 9dfb88f3
2019-07-22 18:00:12.292843-0700 xctest[59729:374007] CouchbaseLite Network Verbose: {BLIPIO#14} Sending RES #202
2019-07-22 18:00:12.292930-0700 xctest[59729:373968] CouchbaseLite Network Verbose: {BLIPIO#13} Received frame: RES #197 ----, length 5
2019-07-22 18:00:12.293029-0700 xctest[59729:373964] CouchbaseLite Replicator Verbose: {pusher#16} Sending rev doc29 1-c51e026de7cf8de5a633f3a8066a50ab6a29d033 (seq #209) [10/10]
2019-07-22 18:00:12.293119-0700 xctest[59729:374007] CouchbaseLite Network Verbose: {BLIPIO#14} Sending frame: RES #202 ----, bytes 0--4
2019-07-22 18:00:12.293220-0700 xctest[59729:373968] CouchbaseLite Network Verbose: {Connection#9} Receiving RES #197
2019-07-22 18:00:12.296189-0700 xctest[59729:373964] CouchbaseLite Replicator Verbose: {pusher#16} Reading document 'doc29' #1-c51e026de7cf8de5a633f3a8066a50ab6a29d033
2019-07-22 18:00:12.296338-0700 xctest[59729:374007] CouchbaseLite Network Verbose: {BLIPIO#14} Finished sending RES #202
2019-07-22 18:00:12.296452-0700 xctest[59729:374007] CouchbaseLite Network Verbose: {BLIPIO#14} ...Wrote 8 bytes to WebSocket (writeable=1)
2019-07-22 18:00:12.296586-0700 xctest[59729:374007] CouchbaseLite Network Verbose: {BLIPIO#14} Sending RES #203
2019-07-22 18:00:12.296817-0700 xctest[59729:374007] CouchbaseLite Network Verbose: {BLIPIO#14} Sending frame: RES #203 ----, bytes 0--4
2019-07-22 18:00:12.296938-0700 xctest[59729:374007] CouchbaseLite Network Verbose: {BLIPIO#14} Finished sending RES #203
2019-07-22 18:00:12.297057-0700 xctest[59729:374007] CouchbaseLite Network Verbose: {BLIPIO#14} ...Wrote 8 bytes to WebSocket (writeable=1)
2019-07-22 18:00:12.297198-0700 xctest[59729:374007] CouchbaseLite Network Verbose: {BLIPIO#14} Received frame: REQ #209 ---C, length 18
2019-07-22 18:00:12.297319-0700 xctest[59729:373968] CouchbaseLite Network Verbose: {Connection#9} Finished receiving RES #197
2019-07-22 18:00:12.297442-0700 xctest[59729:373964] CouchbaseLite Replicator Verbose: {pusher#16} Transmitting 'rev' message with 'doc29' #1-c51e026de7cf8de5a633f3a8066a50ab6a29d033
2019-07-22 18:00:12.297620-0700 xctest[59729:374005] CouchbaseLite Network Debug: {LoopbackWS#11} SEND: ca010100 f62bb7a3
2019-07-22 18:00:12.297773-0700 xctest[59729:374007] CouchbaseLite Network Verbose: {Connection#7} Receiving 'rev' REQ #209 Z
2019-07-22 18:00:12.297931-0700 xctest[59729:373968] CouchbaseLite Network Verbose: {BLIPIO#13} Received frame: RES #198 ----, length 5
2019-07-22 18:00:12.298058-0700 xctest[59729:373964] CouchbaseLite Replicator Info: {pusher#16} activityLevel=busy: pendingResponseCount=21, caughtUp=1, changeLists=0, revsInFlight=10, blobsInFlight=0, awaitingReply=2552, revsToSend=191, pushingDocs=212, pendingSequences=0
2019-07-22 18:00:12.298245-0700 xctest[59729:373964] CouchbaseLite Replicator Debug: {pusher#16} Transmitted 'rev' doc1200 #1-c8c16ee37b9d0041b91beafe4587497a8ee75665 (seq #200)
2019-07-22 18:00:12.298370-0700 xctest[59729:373964] CouchbaseLite Replicator Verbose: {pusher#16} Sending rev doc210 1-c51e026de7cf8de5a633f3a8066a50ab6a29d033 (seq #210) [10/10]
2019-07-22 18:00:12.298472-0700 xctest[59729:373964] CouchbaseLite Replicator Verbose: {pusher#16} Reading document 'doc210' #1-c51e026de7cf8de5a633f3a8066a50ab6a29d033
2019-07-22 18:00:12.298620-0700 xctest[59729:373968] CouchbaseLite Network Verbose: {Connection#9} Receiving RES #198
2019-07-22 18:00:12.298734-0700 xctest[59729:373968] CouchbaseLite Network Verbose: {Connection#9} Finished receiving RES #198
2019-07-22 18:00:12.298868-0700 xctest[59729:373989] CouchbaseLite Network Debug: {LoopbackWS#12} RECEIVED: ca010100 f62bb7a3
2019-07-22 18:00:12.298987-0700 xctest[59729:374007] CouchbaseLite Network Verbose: {Connection#7} Finished receiving 'rev' REQ #209 Z
2019-07-22 18:00:12.299120-0700 xctest[59729:374005] CouchbaseLite Network Debug: {LoopbackWS#11} SEND: cb010100 9d2b3668
2019-07-22 18:00:12.299238-0700 xctest[59729:373964] CouchbaseLite Replicator Verbose: {pusher#16} Transmitting 'rev' message with 'doc210' #1-c51e026de7cf8de5a633f3a8066a50ab6a29d033
2019-07-22 18:00:12.299354-0700 xctest[59729:373968] CouchbaseLite Network Verbose: {BLIPIO#13} Received frame: RES #199 ----, length 5
2019-07-22 18:00:12.299470-0700 xctest[59729:373968] CouchbaseLite Network Verbose: {Connection#9} Receiving RES #199
2019-07-22 18:00:12.299553-0700 xctest[59729:373989] CouchbaseLite Replicator Info: {Puller#15} activityLevel=busy: pendingResponseCount=0, _caughtUp=1, _pendingRevMessages=194, _activeIncomingRevs=6
2019-07-22 18:00:12.299645-0700 xctest[59729:374004] CouchbaseLite Replicator Verbose: {IncomingRev#20} Received revision 'doc26' #1-c51e026de7cf8de5a633f3a8066a50ab6a29d033 (seq '206')
2019-07-22 18:00:12.299764-0700 xctest[59729:373987] CouchbaseLite Network Debug: {LoopbackWS#12} RECEIVED: cb010100 9d2b3668
