2019-07-22 18:00:10.798039-0700 xctest[59729:373964] CouchbaseLite Replicator Verbose: {pusher#16} Reading document 'doc117' #1-c8c16ee37b9d0041b91beafe4587497a8ee75665
2019-07-22 18:00:10.798152-0700 xctest[59729:373990] CouchbaseLite Network Verbose: {BLIPIO#13} Sending frame: REQ #15 ---C, bytes 0--15
2019-07-22 18:00:10.798267-0700 xctest[59729:373988] CouchbaseLite Network Verbose: {BLIPIO#14} ...Wrote 84 bytes to WebSocket (writeable=1)
2019-07-22 18:00:10.798399-0700 xctest[59729:373989] CouchbaseLite Network Debug: {LoopbackWS#11} SEND: 09004d50 726f6669 6c650067 65744174 74616368 6d656e74 00646967 65737400 73686131 2d71444a 47544171 4c756e37 67427451 525a6d61 394c372b 50595941... [84]
2019-07-22 18:00:10.798508-0700 xctest[59729:373987] CouchbaseLite Replicator Info: {Puller#15} activityLevel=busy: pendingResponseCount=0, _caughtUp=1, _pendingRevMessages=390, _activeIncomingRevs=10
2019-07-22 18:00:10.798610-0700 xctest[59729:374004] CouchbaseLite Replicator Verbose: {IncomingBlob#37}==> litecore::repl::IncomingBlob for doc 'doc110'.photo [sha1-qDJGTAqLun7gBtQRZma9L7+PYYA=] @0x6130000b0570
2019-07-22 18:00:10.798702-0700 xctest[59729:374004] CouchbaseLite Replicator Verbose: {IncomingBlob#37} Requesting blob (12 bytes, compress=1)
2019-07-22 18:00:10.798833-0700 xctest[59729:373965] CouchbaseLite Network Debug: {LoopbackWS#12} SEND: 0f08c2ea 4bf21b3b 8683b3b5 03008735 bec8
2019-07-22 18:00:10.798970-0700 xctest[59729:373964] CouchbaseLite Replicator Verbose: {pusher#16} Transmitting 'rev' message with 'doc117' #1-c8c16ee37b9d0041b91beafe4587497a8ee75665
2019-07-22 18:00:10.799094-0700 xctest[59729:373988] CouchbaseLite Network Verbose: {BLIPIO#14} Sending 'getAttachment' REQ #10
2019-07-22 18:00:10.799202-0700 xctest[59729:373987] CouchbaseLite Replicator Verbose: {Puller#15} progress +0/+12, 0 docs -- now 0 / 56908, 0 docs
2019-07-22 18:00:10.799296-0700 xctest[59729:373987] CouchbaseLite Replicator Info: {Puller#15} activityLevel=busy: pendingResponseCount=0, _caughtUp=1, _pendingRevMessages=390, _activeIncomingRevs=10
2019-07-22 18:00:10.799401-0700 xctest[59729:374004] CouchbaseLite Replicator Verbose: {IncomingBlob#37} progress +0/+12, 0 docs -- now 0 / 12, 0 docs
2019-07-22 18:00:10.799485-0700 xctest[59729:374004] CouchbaseLite Replicator Verbose: {IncomingBlob#37} now busy
2019-07-22 18:00:10.799588-0700 xctest[59729:373989] CouchbaseLite Network Debug: {LoopbackWS#11} RECEIVED: 0f08c2ea 4bf21b3b 8683b3b5 03008735 bec8
2019-07-22 18:00:10.799706-0700 xctest[59729:373964] CouchbaseLite Replicator Info: {pusher#16} activityLevel=busy: pendingResponseCount=18, caughtUp=1, changeLists=1, revsInFlight=10, blobsInFlight=1, awaitingReply=1596, revsToSend=183, pushingDocs=400, pendingSequences=0
2019-07-22 18:00:10.799812-0700 xctest[59729:373988] CouchbaseLite Network Verbose: {BLIPIO#14} Sending frame: REQ #10 ----, bytes 0--81
2019-07-22 18:00:10.799929-0700 xctest[59729:373990] CouchbaseLite Network Verbose: {BLIPIO#13} Finished sending REQ #15 Z
2019-07-22 18:00:10.800049-0700 xctest[59729:373989] CouchbaseLite Network Debug: {LoopbackWS#11} SEND: 0a004d50 726f6669 6c650067 65744174 74616368 6d656e74 00646967 65737400 73686131 2d71444a 47544171 4c756e37 67427451 525a6d61 394c372b 50595941... [84]
2019-07-22 18:00:10.800170-0700 xctest[59729:373965] CouchbaseLite Network Debug: {LoopbackWS#12} RECEIVED: 09004d50 726f6669 6c650067 65744174 74616368 6d656e74 00646967 65737400 73686131 2d71444a 47544171 4c756e37 67427451 525a6d61 394c372b 50595941... [84]
2019-07-22 18:00:10.800278-0700 xctest[59729:373987] CouchbaseLite Replicator Verbose: {Puller#15} progress +0/+12, 0 docs -- now 0 / 56920, 0 docs
2019-07-22 18:00:10.800416-0700 xctest[59729:373987] CouchbaseLite Replicator Info: {Puller#15} activityLevel=busy: pendingResponseCount=0, _caughtUp=1, _pendingRevMessages=390, _activeIncomingRevs=10
2019-07-22 18:00:10.800536-0700 xctest[59729:373964] CouchbaseLite Replicator Verbose: {pusher#16} Sending blob sha1-qDJGTAqLun7gBtQRZma9L7+PYYA= (length=12, compress=1)
2019-07-22 18:00:10.800662-0700 xctest[59729:373968] CouchbaseLite Replicator Info: {Repl#8} pushStatus=stopped, pullStatus=busy, progress=0/56908
2019-07-22 18:00:10.800751-0700 xctest[59729:373968] CouchbaseLite Replicator Verbose: {Repl#8} progress +0/+12, 0 docs -- now 0 / 56908, 0 docs
2019-07-22 18:00:10.800843-0700 xctest[59729:373965] CouchbaseLite Network Debug: {LoopbackWS#12} RECEIVED: 0a004d50 726f6669 6c650067 65744174 74616368 6d656e74 00646967 65737400 73686131 2d71444a 47544171 4c756e37 67427451 525a6d61 394c372b 50595941... [84]
2019-07-22 18:00:10.800939-0700 xctest[59729:373988] CouchbaseLite Network Verbose: {BLIPIO#14} Finished sending REQ #10
2019-07-22 18:00:10.801038-0700 xctest[59729:373964] CouchbaseLite Replicator Info: {pusher#16} activityLevel=busy: pendingResponseCount=18, caughtUp=1, changeLists=1, revsInFlight=10, blobsInFlight=2, awaitingReply=1596, revsToSend=183, pushingDocs=400, pendingSequences=0
2019-07-22 18:00:10.801139-0700 xctest[59729:373990] CouchbaseLite Network Verbose: {BLIPIO#13} ...Wrote 18 bytes to WebSocket (writeable=1)
2019-07-22 18:00:10.801271-0700 xctest[59729:373968] CouchbaseLite Replicator Info: {Repl#8} activityLevel=busy: connectionState=2
2019-07-22 18:00:10.801365-0700 xctest[59729:373968] CouchbaseLite Replicator Info: {Repl#8} pushStatus=stopped, pullStatus=busy, progress=0/56908
2019-07-22 18:00:10.801466-0700 xctest[59729:373964] CouchbaseLite Replicator Debug: {pusher#16} Transmitted 'rev' doc18 #1-c8c16ee37b9d0041b91beafe4587497a8ee75665 (seq #8)
2019-07-22 18:00:10.801559-0700 xctest[59729:373990] CouchbaseLite Network Verbose: {BLIPIO#13} Sending 'rev' REQ #16 Z
2019-07-22 18:00:10.801664-0700 xctest[59729:373988] CouchbaseLite Network Verbose: {BLIPIO#14} ...Wrote 84 bytes to WebSocket (writeable=1)
2019-07-22 18:00:10.801788-0700 xctest[59729:373968] CouchbaseLite Replicator Info: {Repl#8} pushStatus=stopped, pullStatus=busy, progress=0/56920
2019-07-22 18:00:10.801899-0700 xctest[59729:373968] CouchbaseLite Replicator Verbose: {Repl#8} progress +0/+12, 0 docs -- now 0 / 56920, 0 docs
2019-07-22 18:00:10.801988-0700 xctest[59729:373968] CouchbaseLite Replicator Info: {Repl#8} activityLevel=busy: connectionState=2
2019-07-22 18:00:10.802068-0700 xctest[59729:373988] CouchbaseLite Network Verbose: {BLIPIO#14} Sending 'getAttachment' REQ #11
2019-07-22 18:00:10.802188-0700 xctest[59729:373964] CouchbaseLite Replicator Verbose: {pusher#16} Sending rev doc118 1-c8c16ee37b9d0041b91beafe4587497a8ee75665 (seq #18) [10/10]
2019-07-22 18:00:10.802295-0700 xctest[59729:373990] CouchbaseLite Network Verbose: {BLIPIO#13} Sending frame: REQ #16 ---C, bytes 0--15
2019-07-22 18:00:10.802393-0700 xctest[59729:373968] CouchbaseLite Replicator Info: {Repl#8} pushStatus=stopped, pullStatus=busy, progress=0/56920
2019-07-22 18:00:10.802517-0700 xctest[59729:373988] CouchbaseLite Network Verbose: {BLIPIO#14} Sending frame: REQ #11 ----, bytes 0--81
2019-07-22 18:00:10.802637-0700 xctest[59729:373964] CouchbaseLite Replicator Verbose: {pusher#16} Reading document 'doc118' #1-c8c16ee37b9d0041b91beafe4587497a8ee75665
2019-07-22 18:00:10.802727-0700 xctest[59729:373990] CouchbaseLite Network Verbose: {BLIPIO#13} Finished sending REQ #16 Z
2019-07-22 18:00:10.802878-0700 xctest[59729:373965] CouchbaseLite Network Debug: {LoopbackWS#12} SEND: 1008c2ea 4bf29b3b 8683b3bd 030080f7 fb95
2019-07-22 18:00:10.802984-0700 xctest[59729:373988] CouchbaseLite Network Verbose: {BLIPIO#14} Finished sending REQ #11
2019-07-22 18:00:10.803087-0700 xctest[59729:373968] CouchbaseLite Network Debug: {LoopbackWS#11} SEND: 0b004d50 726f6669 6c650067 65744174 74616368 6d656e74 00646967 65737400 73686131 2d71444a 47544171 4c756e37 67427451 525a6d61 394c372b 50595941... [84]
2019-07-22 18:00:10.803187-0700 xctest[59729:373990] CouchbaseLite Network Verbose: {BLIPIO#13} ...Wrote 18 bytes to WebSocket (writeable=1)
2019-07-22 18:00:10.803273-0700 xctest[59729:373964] CouchbaseLite Replicator Verbose: {pusher#16} Transmitting 'rev' message with 'doc118' #1-c8c16ee37b9d0041b91beafe4587497a8ee75665
2019-07-22 18:00:10.803375-0700 xctest[59729:373988] CouchbaseLite Network Verbose: {BLIPIO#14} ...Wrote 84 bytes to WebSocket (writeable=1)
2019-07-22 18:00:10.803491-0700 xctest[59729:373968] CouchbaseLite Network Debug: {LoopbackWS#11} RECEIVED: 1008c2ea 4bf29b3b 8683b3bd 030080f7 fb95
2019-07-22 18:00:10.803599-0700 xctest[59729:373965] CouchbaseLite Network Debug: {LoopbackWS#12} RECEIVED: 0b004d50 726f6669 6c650067 65744174 74616368 6d656e74 00646967 65737400 73686131 2d71444a 47544171 4c756e37 67427451 525a6d61 394c372b 50595941... [84]
2019-07-22 18:00:10.803707-0700 xctest[59729:373990] CouchbaseLite Network Verbose: {BLIPIO#13} Sending 'rev' REQ #17 Z
2019-07-22 18:00:10.803800-0700 xctest[59729:373964] CouchbaseLite Replicator Info: {pusher#16} activityLevel=busy: pendingResponseCount=19, caughtUp=1, changeLists=1, revsInFlight=10, blobsInFlight=2, awaitingReply=1824, revsToSend=182, pushingDocs=400, pendingSequences=0
2019-07-22 18:00:10.803914-0700 xctest[59729:373988] CouchbaseLite Network Verbose: {BLIPIO#14} Received frame: REQ #14 ---C, length 15
2019-07-22 18:00:10.804044-0700 xctest[59729:373990] CouchbaseLite Network Verbose: {BLIPIO#13} Sending frame: REQ #17 ---C, bytes 0--15
2019-07-22 18:00:10.804148-0700 xctest[59729:373964] CouchbaseLite Replicator Debug: {pusher#16} Transmitted 'rev' doc19 #1-c8c16ee37b9d0041b91beafe4587497a8ee75665 (seq #9)
2019-07-22 18:00:10.804272-0700 xctest[59729:373988] CouchbaseLite Network Verbose: {Connection#7} Receiving 'rev' REQ #14 Z
2019-07-22 18:00:10.804398-0700 xctest[59729:373965] CouchbaseLite Network Debug: {LoopbackWS#12} SEND: 1108c2ea 4bf21b3c 8683b3c5 03003743 125b
2019-07-22 18:00:10.804497-0700 xctest[59729:373990] CouchbaseLite Network Verbose: {BLIPIO#13} Finished sending REQ #17 Z
2019-07-22 18:00:10.804630-0700 xctest[59729:373964] CouchbaseLite Replicator Verbose: {pusher#16} Sending rev doc119 1-c8c16ee37b9d0041b91beafe4587497a8ee75665 (seq #19) [10/10]
2019-07-22 18:00:10.804731-0700 xctest[59729:373988] CouchbaseLite Network Verbose: {Connection#7} Finished receiving 'rev' REQ #14 Z
2019-07-22 18:00:10.804838-0700 xctest[59729:373968] CouchbaseLite Network Debug: {LoopbackWS#11} RECEIVED: 1108c2ea 4bf21b3c 8683b3c5 03003743 125b
2019-07-22 18:00:10.804941-0700 xctest[59729:373990] CouchbaseLite Network Verbose: {BLIPIO#13} ...Wrote 18 bytes to WebSocket (writeable=1)
2019-07-22 18:00:10.805026-0700 xctest[59729:373964] CouchbaseLite Replicator Verbose: {pusher#16} Reading document 'doc119' #1-c8c16ee37b9d0041b91beafe4587497a8ee75665
2019-07-22 18:00:10.805148-0700 xctest[59729:373988] CouchbaseLite Network Verbose: {BLIPIO#14} Received frame: REQ #15 ---C, length 16
2019-07-22 18:00:10.805280-0700 xctest[59729:373965] CouchbaseLite Replicator Info: {Puller#15} activityLevel=busy: pendingResponseCount=0, _caughtUp=1, _pendingRevMessages=389, _activeIncomingRevs=11
2019-07-22 18:00:10.805372-0700 xctest[59729:373987] CouchbaseLite Replicator Verbose: {IncomingRev#38}==> litecore::repl::IncomingRev ->file:////var/folders/pd/n3rd9nkx3tn4qvvvwh_2xd_40000gq/T/CouchbaseLite-EE/testdb.cblite2/ @0x613000050f70
2019-07-22 18:00:10.805469-0700 xctest[59729:373987] CouchbaseLite Replicator Verbose: {IncomingRev#38} Received revision 'doc111' #1-c8c16ee37b9d0041b91beafe4587497a8ee75665 (seq '11')
2019-07-22 18:00:10.805555-0700 xctest[59729:373988] CouchbaseLite Network Verbose: {Connection#7} Receiving 'rev' REQ #15 Z
2019-07-22 18:00:10.805685-0700 xctest[59729:373964] CouchbaseLite Replicator Verbose: {pusher#16} Transmitting 'rev' message with 'doc119' #1-c8c16ee37b9d0041b91beafe4587497a8ee75665
2019-07-22 18:00:10.805788-0700 xctest[59729:373990] CouchbaseLite Network Verbose: {BLIPIO#13} Received frame: REQ #7 ----, length 82
2019-07-22 18:00:10.805944-0700 xctest[59729:373988] CouchbaseLite Network Verbose: {Connection#7} Finished receiving 'rev' REQ #15 Z
2019-07-22 18:00:10.806080-0700 xctest[59729:373964] CouchbaseLite Replicator Info: {pusher#16} activityLevel=busy: pendingResponseCount=20, caughtUp=1, changeLists=1, revsInFlight=10, blobsInFlight=2, awaitingReply=2052, revsToSend=181, pushingDocs=400, pendingSequences=0
2019-07-22 18:00:10.806210-0700 xctest[59729:373990] CouchbaseLite Network Verbose: {Connection#9} Receiving 'getAttachment' REQ #7
2019-07-22 18:00:10.806310-0700 xctest[59729:373965] CouchbaseLite Replicator Info: {Puller#15} activityLevel=busy: pendingResponseCount=0, _caughtUp=1, _pendingRevMessages=388, _activeIncomingRevs=12
2019-07-22 18:00:10.806417-0700 xctest[59729:373988] CouchbaseLite Network Verbose: {BLIPIO#14} Sending 'getAttachment' REQ #12
2019-07-22 18:00:10.806518-0700 xctest[59729:373964] CouchbaseLite Replicator Debug: {pusher#16} Transmitted 'rev' doc110 #1-c8c16ee37b9d0041b91beafe4587497a8ee75665 (seq #10)
2019-07-22 18:00:10.806613-0700 xctest[59729:373964] CouchbaseLite Replicator Verbose: {pusher#16} Sending rev doc120 1-c8c16ee37b9d0041b91beafe4587497a8ee75665 (seq #20) [10/10]
2019-07-22 18:00:10.806707-0700 xctest[59729:373990] CouchbaseLite Network Verbose: {Connection#9} Finished receiving 'getAttachment' REQ #7
2019-07-22 18:00:10.806801-0700 xctest[59729:373965] CouchbaseLite Replicator Info: {Puller#15} activityLevel=busy: pendingResponseCount=0, _caughtUp=1, _pendingRevMessages=388, _activeIncomingRevs=12
2019-07-22 18:00:10.806908-0700 xctest[59729:373988] CouchbaseLite Network Verbose: {BLIPIO#14} Sending frame: REQ #12 ----, bytes 0--81
2019-07-22 18:00:10.807037-0700 xctest[59729:373987] CouchbaseLite Replicator Verbose: {IncomingRev#39}==> litecore::repl::IncomingRev ->file:////var/folders/pd/n3rd9nkx3tn4qvvvwh_2xd_40000gq/T/CouchbaseLite-EE/testdb.cblite2/ @0x613000051130
2019-07-22 18:00:10.807131-0700 xctest[59729:373987] CouchbaseLite Replicator Verbose: {IncomingRev#39} Received revision 'doc112' #1-c8c16ee37b9d0041b91beafe4587497a8ee75665 (seq '12')
2019-07-22 18:00:10.807240-0700 xctest[59729:373990] CouchbaseLite Network Verbose: {BLIPIO#13} Received frame: REQ #8 ----, length 82
2019-07-22 18:00:10.807371-0700 xctest[59729:373988] CouchbaseLite Network Verbose: {BLIPIO#14} Finished sending REQ #12
2019-07-22 18:00:10.807487-0700 xctest[59729:373965] CouchbaseLite Network Debug: {LoopbackWS#11} SEND: 0c004d50 726f6669 6c650067 65744174 74616368 6d656e74 00646967 65737400 73686131 2d71444a 47544171 4c756e37 67427451 525a6d61 394c372b 50595941... [84]
2019-07-22 18:00:10.807593-0700 xctest[59729:373964] CouchbaseLite Replicator Verbose: {pusher#16} Reading document 'doc120' #1-c8c16ee37b9d0041b91beafe4587497a8ee75665
2019-07-22 18:00:10.807762-0700 xctest[59729:373990] CouchbaseLite Network Verbose: {Connection#9} Receiving 'getAttachment' REQ #8
2019-07-22 18:00:10.807906-0700 xctest[59729:373988] CouchbaseLite Network Verbose: {BLIPIO#14} ...Wrote 84 bytes to WebSocket (writeable=1)
2019-07-22 18:00:10.808032-0700 xctest[59729:373968] CouchbaseLite Network Debug: {LoopbackWS#12} RECEIVED: 0c004d50 726f6669 6c650067 65744174 74616368 6d656e74 00646967 65737400 73686131 2d71444a 47544171 4c756e37 67427451 525a6d61 394c372b 50595941... [84]
2019-07-22 18:00:10.808128-0700 xctest[59729:373965] CouchbaseLite Replicator Info: {Puller#15} activityLevel=busy: pendingResponseCount=0, _caughtUp=1, _pendingRevMessages=388, _activeIncomingRevs=12
2019-07-22 18:00:10.808268-0700 xctest[59729:373987] CouchbaseLite Replicator Verbose: {IncomingBlob#40}==> litecore::repl::IncomingBlob for doc 'doc111'.photo [sha1-qDJGTAqLun7gBtQRZma9L7+PYYA=] @0x613000070930
2019-07-22 18:00:10.808375-0700 xctest[59729:373987] CouchbaseLite Replicator Verbose: {IncomingBlob#40} Requesting blob (12 bytes, compress=1)
2019-07-22 18:00:10.808499-0700 xctest[59729:373964] CouchbaseLite Replicator Verbose: {pusher#16} Transmitting 'rev' message with 'doc120' #1-c8c16ee37b9d0041b91beafe4587497a8ee75665
2019-07-22 18:00:10.808619-0700 xctest[59729:373988] CouchbaseLite Network Verbose: {BLIPIO#14} Received frame: REQ #16 ---C, length 16
2019-07-22 18:00:10.808715-0700 xctest[59729:373990] CouchbaseLite Network Verbose: {Connection#9} Finished receiving 'getAttachment' REQ #8
2019-07-22 18:00:10.808814-0700 xctest[59729:373987] CouchbaseLite Replicator Verbose: {IncomingBlob#40} progress +0/+12, 0 docs -- now 0 / 12, 0 docs
2019-07-22 18:00:10.808910-0700 xctest[59729:373987] CouchbaseLite Replicator Verbose: {IncomingBlob#40} now busy
2019-07-22 18:00:10.809003-0700 xctest[59729:373988] CouchbaseLite Network Verbose: {Connection#7} Receiving 'rev' REQ #16 Z
2019-07-22 18:00:10.809099-0700 xctest[59729:373990] CouchbaseLite Network Verbose: {BLIPIO#13} Received frame: REQ #9 ----, length 82
2019-07-22 18:00:10.809205-0700 xctest[59729:373964] CouchbaseLite Replicator Info: {pusher#16} activityLevel=busy: pendingResponseCount=21, caughtUp=1, changeLists=1, revsInFlight=10, blobsInFlight=2, awaitingReply=2282, revsToSend=180, pushingDocs=400, pendingSequences=0
2019-07-22 18:00:10.809344-0700 xctest[59729:373987] CouchbaseLite Replicator Verbose: {IncomingBlob#41}==> litecore::repl::IncomingBlob for doc 'doc112'.photo [sha1-qDJGTAqLun7gBtQRZma9L7+PYYA=] @0x613000070af0
2019-07-22 18:00:10.809447-0700 xctest[59729:373987] CouchbaseLite Replicator Verbose: {IncomingBlob#41} Requesting blob (12 bytes, compress=1)
2019-07-22 18:00:10.809546-0700 xctest[59729:373990] CouchbaseLite Network Verbose: {Connection#9} Receiving 'getAttachment' REQ #9
2019-07-22 18:00:10.809649-0700 xctest[59729:373964] CouchbaseLite Replicator Verbose: {pusher#16} Sending blob sha1-qDJGTAqLun7gBtQRZma9L7+PYYA= (length=12, compress=1)
2019-07-22 18:00:10.809754-0700 xctest[59729:373988] CouchbaseLite Network Verbose: {Connection#7} Finished receiving 'rev' REQ #16 Z
2019-07-22 18:00:10.809848-0700 xctest[59729:373987] CouchbaseLite Replicator Verbose: {IncomingBlob#41} progress +0/+12, 0 docs -- now 0 / 12, 0 docs
2019-07-22 18:00:10.809957-0700 xctest[59729:373987] CouchbaseLite Replicator Verbose: {IncomingBlob#41} now busy
2019-07-22 18:00:10.810046-0700 xctest[59729:373964] CouchbaseLite Replicator Info: {pusher#16} activityLevel=busy: pendingResponseCount=21, caughtUp=1, changeLists=1, revsInFlight=10, blobsInFlight=3, awaitingReply=2282, revsToSend=180, pushingDocs=400, pendingSequences=0
2019-07-22 18:00:10.810154-0700 xctest[59729:373988] CouchbaseLite Network Verbose: {BLIPIO#14} Received frame: REQ #17 ---C, length 16
2019-07-22 18:00:10.810274-0700 xctest[59729:373965] CouchbaseLite Replicator Info: {Puller#15} activityLevel=busy: pendingResponseCount=0, _caughtUp=1, _pendingRevMessages=387, _activeIncomingRevs=13
2019-07-22 18:00:10.810386-0700 xctest[59729:373990] CouchbaseLite Network Verbose: {Connection#9} Finished receiving 'getAttachment' REQ #9
2019-07-22 18:00:10.810529-0700 xctest[59729:373987] CouchbaseLite Replicator Verbose: {IncomingRev#42}==> litecore::repl::IncomingRev ->file:////var/folders/pd/n3rd9nkx3tn4qvvvwh_2xd_40000gq/T/CouchbaseLite-EE/testdb.cblite2/ @0x6130000512f0
2019-07-22 18:00:10.810641-0700 xctest[59729:373987] CouchbaseLite Replicator Verbose: {IncomingRev#42} Received revision 'doc113' #1-c8c16ee37b9d0041b91beafe4587497a8ee75665 (seq '13')
2019-07-22 18:00:10.810725-0700 xctest[59729:373988] CouchbaseLite Network Verbose: {Connection#7} Receiving 'rev' REQ #17 Z
2019-07-22 18:00:10.810851-0700 xctest[59729:373965] CouchbaseLite Replicator Verbose: {Puller#15} progress +0/+12, 0 docs -- now 0 / 56932, 0 docs
2019-07-22 18:00:10.810957-0700 xctest[59729:373965] CouchbaseLite Replicator Info: {Puller#15} activityLevel=busy: pendingResponseCount=0, _caughtUp=1, _pendingRevMessages=387, _activeIncomingRevs=13
2019-07-22 18:00:10.811062-0700 xctest[59729:373964] CouchbaseLite Replicator Verbose: {pusher#16} Sending blob sha1-qDJGTAqLun7gBtQRZma9L7+PYYA= (length=12, compress=1)
2019-07-22 18:00:10.811183-0700 xctest[59729:373988] CouchbaseLite Network Verbose: {Connection#7} Finished receiving 'rev' REQ #17 Z
2019-07-22 18:00:10.811298-0700 xctest[59729:373990] CouchbaseLite Network Verbose: {BLIPIO#13} Received frame: REQ #10 ----, length 82
2019-07-22 18:00:10.811440-0700 xctest[59729:373968] CouchbaseLite Replicator Info: {Repl#8} pushStatus=stopped, pullStatus=busy, progress=0/56932
2019-07-22 18:00:10.811540-0700 xctest[59729:373968] CouchbaseLite Replicator Verbose: {Repl#8} progress +0/+12, 0 docs -- now 0 / 56932, 0 docs
2019-07-22 18:00:10.811638-0700 xctest[59729:373965] CouchbaseLite Replicator Info: {Puller#15} activityLevel=busy: pendingResponseCount=0, _caughtUp=1, _pendingRevMessages=387, _activeIncomingRevs=13
2019-07-22 18:00:10.811756-0700 xctest[59729:373987] CouchbaseLite Replicator Verbose: {IncomingBlob#43}==> litecore::repl::IncomingBlob for doc 'doc113'.photo [sha1-qDJGTAqLun7gBtQRZma9L7+PYYA=] @0x613000071030
2019-07-22 18:00:10.811858-0700 xctest[59729:373987] CouchbaseLite Replicator Verbose: {IncomingBlob#43} Requesting blob (12 bytes, compress=1)
2019-07-22 18:00:10.811947-0700 xctest[59729:373990] CouchbaseLite Network Verbose: {Connection#9} Receiving 'getAttachment' REQ #10
2019-07-22 18:00:10.812051-0700 xctest[59729:373964] CouchbaseLite Replicator Info: {pusher#16} activityLevel=busy: pendingResponseCount=21, caughtUp=1, changeLists=1, revsInFlight=10, blobsInFlight=4, awaitingReply=2282, revsToSend=180, pushingDocs=400, pendingSequences=0
2019-07-22 18:00:10.812142-0700 xctest[59729:373968] CouchbaseLite Replicator Info: {Repl#8} activityLevel=busy: connectionState=2
2019-07-22 18:00:10.812234-0700 xctest[59729:373968] CouchbaseLite Replicator Info: {Repl#8} pushStatus=stopped, pullStatus=busy, progress=0/56932
2019-07-22 18:00:10.812328-0700 xctest[59729:373988] CouchbaseLite Network Verbose: {BLIPIO#14} Sending 'getAttachment' REQ #13
2019-07-22 18:00:10.812421-0700 xctest[59729:373987] CouchbaseLite Replicator Verbose: {IncomingBlob#43} progress +0/+12, 0 docs -- now 0 / 12, 0 docs
2019-07-22 18:00:10.812515-0700 xctest[59729:373990] CouchbaseLite Network Verbose: {Connection#9} Finished receiving 'getAttachment' REQ #10
2019-07-22 18:00:10.812604-0700 xctest[59729:373964] CouchbaseLite Replicator Info: {pusher#16} Got response for 200 local changes (sequences from 201)
2019-07-22 18:00:10.812713-0700 xctest[59729:373965] CouchbaseLite Replicator Verbose: {Puller#15} progress +0/+12, 0 docs -- now 0 / 56944, 0 docs
2019-07-22 18:00:10.812819-0700 xctest[59729:373965] CouchbaseLite Replicator Info: {Puller#15} activityLevel=busy: pendingResponseCount=0, _caughtUp=1, _pendingRevMessages=387, _activeIncomingRevs=13
2019-07-22 18:00:10.812911-0700 xctest[59729:373987] CouchbaseLite Replicator Verbose: {IncomingBlob#43} now busy
2019-07-22 18:00:10.813009-0700 xctest[59729:373990] CouchbaseLite Network Verbose: {BLIPIO#13} Received frame: REQ #11 ----, length 82
2019-07-22 18:00:10.813113-0700 xctest[59729:373988] CouchbaseLite Network Verbose: {BLIPIO#14} Sending frame: REQ #13 ----, bytes 0--81
2019-07-22 18:00:10.813196-0700 xctest[59729:373964] CouchbaseLite Replicator Verbose: {pusher#16} Queueing rev 'doc21' #1-c51e026de7cf8de5a633f3a8066a50ab6a29d033 (seq #201) [181 queued]
2019-07-22 18:00:10.813311-0700 xctest[59729:373968] CouchbaseLite Replicator Info: {Repl#8} pushStatus=stopped, pullStatus=busy, progress=0/56944
2019-07-22 18:00:10.813390-0700 xctest[59729:373968] CouchbaseLite Replicator Verbose: {Repl#8} progress +0/+12, 0 docs -- now 0 / 56944, 0 docs
2019-07-22 18:00:10.813481-0700 xctest[59729:373987] CouchbaseLite Replicator Verbose: {IncomingRev#44}==> litecore::repl::IncomingRev ->file:////var/folders/pd/n3rd9nkx3tn4qvvvwh_2xd_40000gq/T/CouchbaseLite-EE/testdb.cblite2/ @0x6130000514b0
2019-07-22 18:00:10.813575-0700 xctest[59729:373987] CouchbaseLite Replicator Verbose: {IncomingRev#44} Received revision 'doc114' #1-c8c16ee37b9d0041b91beafe4587497a8ee75665 (seq '14')
2019-07-22 18:00:10.813673-0700 xctest[59729:373988] CouchbaseLite Network Verbose: {BLIPIO#14} Finished sending REQ #13
2019-07-22 18:00:10.813774-0700 xctest[59729:373989] CouchbaseLite Network Debug: {LoopbackWS#11} SEND: 0d004d50 726f6669 6c650067 65744174 74616368 6d656e74 00646967 65737400 73686131 2d71444a 47544171 4c756e37 67427451 525a6d61 394c372b 50595941... [84]
2019-07-22 18:00:10.813882-0700 xctest[59729:373964] CouchbaseLite Replicator Verbose: {pusher#16} Queueing rev 'doc22' #1-c51e026de7cf8de5a633f3a8066a50ab6a29d033 (seq #202) [182 queued]
2019-07-22 18:00:10.814006-0700 xctest[59729:373965] CouchbaseLite Replicator Info: {Puller#15} activityLevel=busy: pendingResponseCount=0, _caughtUp=1, _pendingRevMessages=386, _activeIncomingRevs=14
2019-07-22 18:00:10.814132-0700 xctest[59729:373968] CouchbaseLite Replicator Info: {Repl#8} activityLevel=busy: connectionState=2
2019-07-22 18:00:10.814223-0700 xctest[59729:373968] CouchbaseLite Replicator Info: {Repl#8} pushStatus=stopped, pullStatus=busy, progress=0/56944
2019-07-22 18:00:10.814317-0700 xctest[59729:373988] CouchbaseLite Network Verbose: {BLIPIO#14} ...Wrote 84 bytes to WebSocket (writeable=1)
2019-07-22 18:00:10.814435-0700 xctest[59729:373964] CouchbaseLite Replicator Verbose: {pusher#16} Queueing rev 'doc23' #1-c51e026de7cf8de5a633f3a8066a50ab6a29d033 (seq #203) [183 queued]
2019-07-22 18:00:10.814521-0700 xctest[59729:374004] CouchbaseLite Network Debug: {LoopbackWS#12} RECEIVED: 0d004d50 726f6669 6c650067 65744174 74616368 6d656e74 00646967 65737400 73686131 2d71444a 47544171 4c756e37 67427451 525a6d61 394c372b 50595941... [84]
2019-07-22 18:00:10.814624-0700 xctest[59729:373965] CouchbaseLite Replicator Info: {Puller#15} activityLevel=busy: pendingResponseCount=0, _caughtUp=1, _pendingRevMessages=386, _activeIncomingRevs=14
2019-07-22 18:00:10.814724-0700 xctest[59729:373987] CouchbaseLite Replicator Verbose: {IncomingBlob#45}==> litecore::repl::IncomingBlob for doc 'doc114'.photo [sha1-qDJGTAqLun7gBtQRZma9L7+PYYA=] @0x6130000713b0
2019-07-22 18:00:10.814817-0700 xctest[59729:373990] CouchbaseLite Network Verbose: {Connection#9} Receiving 'getAttachment' REQ #11
2019-07-22 18:00:10.814923-0700 xctest[59729:373988] CouchbaseLite Network Verbose: {BLIPIO#14} Sending 'getAttachment' REQ #14
2019-07-22 18:00:10.814925-0700 xctest[59729:373989] CouchbaseLite Replicator Info: CBLReplicator[<- DB[otherdb]] is busy, progress 0/56944, error: (null)
2019-07-22 18:00:10.815038-0700 xctest[59729:373964] CouchbaseLite Replicator Verbose: {pusher#16} Queueing rev 'doc24' #1-c51e026de7cf8de5a633f3a8066a50ab6a29d033 (seq #204) [184 queued]
2019-07-22 18:00:10.815163-0700 xctest[59729:373965] CouchbaseLite Replicator Verbose: {Puller#15} progress +0/+12, 0 docs -- now 0 / 56956, 0 docs
2019-07-22 18:00:10.815260-0700 xctest[59729:373965] CouchbaseLite Replicator Info: {Puller#15} activityLevel=busy: pendingResponseCount=0, _caughtUp=1, _pendingRevMessages=386, _activeIncomingRevs=14
2019-07-22 18:00:10.815346-0700 xctest[59729:373990] CouchbaseLite Network Verbose: {Connection#9} Finished receiving 'getAttachment' REQ #11
2019-07-22 18:00:10.815451-0700 xctest[59729:373988] CouchbaseLite Network Verbose: {BLIPIO#14} Sending frame: REQ #14 ----, bytes 0--81
2019-07-22 18:00:10.815532-0700 xctest[59729:373968] CouchbaseLite Replicator Info: {repl#10} activityLevel=busy: connectionState=2
2019-07-22 18:00:10.815643-0700 xctest[59729:373968] CouchbaseLite Replicator Info: {repl#10} pushStatus=busy, pullStatus=busy, progress=0/56800
2019-07-22 18:00:10.815740-0700 xctest[59729:374003] CouchbaseLite Replicator Info: CBLReplicator[<- DB[otherdb]] is busy, progress 0/56944, error: (null)
2019-07-22 18:00:10.815757-0700 xctest[59729:373964] CouchbaseLite Replicator Verbose: {pusher#16} Queueing rev 'doc25' #1-c51e026de7cf8de5a633f3a8066a50ab6a29d033 (seq #205) [185 queued]
2019-07-22 18:00:10.815858-0700 xctest[59729:373964] CouchbaseLite Replicator Verbose: {pusher#16} Queueing rev 'doc26' #1-c51e026de7cf8de5a633f3a8066a50ab6a29d033 (seq #206) [186 queued]
2019-07-22 18:00:10.815943-0700 xctest[59729:373990] CouchbaseLite Network Verbose: {BLIPIO#13} Sending 'rev' REQ #18 Z
2019-07-22 18:00:10.816030-0700 xctest[59729:373988] CouchbaseLite Network Verbose: {BLIPIO#14} Finished sending REQ #14
2019-07-22 18:00:10.816134-0700 xctest[59729:373965] CouchbaseLite Network Debug: {LoopbackWS#11} SEND: 0e004d50 726f6669 6c650067 65744174 74616368 6d656e74 00646967 65737400 73686131 2d71444a 47544171 4c756e37 67427451 525a6d61 394c372b 50595941... [84]
2019-07-22 18:00:10.818514-0700 xctest[59729:374004] CouchbaseLite Replicator Info: {Repl#8} activityLevel=busy: connectionState=2
2019-07-22 18:00:10.818635-0700 xctest[59729:374004] CouchbaseLite Replicator Info: {Repl#8} pushStatus=stopped, pullStatus=busy, progress=0/56944
2019-07-22 18:00:10.818745-0700 xctest[59729:373964] CouchbaseLite Replicator Verbose: {pusher#16} Queueing rev 'doc27' #1-c51e026de7cf8de5a633f3a8066a50ab6a29d033 (seq #207) [187 queued]
2019-07-22 18:00:10.818852-0700 xctest[59729:373990] CouchbaseLite Network Verbose: {BLIPIO#13} Sending frame: REQ #18 ---C, bytes 0--15
2019-07-22 18:00:10.819011-0700 xctest[59729:373988] CouchbaseLite Network Verbose: {BLIPIO#14} ...Wrote 84 bytes to WebSocket (writeable=1)
2019-07-22 18:00:10.819149-0700 xctest[59729:373987] CouchbaseLite Replicator Verbose: {IncomingBlob#45} Requesting blob (12 bytes, compress=1)
2019-07-22 18:00:10.819273-0700 xctest[59729:373965] CouchbaseLite Network Debug: {LoopbackWS#12} RECEIVED: 0e004d50 726f6669 6c650067 65744174 74616368 6d656e74 00646967 65737400 73686131 2d71444a 47544171 4c756e37 67427451 525a6d61 394c372b 50595941... [84]
2019-07-22 18:00:10.819375-0700 xctest[59729:374004] CouchbaseLite Replicator Info: {Repl#8} pushStatus=stopped, pullStatus=busy, progress=0/56956
2019-07-22 18:00:10.819475-0700 xctest[59729:373964] CouchbaseLite Replicator Verbose: {pusher#16} Queueing rev 'doc28' #1-c51e026de7cf8de5a633f3a8066a50ab6a29d033 (seq #208) [188 queued]
2019-07-22 18:00:10.819578-0700 xctest[59729:373990] CouchbaseLite Network Verbose: {BLIPIO#13} Finished sending REQ #18 Z
2019-07-22 18:00:10.819699-0700 xctest[59729:373988] CouchbaseLite Network Verbose: {BLIPIO#14} Sending 'getAttachment' REQ #15
2019-07-22 18:00:10.819807-0700 xctest[59729:373987] CouchbaseLite Replicator Verbose: {IncomingBlob#45} progress +0/+12, 0 docs -- now 0 / 12, 0 docs
2019-07-22 18:00:10.819911-0700 xctest[59729:373987] CouchbaseLite Replicator Verbose: {IncomingBlob#45} now busy
2019-07-22 18:00:10.820005-0700 xctest[59729:374004] CouchbaseLite Replicator Verbose: {Repl#8} progress +0/+12, 0 docs -- now 0 / 56956, 0 docs
2019-07-22 18:00:10.820116-0700 xctest[59729:373964] CouchbaseLite Replicator Verbose: {pusher#16} Queueing rev 'doc29' #1-c51e026de7cf8de5a633f3a8066a50ab6a29d033 (seq #209) [189 queued]
2019-07-22 18:00:10.820215-0700 xctest[59729:373990] CouchbaseLite Network Verbose: {BLIPIO#13} ...Wrote 18 bytes to WebSocket (writeable=1)
2019-07-22 18:00:10.820299-0700 xctest[59729:373988] CouchbaseLite Network Verbose: {BLIPIO#14} Sending frame: REQ #15 ----, bytes 0--81
2019-07-22 18:00:10.820398-0700 xctest[59729:373965] CouchbaseLite Network Debug: {LoopbackWS#12} SEND: 1208c2ea 4bf29b3c 8683b3cd 03006b09 7a46
2019-07-22 18:00:10.820491-0700 xctest[59729:374003] CouchbaseLite Replicator Verbose: {Puller#15} progress +0/+12, 0 docs -- now 0 / 56968, 0 docs
2019-07-22 18:00:10.820585-0700 xctest[59729:374004] CouchbaseLite Replicator Info: {Repl#8} activityLevel=busy: connectionState=2
2019-07-22 18:00:10.820686-0700 xctest[59729:374004] CouchbaseLite Replicator Info: {Repl#8} pushStatus=stopped, pullStatus=busy, progress=0/56956
2019-07-22 18:00:10.820795-0700 xctest[59729:373990] CouchbaseLite Network Verbose: {BLIPIO#13} Sending 'rev' REQ #19 Z
2019-07-22 18:00:10.820889-0700 xctest[59729:373988] CouchbaseLite Network Verbose: {BLIPIO#14} Finished sending REQ #15
2019-07-22 18:00:10.820989-0700 xctest[59729:373987] CouchbaseLite Network Debug: {LoopbackWS#11} SEND: 0f004d50 726f6669 6c650067 65744174 74616368 6d656e74 00646967 65737400 73686131 2d71444a 47544171 4c756e37 67427451 525a6d61 394c372b 50595941... [84]
2019-07-22 18:00:10.821118-0700 xctest[59729:374003] CouchbaseLite Replicator Info: {Puller#15} activityLevel=busy: pendingResponseCount=0, _caughtUp=1, _pendingRevMessages=386, _activeIncomingRevs=14
2019-07-22 18:00:10.821222-0700 xctest[59729:373964] CouchbaseLite Replicator Verbose: {pusher#16} Queueing rev 'doc210' #1-c51e026de7cf8de5a633f3a8066a50ab6a29d033 (seq #210) [190 queued]
2019-07-22 18:00:10.821311-0700 xctest[59729:373990] CouchbaseLite Network Verbose: {BLIPIO#13} Sending frame: REQ #19 ---C, bytes 0--15
2019-07-22 18:00:10.821406-0700 xctest[59729:373988] CouchbaseLite Network Verbose: {BLIPIO#14} ...Wrote 84 bytes to WebSocket (writeable=1)
2019-07-22 18:00:10.821497-0700 xctest[59729:373987] CouchbaseLite Network Debug: {LoopbackWS#11} RECEIVED: 1208c2ea 4bf29b3c 8683b3cd 03006b09 7a46
2019-07-22 18:00:10.821591-0700 xctest[59729:374004] CouchbaseLite Network Debug: {LoopbackWS#12} RECEIVED: 0f004d50 726f6669 6c650067 65744174 74616368 6d656e74 00646967 65737400 73686131 2d71444a 47544171 4c756e37 67427451 525a6d61 394c372b 50595941... [84]
2019-07-22 18:00:10.821715-0700 xctest[59729:373968] CouchbaseLite Replicator Info: {Repl#8} pushStatus=stopped, pullStatus=busy, progress=0/56968
2019-07-22 18:00:10.821821-0700 xctest[59729:373968] CouchbaseLite Replicator Verbose: {Repl#8} progress +0/+12, 0 docs -- now 0 / 56968, 0 docs
2019-07-22 18:00:10.821898-0700 xctest[59729:373990] CouchbaseLite Network Verbose: {BLIPIO#13} Finished sending REQ #19 Z
2019-07-22 18:00:10.821999-0700 xctest[59729:373988] CouchbaseLite Network Verbose: {BLIPIO#14} Sending 'getAttachment' REQ #16
2019-07-22 18:00:10.822105-0700 xctest[59729:374004] CouchbaseLite Network Debug: {LoopbackWS#12} SEND: 1308c2ea 4bf21b3d 8683b3d5 03007803 c778
2019-07-22 18:00:10.822204-0700 xctest[59729:373964] CouchbaseLite Replicator Verbose: {pusher#16} Queueing rev 'doc211' #1-c51e026de7cf8de5a633f3a8066a50ab6a29d033 (seq #211) [191 queued]
2019-07-22 18:00:10.822299-0700 xctest[59729:373968] CouchbaseLite Replicator Info: {Repl#8} activityLevel=busy: connectionState=2
2019-07-22 18:00:10.822397-0700 xctest[59729:373990] CouchbaseLite Network Verbose: {BLIPIO#13} ...Wrote 18 bytes to WebSocket (writeable=1)
2019-07-22 18:00:10.822499-0700 xctest[59729:373988] CouchbaseLite Network Verbose: {BLIPIO#14} Sending frame: REQ #16 ----, bytes 0--81
2019-07-22 18:00:10.822601-0700 xctest[59729:373987] CouchbaseLite Network Debug: {LoopbackWS#11} RECEIVED: 1308c2ea 4bf21b3d 8683b3d5 03007803 c778
2019-07-22 18:00:10.822698-0700 xctest[59729:373964] CouchbaseLite Replicator Verbose: {pusher#16} Queueing rev 'doc212' #1-c51e026de7cf8de5a633f3a8066a50ab6a29d033 (seq #212) [192 queued]
2019-07-22 18:00:10.822802-0700 xctest[59729:373968] CouchbaseLite Replicator Info: {Repl#8} pushStatus=stopped, pullStatus=busy, progress=0/56968
2019-07-22 18:00:10.822891-0700 xctest[59729:373990] CouchbaseLite Network Verbose: {BLIPIO#13} Sending RES #3 Z
2019-07-22 18:00:10.822989-0700 xctest[59729:373988] CouchbaseLite Network Verbose: {BLIPIO#14} Finished sending REQ #16
2019-07-22 18:00:10.823077-0700 xctest[59729:373987] CouchbaseLite Network Debug: {LoopbackWS#11} SEND: 10004d50 726f6669 6c650067 65744174 74616368 6d656e74 00646967 65737400 73686131 2d71444a 47544171 4c756e37 67427451 525a6d61 394c372b 50595941... [84]
2019-07-22 18:00:10.823183-0700 xctest[59729:373964] CouchbaseLite Replicator Verbose: {pusher#16} Queueing rev 'doc213' #1-c51e026de7cf8de5a633f3a8066a50ab6a29d033 (seq #213) [193 queued]
2019-07-22 18:00:10.823279-0700 xctest[59729:373990] CouchbaseLite Network Verbose: {BLIPIO#13} Sending frame: RES #3 ---C, bytes 0--22
2019-07-22 18:00:10.823383-0700 xctest[59729:373988] CouchbaseLite Network Verbose: {BLIPIO#14} ...Wrote 84 bytes to WebSocket (writeable=1)
2019-07-22 18:00:10.823505-0700 xctest[59729:373968] CouchbaseLite Network Debug: {LoopbackWS#12} RECEIVED: 10004d50 726f6669 6c650067 65744174 74616368 6d656e74 00646967 65737400 73686131 2d71444a 47544171 4c756e37 67427451 525a6d61 394c372b 50595941... [84]
2019-07-22 18:00:10.823608-0700 xctest[59729:373964] CouchbaseLite Replicator Verbose: {pusher#16} Queueing rev 'doc214' #1-c51e026de7cf8de5a633f3a8066a50ab6a29d033 (seq #214) [194 queued]
2019-07-22 18:00:10.823693-0700 xctest[59729:373990] CouchbaseLite Network Verbose: {BLIPIO#13} Finished sending RES #3 Z
2019-07-22 18:00:10.823778-0700 xctest[59729:373990] CouchbaseLite Network Verbose: {BLIPIO#13} ...Wrote 25 bytes to WebSocket (writeable=1)
2019-07-22 18:00:10.823862-0700 xctest[59729:373968] CouchbaseLite Network Debug: {LoopbackWS#12} SEND: 03096200 000000ff fff254cf 55485428 0139470f 00ed1972 57
2019-07-22 18:00:10.823951-0700 xctest[59729:373964] CouchbaseLite Replicator Verbose: {pusher#16} Queueing rev 'doc215' #1-c51e026de7cf8de5a633f3a8066a50ab6a29d033 (seq #215) [195 queued]
2019-07-22 18:00:10.824045-0700 xctest[59729:373988] CouchbaseLite Network Verbose: {BLIPIO#14} Received frame: REQ #18 ---C, length 16
2019-07-22 18:00:10.824148-0700 xctest[59729:373990] CouchbaseLite Network Verbose: {BLIPIO#13} Sending 'rev' REQ #20 Z
2019-07-22 18:00:10.824228-0700 xctest[59729:373987] CouchbaseLite Network Debug: {LoopbackWS#11} RECEIVED: 03096200 000000ff fff254cf 55485428 0139470f 00ed1972 57
2019-07-22 18:00:10.824328-0700 xctest[59729:373964] CouchbaseLite Replicator Verbose: {pusher#16} Queueing rev 'doc216' #1-c51e026de7cf8de5a633f3a8066a50ab6a29d033 (seq #216) [196 queued]
2019-07-22 18:00:10.824413-0700 xctest[59729:373988] CouchbaseLite Network Verbose: {Connection#7} Receiving 'rev' REQ #18 Z
2019-07-22 18:00:10.824510-0700 xctest[59729:373990] CouchbaseLite Network Verbose: {BLIPIO#13} Sending frame: REQ #20 ---C, bytes 0--15
2019-07-22 18:00:10.824630-0700 xctest[59729:373964] CouchbaseLite Replicator Verbose: {pusher#16} Queueing rev 'doc217' #1-c51e026de7cf8de5a633f3a8066a50ab6a29d033 (seq #217) [197 queued]
2019-07-22 18:00:10.824722-0700 xctest[59729:373988] CouchbaseLite Network Verbose: {Connection#7} Finished receiving 'rev' REQ #18 Z
2019-07-22 18:00:10.824819-0700 xctest[59729:373990] CouchbaseLite Network Verbose: {BLIPIO#13} Finished sending REQ #20 Z
2019-07-22 18:00:10.824939-0700 xctest[59729:373987] CouchbaseLite Network Debug: {LoopbackWS#12} SEND: 1408c2ea 65f2db40 8683b311 04003cf0 3304
2019-07-22 18:00:10.825021-0700 xctest[59729:373964] CouchbaseLite Replicator Verbose: {pusher#16} Queueing rev 'doc218' #1-c51e026de7cf8de5a633f3a8066a50ab6a29d033 (seq #218) [198 queued]
2019-07-22 18:00:10.825127-0700 xctest[59729:373988] CouchbaseLite Network Verbose: {BLIPIO#14} Received frame: REQ #19 ---C, length 16
2019-07-22 18:00:10.825234-0700 xctest[59729:373968] CouchbaseLite Replicator Info: {Puller#15} activityLevel=busy: pendingResponseCount=0, _caughtUp=1, _pendingRevMessages=385, _activeIncomingRevs=15
2019-07-22 18:00:10.825334-0700 xctest[59729:374004] CouchbaseLite Replicator Verbose: {IncomingRev#46}==> litecore::repl::IncomingRev ->file:////var/folders/pd/n3rd9nkx3tn4qvvvwh_2xd_40000gq/T/CouchbaseLite-EE/testdb.cblite2/ @0x613000061970
2019-07-22 18:00:10.825438-0700 xctest[59729:374004] CouchbaseLite Replicator Verbose: {IncomingRev#46} Received revision 'doc115' #1-c8c16ee37b9d0041b91beafe4587497a8ee75665 (seq '15')
2019-07-22 18:00:10.825519-0700 xctest[59729:374003] CouchbaseLite Network Debug: {LoopbackWS#11} RECEIVED: 1408c2ea 65f2db40 8683b311 04003cf0 3304
2019-07-22 18:00:10.825642-0700 xctest[59729:373964] CouchbaseLite Replicator Verbose: {pusher#16} Queueing rev 'doc219' #1-c51e026de7cf8de5a633f3a8066a50ab6a29d033 (seq #219) [199 queued]
2019-07-22 18:00:10.825755-0700 xctest[59729:373988] CouchbaseLite Network Verbose: {Connection#7} Receiving 'rev' REQ #19 Z
2019-07-22 18:00:10.825860-0700 xctest[59729:373990] CouchbaseLite Network Verbose: {BLIPIO#13} ...Wrote 18 bytes to WebSocket (writeable=1)
2019-07-22 18:00:10.825976-0700 xctest[59729:373964] CouchbaseLite Replicator Verbose: {pusher#16} Queueing rev 'doc220' #1-c51e026de7cf8de5a633f3a8066a50ab6a29d033 (seq #220) [200 queued]
2019-07-22 18:00:10.826074-0700 xctest[59729:373988] CouchbaseLite Network Verbose: {Connection#7} Finished receiving 'rev' REQ #19 Z
2019-07-22 18:00:10.826179-0700 xctest[59729:373990] CouchbaseLite Network Verbose: {BLIPIO#13} Sending RES #4 Z
2019-07-22 18:00:10.826295-0700 xctest[59729:373964] CouchbaseLite Replicator Verbose: {pusher#16} Queueing rev 'doc221' #1-c51e026de7cf8de5a633f3a8066a50ab6a29d033 (seq #221) [201 queued]
2019-07-22 18:00:10.826395-0700 xctest[59729:374003] CouchbaseLite Replicator Info: {Puller#15} activityLevel=busy: pendingResponseCount=0, _caughtUp=1, _pendingRevMessages=385, _activeIncomingRevs=15
2019-07-22 18:00:10.826503-0700 xctest[59729:374004] CouchbaseLite Replicator Verbose: {IncomingBlob#47}==> litecore::repl::IncomingBlob for doc 'doc115'.photo [sha1-qDJGTAqLun7gBtQRZma9L7+PYYA=] @0x6130000b08f0
2019-07-22 18:00:10.826610-0700 xctest[59729:374004] CouchbaseLite Replicator Verbose: {IncomingBlob#47} Requesting blob (12 bytes, compress=1)
2019-07-22 18:00:10.826698-0700 xctest[59729:373990] CouchbaseLite Network Verbose: {BLIPIO#13} Sending frame: RES #4 ---C, bytes 0--14
2019-07-22 18:00:10.826805-0700 xctest[59729:373964] CouchbaseLite Replicator Verbose: {pusher#16} Queueing rev 'doc222' #1-c51e026de7cf8de5a633f3a8066a50ab6a29d033 (seq #222) [202 queued]
2019-07-22 18:00:10.826894-0700 xctest[59729:374003] CouchbaseLite Replicator Info: {Puller#15} activityLevel=busy: pendingResponseCount=0, _caughtUp=1, _pendingRevMessages=384, _activeIncomingRevs=16
2019-07-22 18:00:10.827030-0700 xctest[59729:373988] CouchbaseLite Network Verbose: {BLIPIO#14} Received frame: RES #3 ---C, length 23
2019-07-22 18:00:10.827148-0700 xctest[59729:374004] CouchbaseLite Replicator Verbose: {IncomingBlob#47} progress +0/+12, 0 docs -- now 0 / 12, 0 docs
2019-07-22 18:00:10.827241-0700 xctest[59729:374004] CouchbaseLite Replicator Verbose: {IncomingBlob#47} now busy
2019-07-22 18:00:10.827335-0700 xctest[59729:373968] CouchbaseLite Network Debug: {LoopbackWS#12} SEND: 04096200 000000ff ff42f632 000dacc4 f4
2019-07-22 18:00:10.827452-0700 xctest[59729:373964] CouchbaseLite Replicator Verbose: {pusher#16} Queueing rev 'doc223' #1-c51e026de7cf8de5a633f3a8066a50ab6a29d033 (seq #223) [203 queued]
2019-07-22 18:00:10.827530-0700 xctest[59729:373988] CouchbaseLite Network Verbose: {Connection#7} Receiving RES #3 Z
2019-07-22 18:00:10.827639-0700 xctest[59729:373990] CouchbaseLite Network Verbose: {BLIPIO#13} Finished sending RES #4 Z
2019-07-22 18:00:10.827728-0700 xctest[59729:374004] CouchbaseLite Replicator Verbose: {IncomingRev#48}==> litecore::repl::IncomingRev ->file:////var/folders/pd/n3rd9nkx3tn4qvvvwh_2xd_40000gq/T/CouchbaseLite-EE/testdb.cblite2/ @0x613000080df0
2019-07-22 18:00:10.827810-0700 xctest[59729:374004] CouchbaseLite Replicator Verbose: {IncomingRev#48} Received revision 'doc116' #1-c8c16ee37b9d0041b91beafe4587497a8ee75665 (seq '16')
2019-07-22 18:00:10.827909-0700 xctest[59729:373964] CouchbaseLite Replicator Verbose: {pusher#16} Queueing rev 'doc224' #1-c51e026de7cf8de5a633f3a8066a50ab6a29d033 (seq #224) [204 queued]
2019-07-22 18:00:10.828005-0700 xctest[59729:373988] CouchbaseLite Network Verbose: {Connection#7} Finished receiving RES #3 Z
2019-07-22 18:00:10.828112-0700 xctest[59729:373990] CouchbaseLite Network Verbose: {BLIPIO#13} ...Wrote 17 bytes to WebSocket (writeable=1)
2019-07-22 18:00:10.828218-0700 xctest[59729:374003] CouchbaseLite Network Debug: {LoopbackWS#11} RECEIVED: 04096200 000000ff ff42f632 000dacc4 f4
2019-07-22 18:00:10.828340-0700 xctest[59729:373964] CouchbaseLite Replicator Verbose: {pusher#16} Queueing rev 'doc225' #1-c51e026de7cf8de5a633f3a8066a50ab6a29d033 (seq #225) [205 queued]
2019-07-22 18:00:10.828447-0700 xctest[59729:373964] CouchbaseLite Replicator Verbose: {pusher#16} Queueing rev 'doc226' #1-c51e026de7cf8de5a633f3a8066a50ab6a29d033 (seq #226) [206 queued]
2019-07-22 18:00:10.828542-0700 xctest[59729:373990] CouchbaseLite Network Verbose: {BLIPIO#13} Sending 'rev' REQ #21 Z
2019-07-22 18:00:10.828648-0700 xctest[59729:374003] CouchbaseLite Replicator Info: {Puller#15} activityLevel=busy: pendingResponseCount=0, _caughtUp=1, _pendingRevMessages=384, _activeIncomingRevs=16
2019-07-22 18:00:10.828741-0700 xctest[59729:373988] CouchbaseLite Network Verbose: {BLIPIO#14} Received frame: REQ #20 ---C, length 16
2019-07-22 18:00:10.828832-0700 xctest[59729:374004] CouchbaseLite Replicator Info: {IncomingBlob#19} There are now 1 blob writers open
2019-07-22 18:00:10.828939-0700 xctest[59729:374004] CouchbaseLite Replicator Verbose: {IncomingBlob#19} Opened writer [1 open; max 1]
2019-07-22 18:00:10.829060-0700 xctest[59729:373990] CouchbaseLite Network Verbose: {BLIPIO#13} Sending frame: REQ #21 ---C, bytes 0--15
2019-07-22 18:00:10.829163-0700 xctest[59729:374003] CouchbaseLite Replicator Verbose: {Puller#15} progress +0/+12, 0 docs -- now 0 / 56980, 0 docs
2019-07-22 18:00:10.829273-0700 xctest[59729:374003] CouchbaseLite Replicator Info: {Puller#15} activityLevel=busy: pendingResponseCount=0, _caughtUp=1, _pendingRevMessages=384, _activeIncomingRevs=16
2019-07-22 18:00:10.829355-0700 xctest[59729:373964] CouchbaseLite Replicator Verbose: {pusher#16} Queueing rev 'doc227' #1-c51e026de7cf8de5a633f3a8066a50ab6a29d033 (seq #227) [207 queued]
2019-07-22 18:00:10.829455-0700 xctest[59729:374004] CouchbaseLite Replicator Verbose: {IncomingBlob#19} Finished receiving blob sha1-qDJGTAqLun7gBtQRZma9L7+PYYA= (12 bytes)
2019-07-22 18:00:10.829585-0700 xctest[59729:373990] CouchbaseLite Network Verbose: {BLIPIO#13} Finished sending REQ #21 Z
2019-07-22 18:00:10.829701-0700 xctest[59729:373968] CouchbaseLite Network Debug: {LoopbackWS#12} SEND: 1508c2ea 65f29b44 8683b34d 04005fef 813b
2019-07-22 18:00:10.829822-0700 xctest[59729:373988] CouchbaseLite Network Verbose: {Connection#7} Receiving 'rev' REQ #20 Z
2019-07-22 18:00:10.829922-0700 xctest[59729:373987] CouchbaseLite Replicator Info: {Repl#8} pushStatus=stopped, pullStatus=busy, progress=0/56980
2019-07-22 18:00:10.830028-0700 xctest[59729:373987] CouchbaseLite Replicator Verbose: {Repl#8} progress +0/+12, 0 docs -- now 0 / 56980, 0 docs
2019-07-22 18:00:10.830151-0700 xctest[59729:373990] CouchbaseLite Network Verbose: {BLIPIO#13} ...Wrote 18 bytes to WebSocket (writeable=1)
2019-07-22 18:00:10.830257-0700 xctest[59729:374004] CouchbaseLite Replicator Verbose: {IncomingBlob#19} Closing; [0 open]
2019-07-22 18:00:10.830369-0700 xctest[59729:374003] CouchbaseLite Network Debug: {LoopbackWS#11} RECEIVED: 1508c2ea 65f29b44 8683b34d 04005fef 813b
2019-07-22 18:00:10.830465-0700 xctest[59729:373988] CouchbaseLite Network Verbose: {Connection#7} Finished receiving 'rev' REQ #20 Z
2019-07-22 18:00:10.830556-0700 xctest[59729:373964] CouchbaseLite Replicator Verbose: {pusher#16} Queueing rev 'doc228' #1-c51e026de7cf8de5a633f3a8066a50ab6a29d033 (seq #228) [208 queued]
2019-07-22 18:00:10.830671-0700 xctest[59729:373987] CouchbaseLite Replicator Info: {Repl#8} activityLevel=busy: connectionState=2
2019-07-22 18:00:10.830761-0700 xctest[59729:373987] CouchbaseLite Replicator Info: {Repl#8} pushStatus=stopped, pullStatus=busy, progress=0/56980
2019-07-22 18:00:10.830845-0700 xctest[59729:374004] CouchbaseLite Replicator Verbose: {IncomingBlob#19} progress +12/+0, 0 docs -- now 12 / 12, 0 docs
2019-07-22 18:00:10.830939-0700 xctest[59729:374004] CouchbaseLite Replicator Verbose: {IncomingBlob#19} now idle
2019-07-22 18:00:10.831053-0700 xctest[59729:374003] CouchbaseLite Replicator Info: {Puller#15} activityLevel=busy: pendingResponseCount=0, _caughtUp=1, _pendingRevMessages=383, _activeIncomingRevs=17
2019-07-22 18:00:10.831163-0700 xctest[59729:373964] CouchbaseLite Replicator Verbose: {pusher#16} Queueing rev 'doc229' #1-c51e026de7cf8de5a633f3a8066a50ab6a29d033 (seq #229) [209 queued]
2019-07-22 18:00:10.831255-0700 xctest[59729:373990] CouchbaseLite Network Verbose: {BLIPIO#13} Sending 'rev' REQ #22 Z
2019-07-22 18:00:10.831345-0700 xctest[59729:373988] CouchbaseLite Network Verbose: {BLIPIO#14} Sending 'getAttachment' REQ #17
2019-07-22 18:00:10.831460-0700 xctest[59729:374004] CouchbaseLite Replicator Verbose: {IncomingBlob#49}==> litecore::repl::IncomingBlob for doc 'doc116'.photo [sha1-qDJGTAqLun7gBtQRZma9L7+PYYA=] @0x6130000b0c70
2019-07-22 18:00:10.831546-0700 xctest[59729:374004] CouchbaseLite Replicator Verbose: {IncomingBlob#49} Requesting blob (12 bytes, compress=1)
2019-07-22 18:00:10.831647-0700 xctest[59729:373990] CouchbaseLite Network Verbose: {BLIPIO#13} Sending frame: REQ #22 ---C, bytes 0--15
2019-07-22 18:00:10.831748-0700 xctest[59729:373988] CouchbaseLite Network Verbose: {BLIPIO#14} Sending frame: REQ #17 ----, bytes 0--81
2019-07-22 18:00:10.831873-0700 xctest[59729:373964] CouchbaseLite Replicator Verbose: {pusher#16} Queueing rev 'doc230' #1-c51e026de7cf8de5a633f3a8066a50ab6a29d033 (seq #230) [210 queued]
2019-07-22 18:00:10.831968-0700 xctest[59729:374004] CouchbaseLite Replicator Verbose: {IncomingBlob#49} progress +0/+12, 0 docs -- now 0 / 12, 0 docs
2019-07-22 18:00:10.832052-0700 xctest[59729:374004] CouchbaseLite Replicator Verbose: {IncomingBlob#49} now busy
2019-07-22 18:00:10.832133-0700 xctest[59729:374003] CouchbaseLite Network Debug: {LoopbackWS#12} SEND: 1608c2ea 4bf21b45 8683b355 04004fb2 b1e7
2019-07-22 18:00:10.832268-0700 xctest[59729:373988] CouchbaseLite Network Verbose: {BLIPIO#14} Finished sending REQ #17
2019-07-22 18:00:10.832388-0700 xctest[59729:373987] CouchbaseLite Network Debug: {LoopbackWS#11} SEND: 11004d50 726f6669 6c650067 65744174 74616368 6d656e74 00646967 65737400 73686131 2d71444a 47544171 4c756e37 67427451 525a6d61 394c372b 50595941... [84]
