2019-07-22 18:00:11.961169-0700 xctest[59729:373965] CouchbaseLite Database Verbose: {DB#55} Saved 'doc1155' rev #1-c8c16ee37b9d0041b91beafe4587497a8ee75665 as seq 156
2019-07-22 18:00:11.961256-0700 xctest[59729:373964] CouchbaseLite Replicator Verbose: {pusher#16} Sending rev doc1168 1-c8c16ee37b9d0041b91beafe4587497a8ee75665 (seq #168) [10/10]
2019-07-22 18:00:11.961340-0700 xctest[59729:373964] CouchbaseLite Replicator Verbose: {pusher#16} Reading document 'doc1168' #1-c8c16ee37b9d0041b91beafe4587497a8ee75665
2019-07-22 18:00:11.961417-0700 xctest[59729:374007] CouchbaseLite Replicator Info: {Puller#15} activityLevel=busy: pendingResponseCount=0, _caughtUp=1, _pendingRevMessages=240, _activeIncomingRevs=6
2019-07-22 18:00:11.961500-0700 xctest[59729:373968] CouchbaseLite Network Verbose: {Connection#7} Finished receiving 'rev' REQ #164 Z
2019-07-22 18:00:11.961588-0700 xctest[59729:373964] CouchbaseLite Replicator Verbose: {pusher#16} Transmitting 'rev' message with 'doc1168' #1-c8c16ee37b9d0041b91beafe4587497a8ee75665
2019-07-22 18:00:11.961679-0700 xctest[59729:374003] CouchbaseLite Network Verbose: {Connection#9} Finished receiving RES #154
2019-07-22 18:00:11.961761-0700 xctest[59729:373965] CouchbaseLite Replicator Verbose: {Inserter#54} {'doc1155' #1-c8c16ee37b9d0041b91beafe4587497a8ee75665 <- } seq 156
2019-07-22 18:00:11.961841-0700 xctest[59729:373968] CouchbaseLite Network Verbose: {BLIPIO#14} Received frame: REQ #165 ---C, length 16
2019-07-22 18:00:11.961936-0700 xctest[59729:373968] CouchbaseLite Network Verbose: {Connection#7} Receiving 'rev' REQ #165 Z
2019-07-22 18:00:11.962013-0700 xctest[59729:374004] CouchbaseLite Replicator Verbose: {IncomingRev#18} Received revision 'doc1161' #1-c8c16ee37b9d0041b91beafe4587497a8ee75665 (seq '161')
2019-07-22 18:00:11.962103-0700 xctest[59729:373964] CouchbaseLite Replicator Info: {pusher#16} activityLevel=busy: pendingResponseCount=24, caughtUp=1, changeLists=0, revsInFlight=10, blobsInFlight=0, awaitingReply=3248, revsToSend=232, pushingDocs=256, pendingSequences=0
2019-07-22 18:00:11.962195-0700 xctest[59729:374003] CouchbaseLite Network Verbose: {BLIPIO#13} Received frame: RES #155 ----, length 5
2019-07-22 18:00:11.962307-0700 xctest[59729:374007] CouchbaseLite Replicator Info: {Puller#15} activityLevel=busy: pendingResponseCount=0, _caughtUp=1, _pendingRevMessages=239, _activeIncomingRevs=7
2019-07-22 18:00:11.962393-0700 xctest[59729:373968] CouchbaseLite Network Verbose: {Connection#7} Finished receiving 'rev' REQ #165 Z
2019-07-22 18:00:11.962488-0700 xctest[59729:373965] CouchbaseLite Database Verbose: {DB#55} Saved 'doc1156' rev #1-c8c16ee37b9d0041b91beafe4587497a8ee75665 as seq 157
2019-07-22 18:00:11.962576-0700 xctest[59729:373964] CouchbaseLite Replicator Verbose: {pusher#16} Completed rev doc1145 #1-c8c16ee37b9d0041b91beafe4587497a8ee75665 (seq #145)
2019-07-22 18:00:11.962661-0700 xctest[59729:374003] CouchbaseLite Network Verbose: {Connection#9} Receiving RES #155
2019-07-22 18:00:11.962761-0700 xctest[59729:374007] CouchbaseLite Replicator Info: {Puller#15} activityLevel=busy: pendingResponseCount=0, _caughtUp=1, _pendingRevMessages=239, _activeIncomingRevs=6
2019-07-22 18:00:11.962850-0700 xctest[59729:374007] CouchbaseLite Replicator Info: {Puller#15} activityLevel=busy: pendingResponseCount=0, _caughtUp=1, _pendingRevMessages=239, _activeIncomingRevs=6
2019-07-22 18:00:11.962930-0700 xctest[59729:373965] CouchbaseLite Replicator Verbose: {Inserter#54} {'doc1156' #1-c8c16ee37b9d0041b91beafe4587497a8ee75665 <- } seq 157
2019-07-22 18:00:11.963014-0700 xctest[59729:373964] CouchbaseLite Replicator Debug: {pusher#16} Done pushing 'doc1145' 1-c8c16ee37b9d0041b91beafe4587497a8ee75665
2019-07-22 18:00:11.963102-0700 xctest[59729:374003] CouchbaseLite Network Verbose: {Connection#9} Finished receiving RES #155
2019-07-22 18:00:11.963209-0700 xctest[59729:373968] CouchbaseLite Network Verbose: {BLIPIO#14} Received frame: REQ #166 ---C, length 16
2019-07-22 18:00:11.963352-0700 xctest[59729:374007] CouchbaseLite Replicator Info: {Puller#15} activityLevel=busy: pendingResponseCount=0, _caughtUp=1, _pendingRevMessages=238, _activeIncomingRevs=7
2019-07-22 18:00:11.963463-0700 xctest[59729:374004] CouchbaseLite Replicator Verbose: {IncomingRev#38} Received revision 'doc1162' #1-c8c16ee37b9d0041b91beafe4587497a8ee75665 (seq '162')
2019-07-22 18:00:11.963546-0700 xctest[59729:373964] CouchbaseLite Replicator Verbose: {pusher#16} progress +0/+0, 1 docs -- now 0 / 56800, 145 docs
2019-07-22 18:00:11.963625-0700 xctest[59729:373964] CouchbaseLite Replicator Info: {pusher#16} activityLevel=busy: pendingResponseCount=23, caughtUp=1, changeLists=0, revsInFlight=10, blobsInFlight=0, awaitingReply=3016, revsToSend=232, pushingDocs=255, pendingSequences=0
2019-07-22 18:00:11.963759-0700 xctest[59729:373965] CouchbaseLite Database Verbose: {DB#55} Saved 'doc1157' rev #1-c8c16ee37b9d0041b91beafe4587497a8ee75665 as seq 158
2019-07-22 18:00:11.963854-0700 xctest[59729:373968] CouchbaseLite Network Verbose: {Connection#7} Receiving 'rev' REQ #166 Z
2019-07-22 18:00:11.963954-0700 xctest[59729:374007] CouchbaseLite Replicator Info: {Puller#15} activityLevel=busy: pendingResponseCount=0, _caughtUp=1, _pendingRevMessages=238, _activeIncomingRevs=6
2019-07-22 18:00:11.964045-0700 xctest[59729:374003] CouchbaseLite Network Verbose: {BLIPIO#13} Sending 'rev' REQ #167 Z
2019-07-22 18:00:11.964133-0700 xctest[59729:373964] CouchbaseLite Replicator Verbose: {pusher#16} Completed rev doc1146 #1-c8c16ee37b9d0041b91beafe4587497a8ee75665 (seq #146)
2019-07-22 18:00:11.964218-0700 xctest[59729:374005] CouchbaseLite Replicator Info: {repl#10} pushStatus=busy, pullStatus=busy, progress=0/56800
2019-07-22 18:00:11.964297-0700 xctest[59729:374005] CouchbaseLite Replicator Verbose: {repl#10} progress +0/+0, 1 docs -- now 0 / 56800, 145 docs
2019-07-22 18:00:11.964377-0700 xctest[59729:373968] CouchbaseLite Network Verbose: {Connection#7} Finished receiving 'rev' REQ #166 Z
2019-07-22 18:00:11.964460-0700 xctest[59729:374007] CouchbaseLite Replicator Info: {Puller#15} activityLevel=busy: pendingResponseCount=0, _caughtUp=1, _pendingRevMessages=238, _activeIncomingRevs=6
2019-07-22 18:00:11.964570-0700 xctest[59729:374003] CouchbaseLite Network Verbose: {BLIPIO#13} Sending frame: REQ #167 ---C, bytes 0--15
2019-07-22 18:00:11.964668-0700 xctest[59729:373964] CouchbaseLite Replicator Debug: {pusher#16} Done pushing 'doc1146' 1-c8c16ee37b9d0041b91beafe4587497a8ee75665
2019-07-22 18:00:11.964762-0700 xctest[59729:373965] CouchbaseLite Replicator Verbose: {Inserter#54} {'doc1157' #1-c8c16ee37b9d0041b91beafe4587497a8ee75665 <- } seq 158
2019-07-22 18:00:11.964848-0700 xctest[59729:374005] CouchbaseLite Replicator Info: {repl#10} activityLevel=busy: connectionState=2
2019-07-22 18:00:11.964929-0700 xctest[59729:374005] CouchbaseLite Replicator Info: {repl#10} pushStatus=busy, pullStatus=busy, progress=0/56800
2019-07-22 18:00:11.965019-0700 xctest[59729:374004] CouchbaseLite Replicator Verbose: {IncomingRev#48} Received revision 'doc1163' #1-c8c16ee37b9d0041b91beafe4587497a8ee75665 (seq '163')
2019-07-22 18:00:11.965096-0700 xctest[59729:374003] CouchbaseLite Network Verbose: {BLIPIO#13} Finished sending REQ #167 Z
2019-07-22 18:00:11.965199-0700 xctest[59729:374003] CouchbaseLite Network Verbose: {BLIPIO#13} ...Wrote 19 bytes to WebSocket (writeable=1)
2019-07-22 18:00:11.965280-0700 xctest[59729:373964] CouchbaseLite Replicator Verbose: {pusher#16} progress +0/+0, 1 docs -- now 0 / 56800, 146 docs
2019-07-22 18:00:11.965373-0700 xctest[59729:373964] CouchbaseLite Replicator Info: {pusher#16} activityLevel=busy: pendingResponseCount=22, caughtUp=1, changeLists=0, revsInFlight=10, blobsInFlight=0, awaitingReply=2784, revsToSend=232, pushingDocs=254, pendingSequences=0
2019-07-22 18:00:11.965466-0700 xctest[59729:373964] CouchbaseLite Replicator Verbose: {pusher#16} Completed rev doc1147 #1-c8c16ee37b9d0041b91beafe4587497a8ee75665 (seq #147)
2019-07-22 18:00:11.965543-0700 xctest[59729:373968] CouchbaseLite Network Debug: {LoopbackWS#12} SEND: a70108c2 ee4f0ada 4383f464 690000ac 797b8d
2019-07-22 18:00:11.965634-0700 xctest[59729:374003] CouchbaseLite Network Verbose: {BLIPIO#13} Sending 'rev' REQ #168 Z
2019-07-22 18:00:11.965721-0700 xctest[59729:374007] CouchbaseLite Replicator Info: {Puller#15} activityLevel=busy: pendingResponseCount=0, _caughtUp=1, _pendingRevMessages=237, _activeIncomingRevs=7
2019-07-22 18:00:11.965805-0700 xctest[59729:374004] CouchbaseLite Replicator Info: {repl#10} pushStatus=busy, pullStatus=busy, progress=0/56800
2019-07-22 18:00:11.965876-0700 xctest[59729:374004] CouchbaseLite Replicator Verbose: {repl#10} progress +0/+0, 1 docs -- now 0 / 56800, 146 docs
2019-07-22 18:00:11.965957-0700 xctest[59729:374004] CouchbaseLite Replicator Info: {repl#10} activityLevel=busy: connectionState=2
2019-07-22 18:00:11.966030-0700 xctest[59729:374004] CouchbaseLite Replicator Info: {repl#10} pushStatus=busy, pullStatus=busy, progress=0/56800
2019-07-22 18:00:11.966106-0700 xctest[59729:374003] CouchbaseLite Network Verbose: {BLIPIO#13} Sending frame: REQ #168 ---C, bytes 0--15
2019-07-22 18:00:11.966189-0700 xctest[59729:374007] CouchbaseLite Replicator Info: {Puller#15} activityLevel=busy: pendingResponseCount=0, _caughtUp=1, _pendingRevMessages=237, _activeIncomingRevs=6
2019-07-22 18:00:11.966278-0700 xctest[59729:373965] CouchbaseLite Database Verbose: {DB#55} Saved 'doc1158' rev #1-c8c16ee37b9d0041b91beafe4587497a8ee75665 as seq 159
2019-07-22 18:00:11.966368-0700 xctest[59729:373964] CouchbaseLite Replicator Debug: {pusher#16} Done pushing 'doc1147' 1-c8c16ee37b9d0041b91beafe4587497a8ee75665
2019-07-22 18:00:11.966454-0700 xctest[59729:373968] CouchbaseLite Network Debug: {LoopbackWS#11} RECEIVED: a70108c2 ee4f0ada 4383f464 690000ac 797b8d
2019-07-22 18:00:11.966542-0700 xctest[59729:374003] CouchbaseLite Network Verbose: {BLIPIO#13} Finished sending REQ #168 Z
2019-07-22 18:00:11.966625-0700 xctest[59729:374004] CouchbaseLite Network Debug: {LoopbackWS#12} SEND: a80108c2 ee4f0ada 4383f46c 69000099 4e5cc3
2019-07-22 18:00:11.966705-0700 xctest[59729:374007] CouchbaseLite Replicator Info: {Puller#15} activityLevel=busy: pendingResponseCount=0, _caughtUp=1, _pendingRevMessages=237, _activeIncomingRevs=6
2019-07-22 18:00:11.966785-0700 xctest[59729:373965] CouchbaseLite Replicator Verbose: {Inserter#54} {'doc1158' #1-c8c16ee37b9d0041b91beafe4587497a8ee75665 <- } seq 159
2019-07-22 18:00:11.966870-0700 xctest[59729:373964] CouchbaseLite Replicator Verbose: {pusher#16} progress +0/+0, 1 docs -- now 0 / 56800, 147 docs
2019-07-22 18:00:11.966941-0700 xctest[59729:373964] CouchbaseLite Replicator Info: {pusher#16} activityLevel=busy: pendingResponseCount=21, caughtUp=1, changeLists=0, revsInFlight=10, blobsInFlight=0, awaitingReply=2552, revsToSend=232, pushingDocs=253, pendingSequences=0
2019-07-22 18:00:11.967025-0700 xctest[59729:373964] CouchbaseLite Replicator Verbose: {pusher#16} Completed rev doc1148 #1-c8c16ee37b9d0041b91beafe4587497a8ee75665 (seq #148)
2019-07-22 18:00:11.967100-0700 xctest[59729:373964] CouchbaseLite Replicator Debug: {pusher#16} Done pushing 'doc1148' 1-c8c16ee37b9d0041b91beafe4587497a8ee75665
2019-07-22 18:00:11.967166-0700 xctest[59729:373964] CouchbaseLite Replicator Verbose: {pusher#16} progress +0/+0, 1 docs -- now 0 / 56800, 148 docs
2019-07-22 18:00:11.967227-0700 xctest[59729:373964] CouchbaseLite Replicator Info: {pusher#16} activityLevel=busy: pendingResponseCount=20, caughtUp=1, changeLists=0, revsInFlight=10, blobsInFlight=0, awaitingReply=2320, revsToSend=232, pushingDocs=252, pendingSequences=0
2019-07-22 18:00:11.967302-0700 xctest[59729:374003] CouchbaseLite Network Verbose: {BLIPIO#13} ...Wrote 19 bytes to WebSocket (writeable=1)
2019-07-22 18:00:11.967394-0700 xctest[59729:373968] CouchbaseLite Replicator Info: {repl#10} pushStatus=busy, pullStatus=busy, progress=0/56800
2019-07-22 18:00:11.967472-0700 xctest[59729:373968] CouchbaseLite Replicator Verbose: {repl#10} progress +0/+0, 1 docs -- now 0 / 56800, 147 docs
2019-07-22 18:00:11.967535-0700 xctest[59729:373968] CouchbaseLite Replicator Info: {repl#10} activityLevel=busy: connectionState=2
2019-07-22 18:00:11.967597-0700 xctest[59729:373968] CouchbaseLite Replicator Info: {repl#10} pushStatus=busy, pullStatus=busy, progress=0/56800
2019-07-22 18:00:11.967686-0700 xctest[59729:374005] CouchbaseLite Network Verbose: {BLIPIO#14} Received frame: REQ #167 ---C, length 16
2019-07-22 18:00:11.967772-0700 xctest[59729:373964] CouchbaseLite Replicator Debug: {pusher#16} Transmitted 'rev' doc1159 #1-c8c16ee37b9d0041b91beafe4587497a8ee75665 (seq #159)
2019-07-22 18:00:11.967856-0700 xctest[59729:374003] CouchbaseLite Network Verbose: {BLIPIO#13} Sending 'rev' REQ #169 Z
2019-07-22 18:00:11.967950-0700 xctest[59729:374004] CouchbaseLite Network Debug: {LoopbackWS#11} RECEIVED: a80108c2 ee4f0ada 4383f46c 69000099 4e5cc3
2019-07-22 18:00:11.968044-0700 xctest[59729:373965] CouchbaseLite Database Verbose: {DB#55} Saved 'doc1159' rev #1-c8c16ee37b9d0041b91beafe4587497a8ee75665 as seq 160
2019-07-22 18:00:11.968132-0700 xctest[59729:374007] CouchbaseLite Replicator Info: {Puller#15} activityLevel=busy: pendingResponseCount=0, _caughtUp=1, _pendingRevMessages=237, _activeIncomingRevs=5
2019-07-22 18:00:11.968217-0700 xctest[59729:373968] CouchbaseLite Replicator Info: {repl#10} pushStatus=busy, pullStatus=busy, progress=0/56800
2019-07-22 18:00:11.968296-0700 xctest[59729:373968] CouchbaseLite Replicator Verbose: {repl#10} progress +0/+0, 1 docs -- now 0 / 56800, 148 docs
2019-07-22 18:00:11.968360-0700 xctest[59729:373968] CouchbaseLite Replicator Info: {repl#10} activityLevel=busy: connectionState=2
2019-07-22 18:00:11.968421-0700 xctest[59729:373968] CouchbaseLite Replicator Info: {repl#10} pushStatus=busy, pullStatus=busy, progress=0/56800
2019-07-22 18:00:11.968492-0700 xctest[59729:373965] CouchbaseLite Replicator Verbose: {Inserter#54} {'doc1159' #1-c8c16ee37b9d0041b91beafe4587497a8ee75665 <- } seq 160
2019-07-22 18:00:11.968575-0700 xctest[59729:374005] CouchbaseLite Network Verbose: {Connection#7} Receiving 'rev' REQ #167 Z
2019-07-22 18:00:11.968759-0700 xctest[59729:373964] CouchbaseLite Replicator Verbose: {pusher#16} Sending rev doc1169 1-c8c16ee37b9d0041b91beafe4587497a8ee75665 (seq #169) [10/10]
2019-07-22 18:00:11.968862-0700 xctest[59729:373964] CouchbaseLite Replicator Verbose: {pusher#16} Reading document 'doc1169' #1-c8c16ee37b9d0041b91beafe4587497a8ee75665
2019-07-22 18:00:11.968972-0700 xctest[59729:373965] CouchbaseLite Database Verbose: {DB#55} commit transaction
2019-07-22 18:00:11.969100-0700 xctest[59729:373968] CouchbaseLite Replicator Info: {Puller#15} activityLevel=busy: pendingResponseCount=0, _caughtUp=1, _pendingRevMessages=237, _activeIncomingRevs=4
2019-07-22 18:00:11.969219-0700 xctest[59729:373964] CouchbaseLite Replicator Verbose: {pusher#16} Transmitting 'rev' message with 'doc1169' #1-c8c16ee37b9d0041b91beafe4587497a8ee75665
2019-07-22 18:00:11.969336-0700 xctest[59729:374003] CouchbaseLite Network Verbose: {BLIPIO#13} Sending frame: REQ #169 ---C, bytes 0--15
2019-07-22 18:00:11.969473-0700 xctest[59729:373965] CouchbaseLite Replicator Info: {Inserter#54} Inserted 5 revs in 9.27ms ( 540/sec) of which 99.8% was commit
2019-07-22 18:00:11.969578-0700 xctest[59729:374005] CouchbaseLite Network Verbose: {Connection#7} Finished receiving 'rev' REQ #167 Z
2019-07-22 18:00:11.969683-0700 xctest[59729:373964] CouchbaseLite Replicator Info: {pusher#16} activityLevel=busy: pendingResponseCount=21, caughtUp=1, changeLists=0, revsInFlight=10, blobsInFlight=0, awaitingReply=2552, revsToSend=231, pushingDocs=252, pendingSequences=0
2019-07-22 18:00:11.969770-0700 xctest[59729:373964] CouchbaseLite Replicator Debug: {pusher#16} Transmitted 'rev' doc1160 #1-c8c16ee37b9d0041b91beafe4587497a8ee75665 (seq #160)
2019-07-22 18:00:11.969848-0700 xctest[59729:374003] CouchbaseLite Network Verbose: {BLIPIO#13} Finished sending REQ #169 Z
2019-07-22 18:00:11.969977-0700 xctest[59729:373968] CouchbaseLite Network Debug: {LoopbackWS#12} SEND: a90108c2 ee4f0ada 4383f474 690000bd 095e9c
2019-07-22 18:00:11.970091-0700 xctest[59729:374005] CouchbaseLite Network Verbose: {BLIPIO#14} Received frame: REQ #168 ---C, length 16
2019-07-22 18:00:11.970227-0700 xctest[59729:374007] CouchbaseLite Replicator Verbose: {Puller#15} Checkpoint now at 155
2019-07-22 18:00:11.970313-0700 xctest[59729:373964] CouchbaseLite Replicator Verbose: {pusher#16} Sending rev doc1170 1-c8c16ee37b9d0041b91beafe4587497a8ee75665 (seq #170) [10/10]
2019-07-22 18:00:11.970426-0700 xctest[59729:373964] CouchbaseLite Replicator Verbose: {pusher#16} Reading document 'doc1170' #1-c8c16ee37b9d0041b91beafe4587497a8ee75665
2019-07-22 18:00:11.970521-0700 xctest[59729:373965] CouchbaseLite Network Debug: {LoopbackWS#11} RECEIVED: a90108c2 ee4f0ada 4383f474 690000bd 095e9c
2019-07-22 18:00:11.970635-0700 xctest[59729:374005] CouchbaseLite Network Verbose: {Connection#7} Receiving 'rev' REQ #168 Z
2019-07-22 18:00:11.970737-0700 xctest[59729:374007] CouchbaseLite Replicator Verbose: {Puller#15} progress +142/+0, 1 docs -- now 22202 / 56992, 155 docs
2019-07-22 18:00:11.970843-0700 xctest[59729:374007] CouchbaseLite Replicator Info: {Puller#15} activityLevel=busy: pendingResponseCount=0, _caughtUp=1, _pendingRevMessages=237, _activeIncomingRevs=4
2019-07-22 18:00:11.970967-0700 xctest[59729:374005] CouchbaseLite Network Verbose: {Connection#7} Finished receiving 'rev' REQ #168 Z
2019-07-22 18:00:11.971060-0700 xctest[59729:373964] CouchbaseLite Replicator Verbose: {pusher#16} Transmitting 'rev' message with 'doc1170' #1-c8c16ee37b9d0041b91beafe4587497a8ee75665
2019-07-22 18:00:11.971167-0700 xctest[59729:374003] CouchbaseLite Network Verbose: {BLIPIO#13} ...Wrote 19 bytes to WebSocket (writeable=1)
2019-07-22 18:00:11.971296-0700 xctest[59729:374007] CouchbaseLite Replicator Info: {Puller#15} activityLevel=busy: pendingResponseCount=0, _caughtUp=1, _pendingRevMessages=237, _activeIncomingRevs=4
2019-07-22 18:00:11.971441-0700 xctest[59729:373965] CouchbaseLite Replicator Info: {Repl#8} pushStatus=stopped, pullStatus=busy, progress=22202/56992
2019-07-22 18:00:11.971529-0700 xctest[59729:373965] CouchbaseLite Replicator Verbose: {Repl#8} progress +142/+0, 1 docs -- now 22202 / 56992, 155 docs
2019-07-22 18:00:11.971607-0700 xctest[59729:373964] CouchbaseLite Replicator Info: {pusher#16} activityLevel=busy: pendingResponseCount=22, caughtUp=1, changeLists=0, revsInFlight=10, blobsInFlight=0, awaitingReply=2784, revsToSend=230, pushingDocs=252, pendingSequences=0
2019-07-22 18:00:11.971729-0700 xctest[59729:374003] CouchbaseLite Network Verbose: {BLIPIO#13} Received frame: RES #156 ----, length 5
2019-07-22 18:00:11.971855-0700 xctest[59729:374007] CouchbaseLite Replicator Verbose: {Puller#15} Checkpoint now at 159
2019-07-22 18:00:11.971938-0700 xctest[59729:374005] CouchbaseLite Network Verbose: {BLIPIO#14} Sending RES #158
2019-07-22 18:00:11.972027-0700 xctest[59729:374005] CouchbaseLite Network Verbose: {BLIPIO#14} Sending frame: RES #158 ----, bytes 0--4
2019-07-22 18:00:11.972106-0700 xctest[59729:373964] CouchbaseLite Replicator Debug: {pusher#16} Transmitted 'rev' doc1161 #1-c8c16ee37b9d0041b91beafe4587497a8ee75665 (seq #161)
2019-07-22 18:00:11.972204-0700 xctest[59729:374003] CouchbaseLite Network Verbose: {Connection#9} Receiving RES #156
2019-07-22 18:00:11.972290-0700 xctest[59729:374007] CouchbaseLite Replicator Verbose: {Puller#15} progress +568/+0, 4 docs -- now 22770 / 56992, 159 docs
2019-07-22 18:00:11.972368-0700 xctest[59729:374007] CouchbaseLite Replicator Info: {Puller#15} activityLevel=busy: pendingResponseCount=0, _caughtUp=1, _pendingRevMessages=237, _activeIncomingRevs=4
2019-07-22 18:00:11.972444-0700 xctest[59729:374005] CouchbaseLite Network Verbose: {BLIPIO#14} Finished sending RES #158
2019-07-22 18:00:11.972524-0700 xctest[59729:374005] CouchbaseLite Network Verbose: {BLIPIO#14} ...Wrote 8 bytes to WebSocket (writeable=1)
2019-07-22 18:00:11.972603-0700 xctest[59729:373964] CouchbaseLite Replicator Verbose: {pusher#16} Sending rev doc1171 1-c8c16ee37b9d0041b91beafe4587497a8ee75665 (seq #171) [10/10]
2019-07-22 18:00:11.972754-0700 xctest[59729:374003] CouchbaseLite Network Verbose: {Connection#9} Finished receiving RES #156
2019-07-22 18:00:11.972852-0700 xctest[59729:373965] CouchbaseLite Replicator Info: {Repl#8} activityLevel=busy: connectionState=2
2019-07-22 18:00:11.972929-0700 xctest[59729:373965] CouchbaseLite Replicator Info: {Repl#8} pushStatus=stopped, pullStatus=busy, progress=22202/56992
2019-07-22 18:00:11.973014-0700 xctest[59729:373968] CouchbaseLite Network Debug: {LoopbackWS#11} SEND: 9e010100 fd47e491
2019-07-22 18:00:11.973096-0700 xctest[59729:374005] CouchbaseLite Network Verbose: {BLIPIO#14} Sending RES #159
2019-07-22 18:00:11.973176-0700 xctest[59729:373964] CouchbaseLite Replicator Verbose: {pusher#16} Reading document 'doc1171' #1-c8c16ee37b9d0041b91beafe4587497a8ee75665
2019-07-22 18:00:11.973261-0700 xctest[59729:374003] CouchbaseLite Network Verbose: {BLIPIO#13} Received frame: RES #157 ----, length 5
2019-07-22 18:00:11.973363-0700 xctest[59729:374007] CouchbaseLite Replicator Info: {Puller#15} activityLevel=busy: pendingResponseCount=0, _caughtUp=1, _pendingRevMessages=237, _activeIncomingRevs=4
2019-07-22 18:00:12.021548-0700 xctest[59729:374007] CouchbaseLite Replicator Info: {Puller#15} activityLevel=busy: pendingResponseCount=0, _caughtUp=1, _pendingRevMessages=237, _activeIncomingRevs=4
2019-07-22 18:00:12.021752-0700 xctest[59729:374007] CouchbaseLite Replicator Info: {Puller#15} activityLevel=busy: pendingResponseCount=0, _caughtUp=1, _pendingRevMessages=237, _activeIncomingRevs=4
2019-07-22 18:00:12.021900-0700 xctest[59729:374005] CouchbaseLite Network Verbose: {BLIPIO#14} Sending frame: RES #159 ----, bytes 0--4
2019-07-22 18:00:12.022041-0700 xctest[59729:374005] CouchbaseLite Network Verbose: {BLIPIO#14} Finished sending RES #159
2019-07-22 18:00:12.022121-0700 xctest[59729:374005] CouchbaseLite Network Verbose: {BLIPIO#14} ...Wrote 8 bytes to WebSocket (writeable=1)
2019-07-22 18:00:12.022231-0700 xctest[59729:374005] CouchbaseLite Network Verbose: {BLIPIO#14} Sending RES #160
2019-07-22 18:00:12.022354-0700 xctest[59729:373965] CouchbaseLite Replicator Info: {Repl#8} pushStatus=stopped, pullStatus=busy, progress=22770/56992
2019-07-22 18:00:12.022528-0700 xctest[59729:373965] CouchbaseLite Replicator Verbose: {Repl#8} progress +568/+0, 4 docs -- now 22770 / 56992, 159 docs
2019-07-22 18:00:12.022621-0700 xctest[59729:373965] CouchbaseLite Replicator Info: {Repl#8} activityLevel=busy: connectionState=2
2019-07-22 18:00:12.022831-0700 xctest[59729:373965] CouchbaseLite Replicator Info: {Repl#8} pushStatus=stopped, pullStatus=busy, progress=22770/56992
2019-07-22 18:00:12.022969-0700 xctest[59729:373987] CouchbaseLite Network Debug: {LoopbackWS#11} SEND: 9f010100 55f70bbb
2019-07-22 18:00:12.023131-0700 xctest[59729:373964] CouchbaseLite Replicator Verbose: {pusher#16} Transmitting 'rev' message with 'doc1171' #1-c8c16ee37b9d0041b91beafe4587497a8ee75665
2019-07-22 18:00:12.023243-0700 xctest[59729:374004] CouchbaseLite Replicator Verbose: {Inserter#54} Inserting 4 revs:
2019-07-22 18:00:12.023376-0700 xctest[59729:374005] CouchbaseLite Network Verbose: {BLIPIO#14} Sending frame: RES #160 ----, bytes 0--4
2019-07-22 18:00:12.023488-0700 xctest[59729:374005] CouchbaseLite Network Verbose: {BLIPIO#14} Finished sending RES #160
2019-07-22 18:00:12.023633-0700 xctest[59729:374005] CouchbaseLite Network Verbose: {BLIPIO#14} ...Wrote 8 bytes to WebSocket (writeable=1)
2019-07-22 18:00:12.023748-0700 xctest[59729:374003] CouchbaseLite Network Verbose: {Connection#9} Receiving RES #157
2019-07-22 18:00:12.023854-0700 xctest[59729:373964] CouchbaseLite Replicator Info: {pusher#16} activityLevel=busy: pendingResponseCount=23, caughtUp=1, changeLists=0, revsInFlight=10, blobsInFlight=0, awaitingReply=3016, revsToSend=229, pushingDocs=252, pendingSequences=0
2019-07-22 18:00:12.023956-0700 xctest[59729:373964] CouchbaseLite Replicator Debug: {pusher#16} Transmitted 'rev' doc1162 #1-c8c16ee37b9d0041b91beafe4587497a8ee75665 (seq #162)
2019-07-22 18:00:12.024043-0700 xctest[59729:373968] CouchbaseLite Network Debug: {LoopbackWS#12} RECEIVED: 9e010100 fd47e491
2019-07-22 18:00:12.024202-0700 xctest[59729:373987] CouchbaseLite Network Debug: {LoopbackWS#11} SEND: a0010100 8ee47282
2019-07-22 18:00:12.024349-0700 xctest[59729:374007] CouchbaseLite Replicator Info: {Puller#15} activityLevel=busy: pendingResponseCount=0, _caughtUp=1, _pendingRevMessages=237, _activeIncomingRevs=4
2019-07-22 18:00:12.024456-0700 xctest[59729:374005] CouchbaseLite Network Verbose: {BLIPIO#14} Sending RES #161
2019-07-22 18:00:12.024598-0700 xctest[59729:374005] CouchbaseLite Network Verbose: {BLIPIO#14} Sending frame: RES #161 ----, bytes 0--4
2019-07-22 18:00:12.024721-0700 xctest[59729:374004] CouchbaseLite Database Verbose: {DB#55} begin transaction
2019-07-22 18:00:12.024872-0700 xctest[59729:373964] CouchbaseLite Replicator Verbose: {pusher#16} Sending rev doc1172 1-c8c16ee37b9d0041b91beafe4587497a8ee75665 (seq #172) [10/10]
2019-07-22 18:00:12.024969-0700 xctest[59729:373964] CouchbaseLite Replicator Verbose: {pusher#16} Reading document 'doc1172' #1-c8c16ee37b9d0041b91beafe4587497a8ee75665
2019-07-22 18:00:12.025070-0700 xctest[59729:374007] CouchbaseLite Replicator Info: {Puller#15} activityLevel=busy: pendingResponseCount=0, _caughtUp=1, _pendingRevMessages=236, _activeIncomingRevs=5
2019-07-22 18:00:12.025197-0700 xctest[59729:374007] CouchbaseLite Replicator Info: {Puller#15} activityLevel=busy: pendingResponseCount=0, _caughtUp=1, _pendingRevMessages=235, _activeIncomingRevs=6
2019-07-22 18:00:12.025307-0700 xctest[59729:374003] CouchbaseLite Network Verbose: {Connection#9} Finished receiving RES #157
2019-07-22 18:00:12.025434-0700 xctest[59729:374005] CouchbaseLite Network Verbose: {BLIPIO#14} Finished sending RES #161
2019-07-22 18:00:12.025544-0700 xctest[59729:374005] CouchbaseLite Network Verbose: {BLIPIO#14} ...Wrote 8 bytes to WebSocket (writeable=1)
2019-07-22 18:00:12.025653-0700 xctest[59729:373968] CouchbaseLite Network Debug: {LoopbackWS#12} RECEIVED: 9f010100 55f70bbb
2019-07-22 18:00:12.025773-0700 xctest[59729:373987] CouchbaseLite Replicator Verbose: {IncomingRev#36} Received revision 'doc1164' #1-c8c16ee37b9d0041b91beafe4587497a8ee75665 (seq '164')
2019-07-22 18:00:12.025912-0700 xctest[59729:373964] CouchbaseLite Replicator Verbose: {pusher#16} Transmitting 'rev' message with 'doc1172' #1-c8c16ee37b9d0041b91beafe4587497a8ee75665
2019-07-22 18:00:12.026067-0700 xctest[59729:374004] CouchbaseLite Database Verbose: {DB#55} Saved 'doc1160' rev #1-c8c16ee37b9d0041b91beafe4587497a8ee75665 as seq 161
2019-07-22 18:00:12.026195-0700 xctest[59729:374004] CouchbaseLite Replicator Verbose: {Inserter#54} {'doc1160' #1-c8c16ee37b9d0041b91beafe4587497a8ee75665 <- } seq 161
2019-07-22 18:00:12.026329-0700 xctest[59729:373965] CouchbaseLite Network Debug: {LoopbackWS#11} SEND: a1010100 d13ae9f3
2019-07-22 18:00:12.026484-0700 xctest[59729:374005] CouchbaseLite Network Verbose: {BLIPIO#14} Sending RES #162
2019-07-22 18:00:12.026597-0700 xctest[59729:373968] CouchbaseLite Network Debug: {LoopbackWS#12} RECEIVED: a0010100 8ee47282
2019-07-22 18:00:12.026697-0700 xctest[59729:373968] CouchbaseLite Network Debug: {LoopbackWS#12} RECEIVED: a1010100 d13ae9f3
2019-07-22 18:00:12.026774-0700 xctest[59729:374003] CouchbaseLite Network Verbose: {BLIPIO#13} Sending 'rev' REQ #170 Z
2019-07-22 18:00:12.026882-0700 xctest[59729:374003] CouchbaseLite Network Verbose: {BLIPIO#13} Sending frame: REQ #170 ---C, bytes 0--15
2019-07-22 18:00:12.026981-0700 xctest[59729:373987] CouchbaseLite Replicator Verbose: {IncomingRev#51} Received revision 'doc1165' #1-c8c16ee37b9d0041b91beafe4587497a8ee75665 (seq '165')
2019-07-22 18:00:12.027110-0700 xctest[59729:374005] CouchbaseLite Network Verbose: {BLIPIO#14} Sending frame: RES #162 ----, bytes 0--4
2019-07-22 18:00:12.027243-0700 xctest[59729:374005] CouchbaseLite Network Verbose: {BLIPIO#14} Finished sending RES #162
2019-07-22 18:00:12.027355-0700 xctest[59729:374005] CouchbaseLite Network Verbose: {BLIPIO#14} ...Wrote 8 bytes to WebSocket (writeable=1)
2019-07-22 18:00:12.027454-0700 xctest[59729:374005] CouchbaseLite Network Verbose: {BLIPIO#14} Received frame: REQ #169 ---C, length 16
2019-07-22 18:00:12.027617-0700 xctest[59729:374003] CouchbaseLite Network Verbose: {BLIPIO#13} Finished sending REQ #170 Z
2019-07-22 18:00:12.027751-0700 xctest[59729:374003] CouchbaseLite Network Verbose: {BLIPIO#13} ...Wrote 19 bytes to WebSocket (writeable=1)
2019-07-22 18:00:12.027846-0700 xctest[59729:374004] CouchbaseLite Database Verbose: {DB#55} Saved 'doc1161' rev #1-c8c16ee37b9d0041b91beafe4587497a8ee75665 as seq 162
2019-07-22 18:00:12.027951-0700 xctest[59729:373965] CouchbaseLite Network Debug: {LoopbackWS#11} SEND: a2010100 f66776c2
2019-07-22 18:00:12.028055-0700 xctest[59729:373964] CouchbaseLite Replicator Info: {pusher#16} activityLevel=busy: pendingResponseCount=24, caughtUp=1, changeLists=0, revsInFlight=10, blobsInFlight=0, awaitingReply=3248, revsToSend=228, pushingDocs=252, pendingSequences=0
2019-07-22 18:00:12.028162-0700 xctest[59729:374007] CouchbaseLite Replicator Info: {Puller#15} activityLevel=busy: pendingResponseCount=0, _caughtUp=1, _pendingRevMessages=235, _activeIncomingRevs=5
2019-07-22 18:00:12.028270-0700 xctest[59729:374005] CouchbaseLite Network Verbose: {Connection#7} Receiving 'rev' REQ #169 Z
2019-07-22 18:00:12.028398-0700 xctest[59729:373968] CouchbaseLite Network Debug: {LoopbackWS#12} SEND: aa0108c2 ee4f0ada 4383f47c 6900002c a9927d
2019-07-22 18:00:12.028508-0700 xctest[59729:374003] CouchbaseLite Network Verbose: {BLIPIO#13} Sending 'rev' REQ #171 Z
2019-07-22 18:00:12.028605-0700 xctest[59729:374004] CouchbaseLite Replicator Verbose: {Inserter#54} {'doc1161' #1-c8c16ee37b9d0041b91beafe4587497a8ee75665 <- } seq 162
2019-07-22 18:00:12.028724-0700 xctest[59729:373964] CouchbaseLite Replicator Debug: {pusher#16} Transmitted 'rev' doc1163 #1-c8c16ee37b9d0041b91beafe4587497a8ee75665 (seq #163)
2019-07-22 18:00:12.028823-0700 xctest[59729:373964] CouchbaseLite Replicator Verbose: {pusher#16} Sending rev doc1173 1-c8c16ee37b9d0041b91beafe4587497a8ee75665 (seq #173) [10/10]
2019-07-22 18:00:12.028954-0700 xctest[59729:374005] CouchbaseLite Network Verbose: {Connection#7} Finished receiving 'rev' REQ #169 Z
2019-07-22 18:00:12.029105-0700 xctest[59729:373968] CouchbaseLite Network Debug: {LoopbackWS#12} RECEIVED: a2010100 f66776c2
2019-07-22 18:00:12.029229-0700 xctest[59729:373965] CouchbaseLite Network Debug: {LoopbackWS#11} RECEIVED: aa0108c2 ee4f0ada 4383f47c 6900002c a9927d
2019-07-22 18:00:12.029338-0700 xctest[59729:374003] CouchbaseLite Network Verbose: {BLIPIO#13} Sending frame: REQ #171 ---C, bytes 0--15
2019-07-22 18:00:12.029447-0700 xctest[59729:374007] CouchbaseLite Replicator Info: {Puller#15} activityLevel=busy: pendingResponseCount=0, _caughtUp=1, _pendingRevMessages=235, _activeIncomingRevs=5
2019-07-22 18:00:12.029629-0700 xctest[59729:373964] CouchbaseLite Replicator Verbose: {pusher#16} Reading document 'doc1173' #1-c8c16ee37b9d0041b91beafe4587497a8ee75665
2019-07-22 18:00:12.029747-0700 xctest[59729:374004] CouchbaseLite Database Verbose: {DB#55} Saved 'doc1162' rev #1-c8c16ee37b9d0041b91beafe4587497a8ee75665 as seq 163
2019-07-22 18:00:12.029912-0700 xctest[59729:373968] CouchbaseLite Network Verbose: {BLIPIO#14} Received frame: REQ #170 ---C, length 16
2019-07-22 18:00:12.030073-0700 xctest[59729:373968] CouchbaseLite Network Verbose: {Connection#7} Receiving 'rev' REQ #170 Z
2019-07-22 18:00:12.030191-0700 xctest[59729:373965] CouchbaseLite Network Debug: {LoopbackWS#12} SEND: ab0108c2 ee4f0ada 4383f484 690000f4 01142a
2019-07-22 18:00:12.030345-0700 xctest[59729:374007] CouchbaseLite Replicator Info: {Puller#15} activityLevel=busy: pendingResponseCount=0, _caughtUp=1, _pendingRevMessages=235, _activeIncomingRevs=5
2019-07-22 18:00:12.030438-0700 xctest[59729:374007] CouchbaseLite Replicator Info: {Puller#15} activityLevel=busy: pendingResponseCount=0, _caughtUp=1, _pendingRevMessages=235, _activeIncomingRevs=4
2019-07-22 18:00:12.030549-0700 xctest[59729:373964] CouchbaseLite Replicator Verbose: {pusher#16} Transmitting 'rev' message with 'doc1173' #1-c8c16ee37b9d0041b91beafe4587497a8ee75665
2019-07-22 18:00:12.030684-0700 xctest[59729:374003] CouchbaseLite Network Verbose: {BLIPIO#13} Finished sending REQ #171 Z
2019-07-22 18:00:12.030789-0700 xctest[59729:373968] CouchbaseLite Network Verbose: {Connection#7} Finished receiving 'rev' REQ #170 Z
2019-07-22 18:00:12.030912-0700 xctest[59729:373965] CouchbaseLite Network Debug: {LoopbackWS#11} RECEIVED: ab0108c2 ee4f0ada 4383f484 690000f4 01142a
2019-07-22 18:00:12.031043-0700 xctest[59729:373965] CouchbaseLite Network Verbose: {BLIPIO#14} Received frame: REQ #171 ---C, length 16
2019-07-22 18:00:12.031158-0700 xctest[59729:374007] CouchbaseLite Replicator Info: {Puller#15} activityLevel=busy: pendingResponseCount=0, _caughtUp=1, _pendingRevMessages=234, _activeIncomingRevs=5
2019-07-22 18:00:12.031255-0700 xctest[59729:374007] CouchbaseLite Replicator Info: {Puller#15} activityLevel=busy: pendingResponseCount=0, _caughtUp=1, _pendingRevMessages=233, _activeIncomingRevs=6
2019-07-22 18:00:12.031341-0700 xctest[59729:373964] CouchbaseLite Replicator Info: {pusher#16} activityLevel=busy: pendingResponseCount=25, caughtUp=1, changeLists=0, revsInFlight=10, blobsInFlight=0, awaitingReply=3480, revsToSend=227, pushingDocs=252, pendingSequences=0
2019-07-22 18:00:12.031447-0700 xctest[59729:374003] CouchbaseLite Network Verbose: {BLIPIO#13} ...Wrote 19 bytes to WebSocket (writeable=1)
2019-07-22 18:00:12.031556-0700 xctest[59729:374004] CouchbaseLite Replicator Verbose: {Inserter#54} {'doc1162' #1-c8c16ee37b9d0041b91beafe4587497a8ee75665 <- } seq 163
2019-07-22 18:00:12.031664-0700 xctest[59729:373965] CouchbaseLite Network Verbose: {Connection#7} Receiving 'rev' REQ #171 Z
2019-07-22 18:00:12.031791-0700 xctest[59729:374005] CouchbaseLite Replicator Verbose: {IncomingRev#42} Received revision 'doc1166' #1-c8c16ee37b9d0041b91beafe4587497a8ee75665 (seq '166')
2019-07-22 18:00:12.031907-0700 xctest[59729:373964] CouchbaseLite Replicator Verbose: {pusher#16} Completed rev doc1149 #1-c8c16ee37b9d0041b91beafe4587497a8ee75665 (seq #149)
2019-07-22 18:00:12.032064-0700 xctest[59729:373964] CouchbaseLite Replicator Debug: {pusher#16} Done pushing 'doc1149' 1-c8c16ee37b9d0041b91beafe4587497a8ee75665
2019-07-22 18:00:12.032181-0700 xctest[59729:373964] CouchbaseLite Replicator Verbose: {pusher#16} progress +0/+0, 1 docs -- now 0 / 56800, 149 docs
2019-07-22 18:00:12.032331-0700 xctest[59729:373964] CouchbaseLite Replicator Info: {pusher#16} activityLevel=busy: pendingResponseCount=24, caughtUp=1, changeLists=0, revsInFlight=10, blobsInFlight=0, awaitingReply=3248, revsToSend=227, pushingDocs=251, pendingSequences=0
2019-07-22 18:00:12.032452-0700 xctest[59729:373964] CouchbaseLite Replicator Verbose: {pusher#16} Completed rev doc1150 #1-c8c16ee37b9d0041b91beafe4587497a8ee75665 (seq #150)
2019-07-22 18:00:12.032593-0700 xctest[59729:373964] CouchbaseLite Replicator Debug: {pusher#16} Done pushing 'doc1150' 1-c8c16ee37b9d0041b91beafe4587497a8ee75665
2019-07-22 18:00:12.032761-0700 xctest[59729:373964] CouchbaseLite Replicator Verbose: {pusher#16} progress +0/+0, 1 docs -- now 0 / 56800, 150 docs
2019-07-22 18:00:12.032860-0700 xctest[59729:373964] CouchbaseLite Replicator Info: {pusher#16} activityLevel=busy: pendingResponseCount=23, caughtUp=1, changeLists=0, revsInFlight=10, blobsInFlight=0, awaitingReply=3016, revsToSend=227, pushingDocs=250, pendingSequences=0
2019-07-22 18:00:12.033002-0700 xctest[59729:374005] CouchbaseLite Replicator Verbose: {IncomingRev#50} Received revision 'doc1167' #1-c8c16ee37b9d0041b91beafe4587497a8ee75665 (seq '167')
2019-07-22 18:00:12.033139-0700 xctest[59729:374004] CouchbaseLite Database Verbose: {DB#55} Saved 'doc1163' rev #1-c8c16ee37b9d0041b91beafe4587497a8ee75665 as seq 164
2019-07-22 18:00:12.033256-0700 xctest[59729:373987] CouchbaseLite Replicator Info: {repl#10} pushStatus=busy, pullStatus=busy, progress=0/56800
2019-07-22 18:00:12.033369-0700 xctest[59729:373987] CouchbaseLite Replicator Verbose: {repl#10} progress +0/+0, 1 docs -- now 0 / 56800, 149 docs
2019-07-22 18:00:12.033452-0700 xctest[59729:373987] CouchbaseLite Replicator Info: {repl#10} activityLevel=busy: connectionState=2
2019-07-22 18:00:12.033526-0700 xctest[59729:373987] CouchbaseLite Replicator Info: {repl#10} pushStatus=busy, pullStatus=busy, progress=0/56800
2019-07-22 18:00:12.033619-0700 xctest[59729:373987] CouchbaseLite Replicator Info: {repl#10} pushStatus=busy, pullStatus=busy, progress=0/56800
2019-07-22 18:00:12.033770-0700 xctest[59729:374004] CouchbaseLite Replicator Verbose: {Inserter#54} {'doc1163' #1-c8c16ee37b9d0041b91beafe4587497a8ee75665 <- } seq 164
2019-07-22 18:00:12.033910-0700 xctest[59729:374003] CouchbaseLite Network Verbose: {BLIPIO#13} Sending 'rev' REQ #172 Z
2019-07-22 18:00:12.034042-0700 xctest[59729:374007] CouchbaseLite Replicator Info: {Puller#15} activityLevel=busy: pendingResponseCount=0, _caughtUp=1, _pendingRevMessages=233, _activeIncomingRevs=5
2019-07-22 18:00:12.034170-0700 xctest[59729:374007] CouchbaseLite Replicator Info: {Puller#15} activityLevel=busy: pendingResponseCount=0, _caughtUp=1, _pendingRevMessages=233, _activeIncomingRevs=5
2019-07-22 18:00:12.034269-0700 xctest[59729:373964] CouchbaseLite Replicator Verbose: {pusher#16} Completed rev doc1151 #1-c8c16ee37b9d0041b91beafe4587497a8ee75665 (seq #151)
2019-07-22 18:00:12.034404-0700 xctest[59729:373987] CouchbaseLite Replicator Verbose: {repl#10} progress +0/+0, 1 docs -- now 0 / 56800, 150 docs
2019-07-22 18:00:12.034545-0700 xctest[59729:373987] CouchbaseLite Replicator Info: {repl#10} activityLevel=busy: connectionState=2
2019-07-22 18:00:12.034629-0700 xctest[59729:373987] CouchbaseLite Replicator Info: {repl#10} pushStatus=busy, pullStatus=busy, progress=0/56800
2019-07-22 18:00:12.034829-0700 xctest[59729:373965] CouchbaseLite Network Verbose: {Connection#7} Finished receiving 'rev' REQ #171 Z
2019-07-22 18:00:12.035002-0700 xctest[59729:374007] CouchbaseLite Replicator Info: {Puller#15} activityLevel=busy: pendingResponseCount=0, _caughtUp=1, _pendingRevMessages=233, _activeIncomingRevs=5
2019-07-22 18:00:12.035096-0700 xctest[59729:374007] CouchbaseLite Replicator Info: {Puller#15} activityLevel=busy: pendingResponseCount=0, _caughtUp=1, _pendingRevMessages=233, _activeIncomingRevs=4
2019-07-22 18:00:12.035192-0700 xctest[59729:373964] CouchbaseLite Replicator Debug: {pusher#16} Done pushing 'doc1151' 1-c8c16ee37b9d0041b91beafe4587497a8ee75665
2019-07-22 18:00:12.035385-0700 xctest[59729:374003] CouchbaseLite Network Verbose: {BLIPIO#13} Sending frame: REQ #172 ---C, bytes 0--15
2019-07-22 18:00:12.035523-0700 xctest[59729:374007] CouchbaseLite Replicator Info: {Puller#15} activityLevel=busy: pendingResponseCount=0, _caughtUp=1, _pendingRevMessages=232, _activeIncomingRevs=5
2019-07-22 18:00:12.035643-0700 xctest[59729:374004] CouchbaseLite Database Verbose: {DB#55} commit transaction
2019-07-22 18:00:12.035768-0700 xctest[59729:373987] CouchbaseLite Replicator Verbose: {IncomingRev#30} Received revision 'doc1168' #1-c8c16ee37b9d0041b91beafe4587497a8ee75665 (seq '168')
2019-07-22 18:00:12.035991-0700 xctest[59729:373964] CouchbaseLite Replicator Verbose: {pusher#16} progress +0/+0, 1 docs -- now 0 / 56800, 151 docs
2019-07-22 18:00:12.036172-0700 xctest[59729:373964] CouchbaseLite Replicator Info: {pusher#16} activityLevel=busy: pendingResponseCount=22, caughtUp=1, changeLists=0, revsInFlight=10, blobsInFlight=0, awaitingReply=2784, revsToSend=227, pushingDocs=249, pendingSequences=0
2019-07-22 18:00:12.036349-0700 xctest[59729:373965] CouchbaseLite Network Debug: {LoopbackWS#12} SEND: ac0108c2 ee4f0ada 4383f48c 690000db d65650
2019-07-22 18:00:12.036512-0700 xctest[59729:374004] CouchbaseLite Replicator Info: {Inserter#54} Inserted 4 revs in 12.69ms ( 315/sec) of which 99.8% was commit
2019-07-22 18:00:12.036640-0700 xctest[59729:374003] CouchbaseLite Network Verbose: {BLIPIO#13} Finished sending REQ #172 Z
2019-07-22 18:00:12.036769-0700 xctest[59729:374007] CouchbaseLite Replicator Info: {repl#10} pushStatus=busy, pullStatus=busy, progress=0/56800
2019-07-22 18:00:12.036883-0700 xctest[59729:374007] CouchbaseLite Replicator Verbose: {repl#10} progress +0/+0, 1 docs -- now 0 / 56800, 151 docs
2019-07-22 18:00:12.036993-0700 xctest[59729:374007] CouchbaseLite Replicator Info: {repl#10} activityLevel=busy: connectionState=2
2019-07-22 18:00:12.037096-0700 xctest[59729:374007] CouchbaseLite Replicator Info: {repl#10} pushStatus=busy, pullStatus=busy, progress=0/56800
2019-07-22 18:00:12.037215-0700 xctest[59729:373965] CouchbaseLite Network Verbose: {BLIPIO#14} Sending RES #163
2019-07-22 18:00:12.037342-0700 xctest[59729:374003] CouchbaseLite Network Verbose: {BLIPIO#13} ...Wrote 19 bytes to WebSocket (writeable=1)
2019-07-22 18:00:12.037492-0700 xctest[59729:374003] CouchbaseLite Network Verbose: {BLIPIO#13} Sending 'rev' REQ #173 Z
2019-07-22 18:00:12.037682-0700 xctest[59729:374005] CouchbaseLite Network Debug: {LoopbackWS#11} RECEIVED: ac0108c2 ee4f0ada 4383f48c 690000db d65650
2019-07-22 18:00:12.037859-0700 xctest[59729:374004] CouchbaseLite Replicator Info: {Puller#15} activityLevel=busy: pendingResponseCount=0, _caughtUp=1, _pendingRevMessages=232, _activeIncomingRevs=5
2019-07-22 18:00:12.038030-0700 xctest[59729:373965] CouchbaseLite Network Verbose: {BLIPIO#14} Sending frame: RES #163 ----, bytes 0--4
2019-07-22 18:00:12.038173-0700 xctest[59729:373964] CouchbaseLite Replicator Verbose: {pusher#16} Completed rev doc1152 #1-c8c16ee37b9d0041b91beafe4587497a8ee75665 (seq #152)
2019-07-22 18:00:12.038345-0700 xctest[59729:374003] CouchbaseLite Network Verbose: {BLIPIO#13} Sending frame: REQ #173 ---C, bytes 0--16
2019-07-22 18:00:12.038528-0700 xctest[59729:374004] CouchbaseLite Replicator Verbose: {Puller#15} Checkpoint now at 163
2019-07-22 18:00:12.038671-0700 xctest[59729:373965] CouchbaseLite Network Verbose: {BLIPIO#14} Finished sending RES #163
2019-07-22 18:00:12.038798-0700 xctest[59729:373965] CouchbaseLite Network Verbose: {BLIPIO#14} ...Wrote 8 bytes to WebSocket (writeable=1)
2019-07-22 18:00:12.038976-0700 xctest[59729:373964] CouchbaseLite Replicator Debug: {pusher#16} Done pushing 'doc1152' 1-c8c16ee37b9d0041b91beafe4587497a8ee75665
2019-07-22 18:00:12.039160-0700 xctest[59729:373964] CouchbaseLite Replicator Verbose: {pusher#16} progress +0/+0, 1 docs -- now 0 / 56800, 152 docs
2019-07-22 18:00:12.039299-0700 xctest[59729:374007] CouchbaseLite Network Debug: {LoopbackWS#12} SEND: ad0108c2 ea4f0a0e 99361ca4 a74c0300 2b28adb6
2019-07-22 18:00:12.039419-0700 xctest[59729:374004] CouchbaseLite Replicator Verbose: {Puller#15} progress +568/+0, 4 docs -- now 23338 / 56992, 163 docs
2019-07-22 18:00:12.039509-0700 xctest[59729:374004] CouchbaseLite Replicator Info: {Puller#15} activityLevel=busy: pendingResponseCount=0, _caughtUp=1, _pendingRevMessages=232, _activeIncomingRevs=5
2019-07-22 18:00:12.039660-0700 xctest[59729:373965] CouchbaseLite Network Verbose: {BLIPIO#14} Sending RES #164
2019-07-22 18:00:12.039815-0700 xctest[59729:374003] CouchbaseLite Network Verbose: {BLIPIO#13} Finished sending REQ #173 Z
2019-07-22 18:00:12.039923-0700 xctest[59729:373964] CouchbaseLite Replicator Info: {pusher#16} activityLevel=busy: pendingResponseCount=21, caughtUp=1, changeLists=0, revsInFlight=10, blobsInFlight=0, awaitingReply=2552, revsToSend=227, pushingDocs=248, pendingSequences=0
2019-07-22 18:00:12.040080-0700 xctest[59729:373964] CouchbaseLite Replicator Debug: {pusher#16} Transmitted 'rev' doc1164 #1-c8c16ee37b9d0041b91beafe4587497a8ee75665 (seq #164)
2019-07-22 18:00:12.040172-0700 xctest[59729:373964] CouchbaseLite Replicator Verbose: {pusher#16} Sending rev doc1174 1-c8c16ee37b9d0041b91beafe4587497a8ee75665 (seq #174) [10/10]
2019-07-22 18:00:12.040273-0700 xctest[59729:373964] CouchbaseLite Replicator Verbose: {pusher#16} Reading document 'doc1174' #1-c8c16ee37b9d0041b91beafe4587497a8ee75665
2019-07-22 18:00:12.040410-0700 xctest[59729:373965] CouchbaseLite Network Verbose: {BLIPIO#14} Sending frame: RES #164 ----, bytes 0--4
2019-07-22 18:00:12.040519-0700 xctest[59729:374003] CouchbaseLite Network Verbose: {BLIPIO#13} ...Wrote 20 bytes to WebSocket (writeable=1)
2019-07-22 18:00:12.040660-0700 xctest[59729:374005] CouchbaseLite Network Debug: {LoopbackWS#11} SEND: a3010100 a79e2b67
2019-07-22 18:00:12.040768-0700 xctest[59729:373987] CouchbaseLite Replicator Info: {repl#10} pushStatus=busy, pullStatus=busy, progress=0/56800
2019-07-22 18:00:12.040886-0700 xctest[59729:373987] CouchbaseLite Replicator Verbose: {repl#10} progress +0/+0, 1 docs -- now 0 / 56800, 152 docs
2019-07-22 18:00:12.041014-0700 xctest[59729:373987] CouchbaseLite Replicator Info: {repl#10} activityLevel=busy: connectionState=2
2019-07-22 18:00:12.041096-0700 xctest[59729:373987] CouchbaseLite Replicator Info: {repl#10} pushStatus=busy, pullStatus=busy, progress=0/56800
2019-07-22 18:00:12.041272-0700 xctest[59729:373964] CouchbaseLite Replicator Verbose: {pusher#16} Transmitting 'rev' message with 'doc1174' #1-c8c16ee37b9d0041b91beafe4587497a8ee75665
2019-07-22 18:00:12.041386-0700 xctest[59729:374003] CouchbaseLite Network Verbose: {BLIPIO#13} Sending 'rev' REQ #174 Z
2019-07-22 18:00:12.041508-0700 xctest[59729:373968] CouchbaseLite Network Debug: {LoopbackWS#12} RECEIVED: a3010100 a79e2b67
2019-07-22 18:00:12.041615-0700 xctest[59729:374005] CouchbaseLite Network Debug: {LoopbackWS#11} RECEIVED: ad0108c2 ea4f0a0e 99361ca4 a74c0300 2b28adb6
2019-07-22 18:00:12.041702-0700 xctest[59729:374004] CouchbaseLite Replicator Info: {Puller#15} activityLevel=busy: pendingResponseCount=0, _caughtUp=1, _pendingRevMessages=232, _activeIncomingRevs=5
2019-07-22 18:00:12.041805-0700 xctest[59729:374004] CouchbaseLite Replicator Info: {Puller#15} activityLevel=busy: pendingResponseCount=0, _caughtUp=1, _pendingRevMessages=232, _activeIncomingRevs=5
2019-07-22 18:00:12.041891-0700 xctest[59729:373965] CouchbaseLite Network Verbose: {BLIPIO#14} Finished sending RES #164
2019-07-22 18:00:12.041977-0700 xctest[59729:373965] CouchbaseLite Network Verbose: {BLIPIO#14} ...Wrote 8 bytes to WebSocket (writeable=1)
2019-07-22 18:00:12.042076-0700 xctest[59729:373987] CouchbaseLite Replicator Info: {repl#10} activityLevel=busy: connectionState=2
2019-07-22 18:00:12.042212-0700 xctest[59729:373987] CouchbaseLite Replicator Info: {repl#10} pushStatus=busy, pullStatus=busy, progress=0/56800
2019-07-22 18:00:12.042301-0700 xctest[59729:374005] CouchbaseLite Network Debug: {LoopbackWS#11} SEND: a4010100 0173855d
2019-07-22 18:00:12.042392-0700 xctest[59729:374007] CouchbaseLite Replicator Info: {Repl#8} pushStatus=stopped, pullStatus=busy, progress=23338/56992
2019-07-22 18:00:12.042531-0700 xctest[59729:374004] CouchbaseLite Replicator Info: {Puller#15} activityLevel=busy: pendingResponseCount=0, _caughtUp=1, _pendingRevMessages=232, _activeIncomingRevs=5
2019-07-22 18:00:12.042628-0700 xctest[59729:374004] CouchbaseLite Replicator Info: {Puller#15} activityLevel=busy: pendingResponseCount=0, _caughtUp=1, _pendingRevMessages=232, _activeIncomingRevs=5
2019-07-22 18:00:12.042716-0700 xctest[59729:373965] CouchbaseLite Network Verbose: {BLIPIO#14} Sending RES #165
2019-07-22 18:00:12.042815-0700 xctest[59729:373965] CouchbaseLite Network Verbose: {BLIPIO#14} Sending frame: RES #165 ----, bytes 0--4
2019-07-22 18:00:12.042916-0700 xctest[59729:374005] CouchbaseLite Network Debug: {LoopbackWS#12} RECEIVED: a4010100 0173855d
2019-07-22 18:00:12.043010-0700 xctest[59729:374007] CouchbaseLite Replicator Verbose: {Repl#8} progress +568/+0, 4 docs -- now 23338 / 56992, 163 docs
2019-07-22 18:00:12.043107-0700 xctest[59729:374007] CouchbaseLite Replicator Info: {Repl#8} activityLevel=busy: connectionState=2
2019-07-22 18:00:12.043190-0700 xctest[59729:374007] CouchbaseLite Replicator Info: {Repl#8} pushStatus=stopped, pullStatus=busy, progress=23338/56992
2019-07-22 18:00:12.043286-0700 xctest[59729:373965] CouchbaseLite Network Verbose: {BLIPIO#14} Finished sending RES #165
2019-07-22 18:00:12.043366-0700 xctest[59729:373965] CouchbaseLite Network Verbose: {BLIPIO#14} ...Wrote 8 bytes to WebSocket (writeable=1)
2019-07-22 18:00:12.043449-0700 xctest[59729:373965] CouchbaseLite Network Verbose: {BLIPIO#14} Sending RES #166
2019-07-22 18:00:12.043551-0700 xctest[59729:374003] CouchbaseLite Network Verbose: {BLIPIO#13} Sending frame: REQ #174 ---C, bytes 0--15
2019-07-22 18:00:12.043680-0700 xctest[59729:374007] CouchbaseLite Replicator Info: {Repl#8} activityLevel=busy: connectionState=2
2019-07-22 18:00:12.043772-0700 xctest[59729:374007] CouchbaseLite Replicator Info: {Repl#8} pushStatus=stopped, pullStatus=busy, progress=23338/56992
2019-07-22 18:00:12.043881-0700 xctest[59729:374005] CouchbaseLite Replicator Info: CBLReplicator[<- DB[otherdb]] is busy, progress 23338/56992, error: (null)
2019-07-22 18:00:12.043894-0700 xctest[59729:374004] CouchbaseLite Network Debug: {LoopbackWS#11} SEND: a5010100 c7d9b141
2019-07-22 18:00:12.044010-0700 xctest[59729:373965] CouchbaseLite Network Verbose: {BLIPIO#14} Sending frame: RES #166 ----, bytes 0--4
2019-07-22 18:00:12.044139-0700 xctest[59729:374003] CouchbaseLite Network Verbose: {BLIPIO#13} Finished sending REQ #174 Z
