2019-07-22 18:00:11.282599-0700 xctest[59729:373964] CouchbaseLite Replicator Verbose: {pusher#16} Completed rev doc134 #1-c8c16ee37b9d0041b91beafe4587497a8ee75665 (seq #34)
2019-07-22 18:00:11.282718-0700 xctest[59729:373968] CouchbaseLite Network Verbose: {Connection#9} Finished receiving RES #50
2019-07-22 18:00:11.282820-0700 xctest[59729:374003] CouchbaseLite Network Debug: {LoopbackWS#12} RECEIVED: 3301008b 541ef4
2019-07-22 18:00:11.282956-0700 xctest[59729:374004] CouchbaseLite Network Verbose: {BLIPIO#14} Sending frame: RES #52 ----, bytes 0--4
2019-07-22 18:00:11.283093-0700 xctest[59729:373964] CouchbaseLite Replicator Debug: {pusher#16} Done pushing 'doc134' 1-c8c16ee37b9d0041b91beafe4587497a8ee75665
2019-07-22 18:00:11.283235-0700 xctest[59729:373968] CouchbaseLite Network Verbose: {BLIPIO#13} Sending 'rev' REQ #57 Z
2019-07-22 18:00:11.283341-0700 xctest[59729:374004] CouchbaseLite Network Verbose: {BLIPIO#14} Finished sending RES #52
2019-07-22 18:00:11.283479-0700 xctest[59729:374004] CouchbaseLite Network Verbose: {BLIPIO#14} ...Wrote 7 bytes to WebSocket (writeable=1)
2019-07-22 18:00:11.283612-0700 xctest[59729:373964] CouchbaseLite Replicator Verbose: {pusher#16} progress +0/+0, 1 docs -- now 0 / 56800, 34 docs
2019-07-22 18:00:11.283739-0700 xctest[59729:373968] CouchbaseLite Network Verbose: {BLIPIO#13} Sending frame: REQ #57 ---C, bytes 0--15
2019-07-22 18:00:11.283855-0700 xctest[59729:374003] CouchbaseLite Network Debug: {LoopbackWS#11} SEND: 34010068 598d96
2019-07-22 18:00:11.283999-0700 xctest[59729:374004] CouchbaseLite Network Verbose: {BLIPIO#14} Sending RES #53
2019-07-22 18:00:11.284128-0700 xctest[59729:373964] CouchbaseLite Replicator Info: {pusher#16} activityLevel=busy: pendingResponseCount=20, caughtUp=1, changeLists=0, revsInFlight=10, blobsInFlight=0, awaitingReply=2300, revsToSend=346, pushingDocs=366, pendingSequences=0
2019-07-22 18:00:11.284250-0700 xctest[59729:373968] CouchbaseLite Network Verbose: {BLIPIO#13} Finished sending REQ #57 Z
2019-07-22 18:00:11.284383-0700 xctest[59729:374007] CouchbaseLite Network Debug: {LoopbackWS#12} SEND: 3908c2ea 4bf2db3e a683b3ed 03002674 b492
2019-07-22 18:00:11.284501-0700 xctest[59729:374004] CouchbaseLite Network Verbose: {BLIPIO#14} Sending frame: RES #53 ----, bytes 0--4
2019-07-22 18:00:11.284620-0700 xctest[59729:373964] CouchbaseLite Replicator Debug: {pusher#16} Transmitted 'rev' doc145 #1-c8c16ee37b9d0041b91beafe4587497a8ee75665 (seq #45)
2019-07-22 18:00:11.284747-0700 xctest[59729:374003] CouchbaseLite Replicator Info: {repl#10} pushStatus=busy, pullStatus=busy, progress=0/56800
2019-07-22 18:00:11.284842-0700 xctest[59729:374003] CouchbaseLite Replicator Verbose: {repl#10} progress +0/+0, 1 docs -- now 0 / 56800, 34 docs
2019-07-22 18:00:11.284979-0700 xctest[59729:373990] CouchbaseLite Network Debug: {LoopbackWS#11} RECEIVED: 3908c2ea 4bf2db3e a683b3ed 03002674 b492
2019-07-22 18:00:11.285119-0700 xctest[59729:374007] CouchbaseLite Network Debug: {LoopbackWS#12} RECEIVED: 34010068 598d96
2019-07-22 18:00:11.285248-0700 xctest[59729:374004] CouchbaseLite Network Verbose: {BLIPIO#14} Finished sending RES #53
2019-07-22 18:00:11.285362-0700 xctest[59729:373964] CouchbaseLite Replicator Verbose: {pusher#16} Sending rev doc155 1-c8c16ee37b9d0041b91beafe4587497a8ee75665 (seq #55) [10/10]
2019-07-22 18:00:11.285509-0700 xctest[59729:373968] CouchbaseLite Network Verbose: {BLIPIO#13} ...Wrote 18 bytes to WebSocket (writeable=1)
2019-07-22 18:00:11.285652-0700 xctest[59729:374003] CouchbaseLite Replicator Info: {repl#10} activityLevel=busy: connectionState=2
2019-07-22 18:00:11.285781-0700 xctest[59729:374003] CouchbaseLite Replicator Info: {repl#10} pushStatus=busy, pullStatus=busy, progress=0/56800
2019-07-22 18:00:11.285900-0700 xctest[59729:374004] CouchbaseLite Network Verbose: {BLIPIO#14} ...Wrote 7 bytes to WebSocket (writeable=1)
2019-07-22 18:00:11.286043-0700 xctest[59729:373964] CouchbaseLite Replicator Verbose: {pusher#16} Reading document 'doc155' #1-c8c16ee37b9d0041b91beafe4587497a8ee75665
2019-07-22 18:00:11.286214-0700 xctest[59729:373968] CouchbaseLite Network Verbose: {BLIPIO#13} Received frame: RES #51 ----, length 5
2019-07-22 18:00:11.286380-0700 xctest[59729:373968] CouchbaseLite Network Verbose: {Connection#9} Receiving RES #51
2019-07-22 18:00:11.286518-0700 xctest[59729:374004] CouchbaseLite Network Verbose: {BLIPIO#14} Received frame: REQ #56 ---C, length 16
2019-07-22 18:00:11.286641-0700 xctest[59729:373990] CouchbaseLite Network Debug: {LoopbackWS#11} SEND: 350100cb 068071
2019-07-22 18:00:11.286767-0700 xctest[59729:373964] CouchbaseLite Replicator Verbose: {pusher#16} Transmitting 'rev' message with 'doc155' #1-c8c16ee37b9d0041b91beafe4587497a8ee75665
2019-07-22 18:00:11.286904-0700 xctest[59729:373968] CouchbaseLite Network Verbose: {Connection#9} Finished receiving RES #51
2019-07-22 18:00:11.287038-0700 xctest[59729:374004] CouchbaseLite Network Verbose: {Connection#7} Receiving 'rev' REQ #56 Z
2019-07-22 18:00:11.287161-0700 xctest[59729:374003] CouchbaseLite Network Debug: {LoopbackWS#12} RECEIVED: 350100cb 068071
2019-07-22 18:00:11.287283-0700 xctest[59729:373964] CouchbaseLite Replicator Info: {pusher#16} activityLevel=busy: pendingResponseCount=21, caughtUp=1, changeLists=0, revsInFlight=10, blobsInFlight=0, awaitingReply=2530, revsToSend=345, pushingDocs=366, pendingSequences=0
2019-07-22 18:00:11.287395-0700 xctest[59729:373968] CouchbaseLite Network Verbose: {BLIPIO#13} Received frame: RES #52 ----, length 5
2019-07-22 18:00:11.287546-0700 xctest[59729:374004] CouchbaseLite Network Verbose: {Connection#7} Finished receiving 'rev' REQ #56 Z
2019-07-22 18:00:11.287696-0700 xctest[59729:373964] CouchbaseLite Replicator Verbose: {pusher#16} Completed rev doc135 #1-c8c16ee37b9d0041b91beafe4587497a8ee75665 (seq #35)
2019-07-22 18:00:11.287849-0700 xctest[59729:373968] CouchbaseLite Network Verbose: {Connection#9} Receiving RES #52
2019-07-22 18:00:11.287973-0700 xctest[59729:374004] CouchbaseLite Network Verbose: {BLIPIO#14} Received frame: REQ #57 ---C, length 16
2019-07-22 18:00:11.288103-0700 xctest[59729:374003] CouchbaseLite Replicator Info: {Puller#15} activityLevel=busy: pendingResponseCount=0, _caughtUp=1, _pendingRevMessages=347, _activeIncomingRevs=3
2019-07-22 18:00:11.288281-0700 xctest[59729:374007] CouchbaseLite Replicator Verbose: {IncomingRev#39} Received revision 'doc153' #1-c8c16ee37b9d0041b91beafe4587497a8ee75665 (seq '53')
2019-07-22 18:00:11.288418-0700 xctest[59729:373964] CouchbaseLite Replicator Debug: {pusher#16} Done pushing 'doc135' 1-c8c16ee37b9d0041b91beafe4587497a8ee75665
2019-07-22 18:00:11.288533-0700 xctest[59729:373964] CouchbaseLite Replicator Verbose: {pusher#16} progress +0/+0, 1 docs -- now 0 / 56800, 35 docs
2019-07-22 18:00:11.288637-0700 xctest[59729:373964] CouchbaseLite Replicator Info: {pusher#16} activityLevel=busy: pendingResponseCount=20, caughtUp=1, changeLists=0, revsInFlight=10, blobsInFlight=0, awaitingReply=2300, revsToSend=345, pushingDocs=365, pendingSequences=0
2019-07-22 18:00:11.288801-0700 xctest[59729:374004] CouchbaseLite Network Verbose: {Connection#7} Receiving 'rev' REQ #57 Z
2019-07-22 18:00:11.288971-0700 xctest[59729:373989] CouchbaseLite Replicator Verbose: {Inserter#54} Inserting 2 revs:
2019-07-22 18:00:11.289157-0700 xctest[59729:373968] CouchbaseLite Network Verbose: {Connection#9} Finished receiving RES #52
2019-07-22 18:00:11.289327-0700 xctest[59729:373964] CouchbaseLite Replicator Verbose: {pusher#16} Completed rev doc136 #1-c8c16ee37b9d0041b91beafe4587497a8ee75665 (seq #36)
2019-07-22 18:00:11.289477-0700 xctest[59729:374003] CouchbaseLite Replicator Info: {repl#10} pushStatus=busy, pullStatus=busy, progress=0/56800
2019-07-22 18:00:11.289585-0700 xctest[59729:374003] CouchbaseLite Replicator Verbose: {repl#10} progress +0/+0, 1 docs -- now 0 / 56800, 35 docs
2019-07-22 18:00:11.289698-0700 xctest[59729:373989] CouchbaseLite Database Verbose: {DB#55} begin transaction
2019-07-22 18:00:11.289853-0700 xctest[59729:373990] CouchbaseLite Replicator Info: {Puller#15} activityLevel=busy: pendingResponseCount=0, _caughtUp=1, _pendingRevMessages=347, _activeIncomingRevs=3
2019-07-22 18:00:11.289983-0700 xctest[59729:373968] CouchbaseLite Network Verbose: {BLIPIO#13} Sending 'rev' REQ #58 Z
2019-07-22 18:00:11.290093-0700 xctest[59729:373964] CouchbaseLite Replicator Debug: {pusher#16} Done pushing 'doc136' 1-c8c16ee37b9d0041b91beafe4587497a8ee75665
2019-07-22 18:00:11.290282-0700 xctest[59729:374004] CouchbaseLite Network Verbose: {Connection#7} Finished receiving 'rev' REQ #57 Z
2019-07-22 18:00:11.290411-0700 xctest[59729:374003] CouchbaseLite Replicator Info: {repl#10} activityLevel=busy: connectionState=2
2019-07-22 18:00:11.290529-0700 xctest[59729:374003] CouchbaseLite Replicator Info: {repl#10} pushStatus=busy, pullStatus=busy, progress=0/56800
2019-07-22 18:00:11.290642-0700 xctest[59729:373964] CouchbaseLite Replicator Verbose: {pusher#16} progress +0/+0, 1 docs -- now 0 / 56800, 36 docs
2019-07-22 18:00:11.290746-0700 xctest[59729:373989] CouchbaseLite Database Verbose: {DB#55} Saved 'doc151' rev #1-c8c16ee37b9d0041b91beafe4587497a8ee75665 as seq 52
2019-07-22 18:00:11.290874-0700 xctest[59729:374004] CouchbaseLite Replicator Info: {Puller#15} activityLevel=busy: pendingResponseCount=0, _caughtUp=1, _pendingRevMessages=346, _activeIncomingRevs=4
2019-07-22 18:00:11.290990-0700 xctest[59729:373968] CouchbaseLite Network Verbose: {BLIPIO#13} Sending frame: REQ #58 ---C, bytes 0--14
2019-07-22 18:00:11.291089-0700 xctest[59729:373990] CouchbaseLite Replicator Verbose: {IncomingRev#56} Received revision 'doc154' #1-c8c16ee37b9d0041b91beafe4587497a8ee75665 (seq '54')
2019-07-22 18:00:11.291202-0700 xctest[59729:373964] CouchbaseLite Replicator Info: {pusher#16} activityLevel=busy: pendingResponseCount=19, caughtUp=1, changeLists=0, revsInFlight=10, blobsInFlight=0, awaitingReply=2070, revsToSend=345, pushingDocs=364, pendingSequences=0
2019-07-22 18:00:11.291317-0700 xctest[59729:373989] CouchbaseLite Replicator Verbose: {Inserter#54} {'doc151' #1-c8c16ee37b9d0041b91beafe4587497a8ee75665 <- } seq 52
2019-07-22 18:00:11.291454-0700 xctest[59729:373968] CouchbaseLite Network Verbose: {BLIPIO#13} Finished sending REQ #58 Z
2019-07-22 18:00:11.291591-0700 xctest[59729:374004] CouchbaseLite Network Debug: {LoopbackWS#12} SEND: 3a08c2ea 4b0a966c 0fceb60f 0044b4ec 52
2019-07-22 18:00:11.291717-0700 xctest[59729:374003] CouchbaseLite Replicator Info: {repl#10} pushStatus=busy, pullStatus=busy, progress=0/56800
2019-07-22 18:00:11.291833-0700 xctest[59729:374003] CouchbaseLite Replicator Verbose: {repl#10} progress +0/+0, 1 docs -- now 0 / 56800, 36 docs
2019-07-22 18:00:11.291937-0700 xctest[59729:374007] CouchbaseLite Replicator Info: {Puller#15} activityLevel=busy: pendingResponseCount=0, _caughtUp=1, _pendingRevMessages=346, _activeIncomingRevs=3
2019-07-22 18:00:11.292053-0700 xctest[59729:373968] CouchbaseLite Network Verbose: {BLIPIO#13} ...Wrote 17 bytes to WebSocket (writeable=1)
2019-07-22 18:00:11.292167-0700 xctest[59729:374005] CouchbaseLite Network Debug: {LoopbackWS#11} RECEIVED: 3a08c2ea 4b0a966c 0fceb60f 0044b4ec 52
2019-07-22 18:00:11.292270-0700 xctest[59729:373989] CouchbaseLite Database Verbose: {DB#55} Saved 'doc152' rev #1-c8c16ee37b9d0041b91beafe4587497a8ee75665 as seq 53
2019-07-22 18:00:11.292378-0700 xctest[59729:373964] CouchbaseLite Replicator Verbose: {pusher#16} Completed rev doc137 #1-c8c16ee37b9d0041b91beafe4587497a8ee75665 (seq #37)
2019-07-22 18:00:11.292514-0700 xctest[59729:374003] CouchbaseLite Replicator Info: {repl#10} activityLevel=busy: connectionState=2
2019-07-22 18:00:11.292604-0700 xctest[59729:374003] CouchbaseLite Replicator Info: {repl#10} pushStatus=busy, pullStatus=busy, progress=0/56800
2019-07-22 18:00:11.292711-0700 xctest[59729:373968] CouchbaseLite Network Verbose: {BLIPIO#13} Received frame: RES #53 ----, length 5
2019-07-22 18:00:11.292809-0700 xctest[59729:373990] CouchbaseLite Network Verbose: {BLIPIO#14} Received frame: REQ #58 ---C, length 15
2019-07-22 18:00:11.292901-0700 xctest[59729:373989] CouchbaseLite Replicator Verbose: {Inserter#54} {'doc152' #1-c8c16ee37b9d0041b91beafe4587497a8ee75665 <- } seq 53
2019-07-22 18:00:11.293008-0700 xctest[59729:373964] CouchbaseLite Replicator Debug: {pusher#16} Done pushing 'doc137' 1-c8c16ee37b9d0041b91beafe4587497a8ee75665
2019-07-22 18:00:11.293109-0700 xctest[59729:374007] CouchbaseLite Replicator Info: {Puller#15} activityLevel=busy: pendingResponseCount=0, _caughtUp=1, _pendingRevMessages=346, _activeIncomingRevs=3
2019-07-22 18:00:11.293211-0700 xctest[59729:373968] CouchbaseLite Network Verbose: {Connection#9} Receiving RES #53
2019-07-22 18:00:11.293314-0700 xctest[59729:373990] CouchbaseLite Network Verbose: {Connection#7} Receiving 'rev' REQ #58 Z
2019-07-22 18:00:11.293409-0700 xctest[59729:373989] CouchbaseLite Database Verbose: {DB#55} commit transaction
2019-07-22 18:00:11.293514-0700 xctest[59729:373964] CouchbaseLite Replicator Verbose: {pusher#16} progress +0/+0, 1 docs -- now 0 / 56800, 37 docs
2019-07-22 18:00:11.293629-0700 xctest[59729:373964] CouchbaseLite Replicator Info: {pusher#16} activityLevel=busy: pendingResponseCount=18, caughtUp=1, changeLists=0, revsInFlight=10, blobsInFlight=0, awaitingReply=1840, revsToSend=345, pushingDocs=363, pendingSequences=0
2019-07-22 18:00:11.293779-0700 xctest[59729:373968] CouchbaseLite Network Verbose: {Connection#9} Finished receiving RES #53
2019-07-22 18:00:11.293954-0700 xctest[59729:373990] CouchbaseLite Network Verbose: {Connection#7} Finished receiving 'rev' REQ #58 Z
2019-07-22 18:00:11.294116-0700 xctest[59729:374007] CouchbaseLite Replicator Info: {Puller#15} activityLevel=busy: pendingResponseCount=0, _caughtUp=1, _pendingRevMessages=346, _activeIncomingRevs=2
2019-07-22 18:00:11.294251-0700 xctest[59729:373989] CouchbaseLite Replicator Info: {Inserter#54} Inserted 2 revs in 4.65ms ( 430/sec) of which 99.6% was commit
2019-07-22 18:00:11.294404-0700 xctest[59729:373964] CouchbaseLite Replicator Verbose: {pusher#16} Completed rev doc138 #1-c8c16ee37b9d0041b91beafe4587497a8ee75665 (seq #38)
2019-07-22 18:00:11.294512-0700 xctest[59729:374005] CouchbaseLite Replicator Info: {repl#10} pushStatus=busy, pullStatus=busy, progress=0/56800
2019-07-22 18:00:11.294640-0700 xctest[59729:373990] CouchbaseLite Network Verbose: {BLIPIO#14} Sending RES #54
2019-07-22 18:00:11.294757-0700 xctest[59729:374007] CouchbaseLite Replicator Verbose: {Puller#15} Checkpoint now at 52
2019-07-22 18:00:11.294866-0700 xctest[59729:373964] CouchbaseLite Replicator Debug: {pusher#16} Done pushing 'doc138' 1-c8c16ee37b9d0041b91beafe4587497a8ee75665
2019-07-22 18:00:11.294999-0700 xctest[59729:373964] CouchbaseLite Replicator Verbose: {pusher#16} progress +0/+0, 1 docs -- now 0 / 56800, 38 docs
2019-07-22 18:00:11.295100-0700 xctest[59729:373990] CouchbaseLite Network Verbose: {BLIPIO#14} Sending frame: RES #54 ----, bytes 0--4
2019-07-22 18:00:11.295224-0700 xctest[59729:374007] CouchbaseLite Replicator Verbose: {Puller#15} progress +284/+0, 2 docs -- now 7576 / 56992, 52 docs
2019-07-22 18:00:11.295347-0700 xctest[59729:374005] CouchbaseLite Replicator Verbose: {repl#10} progress +0/+0, 1 docs -- now 0 / 56800, 37 docs
2019-07-22 18:00:11.295453-0700 xctest[59729:373964] CouchbaseLite Replicator Info: {pusher#16} activityLevel=busy: pendingResponseCount=17, caughtUp=1, changeLists=0, revsInFlight=10, blobsInFlight=0, awaitingReply=1610, revsToSend=345, pushingDocs=362, pendingSequences=0
2019-07-22 18:00:11.295569-0700 xctest[59729:373990] CouchbaseLite Network Verbose: {BLIPIO#14} Finished sending RES #54
2019-07-22 18:00:11.295682-0700 xctest[59729:373989] CouchbaseLite Network Debug: {LoopbackWS#11} SEND: 360100f5 cba8a7
2019-07-22 18:00:11.295783-0700 xctest[59729:374007] CouchbaseLite Replicator Info: {Puller#15} activityLevel=busy: pendingResponseCount=0, _caughtUp=1, _pendingRevMessages=346, _activeIncomingRevs=2
2019-07-22 18:00:11.295882-0700 xctest[59729:374005] CouchbaseLite Replicator Info: {repl#10} activityLevel=busy: connectionState=2
2019-07-22 18:00:11.295974-0700 xctest[59729:373964] CouchbaseLite Replicator Debug: {pusher#16} Transmitted 'rev' doc146 #1-c8c16ee37b9d0041b91beafe4587497a8ee75665 (seq #46)
2019-07-22 18:00:11.296071-0700 xctest[59729:373990] CouchbaseLite Network Verbose: {BLIPIO#14} ...Wrote 7 bytes to WebSocket (writeable=1)
2019-07-22 18:00:11.296191-0700 xctest[59729:374003] CouchbaseLite Network Debug: {LoopbackWS#12} RECEIVED: 360100f5 cba8a7
2019-07-22 18:00:11.296292-0700 xctest[59729:374007] CouchbaseLite Replicator Info: {Puller#15} activityLevel=busy: pendingResponseCount=0, _caughtUp=1, _pendingRevMessages=346, _activeIncomingRevs=2
2019-07-22 18:00:11.296395-0700 xctest[59729:373989] CouchbaseLite Replicator Info: {Repl#8} pushStatus=stopped, pullStatus=busy, progress=7576/56992
2019-07-22 18:00:11.296488-0700 xctest[59729:373989] CouchbaseLite Replicator Verbose: {Repl#8} progress +284/+0, 2 docs -- now 7576 / 56992, 52 docs
2019-07-22 18:00:11.296588-0700 xctest[59729:373964] CouchbaseLite Replicator Verbose: {pusher#16} Sending rev doc156 1-c8c16ee37b9d0041b91beafe4587497a8ee75665 (seq #56) [10/10]
2019-07-22 18:00:11.296705-0700 xctest[59729:373990] CouchbaseLite Network Verbose: {BLIPIO#14} Sending RES #55
2019-07-22 18:00:11.296803-0700 xctest[59729:373968] CouchbaseLite Network Verbose: {BLIPIO#13} Received frame: RES #54 ----, length 5
2019-07-22 18:00:11.296942-0700 xctest[59729:374007] CouchbaseLite Replicator Info: {Puller#15} activityLevel=busy: pendingResponseCount=0, _caughtUp=1, _pendingRevMessages=346, _activeIncomingRevs=2
2019-07-22 18:00:11.297067-0700 xctest[59729:374005] CouchbaseLite Replicator Info: {repl#10} pushStatus=busy, pullStatus=busy, progress=0/56800
2019-07-22 18:00:11.297218-0700 xctest[59729:373989] CouchbaseLite Replicator Info: {Repl#8} activityLevel=busy: connectionState=2
2019-07-22 18:00:11.297335-0700 xctest[59729:373989] CouchbaseLite Replicator Info: {Repl#8} pushStatus=stopped, pullStatus=busy, progress=7576/56992
2019-07-22 18:00:11.297447-0700 xctest[59729:373990] CouchbaseLite Network Verbose: {BLIPIO#14} Sending frame: RES #55 ----, bytes 0--4
2019-07-22 18:00:11.297543-0700 xctest[59729:373968] CouchbaseLite Network Verbose: {Connection#9} Receiving RES #54
2019-07-22 18:00:11.297656-0700 xctest[59729:374007] CouchbaseLite Replicator Info: {Puller#15} activityLevel=busy: pendingResponseCount=0, _caughtUp=1, _pendingRevMessages=345, _activeIncomingRevs=3
2019-07-22 18:00:11.297812-0700 xctest[59729:374003] CouchbaseLite Replicator Verbose: {IncomingRev#31} Received revision 'doc155' #1-c8c16ee37b9d0041b91beafe4587497a8ee75665 (seq '55')
2019-07-22 18:00:11.297937-0700 xctest[59729:374005] CouchbaseLite Replicator Info: {repl#10} pushStatus=busy, pullStatus=busy, progress=0/56800
2019-07-22 18:00:11.298068-0700 xctest[59729:373964] CouchbaseLite Replicator Verbose: {pusher#16} Reading document 'doc156' #1-c8c16ee37b9d0041b91beafe4587497a8ee75665
2019-07-22 18:00:11.298195-0700 xctest[59729:373990] CouchbaseLite Network Verbose: {BLIPIO#14} Finished sending RES #55
2019-07-22 18:00:11.298314-0700 xctest[59729:373990] CouchbaseLite Network Verbose: {BLIPIO#14} ...Wrote 7 bytes to WebSocket (writeable=1)
2019-07-22 18:00:11.298424-0700 xctest[59729:373968] CouchbaseLite Network Verbose: {Connection#9} Finished receiving RES #54
2019-07-22 18:00:11.298555-0700 xctest[59729:374005] CouchbaseLite Replicator Verbose: {repl#10} progress +0/+0, 1 docs -- now 0 / 56800, 38 docs
2019-07-22 18:00:11.298657-0700 xctest[59729:373989] CouchbaseLite Network Debug: {LoopbackWS#11} SEND: 3701009a 45126e
2019-07-22 18:00:11.298779-0700 xctest[59729:373964] CouchbaseLite Replicator Verbose: {pusher#16} Transmitting 'rev' message with 'doc156' #1-c8c16ee37b9d0041b91beafe4587497a8ee75665
2019-07-22 18:00:11.298888-0700 xctest[59729:373990] CouchbaseLite Replicator Info: {Puller#15} activityLevel=busy: pendingResponseCount=0, _caughtUp=1, _pendingRevMessages=345, _activeIncomingRevs=3
2019-07-22 18:00:11.299054-0700 xctest[59729:374005] CouchbaseLite Replicator Info: {repl#10} activityLevel=busy: connectionState=2
2019-07-22 18:00:11.299150-0700 xctest[59729:374005] CouchbaseLite Replicator Info: {repl#10} pushStatus=busy, pullStatus=busy, progress=0/56800
2019-07-22 18:00:11.299296-0700 xctest[59729:373964] CouchbaseLite Replicator Info: {pusher#16} activityLevel=busy: pendingResponseCount=18, caughtUp=1, changeLists=0, revsInFlight=10, blobsInFlight=0, awaitingReply=1840, revsToSend=344, pushingDocs=362, pendingSequences=0
2019-07-22 18:00:11.299448-0700 xctest[59729:373989] CouchbaseLite Network Verbose: {BLIPIO#13} Sending 'rev' REQ #59 Z
2019-07-22 18:00:11.299561-0700 xctest[59729:373968] CouchbaseLite Network Debug: {LoopbackWS#12} RECEIVED: 3701009a 45126e
2019-07-22 18:00:11.299707-0700 xctest[59729:373964] CouchbaseLite Replicator Verbose: {pusher#16} Completed rev doc139 #1-c8c16ee37b9d0041b91beafe4587497a8ee75665 (seq #39)
2019-07-22 18:00:11.299858-0700 xctest[59729:373989] CouchbaseLite Network Verbose: {BLIPIO#13} Sending frame: REQ #59 ---C, bytes 0--15
2019-07-22 18:00:11.299991-0700 xctest[59729:373964] CouchbaseLite Replicator Debug: {pusher#16} Done pushing 'doc139' 1-c8c16ee37b9d0041b91beafe4587497a8ee75665
2019-07-22 18:00:11.300097-0700 xctest[59729:373989] CouchbaseLite Network Verbose: {BLIPIO#13} Finished sending REQ #59 Z
2019-07-22 18:00:11.300210-0700 xctest[59729:373968] CouchbaseLite Network Debug: {LoopbackWS#12} SEND: 3b08c2ea 4bf2db3e a683b3ed 030063fe 3fdb
2019-07-22 18:00:11.300358-0700 xctest[59729:373964] CouchbaseLite Replicator Verbose: {pusher#16} progress +0/+0, 1 docs -- now 0 / 56800, 39 docs
2019-07-22 18:00:11.300495-0700 xctest[59729:373964] CouchbaseLite Replicator Info: {pusher#16} activityLevel=busy: pendingResponseCount=17, caughtUp=1, changeLists=0, revsInFlight=10, blobsInFlight=0, awaitingReply=1610, revsToSend=344, pushingDocs=361, pendingSequences=0
2019-07-22 18:00:11.300601-0700 xctest[59729:374005] CouchbaseLite Network Debug: {LoopbackWS#11} RECEIVED: 3b08c2ea 4bf2db3e a683b3ed 030063fe 3fdb
2019-07-22 18:00:11.300725-0700 xctest[59729:373989] CouchbaseLite Network Verbose: {BLIPIO#13} ...Wrote 18 bytes to WebSocket (writeable=1)
2019-07-22 18:00:11.300855-0700 xctest[59729:373968] CouchbaseLite Replicator Info: {repl#10} pushStatus=busy, pullStatus=busy, progress=0/56800
2019-07-22 18:00:11.300988-0700 xctest[59729:373968] CouchbaseLite Replicator Verbose: {repl#10} progress +0/+0, 1 docs -- now 0 / 56800, 39 docs
2019-07-22 18:00:11.301121-0700 xctest[59729:373990] CouchbaseLite Network Verbose: {BLIPIO#14} Received frame: REQ #59 ---C, length 16
2019-07-22 18:00:11.301229-0700 xctest[59729:373989] CouchbaseLite Network Verbose: {BLIPIO#13} Received frame: RES #55 ----, length 5
2019-07-22 18:00:11.301373-0700 xctest[59729:373964] CouchbaseLite Replicator Verbose: {pusher#16} Completed rev doc140 #1-c8c16ee37b9d0041b91beafe4587497a8ee75665 (seq #40)
2019-07-22 18:00:11.301478-0700 xctest[59729:373968] CouchbaseLite Replicator Info: {repl#10} activityLevel=busy: connectionState=2
2019-07-22 18:00:11.301585-0700 xctest[59729:373968] CouchbaseLite Replicator Info: {repl#10} pushStatus=busy, pullStatus=busy, progress=0/56800
2019-07-22 18:00:11.301713-0700 xctest[59729:373989] CouchbaseLite Network Verbose: {Connection#9} Receiving RES #55
2019-07-22 18:00:11.301858-0700 xctest[59729:373964] CouchbaseLite Replicator Debug: {pusher#16} Done pushing 'doc140' 1-c8c16ee37b9d0041b91beafe4587497a8ee75665
2019-07-22 18:00:11.301969-0700 xctest[59729:373990] CouchbaseLite Network Verbose: {Connection#7} Receiving 'rev' REQ #59 Z
2019-07-22 18:00:11.302088-0700 xctest[59729:373989] CouchbaseLite Network Verbose: {Connection#9} Finished receiving RES #55
2019-07-22 18:00:11.302199-0700 xctest[59729:373964] CouchbaseLite Replicator Verbose: {pusher#16} progress +0/+0, 1 docs -- now 0 / 56800, 40 docs
2019-07-22 18:00:11.302303-0700 xctest[59729:373990] CouchbaseLite Network Verbose: {Connection#7} Finished receiving 'rev' REQ #59 Z
2019-07-22 18:00:11.302411-0700 xctest[59729:373964] CouchbaseLite Replicator Info: {pusher#16} activityLevel=busy: pendingResponseCount=16, caughtUp=1, changeLists=0, revsInFlight=10, blobsInFlight=0, awaitingReply=1380, revsToSend=344, pushingDocs=360, pendingSequences=0
2019-07-22 18:00:11.302518-0700 xctest[59729:373968] CouchbaseLite Replicator Info: {Puller#15} activityLevel=busy: pendingResponseCount=0, _caughtUp=1, _pendingRevMessages=344, _activeIncomingRevs=4
2019-07-22 18:00:11.302650-0700 xctest[59729:373990] CouchbaseLite Replicator Verbose: {IncomingRev#51} Received revision 'doc156' #1-c8c16ee37b9d0041b91beafe4587497a8ee75665 (seq '56')
2019-07-22 18:00:11.302769-0700 xctest[59729:373964] CouchbaseLite Replicator Debug: {pusher#16} Transmitted 'rev' doc147 #1-c8c16ee37b9d0041b91beafe4587497a8ee75665 (seq #47)
2019-07-22 18:00:11.302885-0700 xctest[59729:373989] CouchbaseLite Replicator Info: {repl#10} pushStatus=busy, pullStatus=busy, progress=0/56800
2019-07-22 18:00:11.303000-0700 xctest[59729:373989] CouchbaseLite Replicator Verbose: {repl#10} progress +0/+0, 1 docs -- now 0 / 56800, 40 docs
2019-07-22 18:00:11.303109-0700 xctest[59729:373989] CouchbaseLite Replicator Info: {repl#10} activityLevel=busy: connectionState=2
2019-07-22 18:00:11.303252-0700 xctest[59729:373989] CouchbaseLite Replicator Info: {repl#10} pushStatus=busy, pullStatus=busy, progress=0/56800
2019-07-22 18:00:11.303387-0700 xctest[59729:373968] CouchbaseLite Replicator Info: {Puller#15} activityLevel=busy: pendingResponseCount=0, _caughtUp=1, _pendingRevMessages=344, _activeIncomingRevs=4
2019-07-22 18:00:11.303511-0700 xctest[59729:373964] CouchbaseLite Replicator Verbose: {pusher#16} Sending rev doc157 1-c8c16ee37b9d0041b91beafe4587497a8ee75665 (seq #57) [10/10]
2019-07-22 18:00:11.303614-0700 xctest[59729:373964] CouchbaseLite Replicator Verbose: {pusher#16} Reading document 'doc157' #1-c8c16ee37b9d0041b91beafe4587497a8ee75665
2019-07-22 18:00:11.303931-0700 xctest[59729:373964] CouchbaseLite Replicator Verbose: {pusher#16} Transmitting 'rev' message with 'doc157' #1-c8c16ee37b9d0041b91beafe4587497a8ee75665
2019-07-22 18:00:11.304114-0700 xctest[59729:373968] CouchbaseLite Network Verbose: {BLIPIO#13} Sending 'rev' REQ #60 Z
2019-07-22 18:00:11.304225-0700 xctest[59729:373964] CouchbaseLite Replicator Info: {pusher#16} activityLevel=busy: pendingResponseCount=17, caughtUp=1, changeLists=0, revsInFlight=10, blobsInFlight=0, awaitingReply=1610, revsToSend=343, pushingDocs=360, pendingSequences=0
2019-07-22 18:00:11.304321-0700 xctest[59729:373968] CouchbaseLite Network Verbose: {BLIPIO#13} Sending frame: REQ #60 ---C, bytes 0--15
2019-07-22 18:00:11.304446-0700 xctest[59729:373964] CouchbaseLite Replicator Debug: {pusher#16} Transmitted 'rev' doc148 #1-c8c16ee37b9d0041b91beafe4587497a8ee75665 (seq #48)
2019-07-22 18:00:11.304556-0700 xctest[59729:373968] CouchbaseLite Network Verbose: {BLIPIO#13} Finished sending REQ #60 Z
2019-07-22 18:00:11.304648-0700 xctest[59729:373989] CouchbaseLite Network Debug: {LoopbackWS#12} SEND: 3c08c2ea 4bf2db3e a683b3ed 0300f3cd 92db
2019-07-22 18:00:11.304757-0700 xctest[59729:373964] CouchbaseLite Replicator Verbose: {pusher#16} Sending rev doc158 1-c8c16ee37b9d0041b91beafe4587497a8ee75665 (seq #58) [10/10]
2019-07-22 18:00:11.304848-0700 xctest[59729:373968] CouchbaseLite Network Verbose: {BLIPIO#13} ...Wrote 18 bytes to WebSocket (writeable=1)
2019-07-22 18:00:11.304985-0700 xctest[59729:373989] CouchbaseLite Network Debug: {LoopbackWS#11} RECEIVED: 3c08c2ea 4bf2db3e a683b3ed 0300f3cd 92db
2019-07-22 18:00:11.305095-0700 xctest[59729:373964] CouchbaseLite Replicator Verbose: {pusher#16} Reading document 'doc158' #1-c8c16ee37b9d0041b91beafe4587497a8ee75665
2019-07-22 18:00:11.305221-0700 xctest[59729:373968] CouchbaseLite Network Verbose: {BLIPIO#14} Received frame: REQ #60 ---C, length 16
2019-07-22 18:00:11.305363-0700 xctest[59729:373968] CouchbaseLite Network Verbose: {Connection#7} Receiving 'rev' REQ #60 Z
2019-07-22 18:00:11.305466-0700 xctest[59729:373964] CouchbaseLite Replicator Verbose: {pusher#16} Transmitting 'rev' message with 'doc158' #1-c8c16ee37b9d0041b91beafe4587497a8ee75665
2019-07-22 18:00:11.305571-0700 xctest[59729:373968] CouchbaseLite Network Verbose: {Connection#7} Finished receiving 'rev' REQ #60 Z
2019-07-22 18:00:11.305674-0700 xctest[59729:373989] CouchbaseLite Network Verbose: {BLIPIO#13} Sending 'rev' REQ #61 Z
2019-07-22 18:00:11.305792-0700 xctest[59729:373964] CouchbaseLite Replicator Info: {pusher#16} activityLevel=busy: pendingResponseCount=18, caughtUp=1, changeLists=0, revsInFlight=10, blobsInFlight=0, awaitingReply=1840, revsToSend=342, pushingDocs=360, pendingSequences=0
2019-07-22 18:00:11.305938-0700 xctest[59729:373990] CouchbaseLite Replicator Info: {Puller#15} activityLevel=busy: pendingResponseCount=0, _caughtUp=1, _pendingRevMessages=343, _activeIncomingRevs=5
2019-07-22 18:00:11.306061-0700 xctest[59729:373968] CouchbaseLite Replicator Verbose: {IncomingRev#50} Received revision 'doc157' #1-c8c16ee37b9d0041b91beafe4587497a8ee75665 (seq '57')
2019-07-22 18:00:11.306179-0700 xctest[59729:373989] CouchbaseLite Network Verbose: {BLIPIO#13} Sending frame: REQ #61 ---C, bytes 0--15
2019-07-22 18:00:11.306317-0700 xctest[59729:373964] CouchbaseLite Replicator Debug: {pusher#16} Transmitted 'rev' doc149 #1-c8c16ee37b9d0041b91beafe4587497a8ee75665 (seq #49)
2019-07-22 18:00:11.306435-0700 xctest[59729:373989] CouchbaseLite Network Verbose: {BLIPIO#13} Finished sending REQ #61 Z
2019-07-22 18:00:11.306540-0700 xctest[59729:373990] CouchbaseLite Network Debug: {LoopbackWS#12} SEND: 3d08c2ea 4bf2db3e a683b3ed 03009817 2cb4
2019-07-22 18:00:11.306653-0700 xctest[59729:373964] CouchbaseLite Replicator Verbose: {pusher#16} Sending rev doc159 1-c8c16ee37b9d0041b91beafe4587497a8ee75665 (seq #59) [10/10]
2019-07-22 18:00:11.306746-0700 xctest[59729:373989] CouchbaseLite Network Verbose: {BLIPIO#13} ...Wrote 18 bytes to WebSocket (writeable=1)
2019-07-22 18:00:11.306856-0700 xctest[59729:374003] CouchbaseLite Replicator Info: {Puller#15} activityLevel=busy: pendingResponseCount=0, _caughtUp=1, _pendingRevMessages=343, _activeIncomingRevs=5
2019-07-22 18:00:11.306967-0700 xctest[59729:373968] CouchbaseLite Network Debug: {LoopbackWS#11} RECEIVED: 3d08c2ea 4bf2db3e a683b3ed 03009817 2cb4
2019-07-22 18:00:11.307068-0700 xctest[59729:373964] CouchbaseLite Replicator Verbose: {pusher#16} Reading document 'doc159' #1-c8c16ee37b9d0041b91beafe4587497a8ee75665
2019-07-22 18:00:11.307176-0700 xctest[59729:373968] CouchbaseLite Network Verbose: {BLIPIO#14} Received frame: REQ #61 ---C, length 16
2019-07-22 18:00:11.307318-0700 xctest[59729:373968] CouchbaseLite Network Verbose: {Connection#7} Receiving 'rev' REQ #61 Z
2019-07-22 18:00:11.307438-0700 xctest[59729:373964] CouchbaseLite Replicator Verbose: {pusher#16} Transmitting 'rev' message with 'doc159' #1-c8c16ee37b9d0041b91beafe4587497a8ee75665
2019-07-22 18:00:11.307580-0700 xctest[59729:373968] CouchbaseLite Network Verbose: {Connection#7} Finished receiving 'rev' REQ #61 Z
2019-07-22 18:00:11.307689-0700 xctest[59729:373964] CouchbaseLite Replicator Info: {pusher#16} activityLevel=busy: pendingResponseCount=19, caughtUp=1, changeLists=0, revsInFlight=10, blobsInFlight=0, awaitingReply=2070, revsToSend=341, pushingDocs=360, pendingSequences=0
2019-07-22 18:00:11.307797-0700 xctest[59729:374003] CouchbaseLite Network Verbose: {BLIPIO#13} Sending 'rev' REQ #62 Z
2019-07-22 18:00:11.307906-0700 xctest[59729:373989] CouchbaseLite Replicator Info: {Puller#15} activityLevel=busy: pendingResponseCount=0, _caughtUp=1, _pendingRevMessages=342, _activeIncomingRevs=6
2019-07-22 18:00:11.307997-0700 xctest[59729:373990] CouchbaseLite Replicator Verbose: {IncomingRev#18} Received revision 'doc158' #1-c8c16ee37b9d0041b91beafe4587497a8ee75665 (seq '58')
2019-07-22 18:00:11.308127-0700 xctest[59729:373964] CouchbaseLite Replicator Debug: {pusher#16} Transmitted 'rev' doc150 #1-c8c16ee37b9d0041b91beafe4587497a8ee75665 (seq #50)
2019-07-22 18:00:11.308247-0700 xctest[59729:374003] CouchbaseLite Network Verbose: {BLIPIO#13} Sending frame: REQ #62 ---C, bytes 0--15
2019-07-22 18:00:11.308350-0700 xctest[59729:373964] CouchbaseLite Replicator Verbose: {pusher#16} Sending rev doc160 1-c8c16ee37b9d0041b91beafe4587497a8ee75665 (seq #60) [10/10]
2019-07-22 18:00:11.308459-0700 xctest[59729:374003] CouchbaseLite Network Verbose: {BLIPIO#13} Finished sending REQ #62 Z
2019-07-22 18:00:11.308567-0700 xctest[59729:373989] CouchbaseLite Network Debug: {LoopbackWS#12} SEND: 3e08c2ea 4bf2db3e a683b3ed 0300955f b947
2019-07-22 18:00:11.308678-0700 xctest[59729:373964] CouchbaseLite Replicator Verbose: {pusher#16} Reading document 'doc160' #1-c8c16ee37b9d0041b91beafe4587497a8ee75665
2019-07-22 18:00:11.308785-0700 xctest[59729:373968] CouchbaseLite Replicator Info: {Puller#15} activityLevel=busy: pendingResponseCount=0, _caughtUp=1, _pendingRevMessages=342, _activeIncomingRevs=6
2019-07-22 18:00:11.308882-0700 xctest[59729:374003] CouchbaseLite Network Verbose: {BLIPIO#13} ...Wrote 18 bytes to WebSocket (writeable=1)
2019-07-22 18:00:11.308988-0700 xctest[59729:373990] CouchbaseLite Network Debug: {LoopbackWS#11} RECEIVED: 3e08c2ea 4bf2db3e a683b3ed 0300955f b947
2019-07-22 18:00:11.309099-0700 xctest[59729:373964] CouchbaseLite Replicator Verbose: {pusher#16} Transmitting 'rev' message with 'doc160' #1-c8c16ee37b9d0041b91beafe4587497a8ee75665
2019-07-22 18:00:11.309191-0700 xctest[59729:374003] CouchbaseLite Network Verbose: {BLIPIO#14} Received frame: REQ #62 ---C, length 16
2019-07-22 18:00:11.309305-0700 xctest[59729:373990] CouchbaseLite Network Verbose: {BLIPIO#13} Sending 'rev' REQ #63 Z
2019-07-22 18:00:11.309403-0700 xctest[59729:373964] CouchbaseLite Replicator Info: {pusher#16} activityLevel=busy: pendingResponseCount=20, caughtUp=1, changeLists=0, revsInFlight=10, blobsInFlight=0, awaitingReply=2300, revsToSend=340, pushingDocs=360, pendingSequences=0
2019-07-22 18:00:11.309520-0700 xctest[59729:374003] CouchbaseLite Network Verbose: {Connection#7} Receiving 'rev' REQ #62 Z
2019-07-22 18:00:11.309634-0700 xctest[59729:373990] CouchbaseLite Network Verbose: {BLIPIO#13} Sending frame: REQ #63 ---C, bytes 0--16
2019-07-22 18:00:11.309726-0700 xctest[59729:373964] CouchbaseLite Replicator Verbose: {pusher#16} Completed rev doc141 #1-c8c16ee37b9d0041b91beafe4587497a8ee75665 (seq #41)
2019-07-22 18:00:11.309825-0700 xctest[59729:374003] CouchbaseLite Network Verbose: {Connection#7} Finished receiving 'rev' REQ #62 Z
2019-07-22 18:00:11.309936-0700 xctest[59729:373990] CouchbaseLite Network Verbose: {BLIPIO#13} Finished sending REQ #63 Z
2019-07-22 18:00:11.310024-0700 xctest[59729:373968] CouchbaseLite Network Debug: {LoopbackWS#12} SEND: 3f08c2e6 4b33f2db 3e6683b3 ed0300d9 8e6d80
2019-07-22 18:00:11.310130-0700 xctest[59729:373964] CouchbaseLite Replicator Debug: {pusher#16} Done pushing 'doc141' 1-c8c16ee37b9d0041b91beafe4587497a8ee75665
2019-07-22 18:00:11.310229-0700 xctest[59729:373964] CouchbaseLite Replicator Verbose: {pusher#16} progress +0/+0, 1 docs -- now 0 / 56800, 41 docs
2019-07-22 18:00:11.310332-0700 xctest[59729:374003] CouchbaseLite Replicator Verbose: {IncomingRev#20} Received revision 'doc159' #1-c8c16ee37b9d0041b91beafe4587497a8ee75665 (seq '59')
2019-07-22 18:00:11.310434-0700 xctest[59729:373990] CouchbaseLite Network Verbose: {BLIPIO#13} ...Wrote 19 bytes to WebSocket (writeable=1)
2019-07-22 18:00:11.310567-0700 xctest[59729:374005] CouchbaseLite Network Debug: {LoopbackWS#11} RECEIVED: 3f08c2e6 4b33f2db 3e6683b3 ed0300d9 8e6d80
2019-07-22 18:00:11.310683-0700 xctest[59729:373989] CouchbaseLite Replicator Info: {Puller#15} activityLevel=busy: pendingResponseCount=0, _caughtUp=1, _pendingRevMessages=341, _activeIncomingRevs=7
2019-07-22 18:00:11.310785-0700 xctest[59729:373964] CouchbaseLite Replicator Info: {pusher#16} activityLevel=busy: pendingResponseCount=19, caughtUp=1, changeLists=0, revsInFlight=10, blobsInFlight=0, awaitingReply=2070, revsToSend=340, pushingDocs=359, pendingSequences=0
2019-07-22 18:00:11.310891-0700 xctest[59729:374005] CouchbaseLite Network Verbose: {BLIPIO#14} Received frame: REQ #63 ---C, length 17
2019-07-22 18:00:11.311015-0700 xctest[59729:373989] CouchbaseLite Replicator Info: {Puller#15} activityLevel=busy: pendingResponseCount=0, _caughtUp=1, _pendingRevMessages=341, _activeIncomingRevs=7
2019-07-22 18:00:11.311113-0700 xctest[59729:374003] CouchbaseLite Replicator Info: {repl#10} pushStatus=busy, pullStatus=busy, progress=0/56800
2019-07-22 18:00:11.311209-0700 xctest[59729:374003] CouchbaseLite Replicator Verbose: {repl#10} progress +0/+0, 1 docs -- now 0 / 56800, 41 docs
2019-07-22 18:00:11.311300-0700 xctest[59729:374003] CouchbaseLite Replicator Info: {repl#10} activityLevel=busy: connectionState=2
2019-07-22 18:00:11.311372-0700 xctest[59729:374003] CouchbaseLite Replicator Info: {repl#10} pushStatus=busy, pullStatus=busy, progress=0/56800
2019-07-22 18:00:11.311477-0700 xctest[59729:374005] CouchbaseLite Network Verbose: {Connection#7} Receiving 'rev' REQ #63 Z
2019-07-22 18:00:11.311584-0700 xctest[59729:373964] CouchbaseLite Replicator Verbose: {pusher#16} Completed rev doc142 #1-c8c16ee37b9d0041b91beafe4587497a8ee75665 (seq #42)
2019-07-22 18:00:11.311698-0700 xctest[59729:374005] CouchbaseLite Network Verbose: {Connection#7} Finished receiving 'rev' REQ #63 Z
2019-07-22 18:00:11.311804-0700 xctest[59729:373964] CouchbaseLite Replicator Debug: {pusher#16} Done pushing 'doc142' 1-c8c16ee37b9d0041b91beafe4587497a8ee75665
2019-07-22 18:00:11.311901-0700 xctest[59729:374003] CouchbaseLite Replicator Info: {Puller#15} activityLevel=busy: pendingResponseCount=0, _caughtUp=1, _pendingRevMessages=340, _activeIncomingRevs=8
2019-07-22 18:00:11.312009-0700 xctest[59729:373989] CouchbaseLite Replicator Verbose: {IncomingRev#38} Received revision 'doc160' #1-c8c16ee37b9d0041b91beafe4587497a8ee75665 (seq '60')
2019-07-22 18:00:11.312116-0700 xctest[59729:373964] CouchbaseLite Replicator Verbose: {pusher#16} progress +0/+0, 1 docs -- now 0 / 56800, 42 docs
2019-07-22 18:00:11.312196-0700 xctest[59729:373964] CouchbaseLite Replicator Info: {pusher#16} activityLevel=busy: pendingResponseCount=18, caughtUp=1, changeLists=0, revsInFlight=10, blobsInFlight=0, awaitingReply=1840, revsToSend=340, pushingDocs=358, pendingSequences=0
2019-07-22 18:00:11.312323-0700 xctest[59729:374003] CouchbaseLite Replicator Info: {repl#10} pushStatus=busy, pullStatus=busy, progress=0/56800
2019-07-22 18:00:11.312416-0700 xctest[59729:374003] CouchbaseLite Replicator Verbose: {repl#10} progress +0/+0, 1 docs -- now 0 / 56800, 42 docs
2019-07-22 18:00:11.312519-0700 xctest[59729:373964] CouchbaseLite Replicator Verbose: {pusher#16} Completed rev doc143 #1-c8c16ee37b9d0041b91beafe4587497a8ee75665 (seq #43)
2019-07-22 18:00:11.312626-0700 xctest[59729:374005] CouchbaseLite Replicator Info: {Puller#15} activityLevel=busy: pendingResponseCount=0, _caughtUp=1, _pendingRevMessages=340, _activeIncomingRevs=8
2019-07-22 18:00:11.312712-0700 xctest[59729:374003] CouchbaseLite Replicator Info: {repl#10} activityLevel=busy: connectionState=2
2019-07-22 18:00:11.312830-0700 xctest[59729:374003] CouchbaseLite Replicator Info: {repl#10} pushStatus=busy, pullStatus=busy, progress=0/56800
2019-07-22 18:00:11.312939-0700 xctest[59729:373964] CouchbaseLite Replicator Debug: {pusher#16} Done pushing 'doc143' 1-c8c16ee37b9d0041b91beafe4587497a8ee75665
2019-07-22 18:00:11.313035-0700 xctest[59729:373964] CouchbaseLite Replicator Verbose: {pusher#16} progress +0/+0, 1 docs -- now 0 / 56800, 43 docs
2019-07-22 18:00:11.313154-0700 xctest[59729:373964] CouchbaseLite Replicator Info: {pusher#16} activityLevel=busy: pendingResponseCount=17, caughtUp=1, changeLists=0, revsInFlight=10, blobsInFlight=0, awaitingReply=1610, revsToSend=340, pushingDocs=357, pendingSequences=0
2019-07-22 18:00:11.313262-0700 xctest[59729:374003] CouchbaseLite Replicator Verbose: {Inserter#54} Inserting 8 revs:
2019-07-22 18:00:11.313353-0700 xctest[59729:374005] CouchbaseLite Replicator Info: {repl#10} pushStatus=busy, pullStatus=busy, progress=0/56800
2019-07-22 18:00:11.313450-0700 xctest[59729:374005] CouchbaseLite Replicator Verbose: {repl#10} progress +0/+0, 1 docs -- now 0 / 56800, 43 docs
2019-07-22 18:00:11.313553-0700 xctest[59729:374005] CouchbaseLite Replicator Info: {repl#10} activityLevel=busy: connectionState=2
2019-07-22 18:00:11.313642-0700 xctest[59729:373964] CouchbaseLite Replicator Verbose: {pusher#16} Completed rev doc144 #1-c8c16ee37b9d0041b91beafe4587497a8ee75665 (seq #44)
2019-07-22 18:00:11.313742-0700 xctest[59729:374003] CouchbaseLite Database Verbose: {DB#55} begin transaction
2019-07-22 18:00:11.313845-0700 xctest[59729:374005] CouchbaseLite Replicator Info: {repl#10} pushStatus=busy, pullStatus=busy, progress=0/56800
2019-07-22 18:00:11.313935-0700 xctest[59729:373964] CouchbaseLite Replicator Debug: {pusher#16} Done pushing 'doc144' 1-c8c16ee37b9d0041b91beafe4587497a8ee75665
2019-07-22 18:00:11.314018-0700 xctest[59729:373964] CouchbaseLite Replicator Verbose: {pusher#16} progress +0/+0, 1 docs -- now 0 / 56800, 44 docs
2019-07-22 18:00:11.314102-0700 xctest[59729:373964] CouchbaseLite Replicator Info: {pusher#16} activityLevel=busy: pendingResponseCount=16, caughtUp=1, changeLists=0, revsInFlight=10, blobsInFlight=0, awaitingReply=1380, revsToSend=340, pushingDocs=356, pendingSequences=0
2019-07-22 18:00:11.314245-0700 xctest[59729:373964] CouchbaseLite Replicator Debug: {pusher#16} Transmitted 'rev' doc151 #1-c8c16ee37b9d0041b91beafe4587497a8ee75665 (seq #51)
2019-07-22 18:00:11.314339-0700 xctest[59729:374005] CouchbaseLite Replicator Info: {repl#10} pushStatus=busy, pullStatus=busy, progress=0/56800
2019-07-22 18:00:11.314439-0700 xctest[59729:374005] CouchbaseLite Replicator Verbose: {repl#10} progress +0/+0, 1 docs -- now 0 / 56800, 44 docs
2019-07-22 18:00:11.314550-0700 xctest[59729:373964] CouchbaseLite Replicator Verbose: {pusher#16} Sending rev doc161 1-c8c16ee37b9d0041b91beafe4587497a8ee75665 (seq #61) [10/10]
2019-07-22 18:00:11.314664-0700 xctest[59729:374003] CouchbaseLite Database Verbose: {DB#55} Saved 'doc153' rev #1-c8c16ee37b9d0041b91beafe4587497a8ee75665 as seq 54
2019-07-22 18:00:11.314765-0700 xctest[59729:374005] CouchbaseLite Replicator Info: {repl#10} activityLevel=busy: connectionState=2
2019-07-22 18:00:11.314852-0700 xctest[59729:374005] CouchbaseLite Replicator Info: {repl#10} pushStatus=busy, pullStatus=busy, progress=0/56800
2019-07-22 18:00:11.314936-0700 xctest[59729:374003] CouchbaseLite Replicator Verbose: {Inserter#54} {'doc153' #1-c8c16ee37b9d0041b91beafe4587497a8ee75665 <- } seq 54
2019-07-22 18:00:11.315035-0700 xctest[59729:373964] CouchbaseLite Replicator Verbose: {pusher#16} Reading document 'doc161' #1-c8c16ee37b9d0041b91beafe4587497a8ee75665
2019-07-22 18:00:11.315130-0700 xctest[59729:374005] CouchbaseLite Replicator Info: {Puller#15} activityLevel=busy: pendingResponseCount=0, _caughtUp=1, _pendingRevMessages=340, _activeIncomingRevs=7
2019-07-22 18:00:11.315321-0700 xctest[59729:374003] CouchbaseLite Database Verbose: {DB#55} Saved 'doc154' rev #1-c8c16ee37b9d0041b91beafe4587497a8ee75665 as seq 55
2019-07-22 18:00:11.315449-0700 xctest[59729:373964] CouchbaseLite Replicator Verbose: {pusher#16} Transmitting 'rev' message with 'doc161' #1-c8c16ee37b9d0041b91beafe4587497a8ee75665
2019-07-22 18:00:11.315546-0700 xctest[59729:374003] CouchbaseLite Replicator Verbose: {Inserter#54} {'doc154' #1-c8c16ee37b9d0041b91beafe4587497a8ee75665 <- } seq 55
2019-07-22 18:00:11.315659-0700 xctest[59729:374005] CouchbaseLite Network Verbose: {BLIPIO#13} Sending 'rev' REQ #64 Z
2019-07-22 18:00:11.315801-0700 xctest[59729:373964] CouchbaseLite Replicator Info: {pusher#16} activityLevel=busy: pendingResponseCount=17, caughtUp=1, changeLists=0, revsInFlight=10, blobsInFlight=0, awaitingReply=1610, revsToSend=339, pushingDocs=356, pendingSequences=0
2019-07-22 18:00:11.315897-0700 xctest[59729:373989] CouchbaseLite Replicator Info: {Puller#15} activityLevel=busy: pendingResponseCount=0, _caughtUp=1, _pendingRevMessages=340, _activeIncomingRevs=6
2019-07-22 18:00:11.316009-0700 xctest[59729:374005] CouchbaseLite Network Verbose: {BLIPIO#13} Sending frame: REQ #64 ---C, bytes 0--15
2019-07-22 18:00:11.316102-0700 xctest[59729:374003] CouchbaseLite Database Verbose: {DB#55} Saved 'doc155' rev #1-c8c16ee37b9d0041b91beafe4587497a8ee75665 as seq 56
2019-07-22 18:00:11.316205-0700 xctest[59729:373964] CouchbaseLite Replicator Verbose: {pusher#16} Completed rev doc145 #1-c8c16ee37b9d0041b91beafe4587497a8ee75665 (seq #45)
2019-07-22 18:00:11.316309-0700 xctest[59729:374005] CouchbaseLite Network Verbose: {BLIPIO#13} Finished sending REQ #64 Z
2019-07-22 18:00:11.316401-0700 xctest[59729:373989] CouchbaseLite Network Debug: {LoopbackWS#12} SEND: 4008c2ea 4bf2db3e 6683b3ed 03006978 9fb5
2019-07-22 18:00:11.316515-0700 xctest[59729:374003] CouchbaseLite Replicator Verbose: {Inserter#54} {'doc155' #1-c8c16ee37b9d0041b91beafe4587497a8ee75665 <- } seq 56
2019-07-22 18:00:11.316611-0700 xctest[59729:373964] CouchbaseLite Replicator Debug: {pusher#16} Done pushing 'doc145' 1-c8c16ee37b9d0041b91beafe4587497a8ee75665
2019-07-22 18:00:11.316691-0700 xctest[59729:373964] CouchbaseLite Replicator Verbose: {pusher#16} progress +0/+0, 1 docs -- now 0 / 56800, 45 docs
2019-07-22 18:00:11.316794-0700 xctest[59729:373964] CouchbaseLite Replicator Info: {pusher#16} activityLevel=busy: pendingResponseCount=16, caughtUp=1, changeLists=0, revsInFlight=10, blobsInFlight=0, awaitingReply=1380, revsToSend=339, pushingDocs=355, pendingSequences=0
2019-07-22 18:00:11.316923-0700 xctest[59729:373989] CouchbaseLite Replicator Info: {Puller#15} activityLevel=busy: pendingResponseCount=0, _caughtUp=1, _pendingRevMessages=340, _activeIncomingRevs=5
2019-07-22 18:00:11.317046-0700 xctest[59729:374005] CouchbaseLite Network Verbose: {BLIPIO#13} ...Wrote 18 bytes to WebSocket (writeable=1)
2019-07-22 18:00:11.317161-0700 xctest[59729:373990] CouchbaseLite Network Debug: {LoopbackWS#11} RECEIVED: 4008c2ea 4bf2db3e 6683b3ed 03006978 9fb5
2019-07-22 18:00:11.317252-0700 xctest[59729:374003] CouchbaseLite Database Verbose: {DB#55} Saved 'doc156' rev #1-c8c16ee37b9d0041b91beafe4587497a8ee75665 as seq 57
2019-07-22 18:00:11.317372-0700 xctest[59729:373968] CouchbaseLite Replicator Info: {repl#10} pushStatus=busy, pullStatus=busy, progress=0/56800
2019-07-22 18:00:11.317480-0700 xctest[59729:373968] CouchbaseLite Replicator Verbose: {repl#10} progress +0/+0, 1 docs -- now 0 / 56800, 45 docs
2019-07-22 18:00:11.317565-0700 xctest[59729:374005] CouchbaseLite Network Verbose: {BLIPIO#14} Received frame: REQ #64 ---C, length 16
2019-07-22 18:00:11.317669-0700 xctest[59729:374003] CouchbaseLite Replicator Verbose: {Inserter#54} {'doc156' #1-c8c16ee37b9d0041b91beafe4587497a8ee75665 <- } seq 57
2019-07-22 18:00:11.317769-0700 xctest[59729:373964] CouchbaseLite Replicator Debug: {pusher#16} Transmitted 'rev' doc152 #1-c8c16ee37b9d0041b91beafe4587497a8ee75665 (seq #52)
2019-07-22 18:00:11.317871-0700 xctest[59729:373968] CouchbaseLite Replicator Info: {repl#10} activityLevel=busy: connectionState=2
2019-07-22 18:00:11.317965-0700 xctest[59729:373968] CouchbaseLite Replicator Info: {repl#10} pushStatus=busy, pullStatus=busy, progress=0/56800
2019-07-22 18:00:11.318051-0700 xctest[59729:373990] CouchbaseLite Replicator Info: {Puller#15} activityLevel=busy: pendingResponseCount=0, _caughtUp=1, _pendingRevMessages=340, _activeIncomingRevs=4
2019-07-22 18:00:11.318148-0700 xctest[59729:373964] CouchbaseLite Replicator Verbose: {pusher#16} Sending rev doc162 1-c8c16ee37b9d0041b91beafe4587497a8ee75665 (seq #62) [10/10]
2019-07-22 18:00:11.318253-0700 xctest[59729:374005] CouchbaseLite Network Verbose: {Connection#7} Receiving 'rev' REQ #64 Z
2019-07-22 18:00:11.318353-0700 xctest[59729:374003] CouchbaseLite Database Verbose: {DB#55} Saved 'doc157' rev #1-c8c16ee37b9d0041b91beafe4587497a8ee75665 as seq 58
2019-07-22 18:00:11.318448-0700 xctest[59729:373964] CouchbaseLite Replicator Verbose: {pusher#16} Reading document 'doc162' #1-c8c16ee37b9d0041b91beafe4587497a8ee75665
2019-07-22 18:00:11.318545-0700 xctest[59729:374005] CouchbaseLite Network Verbose: {Connection#7} Finished receiving 'rev' REQ #64 Z
2019-07-22 18:00:11.318680-0700 xctest[59729:374003] CouchbaseLite Replicator Verbose: {Inserter#54} {'doc157' #1-c8c16ee37b9d0041b91beafe4587497a8ee75665 <- } seq 58
2019-07-22 18:00:11.318818-0700 xctest[59729:373990] CouchbaseLite Replicator Info: {Puller#15} activityLevel=busy: pendingResponseCount=0, _caughtUp=1, _pendingRevMessages=339, _activeIncomingRevs=5
2019-07-22 18:00:11.318914-0700 xctest[59729:374005] CouchbaseLite Replicator Verbose: {IncomingRev#36} Received revision 'doc161' #1-c8c16ee37b9d0041b91beafe4587497a8ee75665 (seq '61')
2019-07-22 18:00:11.319025-0700 xctest[59729:373964] CouchbaseLite Replicator Verbose: {pusher#16} Transmitting 'rev' message with 'doc162' #1-c8c16ee37b9d0041b91beafe4587497a8ee75665
2019-07-22 18:00:11.319154-0700 xctest[59729:373990] CouchbaseLite Replicator Info: {Puller#15} activityLevel=busy: pendingResponseCount=0, _caughtUp=1, _pendingRevMessages=339, _activeIncomingRevs=4
2019-07-22 18:00:11.319280-0700 xctest[59729:374003] CouchbaseLite Database Verbose: {DB#55} Saved 'doc158' rev #1-c8c16ee37b9d0041b91beafe4587497a8ee75665 as seq 59
2019-07-22 18:00:11.319400-0700 xctest[59729:373968] CouchbaseLite Network Verbose: {BLIPIO#13} Sending 'rev' REQ #65 Z
