2019-07-22 18:00:12.158415-0700 xctest[59729:374007] CouchbaseLite Replicator Verbose: {Inserter#54} {'doc1181' #1-c8c16ee37b9d0041b91beafe4587497a8ee75665 <- } seq 182
2019-07-22 18:00:12.158525-0700 xctest[59729:374003] CouchbaseLite Network Verbose: {BLIPIO#13} Sending 'rev' REQ #192 Z
2019-07-22 18:00:12.158648-0700 xctest[59729:373964] CouchbaseLite Replicator Debug: {pusher#16} Done pushing 'doc1168' 1-c8c16ee37b9d0041b91beafe4587497a8ee75665
2019-07-22 18:00:12.158750-0700 xctest[59729:373968] CouchbaseLite Network Verbose: {Connection#7} Receiving 'rev' REQ #191 Z
2019-07-22 18:00:12.158860-0700 xctest[59729:374005] CouchbaseLite Replicator Info: {Puller#15} activityLevel=busy: pendingResponseCount=0, _caughtUp=1, _pendingRevMessages=213, _activeIncomingRevs=7
2019-07-22 18:00:12.158990-0700 xctest[59729:374005] CouchbaseLite Replicator Info: {Puller#15} activityLevel=busy: pendingResponseCount=0, _caughtUp=1, _pendingRevMessages=213, _activeIncomingRevs=6
2019-07-22 18:00:12.159107-0700 xctest[59729:374003] CouchbaseLite Network Verbose: {BLIPIO#13} Sending frame: REQ #192 ---C, bytes 0--15
2019-07-22 18:00:12.159220-0700 xctest[59729:373964] CouchbaseLite Replicator Verbose: {pusher#16} progress +0/+0, 1 docs -- now 0 / 56800, 168 docs
2019-07-22 18:00:12.159312-0700 xctest[59729:373968] CouchbaseLite Network Verbose: {Connection#7} Finished receiving 'rev' REQ #191 Z
2019-07-22 18:00:12.159447-0700 xctest[59729:374007] CouchbaseLite Database Verbose: {DB#55} commit transaction
2019-07-22 18:00:12.159577-0700 xctest[59729:374003] CouchbaseLite Network Verbose: {BLIPIO#13} Finished sending REQ #192 Z
2019-07-22 18:00:12.159710-0700 xctest[59729:374005] CouchbaseLite Network Debug: {LoopbackWS#12} SEND: c00108c2 ee4f0ada 4383f42c 6a0000c6 4badd7
2019-07-22 18:00:12.159846-0700 xctest[59729:373964] CouchbaseLite Replicator Info: {pusher#16} activityLevel=busy: pendingResponseCount=22, caughtUp=1, changeLists=0, revsInFlight=10, blobsInFlight=0, awaitingReply=2784, revsToSend=210, pushingDocs=232, pendingSequences=0
2019-07-22 18:00:12.160017-0700 xctest[59729:373965] CouchbaseLite Replicator Info: {Puller#15} activityLevel=busy: pendingResponseCount=0, _caughtUp=1, _pendingRevMessages=212, _activeIncomingRevs=7
2019-07-22 18:00:12.160149-0700 xctest[59729:373968] CouchbaseLite Replicator Verbose: {IncomingRev#26} Received revision 'doc1188' #1-c8c16ee37b9d0041b91beafe4587497a8ee75665 (seq '188')
2019-07-22 18:00:12.160297-0700 xctest[59729:374003] CouchbaseLite Network Verbose: {BLIPIO#13} ...Wrote 19 bytes to WebSocket (writeable=1)
2019-07-22 18:00:12.160408-0700 xctest[59729:374003] CouchbaseLite Network Verbose: {BLIPIO#13} Sending 'rev' REQ #193 Z
2019-07-22 18:00:12.160560-0700 xctest[59729:373964] CouchbaseLite Replicator Verbose: {pusher#16} Completed rev doc1169 #1-c8c16ee37b9d0041b91beafe4587497a8ee75665 (seq #169)
2019-07-22 18:00:12.160689-0700 xctest[59729:374005] CouchbaseLite Replicator Info: {repl#10} pushStatus=busy, pullStatus=busy, progress=0/56800
2019-07-22 18:00:12.160801-0700 xctest[59729:374007] CouchbaseLite Replicator Info: {Inserter#54} Inserted 10 revs in 61.56ms ( 162/sec) of which 99.9% was commit
2019-07-22 18:00:12.160923-0700 xctest[59729:374004] CouchbaseLite Network Debug: {LoopbackWS#11} RECEIVED: c00108c2 ee4f0ada 4383f42c 6a0000c6 4badd7
2019-07-22 18:00:12.161056-0700 xctest[59729:374003] CouchbaseLite Network Verbose: {BLIPIO#13} Sending frame: REQ #193 ---C, bytes 0--16
2019-07-22 18:00:12.161188-0700 xctest[59729:373964] CouchbaseLite Replicator Debug: {pusher#16} Done pushing 'doc1169' 1-c8c16ee37b9d0041b91beafe4587497a8ee75665
2019-07-22 18:00:12.161305-0700 xctest[59729:374005] CouchbaseLite Replicator Verbose: {repl#10} progress +0/+0, 1 docs -- now 0 / 56800, 168 docs
2019-07-22 18:00:12.161417-0700 xctest[59729:374007] CouchbaseLite Replicator Verbose: {Inserter#54} now busy
2019-07-22 18:00:12.161549-0700 xctest[59729:373965] CouchbaseLite Replicator Info: {Puller#15} activityLevel=busy: pendingResponseCount=0, _caughtUp=1, _pendingRevMessages=212, _activeIncomingRevs=7
2019-07-22 18:00:12.161656-0700 xctest[59729:373987] CouchbaseLite Network Verbose: {BLIPIO#14} Sending RES #175
2019-07-22 18:00:12.161759-0700 xctest[59729:374003] CouchbaseLite Network Verbose: {BLIPIO#13} Finished sending REQ #193 Z
2019-07-22 18:00:12.161855-0700 xctest[59729:374004] CouchbaseLite Network Debug: {LoopbackWS#12} SEND: c10108c2 ea4f0a0e a3361ca4 a7510300 722f37fa
2019-07-22 18:00:12.161948-0700 xctest[59729:373964] CouchbaseLite Replicator Verbose: {pusher#16} progress +0/+0, 1 docs -- now 0 / 56800, 169 docs
2019-07-22 18:00:12.162056-0700 xctest[59729:374005] CouchbaseLite Replicator Info: {repl#10} activityLevel=busy: connectionState=2
2019-07-22 18:00:12.162139-0700 xctest[59729:374005] CouchbaseLite Replicator Info: {repl#10} pushStatus=busy, pullStatus=busy, progress=0/56800
2019-07-22 18:00:12.162234-0700 xctest[59729:373968] CouchbaseLite Replicator Info: {Repl#8} pushStatus=stopped, pullStatus=busy, progress=24474/56992
2019-07-22 18:00:12.162335-0700 xctest[59729:373965] CouchbaseLite Replicator Verbose: {Puller#15} Checkpoint now at 181
2019-07-22 18:00:12.162432-0700 xctest[59729:373987] CouchbaseLite Network Verbose: {BLIPIO#14} Sending frame: RES #175 ----, bytes 0--4
2019-07-22 18:00:12.162532-0700 xctest[59729:374003] CouchbaseLite Network Verbose: {BLIPIO#13} ...Wrote 20 bytes to WebSocket (writeable=1)
2019-07-22 18:00:12.162622-0700 xctest[59729:373989] CouchbaseLite Network Debug: {LoopbackWS#11} RECEIVED: c10108c2 ea4f0a0e a3361ca4 a7510300 722f37fa
2019-07-22 18:00:12.162717-0700 xctest[59729:373964] CouchbaseLite Replicator Info: {pusher#16} activityLevel=busy: pendingResponseCount=21, caughtUp=1, changeLists=0, revsInFlight=10, blobsInFlight=0, awaitingReply=2552, revsToSend=210, pushingDocs=231, pendingSequences=0
2019-07-22 18:00:12.162816-0700 xctest[59729:374007] CouchbaseLite Replicator Verbose: {Inserter#54} Inserting 7 revs:
2019-07-22 18:00:12.162902-0700 xctest[59729:373968] CouchbaseLite Replicator Info: {Repl#8} activityLevel=busy: connectionState=2
2019-07-22 18:00:12.162987-0700 xctest[59729:373968] CouchbaseLite Replicator Info: {Repl#8} pushStatus=stopped, pullStatus=busy, progress=24474/56992
2019-07-22 18:00:12.163067-0700 xctest[59729:373987] CouchbaseLite Network Verbose: {BLIPIO#14} Finished sending RES #175
2019-07-22 18:00:12.163144-0700 xctest[59729:373989] CouchbaseLite Network Debug: {LoopbackWS#11} SEND: af010100 dd051c04
2019-07-22 18:00:12.163251-0700 xctest[59729:374003] CouchbaseLite Replicator Info: {repl#10} pushStatus=busy, pullStatus=busy, progress=0/56800
2019-07-22 18:00:12.163354-0700 xctest[59729:374003] CouchbaseLite Replicator Verbose: {repl#10} progress +0/+0, 1 docs -- now 0 / 56800, 169 docs
2019-07-22 18:00:12.163449-0700 xctest[59729:374007] CouchbaseLite Database Verbose: {DB#55} begin transaction
2019-07-22 18:00:12.163539-0700 xctest[59729:373965] CouchbaseLite Replicator Verbose: {Puller#15} progress +1420/+0, 10 docs -- now 25894 / 56992, 181 docs
2019-07-22 18:00:12.163694-0700 xctest[59729:373987] CouchbaseLite Network Verbose: {BLIPIO#14} ...Wrote 8 bytes to WebSocket (writeable=1)
2019-07-22 18:00:12.163786-0700 xctest[59729:373968] CouchbaseLite Network Debug: {LoopbackWS#12} RECEIVED: af010100 dd051c04
2019-07-22 18:00:12.163899-0700 xctest[59729:373964] CouchbaseLite Replicator Verbose: {pusher#16} Completed rev doc1170 #1-c8c16ee37b9d0041b91beafe4587497a8ee75665 (seq #170)
2019-07-22 18:00:12.164003-0700 xctest[59729:374003] CouchbaseLite Replicator Info: {repl#10} activityLevel=busy: connectionState=2
2019-07-22 18:00:12.164086-0700 xctest[59729:374003] CouchbaseLite Replicator Info: {repl#10} pushStatus=busy, pullStatus=busy, progress=0/56800
2019-07-22 18:00:12.164191-0700 xctest[59729:373987] CouchbaseLite Network Verbose: {BLIPIO#14} Received frame: REQ #192 ---C, length 16
2019-07-22 18:00:12.164284-0700 xctest[59729:373989] CouchbaseLite Network Verbose: {BLIPIO#13} Received frame: RES #175 ----, length 5
2019-07-22 18:00:12.164379-0700 xctest[59729:374007] CouchbaseLite Database Verbose: {DB#55} Saved 'doc1182' rev #1-c8c16ee37b9d0041b91beafe4587497a8ee75665 as seq 183
2019-07-22 18:00:12.164471-0700 xctest[59729:373964] CouchbaseLite Replicator Debug: {pusher#16} Done pushing 'doc1170' 1-c8c16ee37b9d0041b91beafe4587497a8ee75665
2019-07-22 18:00:12.164563-0700 xctest[59729:373965] CouchbaseLite Replicator Info: {Puller#15} activityLevel=busy: pendingResponseCount=0, _caughtUp=1, _pendingRevMessages=212, _activeIncomingRevs=7
2019-07-22 18:00:12.164655-0700 xctest[59729:373987] CouchbaseLite Network Verbose: {Connection#7} Receiving 'rev' REQ #192 Z
2019-07-22 18:00:12.164743-0700 xctest[59729:373989] CouchbaseLite Network Verbose: {Connection#9} Receiving RES #175
2019-07-22 18:00:12.164827-0700 xctest[59729:374007] CouchbaseLite Replicator Verbose: {Inserter#54} {'doc1182' #1-c8c16ee37b9d0041b91beafe4587497a8ee75665 <- } seq 183
2019-07-22 18:00:12.164908-0700 xctest[59729:373964] CouchbaseLite Replicator Verbose: {pusher#16} progress +0/+0, 1 docs -- now 0 / 56800, 170 docs
2019-07-22 18:00:12.164990-0700 xctest[59729:373964] CouchbaseLite Replicator Info: {pusher#16} activityLevel=busy: pendingResponseCount=20, caughtUp=1, changeLists=0, revsInFlight=10, blobsInFlight=0, awaitingReply=2320, revsToSend=210, pushingDocs=230, pendingSequences=0
2019-07-22 18:00:12.165083-0700 xctest[59729:374003] CouchbaseLite Replicator Info: {Repl#8} pushStatus=stopped, pullStatus=busy, progress=25894/56992
2019-07-22 18:00:12.165170-0700 xctest[59729:374003] CouchbaseLite Replicator Verbose: {Repl#8} progress +1420/+0, 10 docs -- now 25894 / 56992, 181 docs
2019-07-22 18:00:12.165262-0700 xctest[59729:373989] CouchbaseLite Network Verbose: {Connection#9} Finished receiving RES #175
2019-07-22 18:00:12.165348-0700 xctest[59729:373965] CouchbaseLite Replicator Info: {Puller#15} activityLevel=busy: pendingResponseCount=0, _caughtUp=1, _pendingRevMessages=212, _activeIncomingRevs=7
2019-07-22 18:00:12.165447-0700 xctest[59729:373968] CouchbaseLite Replicator Info: {repl#10} pushStatus=busy, pullStatus=busy, progress=0/56800
2019-07-22 18:00:12.165530-0700 xctest[59729:373968] CouchbaseLite Replicator Verbose: {repl#10} progress +0/+0, 1 docs -- now 0 / 56800, 170 docs
2019-07-22 18:00:12.165600-0700 xctest[59729:373968] CouchbaseLite Replicator Info: {repl#10} activityLevel=busy: connectionState=2
2019-07-22 18:00:12.165668-0700 xctest[59729:373968] CouchbaseLite Replicator Info: {repl#10} pushStatus=busy, pullStatus=busy, progress=0/56800
2019-07-22 18:00:12.165747-0700 xctest[59729:374003] CouchbaseLite Replicator Info: {Repl#8} activityLevel=busy: connectionState=2
2019-07-22 18:00:12.165835-0700 xctest[59729:374003] CouchbaseLite Replicator Info: {Repl#8} pushStatus=stopped, pullStatus=busy, progress=25894/56992
2019-07-22 18:00:12.165917-0700 xctest[59729:373964] CouchbaseLite Replicator Verbose: {pusher#16} Completed rev doc1171 #1-c8c16ee37b9d0041b91beafe4587497a8ee75665 (seq #171)
2019-07-22 18:00:12.166002-0700 xctest[59729:373987] CouchbaseLite Network Verbose: {Connection#7} Finished receiving 'rev' REQ #192 Z
2019-07-22 18:00:12.166090-0700 xctest[59729:374007] CouchbaseLite Database Verbose: {DB#55} Saved 'doc1183' rev #1-c8c16ee37b9d0041b91beafe4587497a8ee75665 as seq 184
2019-07-22 18:00:12.166181-0700 xctest[59729:373965] CouchbaseLite Replicator Info: {Puller#15} activityLevel=busy: pendingResponseCount=0, _caughtUp=1, _pendingRevMessages=212, _activeIncomingRevs=7
2019-07-22 18:00:12.166271-0700 xctest[59729:373964] CouchbaseLite Replicator Debug: {pusher#16} Done pushing 'doc1171' 1-c8c16ee37b9d0041b91beafe4587497a8ee75665
2019-07-22 18:00:12.166365-0700 xctest[59729:373987] CouchbaseLite Network Verbose: {BLIPIO#14} Received frame: REQ #193 ---C, length 17
2019-07-22 18:00:12.166455-0700 xctest[59729:374007] CouchbaseLite Replicator Verbose: {Inserter#54} {'doc1183' #1-c8c16ee37b9d0041b91beafe4587497a8ee75665 <- } seq 184
2019-07-22 18:00:12.166546-0700 xctest[59729:373965] CouchbaseLite Replicator Info: {Puller#15} activityLevel=busy: pendingResponseCount=0, _caughtUp=1, _pendingRevMessages=212, _activeIncomingRevs=7
2019-07-22 18:00:12.166632-0700 xctest[59729:373964] CouchbaseLite Replicator Verbose: {pusher#16} progress +0/+0, 1 docs -- now 0 / 56800, 171 docs
2019-07-22 18:00:12.166720-0700 xctest[59729:373964] CouchbaseLite Replicator Info: {pusher#16} activityLevel=busy: pendingResponseCount=19, caughtUp=1, changeLists=0, revsInFlight=10, blobsInFlight=0, awaitingReply=2088, revsToSend=210, pushingDocs=229, pendingSequences=0
2019-07-22 18:00:12.166814-0700 xctest[59729:373965] CouchbaseLite Replicator Info: {Puller#15} activityLevel=busy: pendingResponseCount=0, _caughtUp=1, _pendingRevMessages=212, _activeIncomingRevs=7
2019-07-22 18:00:12.166896-0700 xctest[59729:373987] CouchbaseLite Network Verbose: {Connection#7} Receiving 'rev' REQ #193 Z
2019-07-22 18:00:12.166983-0700 xctest[59729:374007] CouchbaseLite Database Verbose: {DB#55} Saved 'doc1184' rev #1-c8c16ee37b9d0041b91beafe4587497a8ee75665 as seq 185
2019-07-22 18:00:12.167075-0700 xctest[59729:373964] CouchbaseLite Replicator Debug: {pusher#16} Transmitted 'rev' doc1181 #1-c8c16ee37b9d0041b91beafe4587497a8ee75665 (seq #181)
2019-07-22 18:00:12.167170-0700 xctest[59729:374003] CouchbaseLite Replicator Info: {repl#10} pushStatus=busy, pullStatus=busy, progress=0/56800
2019-07-22 18:00:12.167253-0700 xctest[59729:374003] CouchbaseLite Replicator Verbose: {repl#10} progress +0/+0, 1 docs -- now 0 / 56800, 171 docs
2019-07-22 18:00:12.167322-0700 xctest[59729:374003] CouchbaseLite Replicator Info: {repl#10} activityLevel=busy: connectionState=2
2019-07-22 18:00:12.167390-0700 xctest[59729:374003] CouchbaseLite Replicator Info: {repl#10} pushStatus=busy, pullStatus=busy, progress=0/56800
2019-07-22 18:00:12.167469-0700 xctest[59729:373964] CouchbaseLite Replicator Verbose: {pusher#16} Sending rev doc1191 1-c8c16ee37b9d0041b91beafe4587497a8ee75665 (seq #191) [10/10]
2019-07-22 18:00:12.167566-0700 xctest[59729:373965] CouchbaseLite Replicator Info: {Puller#15} activityLevel=busy: pendingResponseCount=0, _caughtUp=1, _pendingRevMessages=212, _activeIncomingRevs=7
2019-07-22 18:00:12.167655-0700 xctest[59729:373987] CouchbaseLite Network Verbose: {Connection#7} Finished receiving 'rev' REQ #193 Z
2019-07-22 18:00:12.167745-0700 xctest[59729:374007] CouchbaseLite Replicator Verbose: {Inserter#54} {'doc1184' #1-c8c16ee37b9d0041b91beafe4587497a8ee75665 <- } seq 185
2019-07-22 18:00:12.167871-0700 xctest[59729:373964] CouchbaseLite Replicator Verbose: {pusher#16} Reading document 'doc1191' #1-c8c16ee37b9d0041b91beafe4587497a8ee75665
2019-07-22 18:00:12.167962-0700 xctest[59729:373965] CouchbaseLite Replicator Info: {Puller#15} activityLevel=busy: pendingResponseCount=0, _caughtUp=1, _pendingRevMessages=212, _activeIncomingRevs=7
2019-07-22 18:00:12.168051-0700 xctest[59729:373987] CouchbaseLite Network Verbose: {BLIPIO#14} Sending RES #176
2019-07-22 18:00:12.168200-0700 xctest[59729:373965] CouchbaseLite Replicator Info: {Puller#15} activityLevel=busy: pendingResponseCount=0, _caughtUp=1, _pendingRevMessages=212, _activeIncomingRevs=7
2019-07-22 18:00:12.168336-0700 xctest[59729:373987] CouchbaseLite Network Verbose: {BLIPIO#14} Sending frame: RES #176 ----, bytes 0--4
2019-07-22 18:00:12.168428-0700 xctest[59729:374007] CouchbaseLite Database Verbose: {DB#55} Saved 'doc1185' rev #1-c8c16ee37b9d0041b91beafe4587497a8ee75665 as seq 186
2019-07-22 18:00:12.168540-0700 xctest[59729:373964] CouchbaseLite Replicator Verbose: {pusher#16} Transmitting 'rev' message with 'doc1191' #1-c8c16ee37b9d0041b91beafe4587497a8ee75665
2019-07-22 18:00:12.168670-0700 xctest[59729:373965] CouchbaseLite Replicator Info: {Puller#15} activityLevel=busy: pendingResponseCount=0, _caughtUp=1, _pendingRevMessages=212, _activeIncomingRevs=7
2019-07-22 18:00:12.168760-0700 xctest[59729:373987] CouchbaseLite Network Verbose: {BLIPIO#14} Finished sending RES #176
2019-07-22 18:00:12.168837-0700 xctest[59729:373987] CouchbaseLite Network Verbose: {BLIPIO#14} ...Wrote 8 bytes to WebSocket (writeable=1)
2019-07-22 18:00:12.168918-0700 xctest[59729:374007] CouchbaseLite Replicator Verbose: {Inserter#54} {'doc1185' #1-c8c16ee37b9d0041b91beafe4587497a8ee75665 <- } seq 186
2019-07-22 18:00:12.169009-0700 xctest[59729:373968] CouchbaseLite Network Verbose: {BLIPIO#13} Sending 'rev' REQ #194 Z
2019-07-22 18:00:12.169105-0700 xctest[59729:373964] CouchbaseLite Replicator Info: {pusher#16} activityLevel=busy: pendingResponseCount=20, caughtUp=1, changeLists=0, revsInFlight=10, blobsInFlight=0, awaitingReply=2320, revsToSend=209, pushingDocs=229, pendingSequences=0
2019-07-22 18:00:12.169216-0700 xctest[59729:373965] CouchbaseLite Replicator Info: {Puller#15} activityLevel=busy: pendingResponseCount=0, _caughtUp=1, _pendingRevMessages=212, _activeIncomingRevs=7
2019-07-22 18:00:12.169306-0700 xctest[59729:374003] CouchbaseLite Network Debug: {LoopbackWS#11} SEND: b0010100 d5b22e88
2019-07-22 18:00:12.169398-0700 xctest[59729:373987] CouchbaseLite Network Verbose: {BLIPIO#14} Sending RES #177
2019-07-22 18:00:12.169494-0700 xctest[59729:373968] CouchbaseLite Network Verbose: {BLIPIO#13} Sending frame: REQ #194 ---C, bytes 0--15
2019-07-22 18:00:12.169587-0700 xctest[59729:373964] CouchbaseLite Replicator Debug: {pusher#16} Transmitted 'rev' doc1182 #1-c8c16ee37b9d0041b91beafe4587497a8ee75665 (seq #182)
2019-07-22 18:00:12.169675-0700 xctest[59729:374007] CouchbaseLite Database Verbose: {DB#55} Saved 'doc1186' rev #1-c8c16ee37b9d0041b91beafe4587497a8ee75665 as seq 187
2019-07-22 18:00:12.169756-0700 xctest[59729:373965] CouchbaseLite Replicator Info: {Puller#15} activityLevel=busy: pendingResponseCount=0, _caughtUp=1, _pendingRevMessages=212, _activeIncomingRevs=7
2019-07-22 18:00:12.169835-0700 xctest[59729:374005] CouchbaseLite Network Debug: {LoopbackWS#12} RECEIVED: b0010100 d5b22e88
2019-07-22 18:00:12.169960-0700 xctest[59729:373987] CouchbaseLite Network Verbose: {BLIPIO#14} Sending frame: RES #177 ----, bytes 0--4
2019-07-22 18:00:12.170051-0700 xctest[59729:373968] CouchbaseLite Network Verbose: {BLIPIO#13} Finished sending REQ #194 Z
2019-07-22 18:00:12.170143-0700 xctest[59729:373964] CouchbaseLite Replicator Verbose: {pusher#16} Sending rev doc1192 1-c8c16ee37b9d0041b91beafe4587497a8ee75665 (seq #192) [10/10]
2019-07-22 18:00:12.170234-0700 xctest[59729:374007] CouchbaseLite Replicator Verbose: {Inserter#54} {'doc1186' #1-c8c16ee37b9d0041b91beafe4587497a8ee75665 <- } seq 187
2019-07-22 18:00:12.170325-0700 xctest[59729:373965] CouchbaseLite Replicator Info: {Puller#15} activityLevel=busy: pendingResponseCount=0, _caughtUp=1, _pendingRevMessages=212, _activeIncomingRevs=6
2019-07-22 18:00:12.170427-0700 xctest[59729:374005] CouchbaseLite Network Debug: {LoopbackWS#12} SEND: c20108c2 ee4f0ada 4383f43c 6a0000a7 01f549
2019-07-22 18:00:12.170535-0700 xctest[59729:373987] CouchbaseLite Network Verbose: {BLIPIO#14} Finished sending RES #177
2019-07-22 18:00:12.170617-0700 xctest[59729:373987] CouchbaseLite Network Verbose: {BLIPIO#14} ...Wrote 8 bytes to WebSocket (writeable=1)
2019-07-22 18:00:12.170704-0700 xctest[59729:373968] CouchbaseLite Network Verbose: {BLIPIO#13} ...Wrote 19 bytes to WebSocket (writeable=1)
2019-07-22 18:00:12.170800-0700 xctest[59729:373964] CouchbaseLite Replicator Verbose: {pusher#16} Reading document 'doc1192' #1-c8c16ee37b9d0041b91beafe4587497a8ee75665
2019-07-22 18:00:12.170890-0700 xctest[59729:373965] CouchbaseLite Replicator Info: {Puller#15} activityLevel=busy: pendingResponseCount=0, _caughtUp=1, _pendingRevMessages=211, _activeIncomingRevs=7
2019-07-22 18:00:12.170978-0700 xctest[59729:373989] CouchbaseLite Replicator Verbose: {IncomingRev#46} Received revision 'doc1189' #1-c8c16ee37b9d0041b91beafe4587497a8ee75665 (seq '189')
2019-07-22 18:00:12.171119-0700 xctest[59729:374007] CouchbaseLite Database Verbose: {DB#55} Saved 'doc1187' rev #1-c8c16ee37b9d0041b91beafe4587497a8ee75665 as seq 188
2019-07-22 18:00:12.171213-0700 xctest[59729:374003] CouchbaseLite Network Debug: {LoopbackWS#11} SEND: b1010100 31b456b1
2019-07-22 18:00:12.171344-0700 xctest[59729:373987] CouchbaseLite Network Verbose: {BLIPIO#14} Sending RES #178
2019-07-22 18:00:12.171441-0700 xctest[59729:373968] CouchbaseLite Network Verbose: {BLIPIO#13} Received frame: RES #176 ----, length 5
2019-07-22 18:00:12.171584-0700 xctest[59729:373965] CouchbaseLite Replicator Info: {Puller#15} activityLevel=busy: pendingResponseCount=0, _caughtUp=1, _pendingRevMessages=211, _activeIncomingRevs=6
2019-07-22 18:00:12.171720-0700 xctest[59729:373964] CouchbaseLite Replicator Verbose: {pusher#16} Transmitting 'rev' message with 'doc1192' #1-c8c16ee37b9d0041b91beafe4587497a8ee75665
2019-07-22 18:00:12.171814-0700 xctest[59729:374007] CouchbaseLite Replicator Verbose: {Inserter#54} {'doc1187' #1-c8c16ee37b9d0041b91beafe4587497a8ee75665 <- } seq 188
2019-07-22 18:00:12.171902-0700 xctest[59729:374005] CouchbaseLite Network Debug: {LoopbackWS#12} RECEIVED: b1010100 31b456b1
2019-07-22 18:00:12.172010-0700 xctest[59729:374003] CouchbaseLite Network Debug: {LoopbackWS#11} RECEIVED: c20108c2 ee4f0ada 4383f43c 6a0000a7 01f549
2019-07-22 18:00:12.172093-0700 xctest[59729:373987] CouchbaseLite Network Verbose: {BLIPIO#14} Sending frame: RES #178 ----, bytes 0--4
2019-07-22 18:00:12.172193-0700 xctest[59729:373968] CouchbaseLite Network Verbose: {Connection#9} Receiving RES #176
2019-07-22 18:00:12.172287-0700 xctest[59729:373965] CouchbaseLite Replicator Info: {Puller#15} activityLevel=busy: pendingResponseCount=0, _caughtUp=1, _pendingRevMessages=210, _activeIncomingRevs=7
2019-07-22 18:00:12.172398-0700 xctest[59729:373989] CouchbaseLite Replicator Verbose: {IncomingRev#20} Received revision 'doc1190' #1-c8c16ee37b9d0041b91beafe4587497a8ee75665 (seq '190')
2019-07-22 18:00:12.172516-0700 xctest[59729:373964] CouchbaseLite Replicator Info: {pusher#16} activityLevel=busy: pendingResponseCount=21, caughtUp=1, changeLists=0, revsInFlight=10, blobsInFlight=0, awaitingReply=2552, revsToSend=208, pushingDocs=229, pendingSequences=0
2019-07-22 18:00:12.172670-0700 xctest[59729:374007] CouchbaseLite Database Verbose: {DB#55} Saved 'doc1188' rev #1-c8c16ee37b9d0041b91beafe4587497a8ee75665 as seq 189
2019-07-22 18:00:12.172774-0700 xctest[59729:373987] CouchbaseLite Network Verbose: {BLIPIO#14} Finished sending RES #178
2019-07-22 18:00:12.172884-0700 xctest[59729:373987] CouchbaseLite Network Verbose: {BLIPIO#14} ...Wrote 8 bytes to WebSocket (writeable=1)
2019-07-22 18:00:12.172973-0700 xctest[59729:373968] CouchbaseLite Network Verbose: {Connection#9} Finished receiving RES #176
2019-07-22 18:00:12.173062-0700 xctest[59729:373965] CouchbaseLite Replicator Info: {Puller#15} activityLevel=busy: pendingResponseCount=0, _caughtUp=1, _pendingRevMessages=210, _activeIncomingRevs=6
2019-07-22 18:00:12.173154-0700 xctest[59729:373964] CouchbaseLite Replicator Debug: {pusher#16} Transmitted 'rev' doc1183 #1-c8c16ee37b9d0041b91beafe4587497a8ee75665 (seq #183)
2019-07-22 18:00:12.173246-0700 xctest[59729:374007] CouchbaseLite Replicator Verbose: {Inserter#54} {'doc1188' #1-c8c16ee37b9d0041b91beafe4587497a8ee75665 <- } seq 189
2019-07-22 18:00:12.173341-0700 xctest[59729:374003] CouchbaseLite Network Debug: {LoopbackWS#11} SEND: b2010100 6e55d8c1
2019-07-22 18:00:12.173445-0700 xctest[59729:373987] CouchbaseLite Network Verbose: {BLIPIO#14} Sending RES #179
2019-07-22 18:00:12.173534-0700 xctest[59729:373968] CouchbaseLite Network Verbose: {BLIPIO#13} Sending 'rev' REQ #195 Z
2019-07-22 18:00:12.173620-0700 xctest[59729:373965] CouchbaseLite Replicator Info: {Puller#15} activityLevel=busy: pendingResponseCount=0, _caughtUp=1, _pendingRevMessages=210, _activeIncomingRevs=5
2019-07-22 18:00:12.173705-0700 xctest[59729:373964] CouchbaseLite Replicator Verbose: {pusher#16} Sending rev doc1193 1-c8c16ee37b9d0041b91beafe4587497a8ee75665 (seq #193) [10/10]
2019-07-22 18:00:12.173789-0700 xctest[59729:374007] CouchbaseLite Database Verbose: {DB#55} commit transaction
2019-07-22 18:00:12.173874-0700 xctest[59729:373989] CouchbaseLite Network Debug: {LoopbackWS#12} RECEIVED: b2010100 6e55d8c1
2019-07-22 18:00:12.173960-0700 xctest[59729:373987] CouchbaseLite Network Verbose: {BLIPIO#14} Sending frame: RES #179 ----, bytes 0--4
2019-07-22 18:00:12.174071-0700 xctest[59729:373968] CouchbaseLite Network Verbose: {BLIPIO#13} Sending frame: REQ #195 ---C, bytes 0--15
2019-07-22 18:00:12.174210-0700 xctest[59729:373965] CouchbaseLite Replicator Info: {Puller#15} activityLevel=busy: pendingResponseCount=0, _caughtUp=1, _pendingRevMessages=210, _activeIncomingRevs=4
2019-07-22 18:00:12.174295-0700 xctest[59729:373964] CouchbaseLite Replicator Verbose: {pusher#16} Reading document 'doc1193' #1-c8c16ee37b9d0041b91beafe4587497a8ee75665
2019-07-22 18:00:12.174404-0700 xctest[59729:373987] CouchbaseLite Network Verbose: {BLIPIO#14} Finished sending RES #179
2019-07-22 18:00:12.174487-0700 xctest[59729:373989] CouchbaseLite Network Debug: {LoopbackWS#11} SEND: b3010100 3e0f4873
2019-07-22 18:00:12.174581-0700 xctest[59729:374007] CouchbaseLite Replicator Info: {Inserter#54} Inserted 7 revs in 11.19ms ( 625/sec) of which 99.8% was commit
2019-07-22 18:00:12.174673-0700 xctest[59729:373968] CouchbaseLite Network Verbose: {BLIPIO#13} Finished sending REQ #195 Z
2019-07-22 18:00:12.174758-0700 xctest[59729:374005] CouchbaseLite Network Debug: {LoopbackWS#12} SEND: c30108c2 ee4f0ada 4383f444 6a000038 75d2df
2019-07-22 18:00:12.174861-0700 xctest[59729:373965] CouchbaseLite Replicator Info: {Puller#15} activityLevel=busy: pendingResponseCount=0, _caughtUp=1, _pendingRevMessages=210, _activeIncomingRevs=4
2019-07-22 18:00:12.174951-0700 xctest[59729:373987] CouchbaseLite Network Verbose: {BLIPIO#14} ...Wrote 8 bytes to WebSocket (writeable=1)
2019-07-22 18:00:12.175041-0700 xctest[59729:373964] CouchbaseLite Replicator Verbose: {pusher#16} Transmitting 'rev' message with 'doc1193' #1-c8c16ee37b9d0041b91beafe4587497a8ee75665
2019-07-22 18:00:12.175130-0700 xctest[59729:373968] CouchbaseLite Network Verbose: {BLIPIO#13} ...Wrote 19 bytes to WebSocket (writeable=1)
2019-07-22 18:00:12.175219-0700 xctest[59729:374005] CouchbaseLite Network Debug: {LoopbackWS#12} RECEIVED: b3010100 3e0f4873
2019-07-22 18:00:12.175310-0700 xctest[59729:374007] CouchbaseLite Network Debug: {LoopbackWS#11} RECEIVED: c30108c2 ee4f0ada 4383f444 6a000038 75d2df
2019-07-22 18:00:12.175399-0700 xctest[59729:373965] CouchbaseLite Replicator Info: {Puller#15} activityLevel=busy: pendingResponseCount=0, _caughtUp=1, _pendingRevMessages=210, _activeIncomingRevs=3
2019-07-22 18:00:12.175486-0700 xctest[59729:373987] CouchbaseLite Network Verbose: {BLIPIO#14} Sending RES #180
2019-07-22 18:00:12.175570-0700 xctest[59729:373964] CouchbaseLite Replicator Info: {pusher#16} activityLevel=busy: pendingResponseCount=22, caughtUp=1, changeLists=0, revsInFlight=10, blobsInFlight=0, awaitingReply=2784, revsToSend=207, pushingDocs=229, pendingSequences=0
2019-07-22 18:00:12.175671-0700 xctest[59729:373968] CouchbaseLite Network Verbose: {BLIPIO#13} Received frame: RES #177 ----, length 5
2019-07-22 18:00:12.175762-0700 xctest[59729:373965] CouchbaseLite Replicator Info: {Puller#15} activityLevel=busy: pendingResponseCount=0, _caughtUp=1, _pendingRevMessages=210, _activeIncomingRevs=3
2019-07-22 18:00:12.175852-0700 xctest[59729:373987] CouchbaseLite Network Verbose: {BLIPIO#14} Sending frame: RES #180 ----, bytes 0--4
2019-07-22 18:00:12.175937-0700 xctest[59729:373964] CouchbaseLite Replicator Debug: {pusher#16} Transmitted 'rev' doc1184 #1-c8c16ee37b9d0041b91beafe4587497a8ee75665 (seq #184)
2019-07-22 18:00:12.176022-0700 xctest[59729:373968] CouchbaseLite Network Verbose: {Connection#9} Receiving RES #177
2019-07-22 18:00:12.176105-0700 xctest[59729:373965] CouchbaseLite Replicator Info: {Puller#15} activityLevel=busy: pendingResponseCount=0, _caughtUp=1, _pendingRevMessages=210, _activeIncomingRevs=2
2019-07-22 18:00:12.176226-0700 xctest[59729:373987] CouchbaseLite Network Verbose: {BLIPIO#14} Finished sending RES #180
2019-07-22 18:00:12.176309-0700 xctest[59729:374007] CouchbaseLite Network Debug: {LoopbackWS#11} SEND: b4010100 1b30c043
2019-07-22 18:00:12.176404-0700 xctest[59729:373964] CouchbaseLite Replicator Verbose: {pusher#16} Sending rev doc1194 1-c8c16ee37b9d0041b91beafe4587497a8ee75665 (seq #194) [10/10]
2019-07-22 18:00:12.176499-0700 xctest[59729:373968] CouchbaseLite Network Verbose: {Connection#9} Finished receiving RES #177
2019-07-22 18:00:12.176589-0700 xctest[59729:373965] CouchbaseLite Replicator Verbose: {Puller#15} Checkpoint now at 188
2019-07-22 18:00:12.176685-0700 xctest[59729:373987] CouchbaseLite Network Verbose: {BLIPIO#14} ...Wrote 8 bytes to WebSocket (writeable=1)
2019-07-22 18:00:12.176784-0700 xctest[59729:374005] CouchbaseLite Network Debug: {LoopbackWS#12} RECEIVED: b4010100 1b30c043
2019-07-22 18:00:12.176869-0700 xctest[59729:373964] CouchbaseLite Replicator Verbose: {pusher#16} Reading document 'doc1194' #1-c8c16ee37b9d0041b91beafe4587497a8ee75665
2019-07-22 18:00:12.176952-0700 xctest[59729:373968] CouchbaseLite Network Verbose: {BLIPIO#13} Received frame: RES #178 ----, length 5
2019-07-22 18:00:12.177037-0700 xctest[59729:373965] CouchbaseLite Replicator Verbose: {Puller#15} progress +994/+0, 7 docs -- now 26888 / 56992, 188 docs
2019-07-22 18:00:12.177139-0700 xctest[59729:373965] CouchbaseLite Replicator Info: {Puller#15} activityLevel=busy: pendingResponseCount=0, _caughtUp=1, _pendingRevMessages=210, _activeIncomingRevs=2
2019-07-22 18:00:12.177245-0700 xctest[59729:373968] CouchbaseLite Network Verbose: {Connection#9} Receiving RES #178
2019-07-22 18:00:12.177342-0700 xctest[59729:373987] CouchbaseLite Network Verbose: {BLIPIO#14} Sending RES #181
2019-07-22 18:00:12.177429-0700 xctest[59729:373964] CouchbaseLite Replicator Verbose: {pusher#16} Transmitting 'rev' message with 'doc1194' #1-c8c16ee37b9d0041b91beafe4587497a8ee75665
2019-07-22 18:00:12.177537-0700 xctest[59729:373965] CouchbaseLite Replicator Info: {Puller#15} activityLevel=busy: pendingResponseCount=0, _caughtUp=1, _pendingRevMessages=210, _activeIncomingRevs=2
2019-07-22 18:00:12.177627-0700 xctest[59729:374005] CouchbaseLite Replicator Info: {Repl#8} pushStatus=stopped, pullStatus=busy, progress=26888/56992
2019-07-22 18:00:12.177709-0700 xctest[59729:374005] CouchbaseLite Replicator Verbose: {Repl#8} progress +994/+0, 7 docs -- now 26888 / 56992, 188 docs
2019-07-22 18:00:12.177786-0700 xctest[59729:374005] CouchbaseLite Replicator Info: {Repl#8} activityLevel=busy: connectionState=2
2019-07-22 18:00:12.177857-0700 xctest[59729:374005] CouchbaseLite Replicator Info: {Repl#8} pushStatus=stopped, pullStatus=busy, progress=26888/56992
2019-07-22 18:00:12.177944-0700 xctest[59729:373965] CouchbaseLite Replicator Info: {Puller#15} activityLevel=busy: pendingResponseCount=0, _caughtUp=1, _pendingRevMessages=210, _activeIncomingRevs=2
2019-07-22 18:00:12.178033-0700 xctest[59729:373968] CouchbaseLite Network Verbose: {Connection#9} Finished receiving RES #178
2019-07-22 18:00:12.178134-0700 xctest[59729:373987] CouchbaseLite Network Verbose: {BLIPIO#14} Sending frame: RES #181 ----, bytes 0--4
2019-07-22 18:00:12.178219-0700 xctest[59729:373964] CouchbaseLite Replicator Info: {pusher#16} activityLevel=busy: pendingResponseCount=23, caughtUp=1, changeLists=0, revsInFlight=10, blobsInFlight=0, awaitingReply=3016, revsToSend=206, pushingDocs=229, pendingSequences=0
2019-07-22 18:00:12.178301-0700 xctest[59729:373965] CouchbaseLite Replicator Info: {Puller#15} activityLevel=busy: pendingResponseCount=0, _caughtUp=1, _pendingRevMessages=210, _activeIncomingRevs=2
2019-07-22 18:00:12.178381-0700 xctest[59729:373968] CouchbaseLite Network Verbose: {BLIPIO#13} Sending 'rev' REQ #196 Z
2019-07-22 18:00:12.178478-0700 xctest[59729:373987] CouchbaseLite Network Verbose: {BLIPIO#14} Finished sending RES #181
2019-07-22 18:00:12.178559-0700 xctest[59729:373987] CouchbaseLite Network Verbose: {BLIPIO#14} ...Wrote 8 bytes to WebSocket (writeable=1)
2019-07-22 18:00:12.178649-0700 xctest[59729:373964] CouchbaseLite Replicator Debug: {pusher#16} Transmitted 'rev' doc1185 #1-c8c16ee37b9d0041b91beafe4587497a8ee75665 (seq #185)
2019-07-22 18:00:12.178736-0700 xctest[59729:373965] CouchbaseLite Replicator Info: {Puller#15} activityLevel=busy: pendingResponseCount=0, _caughtUp=1, _pendingRevMessages=210, _activeIncomingRevs=2
2019-07-22 18:00:12.178820-0700 xctest[59729:373968] CouchbaseLite Network Verbose: {BLIPIO#13} Sending frame: REQ #196 ---C, bytes 0--15
2019-07-22 18:00:12.178896-0700 xctest[59729:374005] CouchbaseLite Network Debug: {LoopbackWS#11} SEND: b5010100 3dcccf67
2019-07-22 18:00:12.178976-0700 xctest[59729:373987] CouchbaseLite Network Verbose: {BLIPIO#14} Sending RES #182
2019-07-22 18:00:12.179055-0700 xctest[59729:373964] CouchbaseLite Replicator Verbose: {pusher#16} Sending rev doc1195 1-c8c16ee37b9d0041b91beafe4587497a8ee75665 (seq #195) [10/10]
2019-07-22 18:00:12.179145-0700 xctest[59729:373965] CouchbaseLite Replicator Info: {Puller#15} activityLevel=busy: pendingResponseCount=0, _caughtUp=1, _pendingRevMessages=210, _activeIncomingRevs=2
2019-07-22 18:00:12.179221-0700 xctest[59729:373968] CouchbaseLite Network Verbose: {BLIPIO#13} Finished sending REQ #196 Z
2019-07-22 18:00:12.179309-0700 xctest[59729:374007] CouchbaseLite Network Debug: {LoopbackWS#12} SEND: c40108c2 ee4f0ada 4383f44c 6a00009f dd8ba2
2019-07-22 18:00:12.179405-0700 xctest[59729:373987] CouchbaseLite Network Verbose: {BLIPIO#14} Sending frame: RES #182 ----, bytes 0--4
2019-07-22 18:00:12.179507-0700 xctest[59729:373964] CouchbaseLite Replicator Verbose: {pusher#16} Reading document 'doc1195' #1-c8c16ee37b9d0041b91beafe4587497a8ee75665
2019-07-22 18:00:12.179592-0700 xctest[59729:373965] CouchbaseLite Replicator Info: {Puller#15} activityLevel=busy: pendingResponseCount=0, _caughtUp=1, _pendingRevMessages=210, _activeIncomingRevs=2
2019-07-22 18:00:12.179675-0700 xctest[59729:373968] CouchbaseLite Network Verbose: {BLIPIO#13} ...Wrote 19 bytes to WebSocket (writeable=1)
2019-07-22 18:00:12.179781-0700 xctest[59729:374007] CouchbaseLite Network Debug: {LoopbackWS#12} RECEIVED: b5010100 3dcccf67
2019-07-22 18:00:12.179866-0700 xctest[59729:374005] CouchbaseLite Network Debug: {LoopbackWS#11} RECEIVED: c40108c2 ee4f0ada 4383f44c 6a00009f dd8ba2
2019-07-22 18:00:12.182371-0700 xctest[59729:373987] CouchbaseLite Network Verbose: {BLIPIO#14} Finished sending RES #182
2019-07-22 18:00:12.182469-0700 xctest[59729:373987] CouchbaseLite Network Verbose: {BLIPIO#14} ...Wrote 8 bytes to WebSocket (writeable=1)
2019-07-22 18:00:12.182600-0700 xctest[59729:373968] CouchbaseLite Network Verbose: {BLIPIO#13} Received frame: RES #179 ----, length 5
2019-07-22 18:00:12.182718-0700 xctest[59729:373964] CouchbaseLite Replicator Verbose: {pusher#16} Transmitting 'rev' message with 'doc1195' #1-c8c16ee37b9d0041b91beafe4587497a8ee75665
2019-07-22 18:00:12.182807-0700 xctest[59729:374005] CouchbaseLite Network Debug: {LoopbackWS#11} SEND: b6010100 01e9d7b9
2019-07-22 18:00:12.182934-0700 xctest[59729:373965] CouchbaseLite Replicator Info: {Puller#15} activityLevel=busy: pendingResponseCount=0, _caughtUp=1, _pendingRevMessages=210, _activeIncomingRevs=2
2019-07-22 18:00:12.183052-0700 xctest[59729:373987] CouchbaseLite Network Verbose: {BLIPIO#14} Sending RES #183
2019-07-22 18:00:12.183165-0700 xctest[59729:373987] CouchbaseLite Network Verbose: {BLIPIO#14} Sending frame: RES #183 ----, bytes 0--4
2019-07-22 18:00:12.183275-0700 xctest[59729:373964] CouchbaseLite Replicator Info: {pusher#16} activityLevel=busy: pendingResponseCount=24, caughtUp=1, changeLists=0, revsInFlight=10, blobsInFlight=0, awaitingReply=3248, revsToSend=205, pushingDocs=229, pendingSequences=0
2019-07-22 18:00:12.183397-0700 xctest[59729:374005] CouchbaseLite Network Debug: {LoopbackWS#12} RECEIVED: b6010100 01e9d7b9
2019-07-22 18:00:12.183487-0700 xctest[59729:373968] CouchbaseLite Network Verbose: {Connection#9} Receiving RES #179
2019-07-22 18:00:12.183581-0700 xctest[59729:373987] CouchbaseLite Network Verbose: {BLIPIO#14} Finished sending RES #183
2019-07-22 18:00:12.183670-0700 xctest[59729:373987] CouchbaseLite Network Verbose: {BLIPIO#14} ...Wrote 8 bytes to WebSocket (writeable=1)
2019-07-22 18:00:12.183764-0700 xctest[59729:373964] CouchbaseLite Replicator Debug: {pusher#16} Transmitted 'rev' doc1186 #1-c8c16ee37b9d0041b91beafe4587497a8ee75665 (seq #186)
2019-07-22 18:00:12.183851-0700 xctest[59729:373964] CouchbaseLite Replicator Verbose: {pusher#16} Sending rev doc1196 1-c8c16ee37b9d0041b91beafe4587497a8ee75665 (seq #196) [10/10]
2019-07-22 18:00:12.183935-0700 xctest[59729:373965] CouchbaseLite Network Debug: {LoopbackWS#11} SEND: b7010100 60be0d72
2019-07-22 18:00:12.184036-0700 xctest[59729:373987] CouchbaseLite Network Verbose: {BLIPIO#14} Sending RES #184
2019-07-22 18:00:12.184126-0700 xctest[59729:373968] CouchbaseLite Network Verbose: {Connection#9} Finished receiving RES #179
2019-07-22 18:00:12.184221-0700 xctest[59729:373964] CouchbaseLite Replicator Verbose: {pusher#16} Reading document 'doc1196' #1-c8c16ee37b9d0041b91beafe4587497a8ee75665
2019-07-22 18:00:12.184308-0700 xctest[59729:374005] CouchbaseLite Network Debug: {LoopbackWS#12} RECEIVED: b7010100 60be0d72
2019-07-22 18:00:12.184413-0700 xctest[59729:373987] CouchbaseLite Network Verbose: {BLIPIO#14} Sending frame: RES #184 ----, bytes 0--4
2019-07-22 18:00:12.184529-0700 xctest[59729:373968] CouchbaseLite Network Verbose: {BLIPIO#13} Received frame: RES #180 ----, length 5
2019-07-22 18:00:12.184636-0700 xctest[59729:373987] CouchbaseLite Network Verbose: {BLIPIO#14} Finished sending RES #184
2019-07-22 18:00:12.184712-0700 xctest[59729:373987] CouchbaseLite Network Verbose: {BLIPIO#14} ...Wrote 8 bytes to WebSocket (writeable=1)
2019-07-22 18:00:12.184787-0700 xctest[59729:374005] CouchbaseLite Network Debug: {LoopbackWS#11} SEND: b8010100 6c694190
2019-07-22 18:00:12.184871-0700 xctest[59729:373968] CouchbaseLite Network Verbose: {Connection#9} Receiving RES #180
2019-07-22 18:00:12.184964-0700 xctest[59729:373964] CouchbaseLite Replicator Verbose: {pusher#16} Transmitting 'rev' message with 'doc1196' #1-c8c16ee37b9d0041b91beafe4587497a8ee75665
2019-07-22 18:00:12.185067-0700 xctest[59729:373987] CouchbaseLite Network Verbose: {BLIPIO#14} Received frame: REQ #194 ---C, length 16
2019-07-22 18:00:12.185161-0700 xctest[59729:373965] CouchbaseLite Network Debug: {LoopbackWS#12} RECEIVED: b8010100 6c694190
2019-07-22 18:00:12.185250-0700 xctest[59729:373968] CouchbaseLite Network Verbose: {Connection#9} Finished receiving RES #180
2019-07-22 18:00:12.185339-0700 xctest[59729:373964] CouchbaseLite Replicator Info: {pusher#16} activityLevel=busy: pendingResponseCount=25, caughtUp=1, changeLists=0, revsInFlight=10, blobsInFlight=0, awaitingReply=3480, revsToSend=204, pushingDocs=229, pendingSequences=0
2019-07-22 18:00:12.185432-0700 xctest[59729:373987] CouchbaseLite Network Verbose: {Connection#7} Receiving 'rev' REQ #194 Z
2019-07-22 18:00:12.185547-0700 xctest[59729:373968] CouchbaseLite Network Verbose: {BLIPIO#13} Sending 'rev' REQ #197 Z
2019-07-22 18:00:12.185629-0700 xctest[59729:373964] CouchbaseLite Replicator Debug: {pusher#16} Transmitted 'rev' doc1187 #1-c8c16ee37b9d0041b91beafe4587497a8ee75665 (seq #187)
2019-07-22 18:00:12.185711-0700 xctest[59729:373987] CouchbaseLite Network Verbose: {Connection#7} Finished receiving 'rev' REQ #194 Z
2019-07-22 18:00:12.185802-0700 xctest[59729:373968] CouchbaseLite Network Verbose: {BLIPIO#13} Sending frame: REQ #197 ---C, bytes 0--15
2019-07-22 18:00:12.185907-0700 xctest[59729:373964] CouchbaseLite Replicator Verbose: {pusher#16} Sending rev doc1197 1-c8c16ee37b9d0041b91beafe4587497a8ee75665 (seq #197) [10/10]
2019-07-22 18:00:12.185991-0700 xctest[59729:373987] CouchbaseLite Network Verbose: {BLIPIO#14} Received frame: REQ #195 ---C, length 16
2019-07-22 18:00:12.186076-0700 xctest[59729:373965] CouchbaseLite Replicator Info: {Puller#15} activityLevel=busy: pendingResponseCount=0, _caughtUp=1, _pendingRevMessages=209, _activeIncomingRevs=3
2019-07-22 18:00:12.186161-0700 xctest[59729:374005] CouchbaseLite Replicator Verbose: {IncomingRev#26} Received revision 'doc1191' #1-c8c16ee37b9d0041b91beafe4587497a8ee75665 (seq '191')
2019-07-22 18:00:12.186240-0700 xctest[59729:373968] CouchbaseLite Network Verbose: {BLIPIO#13} Finished sending REQ #197 Z
2019-07-22 18:00:12.186341-0700 xctest[59729:374007] CouchbaseLite Network Debug: {LoopbackWS#12} SEND: c50108c2 ee4f0ada 4383f454 6a00004f 176247
2019-07-22 18:00:12.186453-0700 xctest[59729:373964] CouchbaseLite Replicator Verbose: {pusher#16} Reading document 'doc1197' #1-c8c16ee37b9d0041b91beafe4587497a8ee75665
2019-07-22 18:00:12.186557-0700 xctest[59729:373987] CouchbaseLite Network Verbose: {Connection#7} Receiving 'rev' REQ #195 Z
2019-07-22 18:00:12.186672-0700 xctest[59729:373968] CouchbaseLite Network Verbose: {BLIPIO#13} ...Wrote 19 bytes to WebSocket (writeable=1)
2019-07-22 18:00:12.186796-0700 xctest[59729:373965] CouchbaseLite Network Debug: {LoopbackWS#11} RECEIVED: c50108c2 ee4f0ada 4383f454 6a00004f 176247
2019-07-22 18:00:12.186889-0700 xctest[59729:373987] CouchbaseLite Network Verbose: {Connection#7} Finished receiving 'rev' REQ #195 Z
2019-07-22 18:00:12.186968-0700 xctest[59729:373964] CouchbaseLite Replicator Verbose: {pusher#16} Transmitting 'rev' message with 'doc1197' #1-c8c16ee37b9d0041b91beafe4587497a8ee75665
2019-07-22 18:00:12.187056-0700 xctest[59729:374007] CouchbaseLite Replicator Info: {Puller#15} activityLevel=busy: pendingResponseCount=0, _caughtUp=1, _pendingRevMessages=209, _activeIncomingRevs=3
2019-07-22 18:00:12.187144-0700 xctest[59729:373968] CouchbaseLite Network Verbose: {BLIPIO#13} Received frame: RES #181 ----, length 5
2019-07-22 18:00:12.187241-0700 xctest[59729:373987] CouchbaseLite Network Verbose: {BLIPIO#14} Received frame: REQ #196 ---C, length 16
2019-07-22 18:00:12.187326-0700 xctest[59729:373964] CouchbaseLite Replicator Info: {pusher#16} activityLevel=busy: pendingResponseCount=26, caughtUp=1, changeLists=0, revsInFlight=10, blobsInFlight=0, awaitingReply=3712, revsToSend=203, pushingDocs=229, pendingSequences=0
2019-07-22 18:00:12.187410-0700 xctest[59729:374007] CouchbaseLite Replicator Info: {Puller#15} activityLevel=busy: pendingResponseCount=0, _caughtUp=1, _pendingRevMessages=208, _activeIncomingRevs=4
2019-07-22 18:00:12.187509-0700 xctest[59729:373965] CouchbaseLite Replicator Verbose: {IncomingRev#28} Received revision 'doc1192' #1-c8c16ee37b9d0041b91beafe4587497a8ee75665 (seq '192')
2019-07-22 18:00:12.187592-0700 xctest[59729:373968] CouchbaseLite Network Verbose: {Connection#9} Receiving RES #181
2019-07-22 18:00:12.187686-0700 xctest[59729:373987] CouchbaseLite Network Verbose: {Connection#7} Receiving 'rev' REQ #196 Z
2019-07-22 18:00:12.187773-0700 xctest[59729:373964] CouchbaseLite Replicator Debug: {pusher#16} Transmitted 'rev' doc1188 #1-c8c16ee37b9d0041b91beafe4587497a8ee75665 (seq #188)
2019-07-22 18:00:12.187856-0700 xctest[59729:373968] CouchbaseLite Network Verbose: {Connection#9} Finished receiving RES #181
2019-07-22 18:00:12.187942-0700 xctest[59729:373987] CouchbaseLite Network Verbose: {Connection#7} Finished receiving 'rev' REQ #196 Z
2019-07-22 18:00:12.188036-0700 xctest[59729:373964] CouchbaseLite Replicator Verbose: {pusher#16} Sending rev doc1198 1-c8c16ee37b9d0041b91beafe4587497a8ee75665 (seq #198) [10/10]
2019-07-22 18:00:12.188133-0700 xctest[59729:374007] CouchbaseLite Replicator Info: {Puller#15} activityLevel=busy: pendingResponseCount=0, _caughtUp=1, _pendingRevMessages=208, _activeIncomingRevs=4
2019-07-22 18:00:12.188213-0700 xctest[59729:373968] CouchbaseLite Network Verbose: {BLIPIO#13} Received frame: RES #182 ----, length 5
2019-07-22 18:00:12.188291-0700 xctest[59729:373987] CouchbaseLite Network Verbose: {BLIPIO#14} Sending RES #185
2019-07-22 18:00:12.188382-0700 xctest[59729:373964] CouchbaseLite Replicator Verbose: {pusher#16} Reading document 'doc1198' #1-c8c16ee37b9d0041b91beafe4587497a8ee75665
2019-07-22 18:00:12.188466-0700 xctest[59729:374007] CouchbaseLite Replicator Info: {Puller#15} activityLevel=busy: pendingResponseCount=0, _caughtUp=1, _pendingRevMessages=207, _activeIncomingRevs=5
2019-07-22 18:00:12.188550-0700 xctest[59729:373965] CouchbaseLite Replicator Verbose: {IncomingRev#34} Received revision 'doc1193' #1-c8c16ee37b9d0041b91beafe4587497a8ee75665 (seq '193')
2019-07-22 18:00:12.188633-0700 xctest[59729:373968] CouchbaseLite Network Verbose: {Connection#9} Receiving RES #182
2019-07-22 18:00:12.188740-0700 xctest[59729:373987] CouchbaseLite Network Verbose: {BLIPIO#14} Sending frame: RES #185 ----, bytes 0--4
2019-07-22 18:00:12.188837-0700 xctest[59729:373964] CouchbaseLite Replicator Verbose: {pusher#16} Transmitting 'rev' message with 'doc1198' #1-c8c16ee37b9d0041b91beafe4587497a8ee75665
2019-07-22 18:00:12.188937-0700 xctest[59729:373968] CouchbaseLite Network Verbose: {Connection#9} Finished receiving RES #182
2019-07-22 18:00:12.189026-0700 xctest[59729:373987] CouchbaseLite Network Verbose: {BLIPIO#14} Finished sending RES #185
2019-07-22 18:00:12.189103-0700 xctest[59729:373987] CouchbaseLite Network Verbose: {BLIPIO#14} ...Wrote 8 bytes to WebSocket (writeable=1)
2019-07-22 18:00:12.189177-0700 xctest[59729:373964] CouchbaseLite Replicator Info: {pusher#16} activityLevel=busy: pendingResponseCount=27, caughtUp=1, changeLists=0, revsInFlight=10, blobsInFlight=0, awaitingReply=3944, revsToSend=202, pushingDocs=229, pendingSequences=0
2019-07-22 18:00:12.189263-0700 xctest[59729:374005] CouchbaseLite Replicator Info: {Puller#15} activityLevel=busy: pendingResponseCount=0, _caughtUp=1, _pendingRevMessages=207, _activeIncomingRevs=5
2019-07-22 18:00:12.189340-0700 xctest[59729:373968] CouchbaseLite Network Verbose: {BLIPIO#13} Received frame: RES #183 ----, length 5
2019-07-22 18:00:12.189448-0700 xctest[59729:374007] CouchbaseLite Network Debug: {LoopbackWS#11} SEND: b9010100 22611588
2019-07-22 18:00:12.189543-0700 xctest[59729:373987] CouchbaseLite Network Verbose: {BLIPIO#14} Sending RES #186
2019-07-22 18:00:12.189621-0700 xctest[59729:373964] CouchbaseLite Replicator Debug: {pusher#16} Transmitted 'rev' doc1189 #1-c8c16ee37b9d0041b91beafe4587497a8ee75665 (seq #189)
2019-07-22 18:00:12.189704-0700 xctest[59729:373968] CouchbaseLite Network Verbose: {Connection#9} Receiving RES #183
2019-07-22 18:00:12.189783-0700 xctest[59729:374005] CouchbaseLite Network Debug: {LoopbackWS#12} RECEIVED: b9010100 22611588
2019-07-22 18:00:12.189861-0700 xctest[59729:373987] CouchbaseLite Network Verbose: {BLIPIO#14} Sending frame: RES #186 ----, bytes 0--4
2019-07-22 18:00:12.189955-0700 xctest[59729:373964] CouchbaseLite Replicator Verbose: {pusher#16} Sending rev doc1199 1-c8c16ee37b9d0041b91beafe4587497a8ee75665 (seq #199) [10/10]
2019-07-22 18:00:12.190035-0700 xctest[59729:373968] CouchbaseLite Network Verbose: {Connection#9} Finished receiving RES #183
2019-07-22 18:00:12.190118-0700 xctest[59729:374005] CouchbaseLite Network Debug: {LoopbackWS#11} SEND: ba010100 3143858a
2019-07-22 18:00:12.190197-0700 xctest[59729:373987] CouchbaseLite Network Verbose: {BLIPIO#14} Finished sending RES #186
2019-07-22 18:00:12.190278-0700 xctest[59729:373964] CouchbaseLite Replicator Verbose: {pusher#16} Reading document 'doc1199' #1-c8c16ee37b9d0041b91beafe4587497a8ee75665
2019-07-22 18:00:12.190359-0700 xctest[59729:373968] CouchbaseLite Network Verbose: {BLIPIO#13} Received frame: RES #184 ----, length 5
2019-07-22 18:00:12.190437-0700 xctest[59729:374007] CouchbaseLite Network Debug: {LoopbackWS#12} RECEIVED: ba010100 3143858a
2019-07-22 18:00:12.190514-0700 xctest[59729:373987] CouchbaseLite Network Verbose: {BLIPIO#14} ...Wrote 8 bytes to WebSocket (writeable=1)
2019-07-22 18:00:12.190595-0700 xctest[59729:373968] CouchbaseLite Network Verbose: {Connection#9} Receiving RES #184
2019-07-22 18:00:12.190682-0700 xctest[59729:373964] CouchbaseLite Replicator Verbose: {pusher#16} Transmitting 'rev' message with 'doc1199' #1-c8c16ee37b9d0041b91beafe4587497a8ee75665
2019-07-22 18:00:12.190754-0700 xctest[59729:373987] CouchbaseLite Network Verbose: {BLIPIO#14} Sending RES #187
2019-07-22 18:00:12.190839-0700 xctest[59729:373968] CouchbaseLite Network Verbose: {Connection#9} Finished receiving RES #184
2019-07-22 18:00:12.190922-0700 xctest[59729:373964] CouchbaseLite Replicator Info: {pusher#16} activityLevel=busy: pendingResponseCount=28, caughtUp=1, changeLists=0, revsInFlight=10, blobsInFlight=0, awaitingReply=4176, revsToSend=201, pushingDocs=229, pendingSequences=0
2019-07-22 18:00:12.191000-0700 xctest[59729:373987] CouchbaseLite Network Verbose: {BLIPIO#14} Sending frame: RES #187 ----, bytes 0--4
2019-07-22 18:00:12.191088-0700 xctest[59729:373968] CouchbaseLite Network Verbose: {BLIPIO#13} Sending 'rev' REQ #198 Z
2019-07-22 18:00:12.191169-0700 xctest[59729:373964] CouchbaseLite Replicator Debug: {pusher#16} Transmitted 'rev' doc1190 #1-c8c16ee37b9d0041b91beafe4587497a8ee75665 (seq #190)
2019-07-22 18:00:12.191246-0700 xctest[59729:373987] CouchbaseLite Network Verbose: {BLIPIO#14} Finished sending RES #187
2019-07-22 18:00:12.191321-0700 xctest[59729:373987] CouchbaseLite Network Verbose: {BLIPIO#14} ...Wrote 8 bytes to WebSocket (writeable=1)
2019-07-22 18:00:12.191394-0700 xctest[59729:373968] CouchbaseLite Network Verbose: {BLIPIO#13} Sending frame: REQ #198 ---C, bytes 0--15
2019-07-22 18:00:12.191488-0700 xctest[59729:373964] CouchbaseLite Replicator Verbose: {pusher#16} Sending rev doc1200 1-c8c16ee37b9d0041b91beafe4587497a8ee75665 (seq #200) [10/10]
