2019-07-22 18:00:11.571495-0700 xctest[59729:373964] CouchbaseLite Replicator Debug: {pusher#16} Transmitted 'rev' doc194 #1-c8c16ee37b9d0041b91beafe4587497a8ee75665 (seq #94)
2019-07-22 18:00:11.571584-0700 xctest[59729:373964] CouchbaseLite Replicator Verbose: {pusher#16} Sending rev doc1104 1-c8c16ee37b9d0041b91beafe4587497a8ee75665 (seq #104) [10/10]
2019-07-22 18:00:11.571712-0700 xctest[59729:373968] CouchbaseLite Replicator Verbose: {Inserter#54} {'doc194' #1-c8c16ee37b9d0041b91beafe4587497a8ee75665 <- } seq 95
2019-07-22 18:00:11.571807-0700 xctest[59729:374004] CouchbaseLite Replicator Info: {repl#10} pushStatus=busy, pullStatus=busy, progress=0/56800
2019-07-22 18:00:11.571890-0700 xctest[59729:374004] CouchbaseLite Replicator Verbose: {repl#10} progress +0/+0, 1 docs -- now 0 / 56800, 83 docs
2019-07-22 18:00:11.571982-0700 xctest[59729:374003] CouchbaseLite Replicator Info: {Puller#15} activityLevel=busy: pendingResponseCount=0, _caughtUp=1, _pendingRevMessages=297, _activeIncomingRevs=10
2019-07-22 18:00:11.572071-0700 xctest[59729:373964] CouchbaseLite Replicator Verbose: {pusher#16} Reading document 'doc1104' #1-c8c16ee37b9d0041b91beafe4587497a8ee75665
2019-07-22 18:00:11.572186-0700 xctest[59729:374004] CouchbaseLite Replicator Info: {repl#10} activityLevel=busy: connectionState=2
2019-07-22 18:00:11.572270-0700 xctest[59729:374004] CouchbaseLite Replicator Info: {repl#10} pushStatus=busy, pullStatus=busy, progress=0/56800
2019-07-22 18:00:11.572367-0700 xctest[59729:374003] CouchbaseLite Replicator Info: {Puller#15} activityLevel=busy: pendingResponseCount=0, _caughtUp=1, _pendingRevMessages=297, _activeIncomingRevs=9
2019-07-22 18:00:11.572477-0700 xctest[59729:373968] CouchbaseLite Database Verbose: {DB#55} Saved 'doc195' rev #1-c8c16ee37b9d0041b91beafe4587497a8ee75665 as seq 96
2019-07-22 18:00:11.572586-0700 xctest[59729:373964] CouchbaseLite Replicator Verbose: {pusher#16} Transmitting 'rev' message with 'doc1104' #1-c8c16ee37b9d0041b91beafe4587497a8ee75665
2019-07-22 18:00:11.572719-0700 xctest[59729:373968] CouchbaseLite Replicator Verbose: {Inserter#54} {'doc195' #1-c8c16ee37b9d0041b91beafe4587497a8ee75665 <- } seq 96
2019-07-22 18:00:11.572821-0700 xctest[59729:374003] CouchbaseLite Network Verbose: {BLIPIO#13} Sending 'rev' REQ #107 Z
2019-07-22 18:00:11.572930-0700 xctest[59729:373964] CouchbaseLite Replicator Info: {pusher#16} activityLevel=busy: pendingResponseCount=21, caughtUp=1, changeLists=0, revsInFlight=10, blobsInFlight=0, awaitingReply=2530, revsToSend=296, pushingDocs=317, pendingSequences=0
2019-07-22 18:00:11.573057-0700 xctest[59729:374004] CouchbaseLite Replicator Info: {Puller#15} activityLevel=busy: pendingResponseCount=0, _caughtUp=1, _pendingRevMessages=297, _activeIncomingRevs=8
2019-07-22 18:00:11.573156-0700 xctest[59729:374003] CouchbaseLite Network Verbose: {BLIPIO#13} Sending frame: REQ #107 ---C, bytes 0--16
2019-07-22 18:00:11.573240-0700 xctest[59729:373964] CouchbaseLite Replicator Debug: {pusher#16} Transmitted 'rev' doc195 #1-c8c16ee37b9d0041b91beafe4587497a8ee75665 (seq #95)
2019-07-22 18:00:11.573336-0700 xctest[59729:373968] CouchbaseLite Database Verbose: {DB#55} Saved 'doc196' rev #1-c8c16ee37b9d0041b91beafe4587497a8ee75665 as seq 97
2019-07-22 18:00:11.573441-0700 xctest[59729:374003] CouchbaseLite Network Verbose: {BLIPIO#13} Finished sending REQ #107 Z
2019-07-22 18:00:11.573527-0700 xctest[59729:374004] CouchbaseLite Network Debug: {LoopbackWS#12} SEND: 6b08c2ee 4f0a0e6d 34189cad 200000fb e0e8dd
2019-07-22 18:00:11.573628-0700 xctest[59729:373964] CouchbaseLite Replicator Verbose: {pusher#16} Sending rev doc1105 1-c8c16ee37b9d0041b91beafe4587497a8ee75665 (seq #105) [10/10]
2019-07-22 18:00:11.573737-0700 xctest[59729:373968] CouchbaseLite Replicator Verbose: {Inserter#54} {'doc196' #1-c8c16ee37b9d0041b91beafe4587497a8ee75665 <- } seq 97
2019-07-22 18:00:11.573829-0700 xctest[59729:374003] CouchbaseLite Network Verbose: {BLIPIO#13} ...Wrote 19 bytes to WebSocket (writeable=1)
2019-07-22 18:00:11.573935-0700 xctest[59729:373987] CouchbaseLite Network Debug: {LoopbackWS#11} RECEIVED: 6b08c2ee 4f0a0e6d 34189cad 200000fb e0e8dd
2019-07-22 18:00:11.574050-0700 xctest[59729:373964] CouchbaseLite Replicator Verbose: {pusher#16} Reading document 'doc1105' #1-c8c16ee37b9d0041b91beafe4587497a8ee75665
2019-07-22 18:00:11.574166-0700 xctest[59729:374004] CouchbaseLite Replicator Info: {Puller#15} activityLevel=busy: pendingResponseCount=0, _caughtUp=1, _pendingRevMessages=297, _activeIncomingRevs=7
2019-07-22 18:00:11.574261-0700 xctest[59729:373968] CouchbaseLite Database Verbose: {DB#55} Saved 'doc197' rev #1-c8c16ee37b9d0041b91beafe4587497a8ee75665 as seq 98
2019-07-22 18:00:11.574366-0700 xctest[59729:374003] CouchbaseLite Network Verbose: {BLIPIO#14} Received frame: REQ #107 ---C, length 17
2019-07-22 18:00:11.574463-0700 xctest[59729:373964] CouchbaseLite Replicator Verbose: {pusher#16} Transmitting 'rev' message with 'doc1105' #1-c8c16ee37b9d0041b91beafe4587497a8ee75665
2019-07-22 18:00:11.574553-0700 xctest[59729:373968] CouchbaseLite Replicator Verbose: {Inserter#54} {'doc197' #1-c8c16ee37b9d0041b91beafe4587497a8ee75665 <- } seq 98
2019-07-22 18:00:11.574656-0700 xctest[59729:374003] CouchbaseLite Network Verbose: {Connection#7} Receiving 'rev' REQ #107 Z
2019-07-22 18:00:11.574780-0700 xctest[59729:374004] CouchbaseLite Network Verbose: {BLIPIO#13} Sending 'rev' REQ #108 Z
2019-07-22 18:00:11.574899-0700 xctest[59729:373964] CouchbaseLite Replicator Info: {pusher#16} activityLevel=busy: pendingResponseCount=22, caughtUp=1, changeLists=0, revsInFlight=10, blobsInFlight=0, awaitingReply=2760, revsToSend=295, pushingDocs=317, pendingSequences=0
2019-07-22 18:00:11.575030-0700 xctest[59729:373987] CouchbaseLite Replicator Info: {Puller#15} activityLevel=busy: pendingResponseCount=0, _caughtUp=1, _pendingRevMessages=297, _activeIncomingRevs=6
2019-07-22 18:00:11.575120-0700 xctest[59729:374003] CouchbaseLite Network Verbose: {Connection#7} Finished receiving 'rev' REQ #107 Z
2019-07-22 18:00:11.575211-0700 xctest[59729:373968] CouchbaseLite Database Verbose: {DB#55} Saved 'doc198' rev #1-c8c16ee37b9d0041b91beafe4587497a8ee75665 as seq 99
2019-07-22 18:00:11.575305-0700 xctest[59729:374004] CouchbaseLite Network Verbose: {BLIPIO#13} Sending frame: REQ #108 ---C, bytes 0--16
2019-07-22 18:00:11.575392-0700 xctest[59729:373964] CouchbaseLite Replicator Verbose: {pusher#16} Completed rev doc184 #1-c8c16ee37b9d0041b91beafe4587497a8ee75665 (seq #84)
2019-07-22 18:00:11.575483-0700 xctest[59729:373987] CouchbaseLite Replicator Info: {Puller#15} activityLevel=busy: pendingResponseCount=0, _caughtUp=1, _pendingRevMessages=296, _activeIncomingRevs=7
2019-07-22 18:00:11.575589-0700 xctest[59729:374003] CouchbaseLite Replicator Verbose: {IncomingRev#30} Received revision 'doc1104' #1-c8c16ee37b9d0041b91beafe4587497a8ee75665 (seq '104')
2019-07-22 18:00:11.575683-0700 xctest[59729:373968] CouchbaseLite Replicator Verbose: {Inserter#54} {'doc198' #1-c8c16ee37b9d0041b91beafe4587497a8ee75665 <- } seq 99
2019-07-22 18:00:11.575809-0700 xctest[59729:374004] CouchbaseLite Network Verbose: {BLIPIO#13} Finished sending REQ #108 Z
2019-07-22 18:00:11.575940-0700 xctest[59729:374007] CouchbaseLite Network Debug: {LoopbackWS#12} SEND: 6c08c2ee 4f0a8e6d 34189ced 20000067 a041b1
2019-07-22 18:00:11.576098-0700 xctest[59729:373964] CouchbaseLite Replicator Debug: {pusher#16} Done pushing 'doc184' 1-c8c16ee37b9d0041b91beafe4587497a8ee75665
2019-07-22 18:00:11.576208-0700 xctest[59729:373987] CouchbaseLite Replicator Info: {Puller#15} activityLevel=busy: pendingResponseCount=0, _caughtUp=1, _pendingRevMessages=296, _activeIncomingRevs=6
2019-07-22 18:00:11.576292-0700 xctest[59729:374004] CouchbaseLite Network Verbose: {BLIPIO#13} ...Wrote 19 bytes to WebSocket (writeable=1)
2019-07-22 18:00:11.576386-0700 xctest[59729:373968] CouchbaseLite Database Verbose: {DB#55} Saved 'doc199' rev #1-c8c16ee37b9d0041b91beafe4587497a8ee75665 as seq 100
2019-07-22 18:00:11.576517-0700 xctest[59729:373989] CouchbaseLite Network Debug: {LoopbackWS#11} RECEIVED: 6c08c2ee 4f0a8e6d 34189ced 20000067 a041b1
2019-07-22 18:00:11.576634-0700 xctest[59729:373964] CouchbaseLite Replicator Verbose: {pusher#16} progress +0/+0, 1 docs -- now 0 / 56800, 84 docs
2019-07-22 18:00:11.576737-0700 xctest[59729:373987] CouchbaseLite Replicator Info: {Puller#15} activityLevel=busy: pendingResponseCount=0, _caughtUp=1, _pendingRevMessages=296, _activeIncomingRevs=6
2019-07-22 18:00:11.576841-0700 xctest[59729:373968] CouchbaseLite Replicator Verbose: {Inserter#54} {'doc199' #1-c8c16ee37b9d0041b91beafe4587497a8ee75665 <- } seq 100
2019-07-22 18:00:11.576941-0700 xctest[59729:373989] CouchbaseLite Network Verbose: {BLIPIO#14} Received frame: REQ #108 ---C, length 17
2019-07-22 18:00:11.577056-0700 xctest[59729:373964] CouchbaseLite Replicator Info: {pusher#16} activityLevel=busy: pendingResponseCount=21, caughtUp=1, changeLists=0, revsInFlight=10, blobsInFlight=0, awaitingReply=2530, revsToSend=295, pushingDocs=316, pendingSequences=0
2019-07-22 18:00:11.577145-0700 xctest[59729:373968] CouchbaseLite Database Verbose: {DB#55} commit transaction
2019-07-22 18:00:11.577284-0700 xctest[59729:373987] CouchbaseLite Replicator Info: {Puller#15} activityLevel=busy: pendingResponseCount=0, _caughtUp=1, _pendingRevMessages=296, _activeIncomingRevs=5
2019-07-22 18:00:11.577391-0700 xctest[59729:373989] CouchbaseLite Network Verbose: {Connection#7} Receiving 'rev' REQ #108 Z
2019-07-22 18:00:11.577484-0700 xctest[59729:374004] CouchbaseLite Replicator Info: {repl#10} pushStatus=busy, pullStatus=busy, progress=0/56800
2019-07-22 18:00:11.577616-0700 xctest[59729:373964] CouchbaseLite Replicator Verbose: {pusher#16} Completed rev doc185 #1-c8c16ee37b9d0041b91beafe4587497a8ee75665 (seq #85)
2019-07-22 18:00:11.577736-0700 xctest[59729:373968] CouchbaseLite Replicator Info: {Inserter#54} Inserted 10 revs in 13.07ms ( 765/sec) of which 99.8% was commit
2019-07-22 18:00:11.577829-0700 xctest[59729:373989] CouchbaseLite Network Verbose: {Connection#7} Finished receiving 'rev' REQ #108 Z
2019-07-22 18:00:11.577939-0700 xctest[59729:374004] CouchbaseLite Replicator Verbose: {repl#10} progress +0/+0, 1 docs -- now 0 / 56800, 84 docs
2019-07-22 18:00:11.578035-0700 xctest[59729:374003] CouchbaseLite Replicator Verbose: {Puller#15} Checkpoint now at 90
2019-07-22 18:00:11.578122-0700 xctest[59729:373964] CouchbaseLite Replicator Debug: {pusher#16} Done pushing 'doc185' 1-c8c16ee37b9d0041b91beafe4587497a8ee75665
2019-07-22 18:00:11.578229-0700 xctest[59729:373968] CouchbaseLite Replicator Verbose: {Inserter#54} now busy
2019-07-22 18:00:11.578345-0700 xctest[59729:373989] CouchbaseLite Network Verbose: {BLIPIO#14} Sending RES #93
2019-07-22 18:00:11.578442-0700 xctest[59729:374004] CouchbaseLite Replicator Info: {repl#10} activityLevel=busy: connectionState=2
2019-07-22 18:00:11.578568-0700 xctest[59729:374004] CouchbaseLite Replicator Info: {repl#10} pushStatus=busy, pullStatus=busy, progress=0/56800
2019-07-22 18:00:11.578644-0700 xctest[59729:373964] CouchbaseLite Replicator Verbose: {pusher#16} progress +0/+0, 1 docs -- now 0 / 56800, 85 docs
2019-07-22 18:00:11.578728-0700 xctest[59729:373964] CouchbaseLite Replicator Info: {pusher#16} activityLevel=busy: pendingResponseCount=20, caughtUp=1, changeLists=0, revsInFlight=10, blobsInFlight=0, awaitingReply=2300, revsToSend=295, pushingDocs=315, pendingSequences=0
2019-07-22 18:00:11.578822-0700 xctest[59729:373989] CouchbaseLite Network Verbose: {BLIPIO#14} Sending frame: RES #93 ----, bytes 0--4
2019-07-22 18:00:11.578926-0700 xctest[59729:374003] CouchbaseLite Replicator Verbose: {Puller#15} progress +142/+0, 1 docs -- now 12972 / 56992, 90 docs
2019-07-22 18:00:11.579012-0700 xctest[59729:374003] CouchbaseLite Replicator Info: {Puller#15} activityLevel=busy: pendingResponseCount=0, _caughtUp=1, _pendingRevMessages=296, _activeIncomingRevs=5
2019-07-22 18:00:11.579090-0700 xctest[59729:373964] CouchbaseLite Replicator Verbose: {pusher#16} Completed rev doc186 #1-c8c16ee37b9d0041b91beafe4587497a8ee75665 (seq #86)
2019-07-22 18:00:11.579211-0700 xctest[59729:374004] CouchbaseLite Replicator Info: {repl#10} pushStatus=busy, pullStatus=busy, progress=0/56800
2019-07-22 18:00:11.579311-0700 xctest[59729:374004] CouchbaseLite Replicator Verbose: {repl#10} progress +0/+0, 1 docs -- now 0 / 56800, 85 docs
2019-07-22 18:00:11.579397-0700 xctest[59729:373968] CouchbaseLite Network Debug: {LoopbackWS#11} SEND: 5d01004a dddf31
2019-07-22 18:00:11.579493-0700 xctest[59729:373987] CouchbaseLite Replicator Info: {Repl#8} pushStatus=stopped, pullStatus=busy, progress=12830/56992
2019-07-22 18:00:11.581628-0700 xctest[59729:374003] CouchbaseLite Replicator Info: {Puller#15} activityLevel=busy: pendingResponseCount=0, _caughtUp=1, _pendingRevMessages=296, _activeIncomingRevs=5
2019-07-22 18:00:11.581736-0700 xctest[59729:373964] CouchbaseLite Replicator Debug: {pusher#16} Done pushing 'doc186' 1-c8c16ee37b9d0041b91beafe4587497a8ee75665
2019-07-22 18:00:11.581899-0700 xctest[59729:373964] CouchbaseLite Replicator Verbose: {pusher#16} progress +0/+0, 1 docs -- now 0 / 56800, 86 docs
2019-07-22 18:00:11.582017-0700 xctest[59729:373964] CouchbaseLite Replicator Info: {pusher#16} activityLevel=busy: pendingResponseCount=19, caughtUp=1, changeLists=0, revsInFlight=10, blobsInFlight=0, awaitingReply=2070, revsToSend=295, pushingDocs=314, pendingSequences=0
2019-07-22 18:00:11.582149-0700 xctest[59729:374007] CouchbaseLite Network Debug: {LoopbackWS#12} RECEIVED: 5d01004a dddf31
2019-07-22 18:00:11.582293-0700 xctest[59729:373987] CouchbaseLite Replicator Info: {Repl#8} activityLevel=busy: connectionState=2
2019-07-22 18:00:11.582374-0700 xctest[59729:373987] CouchbaseLite Replicator Info: {Repl#8} pushStatus=stopped, pullStatus=busy, progress=12830/56992
2019-07-22 18:00:11.582464-0700 xctest[59729:374004] CouchbaseLite Replicator Info: {repl#10} activityLevel=busy: connectionState=2
2019-07-22 18:00:11.582526-0700 xctest[59729:374004] CouchbaseLite Replicator Info: {repl#10} pushStatus=busy, pullStatus=busy, progress=0/56800
2019-07-22 18:00:11.582637-0700 xctest[59729:373968] CouchbaseLite Network Verbose: {BLIPIO#13} Received frame: RES #93 ----, length 5
2019-07-22 18:00:11.582749-0700 xctest[59729:373968] CouchbaseLite Network Verbose: {Connection#9} Receiving RES #93
2019-07-22 18:00:11.582826-0700 xctest[59729:373989] CouchbaseLite Network Verbose: {BLIPIO#14} Finished sending RES #93
2019-07-22 18:00:11.582912-0700 xctest[59729:373987] CouchbaseLite Replicator Info: {Repl#8} pushStatus=stopped, pullStatus=busy, progress=12972/56992
2019-07-22 18:00:11.582977-0700 xctest[59729:373987] CouchbaseLite Replicator Verbose: {Repl#8} progress +142/+0, 1 docs -- now 12972 / 56992, 90 docs
2019-07-22 18:00:11.583064-0700 xctest[59729:374004] CouchbaseLite Replicator Info: {repl#10} pushStatus=busy, pullStatus=busy, progress=0/56800
2019-07-22 18:00:11.583147-0700 xctest[59729:374004] CouchbaseLite Replicator Verbose: {repl#10} progress +0/+0, 1 docs -- now 0 / 56800, 86 docs
2019-07-22 18:00:11.583213-0700 xctest[59729:374004] CouchbaseLite Replicator Info: {repl#10} activityLevel=busy: connectionState=2
2019-07-22 18:00:11.583278-0700 xctest[59729:374004] CouchbaseLite Replicator Info: {repl#10} pushStatus=busy, pullStatus=busy, progress=0/56800
2019-07-22 18:00:11.583351-0700 xctest[59729:373964] CouchbaseLite Replicator Debug: {pusher#16} Transmitted 'rev' doc196 #1-c8c16ee37b9d0041b91beafe4587497a8ee75665 (seq #96)
2019-07-22 18:00:11.583445-0700 xctest[59729:373987] CouchbaseLite Replicator Info: {Repl#8} activityLevel=busy: connectionState=2
2019-07-22 18:00:11.583523-0700 xctest[59729:373987] CouchbaseLite Replicator Info: {Repl#8} pushStatus=stopped, pullStatus=busy, progress=12972/56992
2019-07-22 18:00:11.583598-0700 xctest[59729:373968] CouchbaseLite Network Verbose: {Connection#9} Finished receiving RES #93
2019-07-22 18:00:11.583685-0700 xctest[59729:373989] CouchbaseLite Network Verbose: {BLIPIO#14} ...Wrote 7 bytes to WebSocket (writeable=1)
2019-07-22 18:00:11.583778-0700 xctest[59729:373964] CouchbaseLite Replicator Verbose: {pusher#16} Sending rev doc1106 1-c8c16ee37b9d0041b91beafe4587497a8ee75665 (seq #106) [10/10]
2019-07-22 18:00:11.583869-0700 xctest[59729:374003] CouchbaseLite Replicator Verbose: {Puller#15} Checkpoint now at 99
2019-07-22 18:00:11.583967-0700 xctest[59729:373989] CouchbaseLite Network Verbose: {BLIPIO#14} Sending RES #94
2019-07-22 18:00:11.584052-0700 xctest[59729:373964] CouchbaseLite Replicator Verbose: {pusher#16} Reading document 'doc1106' #1-c8c16ee37b9d0041b91beafe4587497a8ee75665
2019-07-22 18:00:11.584138-0700 xctest[59729:374003] CouchbaseLite Replicator Verbose: {Puller#15} progress +1278/+0, 9 docs -- now 14250 / 56992, 99 docs
2019-07-22 18:00:11.584241-0700 xctest[59729:374003] CouchbaseLite Replicator Info: {Puller#15} activityLevel=busy: pendingResponseCount=0, _caughtUp=1, _pendingRevMessages=296, _activeIncomingRevs=5
2019-07-22 18:00:11.584322-0700 xctest[59729:373989] CouchbaseLite Network Verbose: {BLIPIO#14} Sending frame: RES #94 ----, bytes 0--4
2019-07-22 18:00:11.584419-0700 xctest[59729:374003] CouchbaseLite Replicator Info: {Puller#15} activityLevel=busy: pendingResponseCount=0, _caughtUp=1, _pendingRevMessages=296, _activeIncomingRevs=5
2019-07-22 18:00:11.584506-0700 xctest[59729:373987] CouchbaseLite Replicator Info: {Repl#8} pushStatus=stopped, pullStatus=busy, progress=14250/56992
2019-07-22 18:00:11.584583-0700 xctest[59729:373987] CouchbaseLite Replicator Verbose: {Repl#8} progress +1278/+0, 9 docs -- now 14250 / 56992, 99 docs
2019-07-22 18:00:11.584649-0700 xctest[59729:373987] CouchbaseLite Replicator Info: {Repl#8} activityLevel=busy: connectionState=2
2019-07-22 18:00:11.584717-0700 xctest[59729:373987] CouchbaseLite Replicator Info: {Repl#8} pushStatus=stopped, pullStatus=busy, progress=14250/56992
2019-07-22 18:00:11.584791-0700 xctest[59729:374003] CouchbaseLite Replicator Info: {Puller#15} activityLevel=busy: pendingResponseCount=0, _caughtUp=1, _pendingRevMessages=296, _activeIncomingRevs=5
2019-07-22 18:00:11.584873-0700 xctest[59729:373964] CouchbaseLite Replicator Verbose: {pusher#16} Transmitting 'rev' message with 'doc1106' #1-c8c16ee37b9d0041b91beafe4587497a8ee75665
2019-07-22 18:00:11.584965-0700 xctest[59729:373989] CouchbaseLite Network Verbose: {BLIPIO#14} Finished sending RES #94
2019-07-22 18:00:11.585042-0700 xctest[59729:373968] CouchbaseLite Network Debug: {LoopbackWS#11} SEND: 5e010083 963268
2019-07-22 18:00:11.585123-0700 xctest[59729:374003] CouchbaseLite Replicator Info: {Puller#15} activityLevel=busy: pendingResponseCount=0, _caughtUp=1, _pendingRevMessages=296, _activeIncomingRevs=5
2019-07-22 18:00:11.585219-0700 xctest[59729:373987] CouchbaseLite Network Verbose: {BLIPIO#13} Sending 'rev' REQ #109 Z
2019-07-22 18:00:11.585303-0700 xctest[59729:373964] CouchbaseLite Replicator Info: {pusher#16} activityLevel=busy: pendingResponseCount=20, caughtUp=1, changeLists=0, revsInFlight=10, blobsInFlight=0, awaitingReply=2300, revsToSend=294, pushingDocs=314, pendingSequences=0
2019-07-22 18:00:11.585385-0700 xctest[59729:373989] CouchbaseLite Network Verbose: {BLIPIO#14} ...Wrote 7 bytes to WebSocket (writeable=1)
2019-07-22 18:00:11.585466-0700 xctest[59729:374004] CouchbaseLite Network Debug: {LoopbackWS#12} RECEIVED: 5e010083 963268
2019-07-22 18:00:11.585558-0700 xctest[59729:374003] CouchbaseLite Replicator Info: {Puller#15} activityLevel=busy: pendingResponseCount=0, _caughtUp=1, _pendingRevMessages=296, _activeIncomingRevs=5
2019-07-22 18:00:11.585637-0700 xctest[59729:373987] CouchbaseLite Network Verbose: {BLIPIO#13} Sending frame: REQ #109 ---C, bytes 0--16
2019-07-22 18:00:11.585739-0700 xctest[59729:373964] CouchbaseLite Replicator Debug: {pusher#16} Transmitted 'rev' doc197 #1-c8c16ee37b9d0041b91beafe4587497a8ee75665 (seq #97)
2019-07-22 18:00:11.585827-0700 xctest[59729:373964] CouchbaseLite Replicator Verbose: {pusher#16} Sending rev doc1107 1-c8c16ee37b9d0041b91beafe4587497a8ee75665 (seq #107) [10/10]
2019-07-22 18:00:11.585909-0700 xctest[59729:374003] CouchbaseLite Replicator Info: {Puller#15} activityLevel=busy: pendingResponseCount=0, _caughtUp=1, _pendingRevMessages=296, _activeIncomingRevs=5
2019-07-22 18:00:11.585986-0700 xctest[59729:373987] CouchbaseLite Network Verbose: {BLIPIO#13} Finished sending REQ #109 Z
2019-07-22 18:00:11.586076-0700 xctest[59729:374004] CouchbaseLite Network Debug: {LoopbackWS#12} SEND: 6d08c2ee 4f0a0e6e 34189c2d 21000005 af7144
2019-07-22 18:00:11.586159-0700 xctest[59729:373989] CouchbaseLite Network Verbose: {BLIPIO#14} Sending RES #95
2019-07-22 18:00:11.586244-0700 xctest[59729:373964] CouchbaseLite Replicator Verbose: {pusher#16} Reading document 'doc1107' #1-c8c16ee37b9d0041b91beafe4587497a8ee75665
2019-07-22 18:00:11.586333-0700 xctest[59729:374003] CouchbaseLite Replicator Info: {Puller#15} activityLevel=busy: pendingResponseCount=0, _caughtUp=1, _pendingRevMessages=296, _activeIncomingRevs=5
2019-07-22 18:00:11.586411-0700 xctest[59729:373987] CouchbaseLite Network Verbose: {BLIPIO#13} ...Wrote 19 bytes to WebSocket (writeable=1)
2019-07-22 18:00:11.586496-0700 xctest[59729:374004] CouchbaseLite Network Debug: {LoopbackWS#11} RECEIVED: 6d08c2ee 4f0a0e6e 34189c2d 21000005 af7144
2019-07-22 18:00:11.586592-0700 xctest[59729:373989] CouchbaseLite Network Verbose: {BLIPIO#14} Sending frame: RES #95 ----, bytes 0--4
2019-07-22 18:00:11.586674-0700 xctest[59729:374003] CouchbaseLite Replicator Info: {Puller#15} activityLevel=busy: pendingResponseCount=0, _caughtUp=1, _pendingRevMessages=296, _activeIncomingRevs=5
2019-07-22 18:00:11.586751-0700 xctest[59729:373964] CouchbaseLite Replicator Verbose: {pusher#16} Transmitting 'rev' message with 'doc1107' #1-c8c16ee37b9d0041b91beafe4587497a8ee75665
2019-07-22 18:00:11.586838-0700 xctest[59729:373987] CouchbaseLite Network Verbose: {BLIPIO#13} Received frame: RES #94 ----, length 5
2019-07-22 18:00:11.586973-0700 xctest[59729:373989] CouchbaseLite Network Verbose: {BLIPIO#14} Finished sending RES #95
2019-07-22 18:00:11.587059-0700 xctest[59729:373989] CouchbaseLite Network Verbose: {BLIPIO#14} ...Wrote 7 bytes to WebSocket (writeable=1)
2019-07-22 18:00:11.587140-0700 xctest[59729:374003] CouchbaseLite Replicator Info: {Puller#15} activityLevel=busy: pendingResponseCount=0, _caughtUp=1, _pendingRevMessages=296, _activeIncomingRevs=5
2019-07-22 18:00:11.587222-0700 xctest[59729:373964] CouchbaseLite Replicator Info: {pusher#16} activityLevel=busy: pendingResponseCount=21, caughtUp=1, changeLists=0, revsInFlight=10, blobsInFlight=0, awaitingReply=2530, revsToSend=293, pushingDocs=314, pendingSequences=0
2019-07-22 18:00:11.587305-0700 xctest[59729:373987] CouchbaseLite Network Verbose: {Connection#9} Receiving RES #94
2019-07-22 18:00:11.587390-0700 xctest[59729:374004] CouchbaseLite Network Debug: {LoopbackWS#11} SEND: 5f010091 e890d5
2019-07-22 18:00:11.587492-0700 xctest[59729:373989] CouchbaseLite Network Verbose: {BLIPIO#14} Sending RES #96
2019-07-22 18:00:11.587570-0700 xctest[59729:374003] CouchbaseLite Replicator Info: {Puller#15} activityLevel=busy: pendingResponseCount=0, _caughtUp=1, _pendingRevMessages=296, _activeIncomingRevs=5
2019-07-22 18:00:11.587648-0700 xctest[59729:373964] CouchbaseLite Replicator Debug: {pusher#16} Transmitted 'rev' doc198 #1-c8c16ee37b9d0041b91beafe4587497a8ee75665 (seq #98)
2019-07-22 18:00:11.587728-0700 xctest[59729:373987] CouchbaseLite Network Verbose: {Connection#9} Finished receiving RES #94
2019-07-22 18:00:11.587830-0700 xctest[59729:373968] CouchbaseLite Network Debug: {LoopbackWS#12} RECEIVED: 5f010091 e890d5
2019-07-22 18:00:11.587921-0700 xctest[59729:373989] CouchbaseLite Network Verbose: {BLIPIO#14} Sending frame: RES #96 ----, bytes 0--4
2019-07-22 18:00:11.588012-0700 xctest[59729:374003] CouchbaseLite Replicator Info: {Puller#15} activityLevel=busy: pendingResponseCount=0, _caughtUp=1, _pendingRevMessages=295, _activeIncomingRevs=6
2019-07-22 18:00:11.588092-0700 xctest[59729:374004] CouchbaseLite Replicator Verbose: {IncomingRev#50} Received revision 'doc1105' #1-c8c16ee37b9d0041b91beafe4587497a8ee75665 (seq '105')
2019-07-22 18:00:11.588188-0700 xctest[59729:373964] CouchbaseLite Replicator Verbose: {pusher#16} Sending rev doc1108 1-c8c16ee37b9d0041b91beafe4587497a8ee75665 (seq #108) [10/10]
2019-07-22 18:00:11.588264-0700 xctest[59729:374007] CouchbaseLite Replicator Verbose: {Inserter#54} Inserting 5 revs:
2019-07-22 18:00:11.588377-0700 xctest[59729:373987] CouchbaseLite Network Verbose: {BLIPIO#13} Sending 'rev' REQ #110 Z
2019-07-22 18:00:11.588476-0700 xctest[59729:373989] CouchbaseLite Network Verbose: {BLIPIO#14} Finished sending RES #96
2019-07-22 18:00:11.588556-0700 xctest[59729:373968] CouchbaseLite Network Debug: {LoopbackWS#11} SEND: 60010024 2a2146
2019-07-22 18:00:11.588668-0700 xctest[59729:373964] CouchbaseLite Replicator Verbose: {pusher#16} Reading document 'doc1108' #1-c8c16ee37b9d0041b91beafe4587497a8ee75665
2019-07-22 18:00:11.588744-0700 xctest[59729:374007] CouchbaseLite Database Verbose: {DB#55} begin transaction
2019-07-22 18:00:11.588841-0700 xctest[59729:373987] CouchbaseLite Network Verbose: {BLIPIO#13} Sending frame: REQ #110 ---C, bytes 0--16
2019-07-22 18:00:11.588944-0700 xctest[59729:373989] CouchbaseLite Network Verbose: {BLIPIO#14} ...Wrote 7 bytes to WebSocket (writeable=1)
2019-07-22 18:00:11.589087-0700 xctest[59729:374003] CouchbaseLite Replicator Info: {Puller#15} activityLevel=busy: pendingResponseCount=0, _caughtUp=1, _pendingRevMessages=295, _activeIncomingRevs=6
2019-07-22 18:00:11.589167-0700 xctest[59729:374004] CouchbaseLite Network Debug: {LoopbackWS#12} RECEIVED: 60010024 2a2146
2019-07-22 18:00:11.589268-0700 xctest[59729:373987] CouchbaseLite Network Verbose: {BLIPIO#13} Finished sending REQ #110 Z
2019-07-22 18:00:11.589358-0700 xctest[59729:373964] CouchbaseLite Replicator Verbose: {pusher#16} Transmitting 'rev' message with 'doc1108' #1-c8c16ee37b9d0041b91beafe4587497a8ee75665
2019-07-22 18:00:11.589451-0700 xctest[59729:373989] CouchbaseLite Network Verbose: {BLIPIO#14} Sending RES #97
2019-07-22 18:00:11.589533-0700 xctest[59729:374004] CouchbaseLite Network Debug: {LoopbackWS#12} SEND: 6e08c2ee 4f0a4e6b 34189c6d 21000023 b98efd
2019-07-22 18:00:11.589617-0700 xctest[59729:374007] CouchbaseLite Database Verbose: {DB#55} Saved 'doc1100' rev #1-c8c16ee37b9d0041b91beafe4587497a8ee75665 as seq 101
2019-07-22 18:00:11.589716-0700 xctest[59729:373987] CouchbaseLite Network Verbose: {BLIPIO#13} ...Wrote 19 bytes to WebSocket (writeable=1)
2019-07-22 18:00:11.589796-0700 xctest[59729:373964] CouchbaseLite Replicator Info: {pusher#16} activityLevel=busy: pendingResponseCount=22, caughtUp=1, changeLists=0, revsInFlight=10, blobsInFlight=0, awaitingReply=2760, revsToSend=292, pushingDocs=314, pendingSequences=0
2019-07-22 18:00:11.589880-0700 xctest[59729:373989] CouchbaseLite Network Verbose: {BLIPIO#14} Sending frame: RES #97 ----, bytes 0--4
2019-07-22 18:00:11.589969-0700 xctest[59729:374003] CouchbaseLite Network Debug: {LoopbackWS#11} RECEIVED: 6e08c2ee 4f0a4e6b 34189c6d 21000023 b98efd
2019-07-22 18:00:11.590051-0700 xctest[59729:374007] CouchbaseLite Replicator Verbose: {Inserter#54} {'doc1100' #1-c8c16ee37b9d0041b91beafe4587497a8ee75665 <- } seq 101
2019-07-22 18:00:11.590147-0700 xctest[59729:373987] CouchbaseLite Network Verbose: {BLIPIO#13} Received frame: RES #95 ----, length 5
2019-07-22 18:00:11.590257-0700 xctest[59729:373964] CouchbaseLite Replicator Debug: {pusher#16} Transmitted 'rev' doc199 #1-c8c16ee37b9d0041b91beafe4587497a8ee75665 (seq #99)
2019-07-22 18:00:11.590344-0700 xctest[59729:373989] CouchbaseLite Network Verbose: {BLIPIO#14} Finished sending RES #97
2019-07-22 18:00:11.590426-0700 xctest[59729:373989] CouchbaseLite Network Verbose: {BLIPIO#14} ...Wrote 7 bytes to WebSocket (writeable=1)
2019-07-22 18:00:11.590501-0700 xctest[59729:374004] CouchbaseLite Replicator Info: {Puller#15} activityLevel=busy: pendingResponseCount=0, _caughtUp=1, _pendingRevMessages=295, _activeIncomingRevs=5
2019-07-22 18:00:11.590593-0700 xctest[59729:373987] CouchbaseLite Network Verbose: {Connection#9} Receiving RES #95
2019-07-22 18:00:11.590690-0700 xctest[59729:373964] CouchbaseLite Replicator Verbose: {pusher#16} Sending rev doc1109 1-c8c16ee37b9d0041b91beafe4587497a8ee75665 (seq #109) [10/10]
2019-07-22 18:00:11.590776-0700 xctest[59729:374007] CouchbaseLite Database Verbose: {DB#55} Saved 'doc1101' rev #1-c8c16ee37b9d0041b91beafe4587497a8ee75665 as seq 102
2019-07-22 18:00:11.590857-0700 xctest[59729:374003] CouchbaseLite Network Debug: {LoopbackWS#11} SEND: 6101004d 992109
2019-07-22 18:00:11.590931-0700 xctest[59729:373989] CouchbaseLite Network Verbose: {BLIPIO#14} Sending RES #98
2019-07-22 18:00:11.591005-0700 xctest[59729:373987] CouchbaseLite Network Verbose: {Connection#9} Finished receiving RES #95
2019-07-22 18:00:11.591092-0700 xctest[59729:373964] CouchbaseLite Replicator Verbose: {pusher#16} Reading document 'doc1109' #1-c8c16ee37b9d0041b91beafe4587497a8ee75665
2019-07-22 18:00:11.591181-0700 xctest[59729:374007] CouchbaseLite Replicator Verbose: {Inserter#54} {'doc1101' #1-c8c16ee37b9d0041b91beafe4587497a8ee75665 <- } seq 102
2019-07-22 18:00:11.591287-0700 xctest[59729:374004] CouchbaseLite Network Debug: {LoopbackWS#12} RECEIVED: 6101004d 992109
2019-07-22 18:00:11.591383-0700 xctest[59729:373989] CouchbaseLite Network Verbose: {BLIPIO#14} Sending frame: RES #98 ----, bytes 0--4
2019-07-22 18:00:11.591485-0700 xctest[59729:373987] CouchbaseLite Network Verbose: {BLIPIO#13} Received frame: RES #96 ----, length 5
2019-07-22 18:00:11.591581-0700 xctest[59729:374003] CouchbaseLite Replicator Info: {Puller#15} activityLevel=busy: pendingResponseCount=0, _caughtUp=1, _pendingRevMessages=295, _activeIncomingRevs=4
2019-07-22 18:00:11.591672-0700 xctest[59729:373964] CouchbaseLite Replicator Verbose: {pusher#16} Transmitting 'rev' message with 'doc1109' #1-c8c16ee37b9d0041b91beafe4587497a8ee75665
2019-07-22 18:00:11.591761-0700 xctest[59729:373989] CouchbaseLite Network Verbose: {BLIPIO#14} Finished sending RES #98
2019-07-22 18:00:11.591829-0700 xctest[59729:373989] CouchbaseLite Network Verbose: {BLIPIO#14} ...Wrote 7 bytes to WebSocket (writeable=1)
2019-07-22 18:00:11.591906-0700 xctest[59729:374007] CouchbaseLite Database Verbose: {DB#55} Saved 'doc1102' rev #1-c8c16ee37b9d0041b91beafe4587497a8ee75665 as seq 103
2019-07-22 18:00:11.591987-0700 xctest[59729:373987] CouchbaseLite Network Verbose: {Connection#9} Receiving RES #96
2019-07-22 18:00:11.592073-0700 xctest[59729:373964] CouchbaseLite Replicator Info: {pusher#16} activityLevel=busy: pendingResponseCount=23, caughtUp=1, changeLists=0, revsInFlight=10, blobsInFlight=0, awaitingReply=2990, revsToSend=291, pushingDocs=314, pendingSequences=0
2019-07-22 18:00:11.592159-0700 xctest[59729:374004] CouchbaseLite Network Debug: {LoopbackWS#11} SEND: 620100ab 93ce08
2019-07-22 18:00:11.592249-0700 xctest[59729:373989] CouchbaseLite Network Verbose: {BLIPIO#14} Sending RES #99
2019-07-22 18:00:11.592334-0700 xctest[59729:374007] CouchbaseLite Replicator Verbose: {Inserter#54} {'doc1102' #1-c8c16ee37b9d0041b91beafe4587497a8ee75665 <- } seq 103
2019-07-22 18:00:11.592418-0700 xctest[59729:373987] CouchbaseLite Network Verbose: {Connection#9} Finished receiving RES #96
2019-07-22 18:00:11.592499-0700 xctest[59729:373964] CouchbaseLite Replicator Verbose: {pusher#16} Completed rev doc187 #1-c8c16ee37b9d0041b91beafe4587497a8ee75665 (seq #87)
2019-07-22 18:00:11.592603-0700 xctest[59729:374003] CouchbaseLite Network Debug: {LoopbackWS#12} RECEIVED: 620100ab 93ce08
2019-07-22 18:00:11.592688-0700 xctest[59729:373989] CouchbaseLite Network Verbose: {BLIPIO#14} Sending frame: RES #99 ----, bytes 0--4
2019-07-22 18:00:11.592786-0700 xctest[59729:374004] CouchbaseLite Replicator Info: {Puller#15} activityLevel=busy: pendingResponseCount=0, _caughtUp=1, _pendingRevMessages=295, _activeIncomingRevs=3
2019-07-22 18:00:11.592863-0700 xctest[59729:373987] CouchbaseLite Network Verbose: {BLIPIO#13} Sending 'rev' REQ #111 Z
2019-07-22 18:00:11.592954-0700 xctest[59729:373964] CouchbaseLite Replicator Debug: {pusher#16} Done pushing 'doc187' 1-c8c16ee37b9d0041b91beafe4587497a8ee75665
2019-07-22 18:00:11.593045-0700 xctest[59729:374007] CouchbaseLite Database Verbose: {DB#55} Saved 'doc1103' rev #1-c8c16ee37b9d0041b91beafe4587497a8ee75665 as seq 104
2019-07-22 18:00:11.593122-0700 xctest[59729:373989] CouchbaseLite Network Verbose: {BLIPIO#14} Finished sending RES #99
2019-07-22 18:00:11.593202-0700 xctest[59729:374003] CouchbaseLite Network Debug: {LoopbackWS#11} SEND: 630100dc 72f471
2019-07-22 18:00:11.593278-0700 xctest[59729:373987] CouchbaseLite Network Verbose: {BLIPIO#13} Sending frame: REQ #111 ---C, bytes 0--16
2019-07-22 18:00:11.593351-0700 xctest[59729:373964] CouchbaseLite Replicator Verbose: {pusher#16} progress +0/+0, 1 docs -- now 0 / 56800, 87 docs
2019-07-22 18:00:11.593424-0700 xctest[59729:374007] CouchbaseLite Replicator Verbose: {Inserter#54} {'doc1103' #1-c8c16ee37b9d0041b91beafe4587497a8ee75665 <- } seq 104
2019-07-22 18:00:11.593517-0700 xctest[59729:373989] CouchbaseLite Network Verbose: {BLIPIO#14} ...Wrote 7 bytes to WebSocket (writeable=1)
2019-07-22 18:00:11.593601-0700 xctest[59729:374004] CouchbaseLite Network Debug: {LoopbackWS#12} RECEIVED: 630100dc 72f471
2019-07-22 18:00:11.593681-0700 xctest[59729:373987] CouchbaseLite Network Verbose: {BLIPIO#13} Finished sending REQ #111 Z
2019-07-22 18:00:11.593762-0700 xctest[59729:373964] CouchbaseLite Replicator Info: {pusher#16} activityLevel=busy: pendingResponseCount=22, caughtUp=1, changeLists=0, revsInFlight=10, blobsInFlight=0, awaitingReply=2760, revsToSend=291, pushingDocs=313, pendingSequences=0
2019-07-22 18:00:11.593857-0700 xctest[59729:374003] CouchbaseLite Replicator Info: {Puller#15} activityLevel=busy: pendingResponseCount=0, _caughtUp=1, _pendingRevMessages=295, _activeIncomingRevs=2
2019-07-22 18:00:11.593934-0700 xctest[59729:373989] CouchbaseLite Network Verbose: {BLIPIO#14} Sending RES #100
2019-07-22 18:00:11.594016-0700 xctest[59729:374004] CouchbaseLite Network Debug: {LoopbackWS#12} SEND: 6f08c2ee 4f0a8e68 34189cad 21000079 3170ce
2019-07-22 18:00:11.594098-0700 xctest[59729:374007] CouchbaseLite Database Verbose: {DB#55} Saved 'doc1104' rev #1-c8c16ee37b9d0041b91beafe4587497a8ee75665 as seq 105
2019-07-22 18:00:11.594177-0700 xctest[59729:373987] CouchbaseLite Network Verbose: {BLIPIO#13} ...Wrote 19 bytes to WebSocket (writeable=1)
2019-07-22 18:00:11.594265-0700 xctest[59729:373968] CouchbaseLite Replicator Info: {repl#10} pushStatus=busy, pullStatus=busy, progress=0/56800
2019-07-22 18:00:11.594365-0700 xctest[59729:373968] CouchbaseLite Replicator Verbose: {repl#10} progress +0/+0, 1 docs -- now 0 / 56800, 87 docs
2019-07-22 18:00:11.594442-0700 xctest[59729:373989] CouchbaseLite Network Verbose: {BLIPIO#14} Sending frame: RES #100 ----, bytes 0--4
2019-07-22 18:00:11.594521-0700 xctest[59729:374003] CouchbaseLite Network Debug: {LoopbackWS#11} RECEIVED: 6f08c2ee 4f0a8e68 34189cad 21000079 3170ce
2019-07-22 18:00:11.594600-0700 xctest[59729:374007] CouchbaseLite Replicator Verbose: {Inserter#54} {'doc1104' #1-c8c16ee37b9d0041b91beafe4587497a8ee75665 <- } seq 105
2019-07-22 18:00:11.594684-0700 xctest[59729:373987] CouchbaseLite Network Verbose: {BLIPIO#13} Received frame: RES #97 ----, length 5
2019-07-22 18:00:11.594776-0700 xctest[59729:373964] CouchbaseLite Replicator Verbose: {pusher#16} Completed rev doc188 #1-c8c16ee37b9d0041b91beafe4587497a8ee75665 (seq #88)
2019-07-22 18:00:11.594856-0700 xctest[59729:373968] CouchbaseLite Replicator Info: {repl#10} activityLevel=busy: connectionState=2
2019-07-22 18:00:11.594932-0700 xctest[59729:373968] CouchbaseLite Replicator Info: {repl#10} pushStatus=busy, pullStatus=busy, progress=0/56800
2019-07-22 18:00:11.595005-0700 xctest[59729:374003] CouchbaseLite Network Debug: {LoopbackWS#11} SEND: 640100f5 dcdcd3
2019-07-22 18:00:11.595085-0700 xctest[59729:374007] CouchbaseLite Database Verbose: {DB#55} commit transaction
2019-07-22 18:00:11.595171-0700 xctest[59729:374004] CouchbaseLite Replicator Info: {Puller#15} activityLevel=busy: pendingResponseCount=0, _caughtUp=1, _pendingRevMessages=295, _activeIncomingRevs=1
2019-07-22 18:00:11.595251-0700 xctest[59729:373987] CouchbaseLite Network Verbose: {Connection#9} Receiving RES #97
2019-07-22 18:00:11.595391-0700 xctest[59729:373964] CouchbaseLite Replicator Debug: {pusher#16} Done pushing 'doc188' 1-c8c16ee37b9d0041b91beafe4587497a8ee75665
2019-07-22 18:00:11.595510-0700 xctest[59729:373989] CouchbaseLite Network Verbose: {BLIPIO#14} Finished sending RES #100
2019-07-22 18:00:11.595609-0700 xctest[59729:373989] CouchbaseLite Network Verbose: {BLIPIO#14} ...Wrote 7 bytes to WebSocket (writeable=1)
2019-07-22 18:00:11.595691-0700 xctest[59729:373987] CouchbaseLite Network Verbose: {Connection#9} Finished receiving RES #97
2019-07-22 18:00:11.595782-0700 xctest[59729:374007] CouchbaseLite Replicator Info: {Inserter#54} Inserted 5 revs in 7.09ms ( 705/sec) of which 99.5% was commit
2019-07-22 18:00:11.595872-0700 xctest[59729:373964] CouchbaseLite Replicator Verbose: {pusher#16} progress +0/+0, 1 docs -- now 0 / 56800, 88 docs
2019-07-22 18:00:11.595953-0700 xctest[59729:374003] CouchbaseLite Replicator Verbose: {Puller#15} Checkpoint now at 100
2019-07-22 18:00:11.596033-0700 xctest[59729:373968] CouchbaseLite Network Debug: {LoopbackWS#12} RECEIVED: 640100f5 dcdcd3
2019-07-22 18:00:11.596118-0700 xctest[59729:373989] CouchbaseLite Network Verbose: {BLIPIO#14} Sending RES #101
2019-07-22 18:00:11.596252-0700 xctest[59729:373987] CouchbaseLite Network Verbose: {BLIPIO#13} Received frame: RES #98 ----, length 5
2019-07-22 18:00:11.596400-0700 xctest[59729:373964] CouchbaseLite Replicator Info: {pusher#16} activityLevel=busy: pendingResponseCount=21, caughtUp=1, changeLists=0, revsInFlight=10, blobsInFlight=0, awaitingReply=2530, revsToSend=291, pushingDocs=312, pendingSequences=0
2019-07-22 18:00:11.596602-0700 xctest[59729:374003] CouchbaseLite Replicator Verbose: {Puller#15} progress +142/+0, 1 docs -- now 14392 / 56992, 100 docs
2019-07-22 18:00:11.596755-0700 xctest[59729:374003] CouchbaseLite Replicator Info: {Puller#15} activityLevel=busy: pendingResponseCount=0, _caughtUp=1, _pendingRevMessages=295, _activeIncomingRevs=1
2019-07-22 18:00:11.596854-0700 xctest[59729:373987] CouchbaseLite Network Verbose: {Connection#9} Receiving RES #98
2019-07-22 18:00:11.596946-0700 xctest[59729:373968] CouchbaseLite Replicator Info: {repl#10} pushStatus=busy, pullStatus=busy, progress=0/56800
2019-07-22 18:00:11.597022-0700 xctest[59729:373968] CouchbaseLite Replicator Verbose: {repl#10} progress +0/+0, 1 docs -- now 0 / 56800, 88 docs
2019-07-22 18:00:11.597104-0700 xctest[59729:373989] CouchbaseLite Network Verbose: {BLIPIO#14} Sending frame: RES #101 ----, bytes 0--4
2019-07-22 18:00:11.597188-0700 xctest[59729:374003] CouchbaseLite Replicator Info: {Puller#15} activityLevel=busy: pendingResponseCount=0, _caughtUp=1, _pendingRevMessages=295, _activeIncomingRevs=1
2019-07-22 18:00:11.597259-0700 xctest[59729:374007] CouchbaseLite Replicator Info: {Repl#8} pushStatus=stopped, pullStatus=busy, progress=14392/56992
2019-07-22 18:00:11.597326-0700 xctest[59729:374007] CouchbaseLite Replicator Verbose: {Repl#8} progress +142/+0, 1 docs -- now 14392 / 56992, 100 docs
2019-07-22 18:00:11.597396-0700 xctest[59729:373964] CouchbaseLite Replicator Verbose: {pusher#16} Completed rev doc189 #1-c8c16ee37b9d0041b91beafe4587497a8ee75665 (seq #89)
2019-07-22 18:00:11.597479-0700 xctest[59729:373968] CouchbaseLite Replicator Info: {repl#10} activityLevel=busy: connectionState=2
2019-07-22 18:00:11.597553-0700 xctest[59729:373968] CouchbaseLite Replicator Info: {repl#10} pushStatus=busy, pullStatus=busy, progress=0/56800
2019-07-22 18:00:11.637777-0700 xctest[59729:373968] CouchbaseLite Replicator Info: {repl#10} activityLevel=busy: connectionState=2
2019-07-22 18:00:11.637945-0700 xctest[59729:373968] CouchbaseLite Replicator Info: {repl#10} pushStatus=busy, pullStatus=busy, progress=0/56800
2019-07-22 18:00:11.638146-0700 xctest[59729:373987] CouchbaseLite Network Verbose: {Connection#9} Finished receiving RES #98
2019-07-22 18:00:11.638303-0700 xctest[59729:374007] CouchbaseLite Replicator Info: {Repl#8} activityLevel=busy: connectionState=2
2019-07-22 18:00:11.638415-0700 xctest[59729:374007] CouchbaseLite Replicator Info: {Repl#8} pushStatus=stopped, pullStatus=busy, progress=14392/56992
2019-07-22 18:00:11.638587-0700 xctest[59729:373989] CouchbaseLite Network Verbose: {BLIPIO#14} Finished sending RES #101
2019-07-22 18:00:11.638718-0700 xctest[59729:373989] CouchbaseLite Network Verbose: {BLIPIO#14} ...Wrote 7 bytes to WebSocket (writeable=1)
2019-07-22 18:00:11.638928-0700 xctest[59729:373989] CouchbaseLite Network Verbose: {BLIPIO#14} Sending RES #102
2019-07-22 18:00:11.639040-0700 xctest[59729:373989] CouchbaseLite Network Verbose: {BLIPIO#14} Sending frame: RES #102 ----, bytes 0--4
2019-07-22 18:00:11.639138-0700 xctest[59729:373987] CouchbaseLite Network Verbose: {BLIPIO#13} Received frame: RES #99 ----, length 5
2019-07-22 18:00:11.639283-0700 xctest[59729:373964] CouchbaseLite Replicator Debug: {pusher#16} Done pushing 'doc189' 1-c8c16ee37b9d0041b91beafe4587497a8ee75665
2019-07-22 18:00:11.639386-0700 xctest[59729:373964] CouchbaseLite Replicator Verbose: {pusher#16} progress +0/+0, 1 docs -- now 0 / 56800, 89 docs
2019-07-22 18:00:11.639540-0700 xctest[59729:373968] CouchbaseLite Replicator Info: CBLReplicator[<- DB[otherdb]] is busy, progress 14392/56992, error: (null)
2019-07-22 18:00:11.639554-0700 xctest[59729:374005] CouchbaseLite Replicator Verbose: {Inserter#54} Inserting 1 revs:
2019-07-22 18:00:11.639749-0700 xctest[59729:374004] CouchbaseLite Network Debug: {LoopbackWS#11} SEND: 650100cd 2db03f
2019-07-22 18:00:11.639881-0700 xctest[59729:374003] CouchbaseLite Replicator Verbose: {Puller#15} Checkpoint now at 104
2019-07-22 18:00:11.639966-0700 xctest[59729:373989] CouchbaseLite Network Verbose: {BLIPIO#14} Finished sending RES #102
2019-07-22 18:00:11.640077-0700 xctest[59729:373989] CouchbaseLite Network Verbose: {BLIPIO#14} ...Wrote 7 bytes to WebSocket (writeable=1)
2019-07-22 18:00:11.640175-0700 xctest[59729:374007] CouchbaseLite Replicator Info: {Repl#8} activityLevel=busy: connectionState=2
2019-07-22 18:00:11.640265-0700 xctest[59729:374007] CouchbaseLite Replicator Info: {Repl#8} pushStatus=stopped, pullStatus=busy, progress=14392/56992
2019-07-22 18:00:11.640360-0700 xctest[59729:373968] CouchbaseLite Replicator Info: CBLReplicator[<- DB[otherdb]] is busy, progress 14392/56992, error: (null)
2019-07-22 18:00:11.640374-0700 xctest[59729:374005] CouchbaseLite Database Verbose: {DB#55} begin transaction
2019-07-22 18:00:11.640566-0700 xctest[59729:374004] CouchbaseLite Network Debug: {LoopbackWS#11} SEND: 66010064 a9ef00
2019-07-22 18:00:11.640700-0700 xctest[59729:373965] CouchbaseLite Network Debug: {LoopbackWS#12} RECEIVED: 650100cd 2db03f
2019-07-22 18:00:11.640800-0700 xctest[59729:374003] CouchbaseLite Replicator Verbose: {Puller#15} progress +568/+0, 4 docs -- now 14960 / 56992, 104 docs
2019-07-22 18:00:11.640908-0700 xctest[59729:374003] CouchbaseLite Replicator Info: {Puller#15} activityLevel=busy: pendingResponseCount=0, _caughtUp=1, _pendingRevMessages=295, _activeIncomingRevs=1
2019-07-22 18:00:11.640998-0700 xctest[59729:374003] CouchbaseLite Replicator Info: {Puller#15} activityLevel=busy: pendingResponseCount=0, _caughtUp=1, _pendingRevMessages=295, _activeIncomingRevs=1
2019-07-22 18:00:11.641102-0700 xctest[59729:374003] CouchbaseLite Replicator Info: {Puller#15} activityLevel=busy: pendingResponseCount=0, _caughtUp=1, _pendingRevMessages=295, _activeIncomingRevs=1
2019-07-22 18:00:11.641172-0700 xctest[59729:374003] CouchbaseLite Replicator Info: {Puller#15} activityLevel=busy: pendingResponseCount=0, _caughtUp=1, _pendingRevMessages=295, _activeIncomingRevs=1
2019-07-22 18:00:11.641338-0700 xctest[59729:373987] CouchbaseLite Network Verbose: {Connection#9} Receiving RES #99
2019-07-22 18:00:11.641470-0700 xctest[59729:373989] CouchbaseLite Network Verbose: {BLIPIO#14} Received frame: REQ #109 ---C, length 17
2019-07-22 18:00:11.641575-0700 xctest[59729:374004] CouchbaseLite Replicator Info: {Repl#8} pushStatus=stopped, pullStatus=busy, progress=14960/56992
2019-07-22 18:00:11.641666-0700 xctest[59729:374004] CouchbaseLite Replicator Verbose: {Repl#8} progress +568/+0, 4 docs -- now 14960 / 56992, 104 docs
2019-07-22 18:00:11.641737-0700 xctest[59729:374004] CouchbaseLite Replicator Info: {Repl#8} activityLevel=busy: connectionState=2
2019-07-22 18:00:11.641840-0700 xctest[59729:374004] CouchbaseLite Replicator Info: {Repl#8} pushStatus=stopped, pullStatus=busy, progress=14960/56992
2019-07-22 18:00:11.641966-0700 xctest[59729:374003] CouchbaseLite Replicator Info: {Puller#15} activityLevel=busy: pendingResponseCount=0, _caughtUp=1, _pendingRevMessages=295, _activeIncomingRevs=1
2019-07-22 18:00:11.642049-0700 xctest[59729:373987] CouchbaseLite Network Verbose: {Connection#9} Finished receiving RES #99
2019-07-22 18:00:11.642150-0700 xctest[59729:373989] CouchbaseLite Network Verbose: {Connection#7} Receiving 'rev' REQ #109 Z
2019-07-22 18:00:11.642257-0700 xctest[59729:373964] CouchbaseLite Replicator Info: {pusher#16} activityLevel=busy: pendingResponseCount=20, caughtUp=1, changeLists=0, revsInFlight=10, blobsInFlight=0, awaitingReply=2300, revsToSend=291, pushingDocs=311, pendingSequences=0
2019-07-22 18:00:11.642373-0700 xctest[59729:374005] CouchbaseLite Database Verbose: {DB#55} Saved 'doc1105' rev #1-c8c16ee37b9d0041b91beafe4587497a8ee75665 as seq 106
2019-07-22 18:00:11.642472-0700 xctest[59729:374005] CouchbaseLite Replicator Verbose: {Inserter#54} {'doc1105' #1-c8c16ee37b9d0041b91beafe4587497a8ee75665 <- } seq 106
2019-07-22 18:00:11.642579-0700 xctest[59729:373987] CouchbaseLite Network Verbose: {BLIPIO#13} Sending 'rev' REQ #112 Z
2019-07-22 18:00:11.642692-0700 xctest[59729:373989] CouchbaseLite Network Verbose: {Connection#7} Finished receiving 'rev' REQ #109 Z
2019-07-22 18:00:11.642785-0700 xctest[59729:373964] CouchbaseLite Replicator Debug: {pusher#16} Transmitted 'rev' doc1100 #1-c8c16ee37b9d0041b91beafe4587497a8ee75665 (seq #100)
2019-07-22 18:00:11.642873-0700 xctest[59729:373964] CouchbaseLite Replicator Verbose: {pusher#16} Sending rev doc1110 1-c8c16ee37b9d0041b91beafe4587497a8ee75665 (seq #110) [10/10]
2019-07-22 18:00:11.642950-0700 xctest[59729:373964] CouchbaseLite Replicator Verbose: {pusher#16} Reading document 'doc1110' #1-c8c16ee37b9d0041b91beafe4587497a8ee75665
2019-07-22 18:00:11.643055-0700 xctest[59729:374005] CouchbaseLite Database Verbose: {DB#55} commit transaction
2019-07-22 18:00:11.643181-0700 xctest[59729:374004] CouchbaseLite Replicator Info: {Puller#15} activityLevel=busy: pendingResponseCount=0, _caughtUp=1, _pendingRevMessages=295, _activeIncomingRevs=0
2019-07-22 18:00:11.643274-0700 xctest[59729:373987] CouchbaseLite Network Verbose: {BLIPIO#13} Sending frame: REQ #112 ---C, bytes 0--16
2019-07-22 18:00:11.643365-0700 xctest[59729:373989] CouchbaseLite Network Verbose: {BLIPIO#14} Received frame: REQ #110 ---C, length 17
2019-07-22 18:00:11.643471-0700 xctest[59729:374003] CouchbaseLite Replicator Info: {repl#10} pushStatus=busy, pullStatus=busy, progress=0/56800
2019-07-22 18:00:11.643558-0700 xctest[59729:374003] CouchbaseLite Replicator Verbose: {repl#10} progress +0/+0, 1 docs -- now 0 / 56800, 89 docs
2019-07-22 18:00:11.643629-0700 xctest[59729:374003] CouchbaseLite Replicator Info: {repl#10} activityLevel=busy: connectionState=2
2019-07-22 18:00:11.643694-0700 xctest[59729:374003] CouchbaseLite Replicator Info: {repl#10} pushStatus=busy, pullStatus=busy, progress=0/56800
2019-07-22 18:00:11.643786-0700 xctest[59729:373964] CouchbaseLite Replicator Verbose: {pusher#16} Transmitting 'rev' message with 'doc1110' #1-c8c16ee37b9d0041b91beafe4587497a8ee75665
2019-07-22 18:00:11.643883-0700 xctest[59729:374007] CouchbaseLite Replicator Verbose: {IncomingRev#30} Received revision 'doc1106' #1-c8c16ee37b9d0041b91beafe4587497a8ee75665 (seq '106')
2019-07-22 18:00:11.643974-0700 xctest[59729:373987] CouchbaseLite Network Verbose: {BLIPIO#13} Finished sending REQ #112 Z
2019-07-22 18:00:11.644088-0700 xctest[59729:373989] CouchbaseLite Network Verbose: {Connection#7} Receiving 'rev' REQ #110 Z
2019-07-22 18:00:11.644219-0700 xctest[59729:373965] CouchbaseLite Network Debug: {LoopbackWS#12} RECEIVED: 66010064 a9ef00
2019-07-22 18:00:11.644307-0700 xctest[59729:374004] CouchbaseLite Replicator Info: {Puller#15} activityLevel=busy: pendingResponseCount=0, _caughtUp=1, _pendingRevMessages=294, _activeIncomingRevs=1
2019-07-22 18:00:11.644420-0700 xctest[59729:374005] CouchbaseLite Replicator Info: {Inserter#54} Inserted 1 revs in 3.61ms ( 277/sec) of which 99.8% was commit
2019-07-22 18:00:11.644526-0700 xctest[59729:373964] CouchbaseLite Replicator Info: {pusher#16} activityLevel=busy: pendingResponseCount=21, caughtUp=1, changeLists=0, revsInFlight=10, blobsInFlight=0, awaitingReply=2532, revsToSend=290, pushingDocs=311, pendingSequences=0
2019-07-22 18:00:11.644611-0700 xctest[59729:373987] CouchbaseLite Network Verbose: {BLIPIO#13} ...Wrote 19 bytes to WebSocket (writeable=1)
2019-07-22 18:00:11.644696-0700 xctest[59729:373989] CouchbaseLite Network Verbose: {Connection#7} Finished receiving 'rev' REQ #110 Z
2019-07-22 18:00:11.644783-0700 xctest[59729:373965] CouchbaseLite Network Debug: {LoopbackWS#12} SEND: 7008c2ee 4f0a0e69 34189ced 210000e1 71331d
