2019-07-22 18:00:12.326915-0700 xctest[59729:373968] CouchbaseLite Network Verbose: {BLIPIO#13} Sending 'rev' REQ #218 Z
2019-07-22 18:00:12.326996-0700 xctest[59729:374007] CouchbaseLite Replicator Info: {Repl#8} pushStatus=stopped, pullStatus=busy, progress=30438/56992
2019-07-22 18:00:12.327067-0700 xctest[59729:374007] CouchbaseLite Replicator Verbose: {Repl#8} progress +142/+0, 0 docs -- now 30438 / 56992, 200 docs
2019-07-22 18:00:12.327130-0700 xctest[59729:374007] CouchbaseLite Replicator Info: {Repl#8} activityLevel=busy: connectionState=2
2019-07-22 18:00:12.327201-0700 xctest[59729:374007] CouchbaseLite Replicator Info: {Repl#8} pushStatus=stopped, pullStatus=busy, progress=30438/56992
2019-07-22 18:00:12.327283-0700 xctest[59729:373965] CouchbaseLite Network Verbose: {BLIPIO#14} Received frame: REQ #217 ---C, length 18
2019-07-22 18:00:12.327366-0700 xctest[59729:373964] CouchbaseLite Replicator Debug: {pusher#16} Transmitted 'rev' doc28 #1-c51e026de7cf8de5a633f3a8066a50ab6a29d033 (seq #208)
2019-07-22 18:00:12.327444-0700 xctest[59729:373964] CouchbaseLite Replicator Verbose: {pusher#16} Sending rev doc218 1-c51e026de7cf8de5a633f3a8066a50ab6a29d033 (seq #218) [10/10]
2019-07-22 18:00:12.327514-0700 xctest[59729:373965] CouchbaseLite Network Verbose: {Connection#7} Receiving 'rev' REQ #217 Z
2019-07-22 18:00:12.327598-0700 xctest[59729:373968] CouchbaseLite Network Verbose: {BLIPIO#13} Sending frame: REQ #218 ---C, bytes 0--17
2019-07-22 18:00:12.327683-0700 xctest[59729:373964] CouchbaseLite Replicator Verbose: {pusher#16} Reading document 'doc218' #1-c51e026de7cf8de5a633f3a8066a50ab6a29d033
2019-07-22 18:00:12.327779-0700 xctest[59729:373965] CouchbaseLite Network Verbose: {Connection#7} Finished receiving 'rev' REQ #217 Z
2019-07-22 18:00:12.327858-0700 xctest[59729:373968] CouchbaseLite Network Verbose: {BLIPIO#13} Finished sending REQ #218 Z
2019-07-22 18:00:12.327946-0700 xctest[59729:374007] CouchbaseLite Network Debug: {LoopbackWS#12} SEND: da0108c2 ea4f0ada 42044fa5 1e207f02 00becafb 89
2019-07-22 18:00:12.328045-0700 xctest[59729:374005] CouchbaseLite Replicator Info: {Puller#15} activityLevel=busy: pendingResponseCount=0, _caughtUp=1, _pendingRevMessages=186, _activeIncomingRevs=14
2019-07-22 18:00:12.328130-0700 xctest[59729:373965] CouchbaseLite Replicator Verbose: {IncomingRev#26} Received revision 'doc214' #1-c51e026de7cf8de5a633f3a8066a50ab6a29d033 (seq '214')
2019-07-22 18:00:12.328220-0700 xctest[59729:373964] CouchbaseLite Replicator Verbose: {pusher#16} Transmitting 'rev' message with 'doc218' #1-c51e026de7cf8de5a633f3a8066a50ab6a29d033
2019-07-22 18:00:12.328336-0700 xctest[59729:373968] CouchbaseLite Network Verbose: {BLIPIO#13} ...Wrote 21 bytes to WebSocket (writeable=1)
2019-07-22 18:00:12.328418-0700 xctest[59729:373987] CouchbaseLite Network Debug: {LoopbackWS#11} RECEIVED: da0108c2 ea4f0ada 42044fa5 1e207f02 00becafb 89
2019-07-22 18:00:12.328519-0700 xctest[59729:373964] CouchbaseLite Replicator Info: {pusher#16} activityLevel=busy: pendingResponseCount=23, caughtUp=1, changeLists=0, revsInFlight=10, blobsInFlight=0, awaitingReply=3010, revsToSend=182, pushingDocs=205, pendingSequences=0
2019-07-22 18:00:12.328607-0700 xctest[59729:373968] CouchbaseLite Network Verbose: {BLIPIO#13} Sending 'rev' REQ #219 Z
2019-07-22 18:00:12.328685-0700 xctest[59729:374005] CouchbaseLite Network Verbose: {BLIPIO#14} Received frame: REQ #218 ---C, length 18
2019-07-22 18:00:12.328769-0700 xctest[59729:373965] CouchbaseLite Replicator Info: {IncomingRev#26} Rejected by pull validator function
2019-07-22 18:00:12.328854-0700 xctest[59729:373964] CouchbaseLite Replicator ERROR: {pusher#16} Got error response to rev 'doc23' #1-c51e026de7cf8de5a633f3a8066a50ab6a29d033 (seq #203): HTTP 403 'rejected by validation function'
2019-07-22 18:00:12.329012-0700 xctest[59729:373968] CouchbaseLite Network Verbose: {BLIPIO#13} Sending frame: REQ #219 ---C, bytes 0--17
2019-07-22 18:00:12.329090-0700 xctest[59729:374005] CouchbaseLite Network Verbose: {Connection#7} Receiving 'rev' REQ #218 Z
2019-07-22 18:00:12.329177-0700 xctest[59729:373987] CouchbaseLite Replicator Info: {Repl#8} documentEnded doc214 1-c51e026de7cf8de5a633f3a8066a50ab6a29d033 flags=08 (6/403)
2019-07-22 18:00:12.329263-0700 xctest[59729:373964] CouchbaseLite Replicator Info: {repl#10} documentEnded doc23 1-c51e026de7cf8de5a633f3a8066a50ab6a29d033 flags=0a (6/403)
2019-07-22 18:00:12.329342-0700 xctest[59729:373968] CouchbaseLite Network Verbose: {BLIPIO#13} Finished sending REQ #219 Z
2019-07-22 18:00:12.329415-0700 xctest[59729:373965] CouchbaseLite Network Debug: {LoopbackWS#12} SEND: db0108c2 ea4f0a1a 43044fa5 1e207f02 00abe74c 6f
2019-07-22 18:00:12.329493-0700 xctest[59729:374005] CouchbaseLite Network Verbose: {Connection#7} Finished receiving 'rev' REQ #218 Z
2019-07-22 18:00:12.329570-0700 xctest[59729:373987] CouchbaseLite Replicator Verbose: {Puller#15} Checkpoint now at 214
2019-07-22 18:00:12.329657-0700 xctest[59729:373964] CouchbaseLite Replicator Debug: {pusher#16} Done pushing 'doc23' 1-c51e026de7cf8de5a633f3a8066a50ab6a29d033
2019-07-22 18:00:12.329734-0700 xctest[59729:373964] CouchbaseLite Replicator Info: {pusher#16} activityLevel=busy: pendingResponseCount=22, caughtUp=1, changeLists=0, revsInFlight=10, blobsInFlight=0, awaitingReply=2779, revsToSend=182, pushingDocs=204, pendingSequences=0
2019-07-22 18:00:12.329808-0700 xctest[59729:374007] CouchbaseLite Network Debug: {LoopbackWS#11} RECEIVED: db0108c2 ea4f0a1a 43044fa5 1e207f02 00abe74c 6f
2019-07-22 18:00:12.329887-0700 xctest[59729:374005] CouchbaseLite Network Verbose: {BLIPIO#14} Sending ERR #217
2019-07-22 18:00:12.329961-0700 xctest[59729:373987] CouchbaseLite Replicator Verbose: {Puller#15} progress +142/+0, 0 docs -- now 30580 / 56992, 200 docs
2019-07-22 18:00:12.330038-0700 xctest[59729:373987] CouchbaseLite Replicator Info: {Puller#15} activityLevel=busy: pendingResponseCount=0, _caughtUp=1, _pendingRevMessages=186, _activeIncomingRevs=14
2019-07-22 18:00:12.330119-0700 xctest[59729:373964] CouchbaseLite Replicator ERROR: {pusher#16} Got error response to rev 'doc24' #1-c51e026de7cf8de5a633f3a8066a50ab6a29d033 (seq #204): HTTP 403 'rejected by validation function'
2019-07-22 18:00:12.330263-0700 xctest[59729:373964] CouchbaseLite Replicator Info: {repl#10} documentEnded doc24 1-c51e026de7cf8de5a633f3a8066a50ab6a29d033 flags=0a (6/403)
2019-07-22 18:00:12.330361-0700 xctest[59729:373968] CouchbaseLite Network Verbose: {BLIPIO#13} ...Wrote 21 bytes to WebSocket (writeable=1)
2019-07-22 18:00:12.330457-0700 xctest[59729:373987] CouchbaseLite Replicator Info: {Puller#15} activityLevel=busy: pendingResponseCount=0, _caughtUp=1, _pendingRevMessages=185, _activeIncomingRevs=15
2019-07-22 18:00:12.330536-0700 xctest[59729:374007] CouchbaseLite Replicator Info: {Repl#8} pushStatus=stopped, pullStatus=busy, progress=30580/56992
2019-07-22 18:00:12.330611-0700 xctest[59729:374007] CouchbaseLite Replicator Verbose: {Repl#8} progress +142/+0, 0 docs -- now 30580 / 56992, 200 docs
2019-07-22 18:00:12.330675-0700 xctest[59729:374007] CouchbaseLite Replicator Info: {Repl#8} activityLevel=busy: connectionState=2
2019-07-22 18:00:12.330737-0700 xctest[59729:374007] CouchbaseLite Replicator Info: {Repl#8} pushStatus=stopped, pullStatus=busy, progress=30580/56992
2019-07-22 18:00:12.330825-0700 xctest[59729:373968] CouchbaseLite Network Verbose: {BLIPIO#13} Received frame: ERR #215 ----, length 69
2019-07-22 18:00:12.330910-0700 xctest[59729:373965] CouchbaseLite Replicator Verbose: {IncomingRev#26} Received revision 'doc215' #1-c51e026de7cf8de5a633f3a8066a50ab6a29d033 (seq '215')
2019-07-22 18:00:12.330988-0700 xctest[59729:374005] CouchbaseLite Network Verbose: {BLIPIO#14} Sending frame: ERR #217 ----, bytes 0--68
2019-07-22 18:00:12.331089-0700 xctest[59729:373964] CouchbaseLite Replicator Debug: {pusher#16} Done pushing 'doc24' 1-c51e026de7cf8de5a633f3a8066a50ab6a29d033
2019-07-22 18:00:12.331166-0700 xctest[59729:373968] CouchbaseLite Network Verbose: {Connection#9} Receiving ERR #215
2019-07-22 18:00:12.331254-0700 xctest[59729:374005] CouchbaseLite Network Verbose: {BLIPIO#14} Finished sending ERR #217
2019-07-22 18:00:12.331325-0700 xctest[59729:374005] CouchbaseLite Network Verbose: {BLIPIO#14} ...Wrote 72 bytes to WebSocket (writeable=1)
2019-07-22 18:00:12.331399-0700 xctest[59729:373964] CouchbaseLite Replicator Info: {pusher#16} activityLevel=busy: pendingResponseCount=21, caughtUp=1, changeLists=0, revsInFlight=10, blobsInFlight=0, awaitingReply=2548, revsToSend=182, pushingDocs=203, pendingSequences=0
2019-07-22 18:00:12.331479-0700 xctest[59729:373968] CouchbaseLite Network Verbose: {Connection#9} Finished receiving ERR #215
2019-07-22 18:00:12.331558-0700 xctest[59729:373965] CouchbaseLite Replicator Info: {IncomingRev#26} Rejected by pull validator function
2019-07-22 18:00:12.331635-0700 xctest[59729:374007] CouchbaseLite Network Debug: {LoopbackWS#11} SEND: d9010221 4572726f 722d446f 6d61696e 00485454 50004572 726f722d 436f6465 00343033 0072656a 65637465 64206279 2076616c 69646174 696f6e20 66756e63... [72]
2019-07-22 18:00:12.331714-0700 xctest[59729:374005] CouchbaseLite Network Verbose: {BLIPIO#14} Received frame: REQ #219 ---C, length 18
2019-07-22 18:00:12.331805-0700 xctest[59729:373964] CouchbaseLite Replicator Verbose: {pusher#16} Completed rev doc1194 #1-c8c16ee37b9d0041b91beafe4587497a8ee75665 (seq #194)
2019-07-22 18:00:12.331891-0700 xctest[59729:373968] CouchbaseLite Network Verbose: {BLIPIO#13} Received frame: ERR #216 ----, length 69
2019-07-22 18:00:12.331972-0700 xctest[59729:373987] CouchbaseLite Replicator Info: {Repl#8} documentEnded doc215 1-c51e026de7cf8de5a633f3a8066a50ab6a29d033 flags=08 (6/403)
2019-07-22 18:00:12.332058-0700 xctest[59729:374004] CouchbaseLite Network Debug: {LoopbackWS#12} RECEIVED: d9010221 4572726f 722d446f 6d61696e 00485454 50004572 726f722d 436f6465 00343033 0072656a 65637465 64206279 2076616c 69646174 696f6e20 66756e63... [72]
2019-07-22 18:00:12.332140-0700 xctest[59729:374005] CouchbaseLite Network Verbose: {Connection#7} Receiving 'rev' REQ #219 Z
2019-07-22 18:00:12.332217-0700 xctest[59729:373964] CouchbaseLite Replicator Debug: {pusher#16} Done pushing 'doc1194' 1-c8c16ee37b9d0041b91beafe4587497a8ee75665
2019-07-22 18:00:12.332292-0700 xctest[59729:373964] CouchbaseLite Replicator Verbose: {pusher#16} progress +0/+0, 1 docs -- now 0 / 56800, 194 docs
2019-07-22 18:00:12.332391-0700 xctest[59729:373987] CouchbaseLite Replicator Verbose: {Puller#15} Checkpoint now at 215
2019-07-22 18:00:12.332505-0700 xctest[59729:374005] CouchbaseLite Network Verbose: {Connection#7} Finished receiving 'rev' REQ #219 Z
2019-07-22 18:00:12.332589-0700 xctest[59729:373968] CouchbaseLite Network Verbose: {Connection#9} Receiving ERR #216
2019-07-22 18:00:12.332688-0700 xctest[59729:373964] CouchbaseLite Replicator Info: {pusher#16} activityLevel=busy: pendingResponseCount=20, caughtUp=1, changeLists=0, revsInFlight=10, blobsInFlight=0, awaitingReply=2316, revsToSend=182, pushingDocs=202, pendingSequences=0
2019-07-22 18:00:12.332793-0700 xctest[59729:373987] CouchbaseLite Replicator Verbose: {Puller#15} progress +142/+0, 0 docs -- now 30722 / 56992, 200 docs
2019-07-22 18:00:12.332874-0700 xctest[59729:373987] CouchbaseLite Replicator Info: {Puller#15} activityLevel=busy: pendingResponseCount=0, _caughtUp=1, _pendingRevMessages=185, _activeIncomingRevs=15
2019-07-22 18:00:12.332961-0700 xctest[59729:373968] CouchbaseLite Network Verbose: {Connection#9} Finished receiving ERR #216
2019-07-22 18:00:12.333046-0700 xctest[59729:374004] CouchbaseLite Replicator Info: {repl#10} pushStatus=busy, pullStatus=busy, progress=0/56800
2019-07-22 18:00:12.333123-0700 xctest[59729:374004] CouchbaseLite Replicator Verbose: {repl#10} progress +0/+0, 1 docs -- now 0 / 56800, 194 docs
2019-07-22 18:00:12.333188-0700 xctest[59729:374004] CouchbaseLite Replicator Info: {repl#10} activityLevel=busy: connectionState=2
2019-07-22 18:00:12.333251-0700 xctest[59729:374004] CouchbaseLite Replicator Info: {repl#10} pushStatus=busy, pullStatus=busy, progress=0/56800
2019-07-22 18:00:12.333321-0700 xctest[59729:373987] CouchbaseLite Replicator Info: {Puller#15} activityLevel=busy: pendingResponseCount=0, _caughtUp=1, _pendingRevMessages=184, _activeIncomingRevs=16
2019-07-22 18:00:12.333408-0700 xctest[59729:374007] CouchbaseLite Replicator Verbose: {IncomingRev#26} Received revision 'doc216' #1-c51e026de7cf8de5a633f3a8066a50ab6a29d033 (seq '216')
2019-07-22 18:00:12.333489-0700 xctest[59729:373968] CouchbaseLite Network Verbose: {BLIPIO#13} Sending 'rev' REQ #220 Z
2019-07-22 18:00:12.333571-0700 xctest[59729:373964] CouchbaseLite Replicator Verbose: {pusher#16} Completed rev doc1195 #1-c8c16ee37b9d0041b91beafe4587497a8ee75665 (seq #195)
2019-07-22 18:00:12.333662-0700 xctest[59729:374005] CouchbaseLite Network Verbose: {BLIPIO#14} Sending ERR #218
2019-07-22 18:00:12.333765-0700 xctest[59729:373965] CouchbaseLite Replicator Info: {Repl#8} pushStatus=stopped, pullStatus=busy, progress=30722/56992
2019-07-22 18:00:12.333837-0700 xctest[59729:373965] CouchbaseLite Replicator Verbose: {Repl#8} progress +142/+0, 0 docs -- now 30722 / 56992, 200 docs
2019-07-22 18:00:12.333919-0700 xctest[59729:373964] CouchbaseLite Replicator Debug: {pusher#16} Done pushing 'doc1195' 1-c8c16ee37b9d0041b91beafe4587497a8ee75665
2019-07-22 18:00:12.333998-0700 xctest[59729:374005] CouchbaseLite Network Verbose: {BLIPIO#14} Sending frame: ERR #218 ----, bytes 0--68
2019-07-22 18:00:12.334080-0700 xctest[59729:373968] CouchbaseLite Network Verbose: {BLIPIO#13} Sending frame: REQ #220 ---C, bytes 0--17
2019-07-22 18:00:12.334175-0700 xctest[59729:374007] CouchbaseLite Replicator Info: {IncomingRev#26} Rejected by pull validator function
2019-07-22 18:00:12.334259-0700 xctest[59729:373965] CouchbaseLite Replicator Info: {Repl#8} activityLevel=busy: connectionState=2
2019-07-22 18:00:12.334353-0700 xctest[59729:373965] CouchbaseLite Replicator Info: {Repl#8} pushStatus=stopped, pullStatus=busy, progress=30722/56992
2019-07-22 18:00:12.334427-0700 xctest[59729:374005] CouchbaseLite Network Verbose: {BLIPIO#14} Finished sending ERR #218
2019-07-22 18:00:12.334502-0700 xctest[59729:374005] CouchbaseLite Network Verbose: {BLIPIO#14} ...Wrote 72 bytes to WebSocket (writeable=1)
2019-07-22 18:00:12.334574-0700 xctest[59729:373968] CouchbaseLite Network Verbose: {BLIPIO#13} Finished sending REQ #220 Z
2019-07-22 18:00:12.334663-0700 xctest[59729:374004] CouchbaseLite Network Debug: {LoopbackWS#12} SEND: dc0108c2 ea4f0a5a 43044fa5 1e207f02 00b8b0c7 3c
2019-07-22 18:00:12.334741-0700 xctest[59729:373964] CouchbaseLite Replicator Verbose: {pusher#16} progress +0/+0, 1 docs -- now 0 / 56800, 195 docs
2019-07-22 18:00:12.334821-0700 xctest[59729:373989] CouchbaseLite Replicator Info: {Repl#8} documentEnded doc216 1-c51e026de7cf8de5a633f3a8066a50ab6a29d033 flags=08 (6/403)
2019-07-22 18:00:12.334911-0700 xctest[59729:373987] CouchbaseLite Network Debug: {LoopbackWS#11} SEND: da010221 4572726f 722d446f 6d61696e 00485454 50004572 726f722d 436f6465 00343033 0072656a 65637465 64206279 2076616c 69646174 696f6e20 66756e63... [72]
2019-07-22 18:00:12.334994-0700 xctest[59729:374005] CouchbaseLite Network Verbose: {BLIPIO#14} Sending ERR #219
2019-07-22 18:00:12.335074-0700 xctest[59729:373968] CouchbaseLite Network Verbose: {BLIPIO#13} ...Wrote 21 bytes to WebSocket (writeable=1)
2019-07-22 18:00:12.335151-0700 xctest[59729:373964] CouchbaseLite Replicator Info: {pusher#16} activityLevel=busy: pendingResponseCount=19, caughtUp=1, changeLists=0, revsInFlight=10, blobsInFlight=0, awaitingReply=2084, revsToSend=182, pushingDocs=201, pendingSequences=0
2019-07-22 18:00:12.335228-0700 xctest[59729:373989] CouchbaseLite Replicator Verbose: {Puller#15} Checkpoint now at 216
2019-07-22 18:00:12.335310-0700 xctest[59729:373987] CouchbaseLite Network Debug: {LoopbackWS#11} RECEIVED: dc0108c2 ea4f0a5a 43044fa5 1e207f02 00b8b0c7 3c
2019-07-22 18:00:12.335388-0700 xctest[59729:374004] CouchbaseLite Network Debug: {LoopbackWS#12} RECEIVED: da010221 4572726f 722d446f 6d61696e 00485454 50004572 726f722d 436f6465 00343033 0072656a 65637465 64206279 2076616c 69646174 696f6e20 66756e63... [72]
2019-07-22 18:00:12.335465-0700 xctest[59729:374005] CouchbaseLite Network Verbose: {BLIPIO#14} Sending frame: ERR #219 ----, bytes 0--68
2019-07-22 18:00:12.335543-0700 xctest[59729:373968] CouchbaseLite Network Verbose: {BLIPIO#13} Sending 'rev' REQ #221 Z
2019-07-22 18:00:12.335616-0700 xctest[59729:373965] CouchbaseLite Replicator Info: {repl#10} pushStatus=busy, pullStatus=busy, progress=0/56800
2019-07-22 18:00:12.335685-0700 xctest[59729:373965] CouchbaseLite Replicator Verbose: {repl#10} progress +0/+0, 1 docs -- now 0 / 56800, 195 docs
2019-07-22 18:00:12.335746-0700 xctest[59729:373965] CouchbaseLite Replicator Info: {repl#10} activityLevel=busy: connectionState=2
2019-07-22 18:00:12.335808-0700 xctest[59729:373965] CouchbaseLite Replicator Info: {repl#10} pushStatus=busy, pullStatus=busy, progress=0/56800
2019-07-22 18:00:12.335876-0700 xctest[59729:374004] CouchbaseLite Network Debug: {LoopbackWS#11} SEND: db010221 4572726f 722d446f 6d61696e 00485454 50004572 726f722d 436f6465 00343033 0072656a 65637465 64206279 2076616c 69646174 696f6e20 66756e63... [72]
2019-07-22 18:00:12.335956-0700 xctest[59729:373968] CouchbaseLite Network Verbose: {BLIPIO#13} Sending frame: REQ #221 ---C, bytes 0--17
2019-07-22 18:00:12.336037-0700 xctest[59729:373965] CouchbaseLite Network Debug: {LoopbackWS#12} RECEIVED: db010221 4572726f 722d446f 6d61696e 00485454 50004572 726f722d 436f6465 00343033 0072656a 65637465 64206279 2076616c 69646174 696f6e20 66756e63... [72]
2019-07-22 18:00:12.336125-0700 xctest[59729:373989] CouchbaseLite Replicator Verbose: {Puller#15} progress +142/+0, 0 docs -- now 30864 / 56992, 200 docs
2019-07-22 18:00:12.336197-0700 xctest[59729:373989] CouchbaseLite Replicator Info: {Puller#15} activityLevel=busy: pendingResponseCount=0, _caughtUp=1, _pendingRevMessages=184, _activeIncomingRevs=16
2019-07-22 18:00:12.336273-0700 xctest[59729:373964] CouchbaseLite Replicator Verbose: {pusher#16} Completed rev doc1196 #1-c8c16ee37b9d0041b91beafe4587497a8ee75665 (seq #196)
2019-07-22 18:00:12.336353-0700 xctest[59729:373968] CouchbaseLite Network Verbose: {BLIPIO#13} Finished sending REQ #221 Z
2019-07-22 18:00:12.336447-0700 xctest[59729:373965] CouchbaseLite Network Debug: {LoopbackWS#12} SEND: dd0108c2 ea4f0a9a 43044fa5 1e207f02 00a4b5f9 3a
2019-07-22 18:00:12.336522-0700 xctest[59729:374005] CouchbaseLite Network Verbose: {BLIPIO#14} Finished sending ERR #219
2019-07-22 18:00:12.336614-0700 xctest[59729:374005] CouchbaseLite Network Verbose: {BLIPIO#14} ...Wrote 72 bytes to WebSocket (writeable=1)
2019-07-22 18:00:12.336683-0700 xctest[59729:373964] CouchbaseLite Replicator Debug: {pusher#16} Done pushing 'doc1196' 1-c8c16ee37b9d0041b91beafe4587497a8ee75665
2019-07-22 18:00:12.336774-0700 xctest[59729:373968] CouchbaseLite Network Verbose: {BLIPIO#13} ...Wrote 21 bytes to WebSocket (writeable=1)
2019-07-22 18:00:12.336854-0700 xctest[59729:373989] CouchbaseLite Network Debug: {LoopbackWS#11} RECEIVED: dd0108c2 ea4f0a9a 43044fa5 1e207f02 00a4b5f9 3a
2019-07-22 18:00:12.336934-0700 xctest[59729:374004] CouchbaseLite Replicator Info: {Repl#8} pushStatus=stopped, pullStatus=busy, progress=30864/56992
2019-07-22 18:00:12.337003-0700 xctest[59729:374004] CouchbaseLite Replicator Verbose: {Repl#8} progress +142/+0, 0 docs -- now 30864 / 56992, 200 docs
2019-07-22 18:00:12.337063-0700 xctest[59729:374004] CouchbaseLite Replicator Info: {Repl#8} activityLevel=busy: connectionState=2
2019-07-22 18:00:12.337124-0700 xctest[59729:374004] CouchbaseLite Replicator Info: {Repl#8} pushStatus=stopped, pullStatus=busy, progress=30864/56992
2019-07-22 18:00:12.337195-0700 xctest[59729:374005] CouchbaseLite Network Verbose: {BLIPIO#14} Received frame: REQ #220 ---C, length 18
2019-07-22 18:00:12.337270-0700 xctest[59729:373964] CouchbaseLite Replicator Verbose: {pusher#16} progress +0/+0, 1 docs -- now 0 / 56800, 196 docs
2019-07-22 18:00:12.337337-0700 xctest[59729:373964] CouchbaseLite Replicator Info: {pusher#16} activityLevel=busy: pendingResponseCount=18, caughtUp=1, changeLists=0, revsInFlight=10, blobsInFlight=0, awaitingReply=1852, revsToSend=182, pushingDocs=200, pendingSequences=0
2019-07-22 18:00:12.337405-0700 xctest[59729:374005] CouchbaseLite Network Verbose: {Connection#7} Receiving 'rev' REQ #220 Z
2019-07-22 18:00:12.337488-0700 xctest[59729:373968] CouchbaseLite Network Verbose: {BLIPIO#13} Received frame: ERR #217 ----, length 69
2019-07-22 18:00:12.337583-0700 xctest[59729:373964] CouchbaseLite Replicator Verbose: {pusher#16} Completed rev doc1197 #1-c8c16ee37b9d0041b91beafe4587497a8ee75665 (seq #197)
2019-07-22 18:00:12.337662-0700 xctest[59729:374004] CouchbaseLite Replicator Info: {repl#10} pushStatus=busy, pullStatus=busy, progress=0/56800
2019-07-22 18:00:12.337727-0700 xctest[59729:374004] CouchbaseLite Replicator Verbose: {repl#10} progress +0/+0, 1 docs -- now 0 / 56800, 196 docs
2019-07-22 18:00:12.337787-0700 xctest[59729:374004] CouchbaseLite Replicator Info: {repl#10} activityLevel=busy: connectionState=2
2019-07-22 18:00:12.337845-0700 xctest[59729:374004] CouchbaseLite Replicator Info: {repl#10} pushStatus=busy, pullStatus=busy, progress=0/56800
2019-07-22 18:00:12.337920-0700 xctest[59729:374005] CouchbaseLite Network Verbose: {Connection#7} Finished receiving 'rev' REQ #220 Z
2019-07-22 18:00:12.338005-0700 xctest[59729:373968] CouchbaseLite Network Verbose: {Connection#9} Receiving ERR #217
2019-07-22 18:00:12.338107-0700 xctest[59729:373964] CouchbaseLite Replicator Debug: {pusher#16} Done pushing 'doc1197' 1-c8c16ee37b9d0041b91beafe4587497a8ee75665
2019-07-22 18:00:12.338190-0700 xctest[59729:374004] CouchbaseLite Replicator Info: {Puller#15} activityLevel=busy: pendingResponseCount=0, _caughtUp=1, _pendingRevMessages=183, _activeIncomingRevs=17
2019-07-22 18:00:12.338269-0700 xctest[59729:374005] CouchbaseLite Network Verbose: {BLIPIO#14} Received frame: REQ #221 ---C, length 18
2019-07-22 18:00:12.338346-0700 xctest[59729:373965] CouchbaseLite Replicator Verbose: {IncomingRev#26} Received revision 'doc217' #1-c51e026de7cf8de5a633f3a8066a50ab6a29d033 (seq '217')
2019-07-22 18:00:12.338431-0700 xctest[59729:373968] CouchbaseLite Network Verbose: {Connection#9} Finished receiving ERR #217
2019-07-22 18:00:12.338536-0700 xctest[59729:373964] CouchbaseLite Replicator Verbose: {pusher#16} progress +0/+0, 1 docs -- now 0 / 56800, 197 docs
2019-07-22 18:00:12.338614-0700 xctest[59729:373964] CouchbaseLite Replicator Info: {pusher#16} activityLevel=busy: pendingResponseCount=17, caughtUp=1, changeLists=0, revsInFlight=10, blobsInFlight=0, awaitingReply=1620, revsToSend=182, pushingDocs=199, pendingSequences=0
2019-07-22 18:00:12.338709-0700 xctest[59729:373968] CouchbaseLite Network Verbose: {BLIPIO#13} Received frame: ERR #218 ----, length 69
2019-07-22 18:00:12.338789-0700 xctest[59729:374005] CouchbaseLite Network Verbose: {Connection#7} Receiving 'rev' REQ #221 Z
2019-07-22 18:00:12.338869-0700 xctest[59729:373964] CouchbaseLite Replicator Verbose: {pusher#16} Completed rev doc1198 #1-c8c16ee37b9d0041b91beafe4587497a8ee75665 (seq #198)
2019-07-22 18:00:12.338948-0700 xctest[59729:374004] CouchbaseLite Replicator Info: {repl#10} pushStatus=busy, pullStatus=busy, progress=0/56800
2019-07-22 18:00:12.339023-0700 xctest[59729:374004] CouchbaseLite Replicator Verbose: {repl#10} progress +0/+0, 1 docs -- now 0 / 56800, 197 docs
2019-07-22 18:00:12.339088-0700 xctest[59729:374004] CouchbaseLite Replicator Info: {repl#10} activityLevel=busy: connectionState=2
2019-07-22 18:00:12.339152-0700 xctest[59729:374004] CouchbaseLite Replicator Info: {repl#10} pushStatus=busy, pullStatus=busy, progress=0/56800
2019-07-22 18:00:12.339221-0700 xctest[59729:373964] CouchbaseLite Replicator Debug: {pusher#16} Done pushing 'doc1198' 1-c8c16ee37b9d0041b91beafe4587497a8ee75665
2019-07-22 18:00:12.339300-0700 xctest[59729:373965] CouchbaseLite Replicator Info: {IncomingRev#26} Rejected by pull validator function
2019-07-22 18:00:12.339411-0700 xctest[59729:373968] CouchbaseLite Network Verbose: {Connection#9} Receiving ERR #218
2019-07-22 18:00:12.339502-0700 xctest[59729:374005] CouchbaseLite Network Verbose: {Connection#7} Finished receiving 'rev' REQ #221 Z
2019-07-22 18:00:12.339581-0700 xctest[59729:373964] CouchbaseLite Replicator Verbose: {pusher#16} progress +0/+0, 1 docs -- now 0 / 56800, 198 docs
2019-07-22 18:00:12.339659-0700 xctest[59729:373964] CouchbaseLite Replicator Info: {pusher#16} activityLevel=busy: pendingResponseCount=16, caughtUp=1, changeLists=0, revsInFlight=10, blobsInFlight=0, awaitingReply=1388, revsToSend=182, pushingDocs=198, pendingSequences=0
2019-07-22 18:00:12.339733-0700 xctest[59729:373968] CouchbaseLite Network Verbose: {Connection#9} Finished receiving ERR #218
2019-07-22 18:00:12.339811-0700 xctest[59729:374005] CouchbaseLite Network Verbose: {BLIPIO#14} Sending ERR #220
2019-07-22 18:00:12.339895-0700 xctest[59729:374004] CouchbaseLite Replicator Info: {Repl#8} documentEnded doc217 1-c51e026de7cf8de5a633f3a8066a50ab6a29d033 flags=08 (6/403)
2019-07-22 18:00:12.339989-0700 xctest[59729:373964] CouchbaseLite Replicator Verbose: {pusher#16} Completed rev doc1199 #1-c8c16ee37b9d0041b91beafe4587497a8ee75665 (seq #199)
2019-07-22 18:00:12.340070-0700 xctest[59729:373965] CouchbaseLite Replicator Info: {repl#10} pushStatus=busy, pullStatus=busy, progress=0/56800
2019-07-22 18:00:12.340136-0700 xctest[59729:373965] CouchbaseLite Replicator Verbose: {repl#10} progress +0/+0, 1 docs -- now 0 / 56800, 198 docs
2019-07-22 18:00:12.340196-0700 xctest[59729:373965] CouchbaseLite Replicator Info: {repl#10} activityLevel=busy: connectionState=2
2019-07-22 18:00:12.340256-0700 xctest[59729:373965] CouchbaseLite Replicator Info: {repl#10} pushStatus=busy, pullStatus=busy, progress=0/56800
2019-07-22 18:00:12.340326-0700 xctest[59729:373964] CouchbaseLite Replicator Debug: {pusher#16} Done pushing 'doc1199' 1-c8c16ee37b9d0041b91beafe4587497a8ee75665
2019-07-22 18:00:12.340406-0700 xctest[59729:373964] CouchbaseLite Replicator Verbose: {pusher#16} progress +0/+0, 1 docs -- now 0 / 56800, 199 docs
2019-07-22 18:00:12.340472-0700 xctest[59729:373964] CouchbaseLite Replicator Info: {pusher#16} activityLevel=busy: pendingResponseCount=15, caughtUp=1, changeLists=0, revsInFlight=10, blobsInFlight=0, awaitingReply=1156, revsToSend=182, pushingDocs=197, pendingSequences=0
2019-07-22 18:00:12.340565-0700 xctest[59729:374004] CouchbaseLite Replicator Verbose: {Puller#15} Checkpoint now at 217
2019-07-22 18:00:12.340657-0700 xctest[59729:373968] CouchbaseLite Network Verbose: {BLIPIO#13} Received frame: ERR #219 ----, length 69
2019-07-22 18:00:12.340739-0700 xctest[59729:374005] CouchbaseLite Network Verbose: {BLIPIO#14} Sending frame: ERR #220 ----, bytes 0--68
2019-07-22 18:00:12.340838-0700 xctest[59729:373965] CouchbaseLite Replicator Info: {repl#10} pushStatus=busy, pullStatus=busy, progress=0/56800
2019-07-22 18:00:12.340908-0700 xctest[59729:373965] CouchbaseLite Replicator Verbose: {repl#10} progress +0/+0, 1 docs -- now 0 / 56800, 199 docs
2019-07-22 18:00:12.340969-0700 xctest[59729:373965] CouchbaseLite Replicator Info: {repl#10} activityLevel=busy: connectionState=2
2019-07-22 18:00:12.341027-0700 xctest[59729:373965] CouchbaseLite Replicator Info: {repl#10} pushStatus=busy, pullStatus=busy, progress=0/56800
2019-07-22 18:00:12.341093-0700 xctest[59729:374005] CouchbaseLite Network Verbose: {BLIPIO#14} Finished sending ERR #220
2019-07-22 18:00:12.341163-0700 xctest[59729:374005] CouchbaseLite Network Verbose: {BLIPIO#14} ...Wrote 72 bytes to WebSocket (writeable=1)
2019-07-22 18:00:12.341240-0700 xctest[59729:373964] CouchbaseLite Replicator Verbose: {pusher#16} Completed rev doc1200 #1-c8c16ee37b9d0041b91beafe4587497a8ee75665 (seq #200)
2019-07-22 18:00:12.341313-0700 xctest[59729:374004] CouchbaseLite Replicator Verbose: {Puller#15} progress +142/+0, 0 docs -- now 31006 / 56992, 200 docs
2019-07-22 18:00:12.341392-0700 xctest[59729:374004] CouchbaseLite Replicator Info: {Puller#15} activityLevel=busy: pendingResponseCount=0, _caughtUp=1, _pendingRevMessages=183, _activeIncomingRevs=17
2019-07-22 18:00:12.341469-0700 xctest[59729:373989] CouchbaseLite Network Debug: {LoopbackWS#11} SEND: dc010221 4572726f 722d446f 6d61696e 00485454 50004572 726f722d 436f6465 00343033 0072656a 65637465 64206279 2076616c 69646174 696f6e20 66756e63... [72]
2019-07-22 18:00:12.341546-0700 xctest[59729:373964] CouchbaseLite Replicator Debug: {pusher#16} Done pushing 'doc1200' 1-c8c16ee37b9d0041b91beafe4587497a8ee75665
2019-07-22 18:00:12.341628-0700 xctest[59729:373964] CouchbaseLite Replicator Verbose: {pusher#16} progress +0/+0, 1 docs -- now 0 / 56800, 200 docs
2019-07-22 18:00:12.341699-0700 xctest[59729:373964] CouchbaseLite Replicator Info: {pusher#16} activityLevel=busy: pendingResponseCount=14, caughtUp=1, changeLists=0, revsInFlight=10, blobsInFlight=0, awaitingReply=924, revsToSend=182, pushingDocs=196, pendingSequences=0
2019-07-22 18:00:12.341788-0700 xctest[59729:374004] CouchbaseLite Replicator Info: {Puller#15} activityLevel=busy: pendingResponseCount=0, _caughtUp=1, _pendingRevMessages=182, _activeIncomingRevs=18
2019-07-22 18:00:12.341870-0700 xctest[59729:373965] CouchbaseLite Replicator Verbose: {IncomingRev#26} Received revision 'doc218' #1-c51e026de7cf8de5a633f3a8066a50ab6a29d033 (seq '218')
2019-07-22 18:00:12.341951-0700 xctest[59729:373987] CouchbaseLite Network Debug: {LoopbackWS#12} RECEIVED: dc010221 4572726f 722d446f 6d61696e 00485454 50004572 726f722d 436f6465 00343033 0072656a 65637465 64206279 2076616c 69646174 696f6e20 66756e63... [72]
2019-07-22 18:00:12.342033-0700 xctest[59729:373968] CouchbaseLite Network Verbose: {Connection#9} Receiving ERR #219
2019-07-22 18:00:12.342104-0700 xctest[59729:374005] CouchbaseLite Replicator Info: {Repl#8} pushStatus=stopped, pullStatus=busy, progress=31006/56992
2019-07-22 18:00:12.342192-0700 xctest[59729:374005] CouchbaseLite Replicator Verbose: {Repl#8} progress +142/+0, 0 docs -- now 31006 / 56992, 200 docs
2019-07-22 18:00:12.342255-0700 xctest[59729:374005] CouchbaseLite Replicator Info: {Repl#8} activityLevel=busy: connectionState=2
2019-07-22 18:00:12.342317-0700 xctest[59729:374005] CouchbaseLite Replicator Info: {Repl#8} pushStatus=stopped, pullStatus=busy, progress=31006/56992
2019-07-22 18:00:12.342386-0700 xctest[59729:373964] CouchbaseLite Replicator Debug: {pusher#16} Transmitted 'rev' doc29 #1-c51e026de7cf8de5a633f3a8066a50ab6a29d033 (seq #209)
2019-07-22 18:00:12.342463-0700 xctest[59729:373989] CouchbaseLite Replicator Info: {repl#10} pushStatus=busy, pullStatus=busy, progress=0/56800
2019-07-22 18:00:12.342523-0700 xctest[59729:373989] CouchbaseLite Replicator Verbose: {repl#10} progress +0/+0, 1 docs -- now 0 / 56800, 200 docs
2019-07-22 18:00:12.342580-0700 xctest[59729:373989] CouchbaseLite Replicator Info: {repl#10} activityLevel=busy: connectionState=2
2019-07-22 18:00:12.342636-0700 xctest[59729:373989] CouchbaseLite Replicator Info: {repl#10} pushStatus=busy, pullStatus=busy, progress=0/56800
2019-07-22 18:00:12.342706-0700 xctest[59729:373965] CouchbaseLite Replicator Info: {IncomingRev#26} Rejected by pull validator function
2019-07-22 18:00:12.342789-0700 xctest[59729:373968] CouchbaseLite Network Verbose: {Connection#9} Finished receiving ERR #219
2019-07-22 18:00:12.342893-0700 xctest[59729:373964] CouchbaseLite Replicator Verbose: {pusher#16} Sending rev doc219 1-c51e026de7cf8de5a633f3a8066a50ab6a29d033 (seq #219) [10/10]
2019-07-22 18:00:12.342977-0700 xctest[59729:373989] CouchbaseLite Network Verbose: {BLIPIO#14} Sending ERR #221
2019-07-22 18:00:12.343051-0700 xctest[59729:374005] CouchbaseLite Replicator Info: {Repl#8} documentEnded doc218 1-c51e026de7cf8de5a633f3a8066a50ab6a29d033 flags=08 (6/403)
2019-07-22 18:00:12.343138-0700 xctest[59729:373968] CouchbaseLite Network Verbose: {BLIPIO#13} Received frame: ERR #220 ----, length 69
2019-07-22 18:00:12.343222-0700 xctest[59729:373964] CouchbaseLite Replicator Verbose: {pusher#16} Reading document 'doc219' #1-c51e026de7cf8de5a633f3a8066a50ab6a29d033
2019-07-22 18:00:12.343317-0700 xctest[59729:373989] CouchbaseLite Network Verbose: {BLIPIO#14} Sending frame: ERR #221 ----, bytes 0--68
2019-07-22 18:00:12.343396-0700 xctest[59729:374005] CouchbaseLite Replicator Verbose: {Puller#15} Checkpoint now at 218
2019-07-22 18:00:12.343492-0700 xctest[59729:373968] CouchbaseLite Network Verbose: {Connection#9} Receiving ERR #220
2019-07-22 18:00:12.343577-0700 xctest[59729:373989] CouchbaseLite Network Verbose: {BLIPIO#14} Finished sending ERR #221
2019-07-22 18:00:12.343649-0700 xctest[59729:373989] CouchbaseLite Network Verbose: {BLIPIO#14} ...Wrote 72 bytes to WebSocket (writeable=1)
2019-07-22 18:00:12.343723-0700 xctest[59729:374005] CouchbaseLite Replicator Verbose: {Puller#15} progress +142/+0, 0 docs -- now 31148 / 56992, 200 docs
2019-07-22 18:00:12.343789-0700 xctest[59729:374005] CouchbaseLite Replicator Info: {Puller#15} activityLevel=busy: pendingResponseCount=0, _caughtUp=1, _pendingRevMessages=182, _activeIncomingRevs=18
2019-07-22 18:00:12.343866-0700 xctest[59729:373968] CouchbaseLite Network Verbose: {Connection#9} Finished receiving ERR #220
2019-07-22 18:00:12.343938-0700 xctest[59729:373987] CouchbaseLite Network Debug: {LoopbackWS#11} SEND: dd010221 4572726f 722d446f 6d61696e 00485454 50004572 726f722d 436f6465 00343033 0072656a 65637465 64206279 2076616c 69646174 696f6e20 66756e63... [72]
2019-07-22 18:00:12.344036-0700 xctest[59729:373964] CouchbaseLite Replicator Verbose: {pusher#16} Transmitting 'rev' message with 'doc219' #1-c51e026de7cf8de5a633f3a8066a50ab6a29d033
2019-07-22 18:00:12.344128-0700 xctest[59729:373989] CouchbaseLite Replicator Info: {Repl#8} pushStatus=stopped, pullStatus=busy, progress=31148/56992
2019-07-22 18:00:12.344217-0700 xctest[59729:373968] CouchbaseLite Network Debug: {LoopbackWS#12} RECEIVED: dd010221 4572726f 722d446f 6d61696e 00485454 50004572 726f722d 436f6465 00343033 0072656a 65637465 64206279 2076616c 69646174 696f6e20 66756e63... [72]
2019-07-22 18:00:12.344300-0700 xctest[59729:373987] CouchbaseLite Network Verbose: {BLIPIO#13} Sending 'rev' REQ #222 Z
2019-07-22 18:00:12.344381-0700 xctest[59729:373964] CouchbaseLite Replicator Info: {pusher#16} activityLevel=busy: pendingResponseCount=15, caughtUp=1, changeLists=0, revsInFlight=10, blobsInFlight=0, awaitingReply=1155, revsToSend=181, pushingDocs=196, pendingSequences=0
2019-07-22 18:00:12.344458-0700 xctest[59729:373989] CouchbaseLite Replicator Verbose: {Repl#8} progress +142/+0, 0 docs -- now 31148 / 56992, 200 docs
2019-07-22 18:00:12.344549-0700 xctest[59729:373989] CouchbaseLite Replicator Info: {Repl#8} activityLevel=busy: connectionState=2
2019-07-22 18:00:12.344617-0700 xctest[59729:373989] CouchbaseLite Replicator Info: {Repl#8} pushStatus=stopped, pullStatus=busy, progress=31148/56992
2019-07-22 18:00:12.344687-0700 xctest[59729:373987] CouchbaseLite Network Verbose: {BLIPIO#13} Sending frame: REQ #222 ---C, bytes 0--17
2019-07-22 18:00:12.344789-0700 xctest[59729:373964] CouchbaseLite Replicator Debug: {pusher#16} Transmitted 'rev' doc210 #1-c51e026de7cf8de5a633f3a8066a50ab6a29d033 (seq #210)
2019-07-22 18:00:12.344869-0700 xctest[59729:373987] CouchbaseLite Network Verbose: {BLIPIO#13} Finished sending REQ #222 Z
2019-07-22 18:00:12.344951-0700 xctest[59729:373989] CouchbaseLite Network Debug: {LoopbackWS#12} SEND: de0108c2 ea4f0ada 43044fa5 1e207f02 0063f914 d7
2019-07-22 18:00:12.345038-0700 xctest[59729:373964] CouchbaseLite Replicator Verbose: {pusher#16} Sending rev doc220 1-c51e026de7cf8de5a633f3a8066a50ab6a29d033 (seq #220) [10/10]
2019-07-22 18:00:12.345111-0700 xctest[59729:373987] CouchbaseLite Network Verbose: {BLIPIO#13} ...Wrote 21 bytes to WebSocket (writeable=1)
2019-07-22 18:00:12.345187-0700 xctest[59729:373968] CouchbaseLite Network Debug: {LoopbackWS#11} RECEIVED: de0108c2 ea4f0ada 43044fa5 1e207f02 0063f914 d7
2019-07-22 18:00:12.345265-0700 xctest[59729:373964] CouchbaseLite Replicator Verbose: {pusher#16} Reading document 'doc220' #1-c51e026de7cf8de5a633f3a8066a50ab6a29d033
2019-07-22 18:00:12.345355-0700 xctest[59729:373987] CouchbaseLite Network Verbose: {BLIPIO#13} Received frame: ERR #221 ----, length 69
2019-07-22 18:00:12.345442-0700 xctest[59729:373989] CouchbaseLite Network Verbose: {BLIPIO#14} Received frame: REQ #222 ---C, length 18
2019-07-22 18:00:12.345531-0700 xctest[59729:373987] CouchbaseLite Network Verbose: {Connection#9} Receiving ERR #221
2019-07-22 18:00:12.345621-0700 xctest[59729:373964] CouchbaseLite Replicator Verbose: {pusher#16} Transmitting 'rev' message with 'doc220' #1-c51e026de7cf8de5a633f3a8066a50ab6a29d033
2019-07-22 18:00:12.345700-0700 xctest[59729:373989] CouchbaseLite Network Verbose: {Connection#7} Receiving 'rev' REQ #222 Z
2019-07-22 18:00:12.345791-0700 xctest[59729:373987] CouchbaseLite Network Verbose: {Connection#9} Finished receiving ERR #221
2019-07-22 18:00:12.345886-0700 xctest[59729:373964] CouchbaseLite Replicator Info: {pusher#16} activityLevel=busy: pendingResponseCount=16, caughtUp=1, changeLists=0, revsInFlight=10, blobsInFlight=0, awaitingReply=1387, revsToSend=180, pushingDocs=196, pendingSequences=0
2019-07-22 18:00:12.345965-0700 xctest[59729:373989] CouchbaseLite Network Verbose: {Connection#7} Finished receiving 'rev' REQ #222 Z
2019-07-22 18:00:12.346055-0700 xctest[59729:373987] CouchbaseLite Network Verbose: {BLIPIO#13} Sending 'rev' REQ #223 Z
2019-07-22 18:00:12.346158-0700 xctest[59729:373964] CouchbaseLite Replicator Debug: {pusher#16} Transmitted 'rev' doc211 #1-c51e026de7cf8de5a633f3a8066a50ab6a29d033 (seq #211)
2019-07-22 18:00:12.346261-0700 xctest[59729:373968] CouchbaseLite Replicator Info: {Puller#15} activityLevel=busy: pendingResponseCount=0, _caughtUp=1, _pendingRevMessages=181, _activeIncomingRevs=19
2019-07-22 18:00:12.346357-0700 xctest[59729:374005] CouchbaseLite Replicator Verbose: {IncomingRev#26} Received revision 'doc219' #1-c51e026de7cf8de5a633f3a8066a50ab6a29d033 (seq '219')
2019-07-22 18:00:12.346437-0700 xctest[59729:373987] CouchbaseLite Network Verbose: {BLIPIO#13} Sending frame: REQ #223 ---C, bytes 0--18
2019-07-22 18:00:12.346537-0700 xctest[59729:373964] CouchbaseLite Replicator Verbose: {pusher#16} Sending rev doc221 1-c51e026de7cf8de5a633f3a8066a50ab6a29d033 (seq #221) [10/10]
2019-07-22 18:00:12.346617-0700 xctest[59729:373987] CouchbaseLite Network Verbose: {BLIPIO#13} Finished sending REQ #223 Z
2019-07-22 18:00:12.346710-0700 xctest[59729:373968] CouchbaseLite Network Debug: {LoopbackWS#12} SEND: df0108c2 e64f230a da43044f a51e207f 02001a5e fb2a
2019-07-22 18:00:12.346811-0700 xctest[59729:373964] CouchbaseLite Replicator Verbose: {pusher#16} Reading document 'doc221' #1-c51e026de7cf8de5a633f3a8066a50ab6a29d033
2019-07-22 18:00:12.346900-0700 xctest[59729:373987] CouchbaseLite Network Verbose: {BLIPIO#13} ...Wrote 22 bytes to WebSocket (writeable=1)
2019-07-22 18:00:12.347005-0700 xctest[59729:373989] CouchbaseLite Network Debug: {LoopbackWS#11} RECEIVED: df0108c2 e64f230a da43044f a51e207f 02001a5e fb2a
2019-07-22 18:00:12.347114-0700 xctest[59729:374005] CouchbaseLite Replicator Info: {IncomingRev#26} Rejected by pull validator function
2019-07-22 18:00:12.347198-0700 xctest[59729:373964] CouchbaseLite Replicator Verbose: {pusher#16} Transmitting 'rev' message with 'doc221' #1-c51e026de7cf8de5a633f3a8066a50ab6a29d033
2019-07-22 18:00:12.347301-0700 xctest[59729:373989] CouchbaseLite Replicator Info: {Repl#8} documentEnded doc219 1-c51e026de7cf8de5a633f3a8066a50ab6a29d033 flags=08 (6/403)
2019-07-22 18:00:12.347432-0700 xctest[59729:373987] CouchbaseLite Network Verbose: {BLIPIO#14} Received frame: REQ #223 ---C, length 19
2019-07-22 18:00:12.347531-0700 xctest[59729:373964] CouchbaseLite Replicator Info: {pusher#16} activityLevel=busy: pendingResponseCount=17, caughtUp=1, changeLists=0, revsInFlight=10, blobsInFlight=0, awaitingReply=1619, revsToSend=179, pushingDocs=196, pendingSequences=0
2019-07-22 18:00:12.347611-0700 xctest[59729:373968] CouchbaseLite Network Verbose: {BLIPIO#13} Sending 'rev' REQ #224 Z
2019-07-22 18:00:12.347693-0700 xctest[59729:373989] CouchbaseLite Replicator Verbose: {Puller#15} Checkpoint now at 219
2019-07-22 18:00:12.347794-0700 xctest[59729:373987] CouchbaseLite Network Verbose: {Connection#7} Receiving 'rev' REQ #223 Z
2019-07-22 18:00:12.347873-0700 xctest[59729:373964] CouchbaseLite Replicator ERROR: {pusher#16} Got error response to rev 'doc25' #1-c51e026de7cf8de5a633f3a8066a50ab6a29d033 (seq #205): HTTP 403 'rejected by validation function'
2019-07-22 18:00:12.348005-0700 xctest[59729:373964] CouchbaseLite Replicator Info: {repl#10} documentEnded doc25 1-c51e026de7cf8de5a633f3a8066a50ab6a29d033 flags=0a (6/403)
2019-07-22 18:00:12.348080-0700 xctest[59729:373989] CouchbaseLite Replicator Verbose: {Puller#15} progress +142/+0, 0 docs -- now 31290 / 56992, 200 docs
2019-07-22 18:00:12.348162-0700 xctest[59729:373989] CouchbaseLite Replicator Info: {Puller#15} activityLevel=busy: pendingResponseCount=0, _caughtUp=1, _pendingRevMessages=181, _activeIncomingRevs=19
2019-07-22 18:00:12.348236-0700 xctest[59729:373968] CouchbaseLite Network Verbose: {BLIPIO#13} Sending frame: REQ #224 ---C, bytes 0--17
2019-07-22 18:00:12.348312-0700 xctest[59729:373964] CouchbaseLite Replicator Debug: {pusher#16} Done pushing 'doc25' 1-c51e026de7cf8de5a633f3a8066a50ab6a29d033
2019-07-22 18:00:12.348398-0700 xctest[59729:373987] CouchbaseLite Network Verbose: {Connection#7} Finished receiving 'rev' REQ #223 Z
2019-07-22 18:00:12.348514-0700 xctest[59729:373989] CouchbaseLite Replicator Info: {Repl#8} pushStatus=stopped, pullStatus=busy, progress=31290/56992
2019-07-22 18:00:12.348594-0700 xctest[59729:373968] CouchbaseLite Network Verbose: {BLIPIO#13} Finished sending REQ #224 Z
2019-07-22 18:00:12.348671-0700 xctest[59729:374005] CouchbaseLite Network Debug: {LoopbackWS#12} SEND: e00108c2 ea4f0ada 43044fa5 1e207f02 006fa1b7 3e
2019-07-22 18:00:12.348753-0700 xctest[59729:373964] CouchbaseLite Replicator Info: {pusher#16} activityLevel=busy: pendingResponseCount=16, caughtUp=1, changeLists=0, revsInFlight=10, blobsInFlight=0, awaitingReply=1388, revsToSend=179, pushingDocs=195, pendingSequences=0
2019-07-22 18:00:12.348841-0700 xctest[59729:373987] CouchbaseLite Network Verbose: {BLIPIO#14} Sending ERR #222
2019-07-22 18:00:12.348917-0700 xctest[59729:373965] CouchbaseLite Replicator Info: {Puller#15} activityLevel=busy: pendingResponseCount=0, _caughtUp=1, _pendingRevMessages=180, _activeIncomingRevs=20
2019-07-22 18:00:12.349004-0700 xctest[59729:374004] CouchbaseLite Replicator Verbose: {IncomingRev#26} Received revision 'doc220' #1-c51e026de7cf8de5a633f3a8066a50ab6a29d033 (seq '220')
2019-07-22 18:00:12.349103-0700 xctest[59729:373989] CouchbaseLite Replicator Verbose: {Repl#8} progress +142/+0, 0 docs -- now 31290 / 56992, 200 docs
2019-07-22 18:00:12.349182-0700 xctest[59729:373968] CouchbaseLite Network Verbose: {BLIPIO#13} ...Wrote 21 bytes to WebSocket (writeable=1)
2019-07-22 18:00:12.349282-0700 xctest[59729:374007] CouchbaseLite Network Debug: {LoopbackWS#11} RECEIVED: e00108c2 ea4f0ada 43044fa5 1e207f02 006fa1b7 3e
2019-07-22 18:00:12.349376-0700 xctest[59729:373964] CouchbaseLite Replicator ERROR: {pusher#16} Got error response to rev 'doc26' #1-c51e026de7cf8de5a633f3a8066a50ab6a29d033 (seq #206): HTTP 403 'rejected by validation function'
2019-07-22 18:00:12.349508-0700 xctest[59729:373987] CouchbaseLite Network Verbose: {BLIPIO#14} Sending frame: ERR #222 ----, bytes 0--68
2019-07-22 18:00:12.349586-0700 xctest[59729:373989] CouchbaseLite Replicator Info: {Repl#8} activityLevel=busy: connectionState=2
2019-07-22 18:00:12.349664-0700 xctest[59729:373989] CouchbaseLite Replicator Info: {Repl#8} pushStatus=stopped, pullStatus=busy, progress=31290/56992
2019-07-22 18:00:12.349745-0700 xctest[59729:373964] CouchbaseLite Replicator Info: {repl#10} documentEnded doc26 1-c51e026de7cf8de5a633f3a8066a50ab6a29d033 flags=0a (6/403)
2019-07-22 18:00:12.349820-0700 xctest[59729:373987] CouchbaseLite Network Verbose: {BLIPIO#14} Finished sending ERR #222
2019-07-22 18:00:12.349900-0700 xctest[59729:373987] CouchbaseLite Network Verbose: {BLIPIO#14} ...Wrote 72 bytes to WebSocket (writeable=1)
2019-07-22 18:00:12.349978-0700 xctest[59729:374004] CouchbaseLite Replicator Info: {IncomingRev#26} Rejected by pull validator function
2019-07-22 18:00:12.350061-0700 xctest[59729:373964] CouchbaseLite Replicator Debug: {pusher#16} Done pushing 'doc26' 1-c51e026de7cf8de5a633f3a8066a50ab6a29d033
2019-07-22 18:00:12.350143-0700 xctest[59729:374007] CouchbaseLite Network Debug: {LoopbackWS#11} SEND: de010221 4572726f 722d446f 6d61696e 00485454 50004572 726f722d 436f6465 00343033 0072656a 65637465 64206279 2076616c 69646174 696f6e20 66756e63... [72]
2019-07-22 18:00:12.350227-0700 xctest[59729:373987] CouchbaseLite Network Verbose: {BLIPIO#14} Received frame: REQ #224 ---C, length 18
2019-07-22 18:00:12.350306-0700 xctest[59729:373964] CouchbaseLite Replicator Info: {pusher#16} activityLevel=busy: pendingResponseCount=15, caughtUp=1, changeLists=0, revsInFlight=10, blobsInFlight=0, awaitingReply=1157, revsToSend=179, pushingDocs=194, pendingSequences=0
2019-07-22 18:00:12.350393-0700 xctest[59729:373989] CouchbaseLite Replicator Info: {Repl#8} documentEnded doc220 1-c51e026de7cf8de5a633f3a8066a50ab6a29d033 flags=08 (6/403)
2019-07-22 18:00:12.350482-0700 xctest[59729:374004] CouchbaseLite Network Debug: {LoopbackWS#12} RECEIVED: de010221 4572726f 722d446f 6d61696e 00485454 50004572 726f722d 436f6465 00343033 0072656a 65637465 64206279 2076616c 69646174 696f6e20 66756e63... [72]
2019-07-22 18:00:12.350565-0700 xctest[59729:373987] CouchbaseLite Network Verbose: {Connection#7} Receiving 'rev' REQ #224 Z
2019-07-22 18:00:12.350646-0700 xctest[59729:373964] CouchbaseLite Replicator ERROR: {pusher#16} Got error response to rev 'doc27' #1-c51e026de7cf8de5a633f3a8066a50ab6a29d033 (seq #207): HTTP 403 'rejected by validation function'
2019-07-22 18:00:12.350770-0700 xctest[59729:373964] CouchbaseLite Replicator Info: {repl#10} documentEnded doc27 1-c51e026de7cf8de5a633f3a8066a50ab6a29d033 flags=0a (6/403)
2019-07-22 18:00:12.350849-0700 xctest[59729:374007] CouchbaseLite Network Verbose: {BLIPIO#13} Received frame: ERR #222 ----, length 69
2019-07-22 18:00:12.350931-0700 xctest[59729:373987] CouchbaseLite Network Verbose: {Connection#7} Finished receiving 'rev' REQ #224 Z
2019-07-22 18:00:12.351011-0700 xctest[59729:373989] CouchbaseLite Replicator Verbose: {Puller#15} Checkpoint now at 220
2019-07-22 18:00:12.351099-0700 xctest[59729:373964] CouchbaseLite Replicator Debug: {pusher#16} Done pushing 'doc27' 1-c51e026de7cf8de5a633f3a8066a50ab6a29d033
2019-07-22 18:00:12.351176-0700 xctest[59729:374007] CouchbaseLite Network Verbose: {Connection#9} Receiving ERR #222
2019-07-22 18:00:12.351254-0700 xctest[59729:373987] CouchbaseLite Network Verbose: {BLIPIO#14} Sending ERR #223
2019-07-22 18:00:12.351333-0700 xctest[59729:373989] CouchbaseLite Replicator Verbose: {Puller#15} progress +142/+0, 0 docs -- now 31432 / 56992, 200 docs
2019-07-22 18:00:12.351403-0700 xctest[59729:373989] CouchbaseLite Replicator Info: {Puller#15} activityLevel=busy: pendingResponseCount=0, _caughtUp=1, _pendingRevMessages=180, _activeIncomingRevs=20
2019-07-22 18:00:12.351477-0700 xctest[59729:374007] CouchbaseLite Network Verbose: {Connection#9} Finished receiving ERR #222
2019-07-22 18:00:12.351572-0700 xctest[59729:373987] CouchbaseLite Network Verbose: {BLIPIO#14} Sending frame: ERR #223 ----, bytes 0--68
2019-07-22 18:00:12.351647-0700 xctest[59729:373964] CouchbaseLite Replicator Info: {pusher#16} activityLevel=busy: pendingResponseCount=14, caughtUp=1, changeLists=0, revsInFlight=10, blobsInFlight=0, awaitingReply=926, revsToSend=179, pushingDocs=193, pendingSequences=0
2019-07-22 18:00:12.351729-0700 xctest[59729:374004] CouchbaseLite Replicator Info: {Repl#8} pushStatus=stopped, pullStatus=busy, progress=31432/56992
2019-07-22 18:00:12.351805-0700 xctest[59729:374004] CouchbaseLite Replicator Verbose: {Repl#8} progress +142/+0, 0 docs -- now 31432 / 56992, 200 docs
2019-07-22 18:00:12.351869-0700 xctest[59729:374004] CouchbaseLite Replicator Info: {Repl#8} activityLevel=busy: connectionState=2
2019-07-22 18:00:12.351932-0700 xctest[59729:374004] CouchbaseLite Replicator Info: {Repl#8} pushStatus=stopped, pullStatus=busy, progress=31432/56992
2019-07-22 18:00:12.352008-0700 xctest[59729:373965] CouchbaseLite Network Debug: {LoopbackWS#11} SEND: df010221 4572726f 722d446f 6d61696e 00485454 50004572 726f722d 436f6465 00343033 0072656a 65637465 64206279 2076616c 69646174 696f6e20 66756e63... [72]
2019-07-22 18:00:12.352081-0700 xctest[59729:373964] CouchbaseLite Replicator ERROR: {pusher#16} Got error response to rev 'doc28' #1-c51e026de7cf8de5a633f3a8066a50ab6a29d033 (seq #208): HTTP 403 'rejected by validation function'
2019-07-22 18:00:12.352222-0700 xctest[59729:373964] CouchbaseLite Replicator Info: {repl#10} documentEnded doc28 1-c51e026de7cf8de5a633f3a8066a50ab6a29d033 flags=0a (6/403)
2019-07-22 18:00:12.352297-0700 xctest[59729:373968] CouchbaseLite Replicator Verbose: {IncomingRev#26} Received revision 'doc221' #1-c51e026de7cf8de5a633f3a8066a50ab6a29d033 (seq '221')
2019-07-22 18:00:12.352383-0700 xctest[59729:373987] CouchbaseLite Network Verbose: {BLIPIO#14} Finished sending ERR #223
