2019-07-22 18:00:11.845779-0700 xctest[59729:374003] CouchbaseLite Network Verbose: {Connection#9} Receiving RES #141
2019-07-22 18:00:11.845886-0700 xctest[59729:373965] CouchbaseLite Network Verbose: {BLIPIO#14} Sending RES #144
2019-07-22 18:00:11.845966-0700 xctest[59729:373964] CouchbaseLite Replicator Info: {pusher#16} activityLevel=busy: pendingResponseCount=21, caughtUp=1, changeLists=0, revsInFlight=10, blobsInFlight=0, awaitingReply=2552, revsToSend=250, pushingDocs=271, pendingSequences=0
2019-07-22 18:00:11.846046-0700 xctest[59729:374003] CouchbaseLite Network Verbose: {Connection#9} Finished receiving RES #141
2019-07-22 18:00:11.846142-0700 xctest[59729:373965] CouchbaseLite Network Verbose: {BLIPIO#14} Sending frame: RES #144 ----, bytes 0--4
2019-07-22 18:00:11.846225-0700 xctest[59729:373964] CouchbaseLite Replicator Debug: {pusher#16} Transmitted 'rev' doc1141 #1-c8c16ee37b9d0041b91beafe4587497a8ee75665 (seq #141)
2019-07-22 18:00:11.846309-0700 xctest[59729:374003] CouchbaseLite Network Verbose: {BLIPIO#13} Received frame: RES #142 ----, length 5
2019-07-22 18:00:11.846384-0700 xctest[59729:373965] CouchbaseLite Network Verbose: {BLIPIO#14} Finished sending RES #144
2019-07-22 18:00:11.846464-0700 xctest[59729:373965] CouchbaseLite Network Verbose: {BLIPIO#14} ...Wrote 8 bytes to WebSocket (writeable=1)
2019-07-22 18:00:11.846538-0700 xctest[59729:373964] CouchbaseLite Replicator Verbose: {pusher#16} Sending rev doc1151 1-c8c16ee37b9d0041b91beafe4587497a8ee75665 (seq #151) [10/10]
2019-07-22 18:00:11.846615-0700 xctest[59729:374003] CouchbaseLite Network Verbose: {Connection#9} Receiving RES #142
2019-07-22 18:00:11.846689-0700 xctest[59729:373968] CouchbaseLite Network Debug: {LoopbackWS#11} SEND: 90010100 e639cf21
2019-07-22 18:00:11.846765-0700 xctest[59729:373965] CouchbaseLite Network Verbose: {BLIPIO#14} Sending RES #145
2019-07-22 18:00:11.891165-0700 xctest[59729:373964] CouchbaseLite Replicator Verbose: {pusher#16} Reading document 'doc1151' #1-c8c16ee37b9d0041b91beafe4587497a8ee75665
2019-07-22 18:00:11.891353-0700 xctest[59729:374003] CouchbaseLite Network Verbose: {Connection#9} Finished receiving RES #142
2019-07-22 18:00:11.891557-0700 xctest[59729:374003] CouchbaseLite Network Verbose: {BLIPIO#13} Sending 'rev' REQ #149 Z
2019-07-22 18:00:11.891654-0700 xctest[59729:374007] CouchbaseLite Network Debug: {LoopbackWS#12} RECEIVED: 90010100 e639cf21
2019-07-22 18:00:11.891754-0700 xctest[59729:373965] CouchbaseLite Network Verbose: {BLIPIO#14} Sending frame: RES #145 ----, bytes 0--4
2019-07-22 18:00:11.891883-0700 xctest[59729:373964] CouchbaseLite Replicator Verbose: {pusher#16} Transmitting 'rev' message with 'doc1151' #1-c8c16ee37b9d0041b91beafe4587497a8ee75665
2019-07-22 18:00:11.892025-0700 xctest[59729:374003] CouchbaseLite Network Verbose: {BLIPIO#13} Sending frame: REQ #149 ---C, bytes 0--15
2019-07-22 18:00:11.892130-0700 xctest[59729:373968] CouchbaseLite Replicator Verbose: {Inserter#54} Inserting 2 revs:
2019-07-22 18:00:11.892217-0700 xctest[59729:373968] CouchbaseLite Database Verbose: {DB#55} begin transaction
2019-07-22 18:00:11.892317-0700 xctest[59729:374007] CouchbaseLite Network Debug: {LoopbackWS#11} SEND: 91010100 9e8dc61c
2019-07-22 18:00:11.892430-0700 xctest[59729:373964] CouchbaseLite Replicator Info: {pusher#16} activityLevel=busy: pendingResponseCount=22, caughtUp=1, changeLists=0, revsInFlight=10, blobsInFlight=0, awaitingReply=2784, revsToSend=249, pushingDocs=271, pendingSequences=0
2019-07-22 18:00:11.892528-0700 xctest[59729:374003] CouchbaseLite Network Verbose: {BLIPIO#13} Finished sending REQ #149 Z
2019-07-22 18:00:11.892657-0700 xctest[59729:374005] CouchbaseLite Network Debug: {LoopbackWS#12} SEND: 950108c2 ee4f0ada 432683b3 3d040031 6f538f
2019-07-22 18:00:11.892766-0700 xctest[59729:373965] CouchbaseLite Network Verbose: {BLIPIO#14} Finished sending RES #145
2019-07-22 18:00:11.892901-0700 xctest[59729:373965] CouchbaseLite Network Verbose: {BLIPIO#14} ...Wrote 8 bytes to WebSocket (writeable=1)
2019-07-22 18:00:11.893015-0700 xctest[59729:374003] CouchbaseLite Network Verbose: {BLIPIO#13} ...Wrote 19 bytes to WebSocket (writeable=1)
2019-07-22 18:00:11.893118-0700 xctest[59729:373968] CouchbaseLite Database Verbose: {DB#55} Saved 'doc1143' rev #1-c8c16ee37b9d0041b91beafe4587497a8ee75665 as seq 144
2019-07-22 18:00:11.893255-0700 xctest[59729:374005] CouchbaseLite Network Debug: {LoopbackWS#12} RECEIVED: 91010100 9e8dc61c
2019-07-22 18:00:11.893340-0700 xctest[59729:374007] CouchbaseLite Network Debug: {LoopbackWS#11} RECEIVED: 950108c2 ee4f0ada 432683b3 3d040031 6f538f
2019-07-22 18:00:11.893467-0700 xctest[59729:373964] CouchbaseLite Replicator Debug: {pusher#16} Transmitted 'rev' doc1142 #1-c8c16ee37b9d0041b91beafe4587497a8ee75665 (seq #142)
2019-07-22 18:00:11.893551-0700 xctest[59729:373964] CouchbaseLite Replicator Verbose: {pusher#16} Sending rev doc1152 1-c8c16ee37b9d0041b91beafe4587497a8ee75665 (seq #152) [10/10]
2019-07-22 18:00:11.893644-0700 xctest[59729:374003] CouchbaseLite Network Verbose: {BLIPIO#13} Sending 'rev' REQ #150 Z
2019-07-22 18:00:11.893764-0700 xctest[59729:373968] CouchbaseLite Replicator Verbose: {Inserter#54} {'doc1143' #1-c8c16ee37b9d0041b91beafe4587497a8ee75665 <- } seq 144
2019-07-22 18:00:11.893874-0700 xctest[59729:373965] CouchbaseLite Network Verbose: {BLIPIO#14} Received frame: REQ #148 ---C, length 16
2019-07-22 18:00:11.894011-0700 xctest[59729:373964] CouchbaseLite Replicator Verbose: {pusher#16} Reading document 'doc1152' #1-c8c16ee37b9d0041b91beafe4587497a8ee75665
2019-07-22 18:00:11.894165-0700 xctest[59729:373968] CouchbaseLite Database Verbose: {DB#55} Saved 'doc1144' rev #1-c8c16ee37b9d0041b91beafe4587497a8ee75665 as seq 145
2019-07-22 18:00:11.894260-0700 xctest[59729:374003] CouchbaseLite Network Verbose: {BLIPIO#13} Sending frame: REQ #150 ---C, bytes 0--15
2019-07-22 18:00:11.894375-0700 xctest[59729:374003] CouchbaseLite Network Verbose: {BLIPIO#13} Finished sending REQ #150 Z
2019-07-22 18:00:11.894496-0700 xctest[59729:373968] CouchbaseLite Replicator Verbose: {Inserter#54} {'doc1144' #1-c8c16ee37b9d0041b91beafe4587497a8ee75665 <- } seq 145
2019-07-22 18:00:11.894751-0700 xctest[59729:374007] CouchbaseLite Replicator Info: {Puller#15} activityLevel=busy: pendingResponseCount=0, _caughtUp=1, _pendingRevMessages=256, _activeIncomingRevs=1
2019-07-22 18:00:11.894886-0700 xctest[59729:374007] CouchbaseLite Replicator Info: {Puller#15} activityLevel=busy: pendingResponseCount=0, _caughtUp=1, _pendingRevMessages=256, _activeIncomingRevs=0
2019-07-22 18:00:11.895025-0700 xctest[59729:373965] CouchbaseLite Network Verbose: {Connection#7} Receiving 'rev' REQ #148 Z
2019-07-22 18:00:11.895146-0700 xctest[59729:374005] CouchbaseLite Network Debug: {LoopbackWS#12} SEND: 960108c2 ee4f0ada 4383f4dc 68000050 953ef0
2019-07-22 18:00:11.895247-0700 xctest[59729:374003] CouchbaseLite Network Verbose: {BLIPIO#13} ...Wrote 19 bytes to WebSocket (writeable=1)
2019-07-22 18:00:11.895348-0700 xctest[59729:374003] CouchbaseLite Network Verbose: {BLIPIO#13} Sending 'rev' REQ #151 Z
2019-07-22 18:00:11.895460-0700 xctest[59729:373964] CouchbaseLite Replicator Verbose: {pusher#16} Transmitting 'rev' message with 'doc1152' #1-c8c16ee37b9d0041b91beafe4587497a8ee75665
2019-07-22 18:00:11.895579-0700 xctest[59729:373965] CouchbaseLite Network Verbose: {Connection#7} Finished receiving 'rev' REQ #148 Z
2019-07-22 18:00:11.895739-0700 xctest[59729:374007] CouchbaseLite Network Debug: {LoopbackWS#11} RECEIVED: 960108c2 ee4f0ada 4383f4dc 68000050 953ef0
2019-07-22 18:00:11.895899-0700 xctest[59729:373968] CouchbaseLite Database Verbose: {DB#55} commit transaction
2019-07-22 18:00:11.896051-0700 xctest[59729:374003] CouchbaseLite Network Verbose: {BLIPIO#13} Sending frame: REQ #151 ---C, bytes 0--15
2019-07-22 18:00:11.896191-0700 xctest[59729:374003] CouchbaseLite Network Verbose: {BLIPIO#13} Finished sending REQ #151 Z
2019-07-22 18:00:11.896301-0700 xctest[59729:373965] CouchbaseLite Network Verbose: {BLIPIO#14} Received frame: REQ #149 ---C, length 16
2019-07-22 18:00:11.896411-0700 xctest[59729:374005] CouchbaseLite Replicator Info: {Puller#15} activityLevel=busy: pendingResponseCount=0, _caughtUp=1, _pendingRevMessages=255, _activeIncomingRevs=1
2019-07-22 18:00:11.896533-0700 xctest[59729:374004] CouchbaseLite Replicator Verbose: {IncomingRev#42} Received revision 'doc1145' #1-c8c16ee37b9d0041b91beafe4587497a8ee75665 (seq '145')
2019-07-22 18:00:11.896654-0700 xctest[59729:373964] CouchbaseLite Replicator Info: {pusher#16} activityLevel=busy: pendingResponseCount=23, caughtUp=1, changeLists=0, revsInFlight=10, blobsInFlight=0, awaitingReply=3016, revsToSend=248, pushingDocs=271, pendingSequences=0
2019-07-22 18:00:11.896755-0700 xctest[59729:373964] CouchbaseLite Replicator Debug: {pusher#16} Transmitted 'rev' doc1143 #1-c8c16ee37b9d0041b91beafe4587497a8ee75665 (seq #143)
2019-07-22 18:00:11.896907-0700 xctest[59729:373968] CouchbaseLite Replicator Info: {Inserter#54} Inserted 2 revs in 4.04ms ( 495/sec) of which 99.8% was commit
2019-07-22 18:00:11.897021-0700 xctest[59729:374003] CouchbaseLite Network Verbose: {BLIPIO#13} ...Wrote 19 bytes to WebSocket (writeable=1)
2019-07-22 18:00:11.897160-0700 xctest[59729:373965] CouchbaseLite Network Verbose: {Connection#7} Receiving 'rev' REQ #149 Z
2019-07-22 18:00:11.897279-0700 xctest[59729:374007] CouchbaseLite Network Debug: {LoopbackWS#12} SEND: 970108c2 ee4f0ada 4383f4e4 680000a9 4d2860
2019-07-22 18:00:11.897393-0700 xctest[59729:373964] CouchbaseLite Replicator Verbose: {pusher#16} Sending rev doc1153 1-c8c16ee37b9d0041b91beafe4587497a8ee75665 (seq #153) [10/10]
2019-07-22 18:00:11.897478-0700 xctest[59729:373964] CouchbaseLite Replicator Verbose: {pusher#16} Reading document 'doc1153' #1-c8c16ee37b9d0041b91beafe4587497a8ee75665
2019-07-22 18:00:11.897576-0700 xctest[59729:373968] CouchbaseLite Replicator Info: {Puller#15} activityLevel=busy: pendingResponseCount=0, _caughtUp=1, _pendingRevMessages=255, _activeIncomingRevs=1
2019-07-22 18:00:11.897690-0700 xctest[59729:373965] CouchbaseLite Network Verbose: {Connection#7} Finished receiving 'rev' REQ #149 Z
2019-07-22 18:00:11.897812-0700 xctest[59729:374007] CouchbaseLite Network Debug: {LoopbackWS#11} RECEIVED: 970108c2 ee4f0ada 4383f4e4 680000a9 4d2860
2019-07-22 18:00:11.897931-0700 xctest[59729:374003] CouchbaseLite Network Verbose: {BLIPIO#13} Sending 'rev' REQ #152 Z
2019-07-22 18:00:11.898053-0700 xctest[59729:373968] CouchbaseLite Replicator Verbose: {Puller#15} Checkpoint now at 144
2019-07-22 18:00:11.898151-0700 xctest[59729:373968] CouchbaseLite Replicator Verbose: {Puller#15} progress +284/+0, 2 docs -- now 20640 / 56992, 144 docs
2019-07-22 18:00:11.898235-0700 xctest[59729:373968] CouchbaseLite Replicator Info: {Puller#15} activityLevel=busy: pendingResponseCount=0, _caughtUp=1, _pendingRevMessages=255, _activeIncomingRevs=1
2019-07-22 18:00:11.898314-0700 xctest[59729:373968] CouchbaseLite Replicator Info: {Puller#15} activityLevel=busy: pendingResponseCount=0, _caughtUp=1, _pendingRevMessages=255, _activeIncomingRevs=1
2019-07-22 18:00:11.898397-0700 xctest[59729:373968] CouchbaseLite Replicator Info: {Puller#15} activityLevel=busy: pendingResponseCount=0, _caughtUp=1, _pendingRevMessages=255, _activeIncomingRevs=1
2019-07-22 18:00:11.898553-0700 xctest[59729:373965] CouchbaseLite Network Verbose: {BLIPIO#14} Received frame: REQ #150 ---C, length 16
2019-07-22 18:00:11.898695-0700 xctest[59729:374003] CouchbaseLite Network Verbose: {BLIPIO#13} Sending frame: REQ #152 ---C, bytes 0--15
2019-07-22 18:00:11.898799-0700 xctest[59729:374003] CouchbaseLite Network Verbose: {BLIPIO#13} Finished sending REQ #152 Z
2019-07-22 18:00:11.898888-0700 xctest[59729:373964] CouchbaseLite Replicator Verbose: {pusher#16} Transmitting 'rev' message with 'doc1153' #1-c8c16ee37b9d0041b91beafe4587497a8ee75665
2019-07-22 18:00:11.899041-0700 xctest[59729:373968] CouchbaseLite Replicator Info: {Puller#15} activityLevel=busy: pendingResponseCount=0, _caughtUp=1, _pendingRevMessages=254, _activeIncomingRevs=2
2019-07-22 18:00:11.899136-0700 xctest[59729:373964] CouchbaseLite Replicator Info: {pusher#16} activityLevel=busy: pendingResponseCount=24, caughtUp=1, changeLists=0, revsInFlight=10, blobsInFlight=0, awaitingReply=3248, revsToSend=247, pushingDocs=271, pendingSequences=0
2019-07-22 18:00:11.899241-0700 xctest[59729:373965] CouchbaseLite Network Verbose: {Connection#7} Receiving 'rev' REQ #150 Z
2019-07-22 18:00:11.899357-0700 xctest[59729:374007] CouchbaseLite Replicator Info: {Repl#8} pushStatus=stopped, pullStatus=busy, progress=20640/56992
2019-07-22 18:00:11.899458-0700 xctest[59729:374007] CouchbaseLite Replicator Verbose: {Repl#8} progress +284/+0, 2 docs -- now 20640 / 56992, 144 docs
2019-07-22 18:00:11.899625-0700 xctest[59729:374005] CouchbaseLite Network Debug: {LoopbackWS#12} SEND: 980108c2 ee4f0ada 4383f4ec 68000063 97518e
2019-07-22 18:00:11.899771-0700 xctest[59729:374005] CouchbaseLite Network Debug: {LoopbackWS#11} RECEIVED: 980108c2 ee4f0ada 4383f4ec 68000063 97518e
2019-07-22 18:00:11.899867-0700 xctest[59729:374004] CouchbaseLite Replicator Verbose: {IncomingRev#50} Received revision 'doc1146' #1-c8c16ee37b9d0041b91beafe4587497a8ee75665 (seq '146')
2019-07-22 18:00:11.900023-0700 xctest[59729:373965] CouchbaseLite Network Verbose: {Connection#7} Finished receiving 'rev' REQ #150 Z
2019-07-22 18:00:11.900177-0700 xctest[59729:374003] CouchbaseLite Network Verbose: {BLIPIO#13} ...Wrote 19 bytes to WebSocket (writeable=1)
2019-07-22 18:00:11.900320-0700 xctest[59729:374007] CouchbaseLite Replicator Info: {Repl#8} activityLevel=busy: connectionState=2
2019-07-22 18:00:11.900517-0700 xctest[59729:374007] CouchbaseLite Replicator Info: {Repl#8} pushStatus=stopped, pullStatus=busy, progress=20640/56992
2019-07-22 18:00:11.900630-0700 xctest[59729:373965] CouchbaseLite Network Verbose: {BLIPIO#14} Sending RES #146
2019-07-22 18:00:11.900810-0700 xctest[59729:373968] CouchbaseLite Replicator Info: {Puller#15} activityLevel=busy: pendingResponseCount=0, _caughtUp=1, _pendingRevMessages=253, _activeIncomingRevs=3
2019-07-22 18:00:11.901017-0700 xctest[59729:373968] CouchbaseLite Replicator Info: {Puller#15} activityLevel=busy: pendingResponseCount=0, _caughtUp=1, _pendingRevMessages=253, _activeIncomingRevs=3
2019-07-22 18:00:11.901148-0700 xctest[59729:373964] CouchbaseLite Replicator Verbose: {pusher#16} Completed rev doc1130 #1-c8c16ee37b9d0041b91beafe4587497a8ee75665 (seq #130)
2019-07-22 18:00:11.901263-0700 xctest[59729:373964] CouchbaseLite Replicator Debug: {pusher#16} Done pushing 'doc1130' 1-c8c16ee37b9d0041b91beafe4587497a8ee75665
2019-07-22 18:00:11.901425-0700 xctest[59729:373964] CouchbaseLite Replicator Verbose: {pusher#16} progress +0/+0, 1 docs -- now 0 / 56800, 130 docs
2019-07-22 18:00:11.901516-0700 xctest[59729:373964] CouchbaseLite Replicator Info: {pusher#16} activityLevel=busy: pendingResponseCount=23, caughtUp=1, changeLists=0, revsInFlight=10, blobsInFlight=0, awaitingReply=3016, revsToSend=247, pushingDocs=270, pendingSequences=0
2019-07-22 18:00:11.901684-0700 xctest[59729:374004] CouchbaseLite Replicator Verbose: {IncomingRev#30} Received revision 'doc1147' #1-c8c16ee37b9d0041b91beafe4587497a8ee75665 (seq '147')
2019-07-22 18:00:11.901841-0700 xctest[59729:373965] CouchbaseLite Network Verbose: {BLIPIO#14} Sending frame: RES #146 ----, bytes 0--4
2019-07-22 18:00:11.902005-0700 xctest[59729:374003] CouchbaseLite Network Verbose: {BLIPIO#13} Received frame: RES #143 ----, length 5
2019-07-22 18:00:11.902141-0700 xctest[59729:373964] CouchbaseLite Replicator Verbose: {pusher#16} Completed rev doc1131 #1-c8c16ee37b9d0041b91beafe4587497a8ee75665 (seq #131)
2019-07-22 18:00:11.902292-0700 xctest[59729:373968] CouchbaseLite Replicator Info: {repl#10} pushStatus=busy, pullStatus=busy, progress=0/56800
2019-07-22 18:00:11.902412-0700 xctest[59729:373968] CouchbaseLite Replicator Verbose: {repl#10} progress +0/+0, 1 docs -- now 0 / 56800, 130 docs
2019-07-22 18:00:11.902544-0700 xctest[59729:374007] CouchbaseLite Network Debug: {LoopbackWS#11} SEND: 92010100 c69d3e04
2019-07-22 18:00:11.902696-0700 xctest[59729:374003] CouchbaseLite Network Verbose: {Connection#9} Receiving RES #143
2019-07-22 18:00:11.902853-0700 xctest[59729:373964] CouchbaseLite Replicator Debug: {pusher#16} Done pushing 'doc1131' 1-c8c16ee37b9d0041b91beafe4587497a8ee75665
2019-07-22 18:00:11.902997-0700 xctest[59729:373964] CouchbaseLite Replicator Verbose: {pusher#16} progress +0/+0, 1 docs -- now 0 / 56800, 131 docs
2019-07-22 18:00:11.903140-0700 xctest[59729:373964] CouchbaseLite Replicator Info: {pusher#16} activityLevel=busy: pendingResponseCount=22, caughtUp=1, changeLists=0, revsInFlight=10, blobsInFlight=0, awaitingReply=2784, revsToSend=247, pushingDocs=269, pendingSequences=0
2019-07-22 18:00:11.903283-0700 xctest[59729:373964] CouchbaseLite Replicator Verbose: {pusher#16} Completed rev doc1132 #1-c8c16ee37b9d0041b91beafe4587497a8ee75665 (seq #132)
2019-07-22 18:00:11.903423-0700 xctest[59729:374005] CouchbaseLite Network Debug: {LoopbackWS#12} RECEIVED: 92010100 c69d3e04
2019-07-22 18:00:11.903568-0700 xctest[59729:374003] CouchbaseLite Network Verbose: {Connection#9} Finished receiving RES #143
2019-07-22 18:00:11.903689-0700 xctest[59729:374003] CouchbaseLite Network Verbose: {BLIPIO#13} Received frame: RES #144 ----, length 5
2019-07-22 18:00:11.903810-0700 xctest[59729:373968] CouchbaseLite Replicator Info: {repl#10} activityLevel=busy: connectionState=2
2019-07-22 18:00:11.903925-0700 xctest[59729:374004] CouchbaseLite Replicator Info: {Puller#15} activityLevel=busy: pendingResponseCount=0, _caughtUp=1, _pendingRevMessages=253, _activeIncomingRevs=3
2019-07-22 18:00:11.904083-0700 xctest[59729:373964] CouchbaseLite Replicator Debug: {pusher#16} Done pushing 'doc1132' 1-c8c16ee37b9d0041b91beafe4587497a8ee75665
2019-07-22 18:00:11.904178-0700 xctest[59729:373964] CouchbaseLite Replicator Verbose: {pusher#16} progress +0/+0, 1 docs -- now 0 / 56800, 132 docs
2019-07-22 18:00:11.904256-0700 xctest[59729:373964] CouchbaseLite Replicator Info: {pusher#16} activityLevel=busy: pendingResponseCount=21, caughtUp=1, changeLists=0, revsInFlight=10, blobsInFlight=0, awaitingReply=2552, revsToSend=247, pushingDocs=268, pendingSequences=0
2019-07-22 18:00:11.904375-0700 xctest[59729:373964] CouchbaseLite Replicator Verbose: {pusher#16} Completed rev doc1133 #1-c8c16ee37b9d0041b91beafe4587497a8ee75665 (seq #133)
2019-07-22 18:00:11.904480-0700 xctest[59729:374003] CouchbaseLite Network Verbose: {Connection#9} Receiving RES #144
2019-07-22 18:00:11.904641-0700 xctest[59729:373968] CouchbaseLite Replicator Info: {repl#10} pushStatus=busy, pullStatus=busy, progress=0/56800
2019-07-22 18:00:11.904882-0700 xctest[59729:373965] CouchbaseLite Network Verbose: {BLIPIO#14} Finished sending RES #146
2019-07-22 18:00:11.905089-0700 xctest[59729:373964] CouchbaseLite Replicator Debug: {pusher#16} Done pushing 'doc1133' 1-c8c16ee37b9d0041b91beafe4587497a8ee75665
2019-07-22 18:00:11.905213-0700 xctest[59729:374003] CouchbaseLite Network Verbose: {Connection#9} Finished receiving RES #144
2019-07-22 18:00:11.905342-0700 xctest[59729:373968] CouchbaseLite Replicator Info: {repl#10} pushStatus=busy, pullStatus=busy, progress=0/56800
2019-07-22 18:00:11.905457-0700 xctest[59729:373968] CouchbaseLite Replicator Verbose: {repl#10} progress +0/+0, 1 docs -- now 0 / 56800, 131 docs
2019-07-22 18:00:11.905575-0700 xctest[59729:373968] CouchbaseLite Replicator Info: {repl#10} activityLevel=busy: connectionState=2
2019-07-22 18:00:11.905704-0700 xctest[59729:373968] CouchbaseLite Replicator Info: {repl#10} pushStatus=busy, pullStatus=busy, progress=0/56800
2019-07-22 18:00:11.905808-0700 xctest[59729:373965] CouchbaseLite Network Verbose: {BLIPIO#14} ...Wrote 8 bytes to WebSocket (writeable=1)
2019-07-22 18:00:11.905955-0700 xctest[59729:373964] CouchbaseLite Replicator Verbose: {pusher#16} progress +0/+0, 1 docs -- now 0 / 56800, 133 docs
2019-07-22 18:00:11.906096-0700 xctest[59729:373964] CouchbaseLite Replicator Info: {pusher#16} activityLevel=busy: pendingResponseCount=20, caughtUp=1, changeLists=0, revsInFlight=10, blobsInFlight=0, awaitingReply=2320, revsToSend=247, pushingDocs=267, pendingSequences=0
2019-07-22 18:00:11.906219-0700 xctest[59729:373964] CouchbaseLite Replicator Debug: {pusher#16} Transmitted 'rev' doc1144 #1-c8c16ee37b9d0041b91beafe4587497a8ee75665 (seq #144)
2019-07-22 18:00:11.906298-0700 xctest[59729:373964] CouchbaseLite Replicator Verbose: {pusher#16} Sending rev doc1154 1-c8c16ee37b9d0041b91beafe4587497a8ee75665 (seq #154) [10/10]
2019-07-22 18:00:11.906427-0700 xctest[59729:373964] CouchbaseLite Replicator Verbose: {pusher#16} Reading document 'doc1154' #1-c8c16ee37b9d0041b91beafe4587497a8ee75665
2019-07-22 18:00:11.906586-0700 xctest[59729:373968] CouchbaseLite Replicator Info: {repl#10} pushStatus=busy, pullStatus=busy, progress=0/56800
2019-07-22 18:00:11.906683-0700 xctest[59729:373968] CouchbaseLite Replicator Verbose: {repl#10} progress +0/+0, 1 docs -- now 0 / 56800, 132 docs
2019-07-22 18:00:11.906830-0700 xctest[59729:373968] CouchbaseLite Replicator Info: {repl#10} activityLevel=busy: connectionState=2
2019-07-22 18:00:11.906990-0700 xctest[59729:373968] CouchbaseLite Replicator Info: {repl#10} pushStatus=busy, pullStatus=busy, progress=0/56800
2019-07-22 18:00:11.907103-0700 xctest[59729:374003] CouchbaseLite Network Verbose: {BLIPIO#13} Received frame: RES #145 ----, length 5
2019-07-22 18:00:11.907224-0700 xctest[59729:374003] CouchbaseLite Network Verbose: {Connection#9} Receiving RES #145
2019-07-22 18:00:11.907332-0700 xctest[59729:373965] CouchbaseLite Network Verbose: {BLIPIO#14} Sending RES #147
2019-07-22 18:00:11.907440-0700 xctest[59729:373968] CouchbaseLite Replicator Info: {repl#10} pushStatus=busy, pullStatus=busy, progress=0/56800
2019-07-22 18:00:11.907518-0700 xctest[59729:373968] CouchbaseLite Replicator Verbose: {repl#10} progress +0/+0, 1 docs -- now 0 / 56800, 133 docs
2019-07-22 18:00:11.907586-0700 xctest[59729:373968] CouchbaseLite Replicator Info: {repl#10} activityLevel=busy: connectionState=2
2019-07-22 18:00:11.907657-0700 xctest[59729:373968] CouchbaseLite Replicator Info: {repl#10} pushStatus=busy, pullStatus=busy, progress=0/56800
2019-07-22 18:00:11.907809-0700 xctest[59729:373964] CouchbaseLite Replicator Verbose: {pusher#16} Transmitting 'rev' message with 'doc1154' #1-c8c16ee37b9d0041b91beafe4587497a8ee75665
2019-07-22 18:00:11.907939-0700 xctest[59729:374003] CouchbaseLite Network Verbose: {Connection#9} Finished receiving RES #145
2019-07-22 18:00:11.908104-0700 xctest[59729:373965] CouchbaseLite Network Verbose: {BLIPIO#14} Sending frame: RES #147 ----, bytes 0--4
2019-07-22 18:00:11.908259-0700 xctest[59729:373964] CouchbaseLite Replicator Info: {pusher#16} activityLevel=busy: pendingResponseCount=21, caughtUp=1, changeLists=0, revsInFlight=10, blobsInFlight=0, awaitingReply=2552, revsToSend=246, pushingDocs=267, pendingSequences=0
2019-07-22 18:00:11.908361-0700 xctest[59729:373964] CouchbaseLite Replicator Verbose: {pusher#16} Completed rev doc1134 #1-c8c16ee37b9d0041b91beafe4587497a8ee75665 (seq #134)
2019-07-22 18:00:11.908442-0700 xctest[59729:373964] CouchbaseLite Replicator Debug: {pusher#16} Done pushing 'doc1134' 1-c8c16ee37b9d0041b91beafe4587497a8ee75665
2019-07-22 18:00:11.908514-0700 xctest[59729:373964] CouchbaseLite Replicator Verbose: {pusher#16} progress +0/+0, 1 docs -- now 0 / 56800, 134 docs
2019-07-22 18:00:11.908586-0700 xctest[59729:373964] CouchbaseLite Replicator Info: {pusher#16} activityLevel=busy: pendingResponseCount=20, caughtUp=1, changeLists=0, revsInFlight=10, blobsInFlight=0, awaitingReply=2320, revsToSend=246, pushingDocs=266, pendingSequences=0
2019-07-22 18:00:11.908761-0700 xctest[59729:373964] CouchbaseLite Replicator Verbose: {pusher#16} Completed rev doc1135 #1-c8c16ee37b9d0041b91beafe4587497a8ee75665 (seq #135)
2019-07-22 18:00:11.908874-0700 xctest[59729:373964] CouchbaseLite Replicator Debug: {pusher#16} Done pushing 'doc1135' 1-c8c16ee37b9d0041b91beafe4587497a8ee75665
2019-07-22 18:00:11.909008-0700 xctest[59729:374003] CouchbaseLite Network Verbose: {BLIPIO#13} Sending 'rev' REQ #153 Z
2019-07-22 18:00:11.909149-0700 xctest[59729:373965] CouchbaseLite Network Verbose: {BLIPIO#14} Finished sending RES #147
2019-07-22 18:00:11.909234-0700 xctest[59729:373965] CouchbaseLite Network Verbose: {BLIPIO#14} ...Wrote 8 bytes to WebSocket (writeable=1)
2019-07-22 18:00:11.909396-0700 xctest[59729:373968] CouchbaseLite Network Debug: {LoopbackWS#11} SEND: 93010100 d5a9b6aa
2019-07-22 18:00:11.909584-0700 xctest[59729:373964] CouchbaseLite Replicator Verbose: {pusher#16} progress +0/+0, 1 docs -- now 0 / 56800, 135 docs
2019-07-22 18:00:11.909669-0700 xctest[59729:373964] CouchbaseLite Replicator Info: {pusher#16} activityLevel=busy: pendingResponseCount=19, caughtUp=1, changeLists=0, revsInFlight=10, blobsInFlight=0, awaitingReply=2088, revsToSend=246, pushingDocs=265, pendingSequences=0
2019-07-22 18:00:11.909770-0700 xctest[59729:373964] CouchbaseLite Replicator Verbose: {pusher#16} Completed rev doc1136 #1-c8c16ee37b9d0041b91beafe4587497a8ee75665 (seq #136)
2019-07-22 18:00:11.909865-0700 xctest[59729:373964] CouchbaseLite Replicator Debug: {pusher#16} Done pushing 'doc1136' 1-c8c16ee37b9d0041b91beafe4587497a8ee75665
2019-07-22 18:00:11.909939-0700 xctest[59729:373964] CouchbaseLite Replicator Verbose: {pusher#16} progress +0/+0, 1 docs -- now 0 / 56800, 136 docs
2019-07-22 18:00:11.910041-0700 xctest[59729:373964] CouchbaseLite Replicator Info: {pusher#16} activityLevel=busy: pendingResponseCount=18, caughtUp=1, changeLists=0, revsInFlight=10, blobsInFlight=0, awaitingReply=1856, revsToSend=246, pushingDocs=264, pendingSequences=0
2019-07-22 18:00:11.910158-0700 xctest[59729:374004] CouchbaseLite Replicator Info: {repl#10} pushStatus=busy, pullStatus=busy, progress=0/56800
2019-07-22 18:00:11.910261-0700 xctest[59729:374004] CouchbaseLite Replicator Verbose: {repl#10} progress +0/+0, 1 docs -- now 0 / 56800, 134 docs
2019-07-22 18:00:11.910340-0700 xctest[59729:374004] CouchbaseLite Replicator Info: {repl#10} activityLevel=busy: connectionState=2
2019-07-22 18:00:11.910426-0700 xctest[59729:374004] CouchbaseLite Replicator Info: {repl#10} pushStatus=busy, pullStatus=busy, progress=0/56800
2019-07-22 18:00:11.910533-0700 xctest[59729:373964] CouchbaseLite Replicator Verbose: {pusher#16} Completed rev doc1137 #1-c8c16ee37b9d0041b91beafe4587497a8ee75665 (seq #137)
2019-07-22 18:00:11.910646-0700 xctest[59729:373965] CouchbaseLite Network Verbose: {BLIPIO#14} Received frame: REQ #151 ---C, length 16
2019-07-22 18:00:11.910762-0700 xctest[59729:373968] CouchbaseLite Network Debug: {LoopbackWS#12} RECEIVED: 93010100 d5a9b6aa
2019-07-22 18:00:11.910892-0700 xctest[59729:374003] CouchbaseLite Network Verbose: {BLIPIO#13} Sending frame: REQ #153 ---C, bytes 0--16
2019-07-22 18:00:11.911026-0700 xctest[59729:374004] CouchbaseLite Replicator Info: {repl#10} pushStatus=busy, pullStatus=busy, progress=0/56800
2019-07-22 18:00:11.911114-0700 xctest[59729:374004] CouchbaseLite Replicator Verbose: {repl#10} progress +0/+0, 1 docs -- now 0 / 56800, 135 docs
2019-07-22 18:00:11.911188-0700 xctest[59729:374004] CouchbaseLite Replicator Info: {repl#10} activityLevel=busy: connectionState=2
2019-07-22 18:00:11.911269-0700 xctest[59729:374004] CouchbaseLite Replicator Info: {repl#10} pushStatus=busy, pullStatus=busy, progress=0/56800
2019-07-22 18:00:11.911358-0700 xctest[59729:374004] CouchbaseLite Replicator Info: {repl#10} pushStatus=busy, pullStatus=busy, progress=0/56800
2019-07-22 18:00:11.911484-0700 xctest[59729:374004] CouchbaseLite Replicator Verbose: {repl#10} progress +0/+0, 1 docs -- now 0 / 56800, 136 docs
2019-07-22 18:00:11.911567-0700 xctest[59729:374004] CouchbaseLite Replicator Info: {repl#10} activityLevel=busy: connectionState=2
2019-07-22 18:00:11.911722-0700 xctest[59729:374004] CouchbaseLite Replicator Info: {repl#10} pushStatus=busy, pullStatus=busy, progress=0/56800
2019-07-22 18:00:11.911833-0700 xctest[59729:373968] CouchbaseLite Network Debug: {LoopbackWS#12} SEND: 990108c2 ea4f0a0e 8f361ca4 a7470300 01e31cee
2019-07-22 18:00:11.911958-0700 xctest[59729:373964] CouchbaseLite Replicator Debug: {pusher#16} Done pushing 'doc1137' 1-c8c16ee37b9d0041b91beafe4587497a8ee75665
2019-07-22 18:00:11.912090-0700 xctest[59729:373965] CouchbaseLite Network Verbose: {Connection#7} Receiving 'rev' REQ #151 Z
2019-07-22 18:00:11.912220-0700 xctest[59729:374003] CouchbaseLite Network Verbose: {BLIPIO#13} Finished sending REQ #153 Z
2019-07-22 18:00:11.912350-0700 xctest[59729:373968] CouchbaseLite Network Debug: {LoopbackWS#11} RECEIVED: 990108c2 ea4f0a0e 8f361ca4 a7470300 01e31cee
2019-07-22 18:00:11.912469-0700 xctest[59729:373964] CouchbaseLite Replicator Verbose: {pusher#16} progress +0/+0, 1 docs -- now 0 / 56800, 137 docs
2019-07-22 18:00:11.912605-0700 xctest[59729:373964] CouchbaseLite Replicator Info: {pusher#16} activityLevel=busy: pendingResponseCount=17, caughtUp=1, changeLists=0, revsInFlight=10, blobsInFlight=0, awaitingReply=1624, revsToSend=246, pushingDocs=263, pendingSequences=0
2019-07-22 18:00:11.912717-0700 xctest[59729:373965] CouchbaseLite Network Verbose: {Connection#7} Finished receiving 'rev' REQ #151 Z
2019-07-22 18:00:11.912914-0700 xctest[59729:374003] CouchbaseLite Network Verbose: {BLIPIO#13} ...Wrote 20 bytes to WebSocket (writeable=1)
2019-07-22 18:00:11.913025-0700 xctest[59729:373964] CouchbaseLite Replicator Debug: {pusher#16} Transmitted 'rev' doc1145 #1-c8c16ee37b9d0041b91beafe4587497a8ee75665 (seq #145)
2019-07-22 18:00:11.913149-0700 xctest[59729:373964] CouchbaseLite Replicator Verbose: {pusher#16} Sending rev doc1155 1-c8c16ee37b9d0041b91beafe4587497a8ee75665 (seq #155) [10/10]
2019-07-22 18:00:11.913259-0700 xctest[59729:373964] CouchbaseLite Replicator Verbose: {pusher#16} Reading document 'doc1155' #1-c8c16ee37b9d0041b91beafe4587497a8ee75665
2019-07-22 18:00:11.913416-0700 xctest[59729:374004] CouchbaseLite Replicator Info: {Puller#15} activityLevel=busy: pendingResponseCount=0, _caughtUp=1, _pendingRevMessages=252, _activeIncomingRevs=4
2019-07-22 18:00:11.913521-0700 xctest[59729:374005] CouchbaseLite Replicator Verbose: {IncomingRev#36} Received revision 'doc1148' #1-c8c16ee37b9d0041b91beafe4587497a8ee75665 (seq '148')
2019-07-22 18:00:11.913658-0700 xctest[59729:374003] CouchbaseLite Network Verbose: {BLIPIO#13} Sending 'rev' REQ #154 Z
2019-07-22 18:00:11.913798-0700 xctest[59729:373968] CouchbaseLite Replicator Info: {repl#10} pushStatus=busy, pullStatus=busy, progress=0/56800
2019-07-22 18:00:11.913932-0700 xctest[59729:373968] CouchbaseLite Replicator Verbose: {repl#10} progress +0/+0, 1 docs -- now 0 / 56800, 137 docs
2019-07-22 18:00:11.914043-0700 xctest[59729:373968] CouchbaseLite Replicator Info: {repl#10} activityLevel=busy: connectionState=2
2019-07-22 18:00:11.914150-0700 xctest[59729:373968] CouchbaseLite Replicator Info: {repl#10} pushStatus=busy, pullStatus=busy, progress=0/56800
2019-07-22 18:00:11.914271-0700 xctest[59729:373965] CouchbaseLite Network Verbose: {BLIPIO#14} Received frame: REQ #152 ---C, length 16
2019-07-22 18:00:11.914390-0700 xctest[59729:373964] CouchbaseLite Replicator Verbose: {pusher#16} Transmitting 'rev' message with 'doc1155' #1-c8c16ee37b9d0041b91beafe4587497a8ee75665
2019-07-22 18:00:11.914521-0700 xctest[59729:374004] CouchbaseLite Replicator Info: {Puller#15} activityLevel=busy: pendingResponseCount=0, _caughtUp=1, _pendingRevMessages=252, _activeIncomingRevs=4
2019-07-22 18:00:11.914650-0700 xctest[59729:374003] CouchbaseLite Network Verbose: {BLIPIO#13} Sending frame: REQ #154 ---C, bytes 0--15
2019-07-22 18:00:11.914754-0700 xctest[59729:374003] CouchbaseLite Network Verbose: {BLIPIO#13} Finished sending REQ #154 Z
2019-07-22 18:00:11.914903-0700 xctest[59729:373964] CouchbaseLite Replicator Info: {pusher#16} activityLevel=busy: pendingResponseCount=18, caughtUp=1, changeLists=0, revsInFlight=10, blobsInFlight=0, awaitingReply=1856, revsToSend=245, pushingDocs=263, pendingSequences=0
2019-07-22 18:00:11.915024-0700 xctest[59729:373964] CouchbaseLite Replicator Verbose: {pusher#16} Completed rev doc1138 #1-c8c16ee37b9d0041b91beafe4587497a8ee75665 (seq #138)
2019-07-22 18:00:11.915125-0700 xctest[59729:374004] CouchbaseLite Network Debug: {LoopbackWS#12} SEND: 9a0108c2 ee4f0ada 4383f4fc 680000a8 cfe8fd
2019-07-22 18:00:11.915233-0700 xctest[59729:374003] CouchbaseLite Network Verbose: {BLIPIO#13} ...Wrote 19 bytes to WebSocket (writeable=1)
2019-07-22 18:00:11.915333-0700 xctest[59729:373965] CouchbaseLite Network Verbose: {Connection#7} Receiving 'rev' REQ #152 Z
2019-07-22 18:00:11.915479-0700 xctest[59729:373964] CouchbaseLite Replicator Debug: {pusher#16} Done pushing 'doc1138' 1-c8c16ee37b9d0041b91beafe4587497a8ee75665
2019-07-22 18:00:11.915609-0700 xctest[59729:374004] CouchbaseLite Network Debug: {LoopbackWS#11} RECEIVED: 9a0108c2 ee4f0ada 4383f4fc 680000a8 cfe8fd
2019-07-22 18:00:11.915736-0700 xctest[59729:374003] CouchbaseLite Network Verbose: {BLIPIO#13} Sending 'rev' REQ #155 Z
2019-07-22 18:00:11.915828-0700 xctest[59729:373965] CouchbaseLite Network Verbose: {Connection#7} Finished receiving 'rev' REQ #152 Z
2019-07-22 18:00:11.915929-0700 xctest[59729:373964] CouchbaseLite Replicator Verbose: {pusher#16} progress +0/+0, 1 docs -- now 0 / 56800, 138 docs
2019-07-22 18:00:11.916042-0700 xctest[59729:373964] CouchbaseLite Replicator Info: {pusher#16} activityLevel=busy: pendingResponseCount=17, caughtUp=1, changeLists=0, revsInFlight=10, blobsInFlight=0, awaitingReply=1624, revsToSend=245, pushingDocs=262, pendingSequences=0
2019-07-22 18:00:11.916149-0700 xctest[59729:373965] CouchbaseLite Network Verbose: {BLIPIO#14} Received frame: REQ #153 ---C, length 17
2019-07-22 18:00:11.916280-0700 xctest[59729:373965] CouchbaseLite Network Verbose: {Connection#7} Receiving 'rev' REQ #153 Z
2019-07-22 18:00:11.916395-0700 xctest[59729:373965] CouchbaseLite Network Verbose: {Connection#7} Finished receiving 'rev' REQ #153 Z
2019-07-22 18:00:11.916495-0700 xctest[59729:374003] CouchbaseLite Network Verbose: {BLIPIO#13} Sending frame: REQ #155 ---C, bytes 0--15
2019-07-22 18:00:11.916612-0700 xctest[59729:374005] CouchbaseLite Replicator Info: {repl#10} pushStatus=busy, pullStatus=busy, progress=0/56800
2019-07-22 18:00:11.916700-0700 xctest[59729:374005] CouchbaseLite Replicator Verbose: {repl#10} progress +0/+0, 1 docs -- now 0 / 56800, 138 docs
2019-07-22 18:00:11.916788-0700 xctest[59729:374005] CouchbaseLite Replicator Info: {repl#10} activityLevel=busy: connectionState=2
2019-07-22 18:00:11.916874-0700 xctest[59729:374005] CouchbaseLite Replicator Info: {repl#10} pushStatus=busy, pullStatus=busy, progress=0/56800
2019-07-22 18:00:11.916967-0700 xctest[59729:373965] CouchbaseLite Network Verbose: {BLIPIO#14} Received frame: REQ #154 ---C, length 16
2019-07-22 18:00:11.917062-0700 xctest[59729:374003] CouchbaseLite Network Verbose: {BLIPIO#13} Finished sending REQ #155 Z
2019-07-22 18:00:11.917185-0700 xctest[59729:374007] CouchbaseLite Network Debug: {LoopbackWS#12} SEND: 9b0108c2 ee4f0ada 4383f404 69000071 309f4c
2019-07-22 18:00:11.917408-0700 xctest[59729:373964] CouchbaseLite Replicator Verbose: {pusher#16} Completed rev doc1139 #1-c8c16ee37b9d0041b91beafe4587497a8ee75665 (seq #139)
2019-07-22 18:00:11.917503-0700 xctest[59729:374004] CouchbaseLite Replicator Info: {Puller#15} activityLevel=busy: pendingResponseCount=0, _caughtUp=1, _pendingRevMessages=251, _activeIncomingRevs=5
2019-07-22 18:00:11.917631-0700 xctest[59729:373968] CouchbaseLite Replicator Verbose: {IncomingRev#46} Received revision 'doc1149' #1-c8c16ee37b9d0041b91beafe4587497a8ee75665 (seq '149')
2019-07-22 18:00:11.917750-0700 xctest[59729:373965] CouchbaseLite Network Verbose: {Connection#7} Receiving 'rev' REQ #154 Z
2019-07-22 18:00:11.917864-0700 xctest[59729:373965] CouchbaseLite Network Verbose: {Connection#7} Finished receiving 'rev' REQ #154 Z
2019-07-22 18:00:11.917984-0700 xctest[59729:373987] CouchbaseLite Replicator Verbose: {Inserter#54} Inserting 4 revs:
2019-07-22 18:00:11.918156-0700 xctest[59729:373987] CouchbaseLite Database Verbose: {DB#55} begin transaction
2019-07-22 18:00:11.918320-0700 xctest[59729:373964] CouchbaseLite Replicator Debug: {pusher#16} Done pushing 'doc1139' 1-c8c16ee37b9d0041b91beafe4587497a8ee75665
2019-07-22 18:00:11.918408-0700 xctest[59729:373964] CouchbaseLite Replicator Verbose: {pusher#16} progress +0/+0, 1 docs -- now 0 / 56800, 139 docs
2019-07-22 18:00:11.918499-0700 xctest[59729:373964] CouchbaseLite Replicator Info: {pusher#16} activityLevel=busy: pendingResponseCount=16, caughtUp=1, changeLists=0, revsInFlight=10, blobsInFlight=0, awaitingReply=1392, revsToSend=245, pushingDocs=261, pendingSequences=0
2019-07-22 18:00:11.918589-0700 xctest[59729:374005] CouchbaseLite Network Debug: {LoopbackWS#11} RECEIVED: 9b0108c2 ee4f0ada 4383f404 69000071 309f4c
2019-07-22 18:00:11.918709-0700 xctest[59729:374005] CouchbaseLite Network Verbose: {BLIPIO#14} Received frame: REQ #155 ---C, length 16
2019-07-22 18:00:11.918818-0700 xctest[59729:374004] CouchbaseLite Replicator Info: {Puller#15} activityLevel=busy: pendingResponseCount=0, _caughtUp=1, _pendingRevMessages=250, _activeIncomingRevs=6
2019-07-22 18:00:11.918939-0700 xctest[59729:374004] CouchbaseLite Replicator Info: {Puller#15} activityLevel=busy: pendingResponseCount=0, _caughtUp=1, _pendingRevMessages=249, _activeIncomingRevs=7
2019-07-22 18:00:11.919022-0700 xctest[59729:373964] CouchbaseLite Replicator Debug: {pusher#16} Transmitted 'rev' doc1146 #1-c8c16ee37b9d0041b91beafe4587497a8ee75665 (seq #146)
2019-07-22 18:00:11.919140-0700 xctest[59729:374007] CouchbaseLite Replicator Info: {repl#10} pushStatus=busy, pullStatus=busy, progress=0/56800
2019-07-22 18:00:11.919232-0700 xctest[59729:374007] CouchbaseLite Replicator Verbose: {repl#10} progress +0/+0, 1 docs -- now 0 / 56800, 139 docs
2019-07-22 18:00:11.919323-0700 xctest[59729:374007] CouchbaseLite Replicator Info: {repl#10} activityLevel=busy: connectionState=2
2019-07-22 18:00:11.919409-0700 xctest[59729:374007] CouchbaseLite Replicator Info: {repl#10} pushStatus=busy, pullStatus=busy, progress=0/56800
2019-07-22 18:00:11.919501-0700 xctest[59729:374003] CouchbaseLite Network Verbose: {BLIPIO#13} ...Wrote 19 bytes to WebSocket (writeable=1)
2019-07-22 18:00:11.919617-0700 xctest[59729:374003] CouchbaseLite Network Verbose: {BLIPIO#13} Sending 'rev' REQ #156 Z
2019-07-22 18:00:11.919724-0700 xctest[59729:373964] CouchbaseLite Replicator Verbose: {pusher#16} Sending rev doc1156 1-c8c16ee37b9d0041b91beafe4587497a8ee75665 (seq #156) [10/10]
2019-07-22 18:00:11.919854-0700 xctest[59729:373968] CouchbaseLite Replicator Verbose: {IncomingRev#48} Received revision 'doc1150' #1-c8c16ee37b9d0041b91beafe4587497a8ee75665 (seq '150')
2019-07-22 18:00:11.919949-0700 xctest[59729:373987] CouchbaseLite Database Verbose: {DB#55} Saved 'doc1145' rev #1-c8c16ee37b9d0041b91beafe4587497a8ee75665 as seq 146
2019-07-22 18:00:11.920109-0700 xctest[59729:374005] CouchbaseLite Network Verbose: {Connection#7} Receiving 'rev' REQ #155 Z
2019-07-22 18:00:11.920216-0700 xctest[59729:374004] CouchbaseLite Replicator Info: {Puller#15} activityLevel=busy: pendingResponseCount=0, _caughtUp=1, _pendingRevMessages=249, _activeIncomingRevs=7
2019-07-22 18:00:11.920317-0700 xctest[59729:374003] CouchbaseLite Network Verbose: {BLIPIO#13} Sending frame: REQ #156 ---C, bytes 0--15
2019-07-22 18:00:11.920420-0700 xctest[59729:374003] CouchbaseLite Network Verbose: {BLIPIO#13} Finished sending REQ #156 Z
2019-07-22 18:00:11.920514-0700 xctest[59729:374007] CouchbaseLite Replicator Info: {Puller#15} activityLevel=busy: pendingResponseCount=0, _caughtUp=1, _pendingRevMessages=249, _activeIncomingRevs=7
2019-07-22 18:00:11.920643-0700 xctest[59729:374005] CouchbaseLite Network Verbose: {Connection#7} Finished receiving 'rev' REQ #155 Z
2019-07-22 18:00:11.920742-0700 xctest[59729:373964] CouchbaseLite Replicator Verbose: {pusher#16} Reading document 'doc1156' #1-c8c16ee37b9d0041b91beafe4587497a8ee75665
2019-07-22 18:00:11.920841-0700 xctest[59729:373968] CouchbaseLite Replicator Verbose: {IncomingRev#38} Received revision 'doc1151' #1-c8c16ee37b9d0041b91beafe4587497a8ee75665 (seq '151')
2019-07-22 18:00:11.920941-0700 xctest[59729:374004] CouchbaseLite Network Debug: {LoopbackWS#12} SEND: 9c0108c2 ee4f0ada 4383f40c 6900005e e1f3cc
2019-07-22 18:00:11.921063-0700 xctest[59729:373987] CouchbaseLite Replicator Verbose: {Inserter#54} {'doc1145' #1-c8c16ee37b9d0041b91beafe4587497a8ee75665 <- } seq 146
2019-07-22 18:00:11.921249-0700 xctest[59729:374003] CouchbaseLite Network Verbose: {BLIPIO#13} ...Wrote 19 bytes to WebSocket (writeable=1)
2019-07-22 18:00:11.921358-0700 xctest[59729:374005] CouchbaseLite Replicator Info: {Puller#15} activityLevel=busy: pendingResponseCount=0, _caughtUp=1, _pendingRevMessages=248, _activeIncomingRevs=8
2019-07-22 18:00:11.921476-0700 xctest[59729:374007] CouchbaseLite Network Debug: {LoopbackWS#11} RECEIVED: 9c0108c2 ee4f0ada 4383f40c 6900005e e1f3cc
2019-07-22 18:00:11.921586-0700 xctest[59729:373964] CouchbaseLite Replicator Verbose: {pusher#16} Transmitting 'rev' message with 'doc1156' #1-c8c16ee37b9d0041b91beafe4587497a8ee75665
2019-07-22 18:00:11.921679-0700 xctest[59729:374003] CouchbaseLite Network Verbose: {BLIPIO#13} Received frame: RES #146 ----, length 5
2019-07-22 18:00:11.921778-0700 xctest[59729:373968] CouchbaseLite Replicator Verbose: {IncomingRev#18} Received revision 'doc1152' #1-c8c16ee37b9d0041b91beafe4587497a8ee75665 (seq '152')
2019-07-22 18:00:11.921872-0700 xctest[59729:374005] CouchbaseLite Replicator Info: {Puller#15} activityLevel=busy: pendingResponseCount=0, _caughtUp=1, _pendingRevMessages=248, _activeIncomingRevs=7
2019-07-22 18:00:11.921957-0700 xctest[59729:374005] CouchbaseLite Replicator Info: {Puller#15} activityLevel=busy: pendingResponseCount=0, _caughtUp=1, _pendingRevMessages=248, _activeIncomingRevs=7
2019-07-22 18:00:11.922046-0700 xctest[59729:374007] CouchbaseLite Network Verbose: {BLIPIO#14} Received frame: REQ #156 ---C, length 16
2019-07-22 18:00:11.922151-0700 xctest[59729:374007] CouchbaseLite Network Verbose: {Connection#7} Receiving 'rev' REQ #156 Z
2019-07-22 18:00:11.922251-0700 xctest[59729:374007] CouchbaseLite Network Verbose: {Connection#7} Finished receiving 'rev' REQ #156 Z
2019-07-22 18:00:11.922333-0700 xctest[59729:373987] CouchbaseLite Database Verbose: {DB#55} Saved 'doc1146' rev #1-c8c16ee37b9d0041b91beafe4587497a8ee75665 as seq 147
2019-07-22 18:00:11.922426-0700 xctest[59729:373964] CouchbaseLite Replicator Info: {pusher#16} activityLevel=busy: pendingResponseCount=17, caughtUp=1, changeLists=0, revsInFlight=10, blobsInFlight=0, awaitingReply=1624, revsToSend=244, pushingDocs=261, pendingSequences=0
2019-07-22 18:00:11.922522-0700 xctest[59729:373968] CouchbaseLite Replicator Info: {Puller#15} activityLevel=busy: pendingResponseCount=0, _caughtUp=1, _pendingRevMessages=248, _activeIncomingRevs=7
2019-07-22 18:00:11.922681-0700 xctest[59729:374003] CouchbaseLite Network Verbose: {Connection#9} Receiving RES #146
2019-07-22 18:00:11.922796-0700 xctest[59729:373987] CouchbaseLite Replicator Verbose: {Inserter#54} {'doc1146' #1-c8c16ee37b9d0041b91beafe4587497a8ee75665 <- } seq 147
2019-07-22 18:00:11.922890-0700 xctest[59729:373964] CouchbaseLite Replicator Debug: {pusher#16} Transmitted 'rev' doc1147 #1-c8c16ee37b9d0041b91beafe4587497a8ee75665 (seq #147)
2019-07-22 18:00:11.922976-0700 xctest[59729:373968] CouchbaseLite Replicator Info: {Puller#15} activityLevel=busy: pendingResponseCount=0, _caughtUp=1, _pendingRevMessages=247, _activeIncomingRevs=8
2019-07-22 18:00:11.923061-0700 xctest[59729:373968] CouchbaseLite Replicator Info: {Puller#15} activityLevel=busy: pendingResponseCount=0, _caughtUp=1, _pendingRevMessages=247, _activeIncomingRevs=7
2019-07-22 18:00:11.923140-0700 xctest[59729:374003] CouchbaseLite Network Verbose: {Connection#9} Finished receiving RES #146
2019-07-22 18:00:11.923241-0700 xctest[59729:373964] CouchbaseLite Replicator Verbose: {pusher#16} Sending rev doc1157 1-c8c16ee37b9d0041b91beafe4587497a8ee75665 (seq #157) [10/10]
2019-07-22 18:00:11.923353-0700 xctest[59729:374007] CouchbaseLite Replicator Verbose: {IncomingRev#20} Received revision 'doc1153' #1-c8c16ee37b9d0041b91beafe4587497a8ee75665 (seq '153')
2019-07-22 18:00:11.923455-0700 xctest[59729:373987] CouchbaseLite Database Verbose: {DB#55} Saved 'doc1147' rev #1-c8c16ee37b9d0041b91beafe4587497a8ee75665 as seq 148
2019-07-22 18:00:11.923548-0700 xctest[59729:373987] CouchbaseLite Replicator Verbose: {Inserter#54} {'doc1147' #1-c8c16ee37b9d0041b91beafe4587497a8ee75665 <- } seq 148
2019-07-22 18:00:11.923640-0700 xctest[59729:373964] CouchbaseLite Replicator Verbose: {pusher#16} Reading document 'doc1157' #1-c8c16ee37b9d0041b91beafe4587497a8ee75665
2019-07-22 18:00:11.923807-0700 xctest[59729:374003] CouchbaseLite Network Verbose: {BLIPIO#13} Received frame: RES #147 ----, length 5
2019-07-22 18:00:11.923921-0700 xctest[59729:373968] CouchbaseLite Replicator Info: {Puller#15} activityLevel=busy: pendingResponseCount=0, _caughtUp=1, _pendingRevMessages=247, _activeIncomingRevs=6
2019-07-22 18:00:11.924079-0700 xctest[59729:373968] CouchbaseLite Replicator Info: {Puller#15} activityLevel=busy: pendingResponseCount=0, _caughtUp=1, _pendingRevMessages=247, _activeIncomingRevs=6
2019-07-22 18:00:11.924171-0700 xctest[59729:373987] CouchbaseLite Database Verbose: {DB#55} Saved 'doc1148' rev #1-c8c16ee37b9d0041b91beafe4587497a8ee75665 as seq 149
2019-07-22 18:00:11.924309-0700 xctest[59729:374003] CouchbaseLite Network Verbose: {Connection#9} Receiving RES #147
2019-07-22 18:00:11.924408-0700 xctest[59729:373964] CouchbaseLite Replicator Verbose: {pusher#16} Transmitting 'rev' message with 'doc1157' #1-c8c16ee37b9d0041b91beafe4587497a8ee75665
2019-07-22 18:00:11.924501-0700 xctest[59729:373987] CouchbaseLite Replicator Verbose: {Inserter#54} {'doc1148' #1-c8c16ee37b9d0041b91beafe4587497a8ee75665 <- } seq 149
2019-07-22 18:00:11.924613-0700 xctest[59729:374003] CouchbaseLite Network Verbose: {Connection#9} Finished receiving RES #147
2019-07-22 18:00:11.924708-0700 xctest[59729:373964] CouchbaseLite Replicator Info: {pusher#16} activityLevel=busy: pendingResponseCount=18, caughtUp=1, changeLists=0, revsInFlight=10, blobsInFlight=0, awaitingReply=1856, revsToSend=243, pushingDocs=261, pendingSequences=0
2019-07-22 18:00:11.924824-0700 xctest[59729:373987] CouchbaseLite Database Verbose: {DB#55} commit transaction
2019-07-22 18:00:11.924916-0700 xctest[59729:373968] CouchbaseLite Replicator Info: {Puller#15} activityLevel=busy: pendingResponseCount=0, _caughtUp=1, _pendingRevMessages=247, _activeIncomingRevs=5
2019-07-22 18:00:11.925024-0700 xctest[59729:374003] CouchbaseLite Network Verbose: {BLIPIO#13} Sending 'rev' REQ #157 Z
2019-07-22 18:00:11.925117-0700 xctest[59729:373964] CouchbaseLite Replicator Debug: {pusher#16} Transmitted 'rev' doc1148 #1-c8c16ee37b9d0041b91beafe4587497a8ee75665 (seq #148)
2019-07-22 18:00:11.925206-0700 xctest[59729:373964] CouchbaseLite Replicator Verbose: {pusher#16} Sending rev doc1158 1-c8c16ee37b9d0041b91beafe4587497a8ee75665 (seq #158) [10/10]
2019-07-22 18:00:11.925306-0700 xctest[59729:373964] CouchbaseLite Replicator Verbose: {pusher#16} Reading document 'doc1158' #1-c8c16ee37b9d0041b91beafe4587497a8ee75665
2019-07-22 18:00:11.925395-0700 xctest[59729:374003] CouchbaseLite Network Verbose: {BLIPIO#13} Sending frame: REQ #157 ---C, bytes 0--15
2019-07-22 18:00:11.925501-0700 xctest[59729:374007] CouchbaseLite Network Verbose: {BLIPIO#14} Sending RES #148
2019-07-22 18:00:11.925608-0700 xctest[59729:374005] CouchbaseLite Replicator Verbose: {Puller#15} Checkpoint now at 145
2019-07-22 18:00:11.925712-0700 xctest[59729:373987] CouchbaseLite Replicator Info: {Inserter#54} Inserted 4 revs in 7.07ms ( 566/sec) of which 99.8% was commit
2019-07-22 18:00:11.925803-0700 xctest[59729:374003] CouchbaseLite Network Verbose: {BLIPIO#13} Finished sending REQ #157 Z
2019-07-22 18:00:11.925919-0700 xctest[59729:373968] CouchbaseLite Network Debug: {LoopbackWS#12} SEND: 9d0108c2 ee4f0ada 4383f414 6900007a 60c72f
2019-07-22 18:00:11.926032-0700 xctest[59729:374007] CouchbaseLite Network Verbose: {BLIPIO#14} Sending frame: RES #148 ----, bytes 0--4
2019-07-22 18:00:11.926123-0700 xctest[59729:373964] CouchbaseLite Replicator Verbose: {pusher#16} Transmitting 'rev' message with 'doc1158' #1-c8c16ee37b9d0041b91beafe4587497a8ee75665
2019-07-22 18:00:11.926216-0700 xctest[59729:374005] CouchbaseLite Replicator Verbose: {Puller#15} progress +142/+0, 1 docs -- now 20782 / 56992, 145 docs
2019-07-22 18:00:11.926341-0700 xctest[59729:373987] CouchbaseLite Replicator Verbose: {Inserter#54} now busy
2019-07-22 18:00:11.926433-0700 xctest[59729:374003] CouchbaseLite Network Verbose: {BLIPIO#13} ...Wrote 19 bytes to WebSocket (writeable=1)
2019-07-22 18:00:11.926538-0700 xctest[59729:374004] CouchbaseLite Network Debug: {LoopbackWS#11} RECEIVED: 9d0108c2 ee4f0ada 4383f414 6900007a 60c72f
2019-07-22 18:00:11.926634-0700 xctest[59729:374007] CouchbaseLite Network Verbose: {BLIPIO#14} Finished sending RES #148
2019-07-22 18:00:11.929374-0700 xctest[59729:374007] CouchbaseLite Network Verbose: {BLIPIO#14} ...Wrote 8 bytes to WebSocket (writeable=1)
2019-07-22 18:00:11.929545-0700 xctest[59729:374005] CouchbaseLite Replicator Info: {Puller#15} activityLevel=busy: pendingResponseCount=0, _caughtUp=1, _pendingRevMessages=247, _activeIncomingRevs=5
2019-07-22 18:00:11.929666-0700 xctest[59729:373968] CouchbaseLite Replicator Info: {Repl#8} pushStatus=stopped, pullStatus=busy, progress=20640/56992
