2019-07-22 18:00:12.352485-0700 xctest[59729:374004] CouchbaseLite Network Debug: {LoopbackWS#12} RECEIVED: df010221 4572726f 722d446f 6d61696e 00485454 50004572 726f722d 436f6465 00343033 0072656a 65637465 64206279 2076616c 69646174 696f6e20 66756e63... [72]
2019-07-22 18:00:12.352573-0700 xctest[59729:373989] CouchbaseLite Replicator Info: {Puller#15} activityLevel=busy: pendingResponseCount=0, _caughtUp=1, _pendingRevMessages=179, _activeIncomingRevs=21
2019-07-22 18:00:12.352657-0700 xctest[59729:373964] CouchbaseLite Replicator Debug: {pusher#16} Done pushing 'doc28' 1-c51e026de7cf8de5a633f3a8066a50ab6a29d033
2019-07-22 18:00:12.352736-0700 xctest[59729:373987] CouchbaseLite Network Verbose: {BLIPIO#14} ...Wrote 72 bytes to WebSocket (writeable=1)
2019-07-22 18:00:12.352814-0700 xctest[59729:373965] CouchbaseLite Network Verbose: {BLIPIO#13} Received frame: ERR #223 ----, length 69
2019-07-22 18:00:12.352894-0700 xctest[59729:373968] CouchbaseLite Replicator Info: {IncomingRev#26} Rejected by pull validator function
2019-07-22 18:00:12.353003-0700 xctest[59729:373964] CouchbaseLite Replicator Info: {pusher#16} activityLevel=busy: pendingResponseCount=13, caughtUp=1, changeLists=0, revsInFlight=10, blobsInFlight=0, awaitingReply=695, revsToSend=179, pushingDocs=192, pendingSequences=0
2019-07-22 18:00:12.353080-0700 xctest[59729:373965] CouchbaseLite Network Verbose: {Connection#9} Receiving ERR #223
2019-07-22 18:00:12.353169-0700 xctest[59729:373987] CouchbaseLite Network Verbose: {BLIPIO#14} Sending ERR #224
2019-07-22 18:00:12.353253-0700 xctest[59729:373989] CouchbaseLite Replicator Info: {Repl#8} documentEnded doc221 1-c51e026de7cf8de5a633f3a8066a50ab6a29d033 flags=08 (6/403)
2019-07-22 18:00:12.353338-0700 xctest[59729:373964] CouchbaseLite Replicator Debug: {pusher#16} Transmitted 'rev' doc212 #1-c51e026de7cf8de5a633f3a8066a50ab6a29d033 (seq #212)
2019-07-22 18:00:12.353428-0700 xctest[59729:373964] CouchbaseLite Replicator Verbose: {pusher#16} Sending rev doc222 1-c51e026de7cf8de5a633f3a8066a50ab6a29d033 (seq #222) [10/10]
2019-07-22 18:00:12.353507-0700 xctest[59729:373987] CouchbaseLite Network Verbose: {BLIPIO#14} Sending frame: ERR #224 ----, bytes 0--68
2019-07-22 18:00:12.353588-0700 xctest[59729:373989] CouchbaseLite Replicator Verbose: {Puller#15} Checkpoint now at 221
2019-07-22 18:00:12.353665-0700 xctest[59729:373965] CouchbaseLite Network Verbose: {Connection#9} Finished receiving ERR #223
2019-07-22 18:00:12.353744-0700 xctest[59729:373964] CouchbaseLite Replicator Verbose: {pusher#16} Reading document 'doc222' #1-c51e026de7cf8de5a633f3a8066a50ab6a29d033
2019-07-22 18:00:12.353827-0700 xctest[59729:373987] CouchbaseLite Network Verbose: {BLIPIO#14} Finished sending ERR #224
2019-07-22 18:00:12.353902-0700 xctest[59729:373987] CouchbaseLite Network Verbose: {BLIPIO#14} ...Wrote 72 bytes to WebSocket (writeable=1)
2019-07-22 18:00:12.353981-0700 xctest[59729:373989] CouchbaseLite Replicator Verbose: {Puller#15} progress +142/+0, 0 docs -- now 31574 / 56992, 200 docs
2019-07-22 18:00:12.354071-0700 xctest[59729:373989] CouchbaseLite Replicator Info: {Puller#15} activityLevel=busy: pendingResponseCount=0, _caughtUp=1, _pendingRevMessages=179, _activeIncomingRevs=21
2019-07-22 18:00:12.354148-0700 xctest[59729:373964] CouchbaseLite Replicator Verbose: {pusher#16} Transmitting 'rev' message with 'doc222' #1-c51e026de7cf8de5a633f3a8066a50ab6a29d033
2019-07-22 18:00:12.354235-0700 xctest[59729:373968] CouchbaseLite Network Debug: {LoopbackWS#11} SEND: e0010221 4572726f 722d446f 6d61696e 00485454 50004572 726f722d 436f6465 00343033 0072656a 65637465 64206279 2076616c 69646174 696f6e20 66756e63... [72]
2019-07-22 18:00:12.354345-0700 xctest[59729:373987] CouchbaseLite Replicator Info: {Repl#8} pushStatus=stopped, pullStatus=busy, progress=31574/56992
2019-07-22 18:00:12.354469-0700 xctest[59729:373965] CouchbaseLite Network Debug: {LoopbackWS#12} RECEIVED: e0010221 4572726f 722d446f 6d61696e 00485454 50004572 726f722d 436f6465 00343033 0072656a 65637465 64206279 2076616c 69646174 696f6e20 66756e63... [72]
2019-07-22 18:00:12.354562-0700 xctest[59729:373964] CouchbaseLite Replicator Info: {pusher#16} activityLevel=busy: pendingResponseCount=14, caughtUp=1, changeLists=0, revsInFlight=10, blobsInFlight=0, awaitingReply=927, revsToSend=178, pushingDocs=192, pendingSequences=0
2019-07-22 18:00:12.354645-0700 xctest[59729:373987] CouchbaseLite Replicator Verbose: {Repl#8} progress +142/+0, 0 docs -- now 31574 / 56992, 200 docs
2019-07-22 18:00:12.354717-0700 xctest[59729:373987] CouchbaseLite Replicator Info: {Repl#8} activityLevel=busy: connectionState=2
2019-07-22 18:00:12.354781-0700 xctest[59729:373987] CouchbaseLite Replicator Info: {Repl#8} pushStatus=stopped, pullStatus=busy, progress=31574/56992
2019-07-22 18:00:12.354850-0700 xctest[59729:373989] CouchbaseLite Network Verbose: {BLIPIO#13} Sending 'rev' REQ #225 Z
2019-07-22 18:00:12.354931-0700 xctest[59729:373964] CouchbaseLite Replicator Debug: {pusher#16} Transmitted 'rev' doc213 #1-c51e026de7cf8de5a633f3a8066a50ab6a29d033 (seq #213)
2019-07-22 18:00:12.355015-0700 xctest[59729:373989] CouchbaseLite Network Verbose: {BLIPIO#13} Sending frame: REQ #225 ---C, bytes 0--17
2019-07-22 18:00:12.355107-0700 xctest[59729:373964] CouchbaseLite Replicator Verbose: {pusher#16} Sending rev doc223 1-c51e026de7cf8de5a633f3a8066a50ab6a29d033 (seq #223) [10/10]
2019-07-22 18:00:12.355181-0700 xctest[59729:373989] CouchbaseLite Network Verbose: {BLIPIO#13} Finished sending REQ #225 Z
2019-07-22 18:00:12.355284-0700 xctest[59729:373987] CouchbaseLite Network Debug: {LoopbackWS#12} SEND: e10108c2 ea4f0ada 43044fa5 1e207f02 00740d1a 8f
2019-07-22 18:00:12.355358-0700 xctest[59729:373964] CouchbaseLite Replicator Verbose: {pusher#16} Reading document 'doc223' #1-c51e026de7cf8de5a633f3a8066a50ab6a29d033
2019-07-22 18:00:12.355443-0700 xctest[59729:373989] CouchbaseLite Network Verbose: {BLIPIO#13} ...Wrote 21 bytes to WebSocket (writeable=1)
2019-07-22 18:00:12.355540-0700 xctest[59729:373965] CouchbaseLite Network Debug: {LoopbackWS#11} RECEIVED: e10108c2 ea4f0ada 43044fa5 1e207f02 00740d1a 8f
2019-07-22 18:00:12.355620-0700 xctest[59729:373989] CouchbaseLite Network Verbose: {BLIPIO#13} Received frame: ERR #224 ----, length 69
2019-07-22 18:00:12.355698-0700 xctest[59729:373987] CouchbaseLite Network Verbose: {BLIPIO#14} Received frame: REQ #225 ---C, length 18
2019-07-22 18:00:12.355777-0700 xctest[59729:373964] CouchbaseLite Replicator Verbose: {pusher#16} Transmitting 'rev' message with 'doc223' #1-c51e026de7cf8de5a633f3a8066a50ab6a29d033
2019-07-22 18:00:12.355861-0700 xctest[59729:373989] CouchbaseLite Network Verbose: {Connection#9} Receiving ERR #224
2019-07-22 18:00:12.355946-0700 xctest[59729:373987] CouchbaseLite Network Verbose: {Connection#7} Receiving 'rev' REQ #225 Z
2019-07-22 18:00:12.356044-0700 xctest[59729:373964] CouchbaseLite Replicator Info: {pusher#16} activityLevel=busy: pendingResponseCount=15, caughtUp=1, changeLists=0, revsInFlight=10, blobsInFlight=0, awaitingReply=1159, revsToSend=177, pushingDocs=192, pendingSequences=0
2019-07-22 18:00:12.356124-0700 xctest[59729:373989] CouchbaseLite Network Verbose: {Connection#9} Finished receiving ERR #224
2019-07-22 18:00:12.356204-0700 xctest[59729:373987] CouchbaseLite Network Verbose: {Connection#7} Finished receiving 'rev' REQ #225 Z
2019-07-22 18:00:12.356305-0700 xctest[59729:373964] CouchbaseLite Replicator ERROR: {pusher#16} Got error response to rev 'doc29' #1-c51e026de7cf8de5a633f3a8066a50ab6a29d033 (seq #209): HTTP 403 'rejected by validation function'
2019-07-22 18:00:12.356437-0700 xctest[59729:373989] CouchbaseLite Network Verbose: {BLIPIO#13} Sending 'rev' REQ #226 Z
2019-07-22 18:00:12.356520-0700 xctest[59729:373965] CouchbaseLite Replicator Info: {Puller#15} activityLevel=busy: pendingResponseCount=0, _caughtUp=1, _pendingRevMessages=178, _activeIncomingRevs=22
2019-07-22 18:00:12.356605-0700 xctest[59729:373968] CouchbaseLite Replicator Verbose: {IncomingRev#26} Received revision 'doc222' #1-c51e026de7cf8de5a633f3a8066a50ab6a29d033 (seq '222')
2019-07-22 18:00:12.356690-0700 xctest[59729:373964] CouchbaseLite Replicator Info: {repl#10} documentEnded doc29 1-c51e026de7cf8de5a633f3a8066a50ab6a29d033 flags=0a (6/403)
2019-07-22 18:00:12.356792-0700 xctest[59729:373989] CouchbaseLite Network Verbose: {BLIPIO#13} Sending frame: REQ #226 ---C, bytes 0--17
2019-07-22 18:00:12.356883-0700 xctest[59729:373964] CouchbaseLite Replicator Debug: {pusher#16} Done pushing 'doc29' 1-c51e026de7cf8de5a633f3a8066a50ab6a29d033
2019-07-22 18:00:12.356987-0700 xctest[59729:373989] CouchbaseLite Network Verbose: {BLIPIO#13} Finished sending REQ #226 Z
2019-07-22 18:00:12.357069-0700 xctest[59729:373965] CouchbaseLite Network Debug: {LoopbackWS#12} SEND: e20108c2 ea4f0ada 43044fa5 1e207f02 002ba846 e6
2019-07-22 18:00:12.357155-0700 xctest[59729:373964] CouchbaseLite Replicator Info: {pusher#16} activityLevel=busy: pendingResponseCount=14, caughtUp=1, changeLists=0, revsInFlight=10, blobsInFlight=0, awaitingReply=928, revsToSend=177, pushingDocs=191, pendingSequences=0
2019-07-22 18:00:12.357235-0700 xctest[59729:373968] CouchbaseLite Replicator Info: {IncomingRev#26} Rejected by pull validator function
2019-07-22 18:00:12.357309-0700 xctest[59729:373989] CouchbaseLite Network Verbose: {BLIPIO#13} ...Wrote 21 bytes to WebSocket (writeable=1)
2019-07-22 18:00:12.357387-0700 xctest[59729:374004] CouchbaseLite Replicator Info: {Repl#8} documentEnded doc222 1-c51e026de7cf8de5a633f3a8066a50ab6a29d033 flags=08 (6/403)
2019-07-22 18:00:12.357467-0700 xctest[59729:373964] CouchbaseLite Replicator ERROR: {pusher#16} Got error response to rev 'doc210' #1-c51e026de7cf8de5a633f3a8066a50ab6a29d033 (seq #210): HTTP 403 'rejected by validation function'
2019-07-22 18:00:12.357632-0700 xctest[59729:373965] CouchbaseLite Network Verbose: {BLIPIO#14} Sending ERR #225
2019-07-22 18:00:12.357712-0700 xctest[59729:373987] CouchbaseLite Network Debug: {LoopbackWS#11} RECEIVED: e20108c2 ea4f0ada 43044fa5 1e207f02 002ba846 e6
2019-07-22 18:00:12.357790-0700 xctest[59729:374004] CouchbaseLite Replicator Verbose: {Puller#15} Checkpoint now at 222
2019-07-22 18:00:12.357870-0700 xctest[59729:373964] CouchbaseLite Replicator Info: {repl#10} documentEnded doc210 1-c51e026de7cf8de5a633f3a8066a50ab6a29d033 flags=0a (6/403)
2019-07-22 18:00:12.357962-0700 xctest[59729:373965] CouchbaseLite Network Verbose: {BLIPIO#14} Sending frame: ERR #225 ----, bytes 0--68
2019-07-22 18:00:12.358042-0700 xctest[59729:374004] CouchbaseLite Replicator Verbose: {Puller#15} progress +142/+0, 0 docs -- now 31716 / 56992, 200 docs
2019-07-22 18:00:12.358122-0700 xctest[59729:373964] CouchbaseLite Replicator Debug: {pusher#16} Done pushing 'doc210' 1-c51e026de7cf8de5a633f3a8066a50ab6a29d033
2019-07-22 18:00:12.358199-0700 xctest[59729:373965] CouchbaseLite Network Verbose: {BLIPIO#14} Finished sending ERR #225
2019-07-22 18:00:12.360649-0700 xctest[59729:373965] CouchbaseLite Network Verbose: {BLIPIO#14} ...Wrote 72 bytes to WebSocket (writeable=1)
2019-07-22 18:00:12.360749-0700 xctest[59729:374004] CouchbaseLite Replicator Info: {Puller#15} activityLevel=busy: pendingResponseCount=0, _caughtUp=1, _pendingRevMessages=178, _activeIncomingRevs=22
2019-07-22 18:00:12.360915-0700 xctest[59729:373964] CouchbaseLite Replicator Info: {pusher#16} activityLevel=busy: pendingResponseCount=13, caughtUp=1, changeLists=0, revsInFlight=10, blobsInFlight=0, awaitingReply=696, revsToSend=177, pushingDocs=190, pendingSequences=0
2019-07-22 18:00:12.361083-0700 xctest[59729:373987] CouchbaseLite Network Debug: {LoopbackWS#11} SEND: e1010221 4572726f 722d446f 6d61696e 00485454 50004572 726f722d 436f6465 00343033 0072656a 65637465 64206279 2076616c 69646174 696f6e20 66756e63... [72]
2019-07-22 18:00:12.361229-0700 xctest[59729:373965] CouchbaseLite Network Verbose: {BLIPIO#14} Received frame: REQ #226 ---C, length 18
2019-07-22 18:00:12.361417-0700 xctest[59729:373989] CouchbaseLite Replicator Info: {Repl#8} pushStatus=stopped, pullStatus=busy, progress=31716/56992
2019-07-22 18:00:12.361594-0700 xctest[59729:373989] CouchbaseLite Replicator Verbose: {Repl#8} progress +142/+0, 0 docs -- now 31716 / 56992, 200 docs
2019-07-22 18:00:12.361711-0700 xctest[59729:373989] CouchbaseLite Replicator Info: {Repl#8} activityLevel=busy: connectionState=2
2019-07-22 18:00:12.361773-0700 xctest[59729:373989] CouchbaseLite Replicator Info: {Repl#8} pushStatus=stopped, pullStatus=busy, progress=31716/56992
2019-07-22 18:00:12.361845-0700 xctest[59729:373964] CouchbaseLite Replicator ERROR: {pusher#16} Got error response to rev 'doc211' #1-c51e026de7cf8de5a633f3a8066a50ab6a29d033 (seq #211): HTTP 403 'rejected by validation function'
2019-07-22 18:00:12.361968-0700 xctest[59729:373964] CouchbaseLite Replicator Info: {repl#10} documentEnded doc211 1-c51e026de7cf8de5a633f3a8066a50ab6a29d033 flags=0a (6/403)
2019-07-22 18:00:12.362036-0700 xctest[59729:373964] CouchbaseLite Replicator Debug: {pusher#16} Done pushing 'doc211' 1-c51e026de7cf8de5a633f3a8066a50ab6a29d033
2019-07-22 18:00:12.362098-0700 xctest[59729:373964] CouchbaseLite Replicator Info: {pusher#16} activityLevel=busy: pendingResponseCount=12, caughtUp=1, changeLists=0, revsInFlight=10, blobsInFlight=0, awaitingReply=464, revsToSend=177, pushingDocs=189, pendingSequences=0
2019-07-22 18:00:12.409417-0700 xctest[59729:373965] CouchbaseLite Network Verbose: {Connection#7} Receiving 'rev' REQ #226 Z
2019-07-22 18:00:12.409546-0700 xctest[59729:373987] CouchbaseLite Network Debug: {LoopbackWS#12} RECEIVED: e1010221 4572726f 722d446f 6d61696e 00485454 50004572 726f722d 436f6465 00343033 0072656a 65637465 64206279 2076616c 69646174 696f6e20 66756e63... [72]
2019-07-22 18:00:12.409705-0700 xctest[59729:373964] CouchbaseLite Replicator Debug: {pusher#16} Transmitted 'rev' doc214 #1-c51e026de7cf8de5a633f3a8066a50ab6a29d033 (seq #214)
2019-07-22 18:00:12.409795-0700 xctest[59729:373964] CouchbaseLite Replicator Verbose: {pusher#16} Sending rev doc224 1-c51e026de7cf8de5a633f3a8066a50ab6a29d033 (seq #224) [10/10]
2019-07-22 18:00:12.409891-0700 xctest[59729:373964] CouchbaseLite Replicator Verbose: {pusher#16} Reading document 'doc224' #1-c51e026de7cf8de5a633f3a8066a50ab6a29d033
2019-07-22 18:00:12.410025-0700 xctest[59729:373965] CouchbaseLite Network Verbose: {Connection#7} Finished receiving 'rev' REQ #226 Z
2019-07-22 18:00:12.410131-0700 xctest[59729:373987] CouchbaseLite Network Verbose: {BLIPIO#13} Received frame: ERR #225 ----, length 69
2019-07-22 18:00:12.410303-0700 xctest[59729:373987] CouchbaseLite Network Verbose: {Connection#9} Receiving ERR #225
2019-07-22 18:00:12.410430-0700 xctest[59729:373987] CouchbaseLite Network Verbose: {Connection#9} Finished receiving ERR #225
2019-07-22 18:00:12.410574-0700 xctest[59729:374004] CouchbaseLite Replicator Info: {Puller#15} activityLevel=busy: pendingResponseCount=0, _caughtUp=1, _pendingRevMessages=177, _activeIncomingRevs=23
2019-07-22 18:00:12.410738-0700 xctest[59729:373964] CouchbaseLite Replicator Verbose: {pusher#16} Transmitting 'rev' message with 'doc224' #1-c51e026de7cf8de5a633f3a8066a50ab6a29d033
2019-07-22 18:00:12.410861-0700 xctest[59729:373965] CouchbaseLite Replicator Verbose: {IncomingRev#26} Received revision 'doc223' #1-c51e026de7cf8de5a633f3a8066a50ab6a29d033 (seq '223')
2019-07-22 18:00:12.411021-0700 xctest[59729:373964] CouchbaseLite Replicator Info: {pusher#16} activityLevel=busy: pendingResponseCount=13, caughtUp=1, changeLists=0, revsInFlight=10, blobsInFlight=0, awaitingReply=696, revsToSend=176, pushingDocs=189, pendingSequences=0
2019-07-22 18:00:12.411159-0700 xctest[59729:374004] CouchbaseLite Network Verbose: {BLIPIO#13} Sending 'rev' REQ #227 Z
2019-07-22 18:00:12.411287-0700 xctest[59729:374004] CouchbaseLite Network Verbose: {BLIPIO#13} Sending frame: REQ #227 ---C, bytes 0--17
2019-07-22 18:00:12.411411-0700 xctest[59729:373964] CouchbaseLite Replicator Debug: {pusher#16} Transmitted 'rev' doc215 #1-c51e026de7cf8de5a633f3a8066a50ab6a29d033 (seq #215)
2019-07-22 18:00:12.411552-0700 xctest[59729:373964] CouchbaseLite Replicator Verbose: {pusher#16} Sending rev doc225 1-c51e026de7cf8de5a633f3a8066a50ab6a29d033 (seq #225) [10/10]
2019-07-22 18:00:12.411679-0700 xctest[59729:373964] CouchbaseLite Replicator Verbose: {pusher#16} Reading document 'doc225' #1-c51e026de7cf8de5a633f3a8066a50ab6a29d033
2019-07-22 18:00:12.411790-0700 xctest[59729:373965] CouchbaseLite Replicator Info: {IncomingRev#26} Rejected by pull validator function
2019-07-22 18:00:12.411887-0700 xctest[59729:374004] CouchbaseLite Network Verbose: {BLIPIO#13} Finished sending REQ #227 Z
2019-07-22 18:00:12.412019-0700 xctest[59729:373964] CouchbaseLite Replicator Verbose: {pusher#16} Transmitting 'rev' message with 'doc225' #1-c51e026de7cf8de5a633f3a8066a50ab6a29d033
2019-07-22 18:00:12.412172-0700 xctest[59729:373987] CouchbaseLite Network Verbose: {BLIPIO#14} Sending ERR #226
2019-07-22 18:00:12.412271-0700 xctest[59729:373987] CouchbaseLite Network Verbose: {BLIPIO#14} Sending frame: ERR #226 ----, bytes 0--68
2019-07-22 18:00:12.412399-0700 xctest[59729:374004] CouchbaseLite Network Verbose: {BLIPIO#13} ...Wrote 21 bytes to WebSocket (writeable=1)
2019-07-22 18:00:12.412533-0700 xctest[59729:373968] CouchbaseLite Replicator Info: {Repl#8} documentEnded doc223 1-c51e026de7cf8de5a633f3a8066a50ab6a29d033 flags=08 (6/403)
2019-07-22 18:00:12.412623-0700 xctest[59729:373968] CouchbaseLite Replicator Verbose: {Puller#15} Checkpoint now at 223
2019-07-22 18:00:12.412749-0700 xctest[59729:373968] CouchbaseLite Replicator Verbose: {Puller#15} progress +142/+0, 0 docs -- now 31858 / 56992, 200 docs
2019-07-22 18:00:12.412825-0700 xctest[59729:373968] CouchbaseLite Replicator Info: {Puller#15} activityLevel=busy: pendingResponseCount=0, _caughtUp=1, _pendingRevMessages=177, _activeIncomingRevs=23
2019-07-22 18:00:12.412940-0700 xctest[59729:373965] CouchbaseLite Network Debug: {LoopbackWS#11} SEND: e2010221 4572726f 722d446f 6d61696e 00485454 50004572 726f722d 436f6465 00343033 0072656a 65637465 64206279 2076616c 69646174 696f6e20 66756e63... [72]
2019-07-22 18:00:12.413037-0700 xctest[59729:374004] CouchbaseLite Network Verbose: {BLIPIO#13} Sending 'rev' REQ #228 Z
2019-07-22 18:00:12.413135-0700 xctest[59729:373964] CouchbaseLite Replicator Info: {pusher#16} activityLevel=busy: pendingResponseCount=14, caughtUp=1, changeLists=0, revsInFlight=10, blobsInFlight=0, awaitingReply=928, revsToSend=175, pushingDocs=189, pendingSequences=0
2019-07-22 18:00:12.413252-0700 xctest[59729:373989] CouchbaseLite Network Debug: {LoopbackWS#12} SEND: e30108c2 ea4f0ada 43044fa5 1e207f02 0014c483 86
2019-07-22 18:00:12.413341-0700 xctest[59729:373987] CouchbaseLite Network Verbose: {BLIPIO#14} Finished sending ERR #226
2019-07-22 18:00:12.413418-0700 xctest[59729:373987] CouchbaseLite Network Verbose: {BLIPIO#14} ...Wrote 72 bytes to WebSocket (writeable=1)
2019-07-22 18:00:12.413519-0700 xctest[59729:374004] CouchbaseLite Network Verbose: {BLIPIO#13} Sending frame: REQ #228 ---C, bytes 0--17
2019-07-22 18:00:12.413625-0700 xctest[59729:373964] CouchbaseLite Replicator Debug: {pusher#16} Transmitted 'rev' doc216 #1-c51e026de7cf8de5a633f3a8066a50ab6a29d033 (seq #216)
2019-07-22 18:00:12.413724-0700 xctest[59729:373965] CouchbaseLite Network Debug: {LoopbackWS#11} RECEIVED: e30108c2 ea4f0ada 43044fa5 1e207f02 0014c483 86
2019-07-22 18:00:12.413830-0700 xctest[59729:374007] CouchbaseLite Replicator Info: {Repl#8} pushStatus=stopped, pullStatus=busy, progress=31858/56992
2019-07-22 18:00:12.413912-0700 xctest[59729:374007] CouchbaseLite Replicator Verbose: {Repl#8} progress +142/+0, 0 docs -- now 31858 / 56992, 200 docs
2019-07-22 18:00:12.413991-0700 xctest[59729:374004] CouchbaseLite Network Verbose: {BLIPIO#13} Finished sending REQ #228 Z
2019-07-22 18:00:12.414081-0700 xctest[59729:373964] CouchbaseLite Replicator Verbose: {pusher#16} Sending rev doc226 1-c51e026de7cf8de5a633f3a8066a50ab6a29d033 (seq #226) [10/10]
2019-07-22 18:00:12.414164-0700 xctest[59729:373987] CouchbaseLite Network Verbose: {BLIPIO#14} Received frame: REQ #227 ---C, length 18
2019-07-22 18:00:12.414243-0700 xctest[59729:373989] CouchbaseLite Network Debug: {LoopbackWS#12} RECEIVED: e2010221 4572726f 722d446f 6d61696e 00485454 50004572 726f722d 436f6465 00343033 0072656a 65637465 64206279 2076616c 69646174 696f6e20 66756e63... [72]
2019-07-22 18:00:12.414328-0700 xctest[59729:374007] CouchbaseLite Replicator Info: {Repl#8} activityLevel=busy: connectionState=2
2019-07-22 18:00:12.414421-0700 xctest[59729:374007] CouchbaseLite Replicator Info: {Repl#8} pushStatus=stopped, pullStatus=busy, progress=31858/56992
2019-07-22 18:00:12.414524-0700 xctest[59729:373964] CouchbaseLite Replicator Verbose: {pusher#16} Reading document 'doc226' #1-c51e026de7cf8de5a633f3a8066a50ab6a29d033
2019-07-22 18:00:12.414613-0700 xctest[59729:373987] CouchbaseLite Network Verbose: {Connection#7} Receiving 'rev' REQ #227 Z
2019-07-22 18:00:12.414699-0700 xctest[59729:373989] CouchbaseLite Network Debug: {LoopbackWS#12} SEND: e40108c2 ea4f0ada 43044fa5 1e207f02 00f3eda9 c9
2019-07-22 18:00:12.414829-0700 xctest[59729:374004] CouchbaseLite Network Verbose: {BLIPIO#13} ...Wrote 21 bytes to WebSocket (writeable=1)
2019-07-22 18:00:12.414927-0700 xctest[59729:373987] CouchbaseLite Network Verbose: {Connection#7} Finished receiving 'rev' REQ #227 Z
2019-07-22 18:00:12.415014-0700 xctest[59729:373964] CouchbaseLite Replicator Verbose: {pusher#16} Transmitting 'rev' message with 'doc226' #1-c51e026de7cf8de5a633f3a8066a50ab6a29d033
2019-07-22 18:00:12.415118-0700 xctest[59729:374007] CouchbaseLite Network Debug: {LoopbackWS#11} RECEIVED: e40108c2 ea4f0ada 43044fa5 1e207f02 00f3eda9 c9
2019-07-22 18:00:12.415220-0700 xctest[59729:374004] CouchbaseLite Network Verbose: {BLIPIO#13} Received frame: ERR #226 ----, length 69
2019-07-22 18:00:12.415310-0700 xctest[59729:373989] CouchbaseLite Replicator Info: {Puller#15} activityLevel=busy: pendingResponseCount=0, _caughtUp=1, _pendingRevMessages=176, _activeIncomingRevs=24
2019-07-22 18:00:12.415405-0700 xctest[59729:373965] CouchbaseLite Replicator Verbose: {IncomingRev#26} Received revision 'doc224' #1-c51e026de7cf8de5a633f3a8066a50ab6a29d033 (seq '224')
2019-07-22 18:00:12.415503-0700 xctest[59729:373964] CouchbaseLite Replicator Info: {pusher#16} activityLevel=busy: pendingResponseCount=15, caughtUp=1, changeLists=0, revsInFlight=10, blobsInFlight=0, awaitingReply=1160, revsToSend=174, pushingDocs=189, pendingSequences=0
2019-07-22 18:00:12.415595-0700 xctest[59729:373987] CouchbaseLite Network Verbose: {BLIPIO#14} Received frame: REQ #228 ---C, length 18
2019-07-22 18:00:12.415713-0700 xctest[59729:374004] CouchbaseLite Network Verbose: {Connection#9} Receiving ERR #226
2019-07-22 18:00:12.415830-0700 xctest[59729:373964] CouchbaseLite Replicator ERROR: {pusher#16} Got error response to rev 'doc212' #1-c51e026de7cf8de5a633f3a8066a50ab6a29d033 (seq #212): HTTP 403 'rejected by validation function'
2019-07-22 18:00:12.416039-0700 xctest[59729:373987] CouchbaseLite Network Verbose: {Connection#7} Receiving 'rev' REQ #228 Z
2019-07-22 18:00:12.416126-0700 xctest[59729:374004] CouchbaseLite Network Verbose: {Connection#9} Finished receiving ERR #226
2019-07-22 18:00:12.416238-0700 xctest[59729:373965] CouchbaseLite Replicator Info: {IncomingRev#26} Rejected by pull validator function
2019-07-22 18:00:12.416330-0700 xctest[59729:373964] CouchbaseLite Replicator Info: {repl#10} documentEnded doc212 1-c51e026de7cf8de5a633f3a8066a50ab6a29d033 flags=0a (6/403)
2019-07-22 18:00:12.416438-0700 xctest[59729:373987] CouchbaseLite Network Verbose: {Connection#7} Finished receiving 'rev' REQ #228 Z
2019-07-22 18:00:12.416539-0700 xctest[59729:374004] CouchbaseLite Network Verbose: {BLIPIO#13} Sending 'rev' REQ #229 Z
2019-07-22 18:00:12.416640-0700 xctest[59729:373964] CouchbaseLite Replicator Debug: {pusher#16} Done pushing 'doc212' 1-c51e026de7cf8de5a633f3a8066a50ab6a29d033
2019-07-22 18:00:12.416757-0700 xctest[59729:373989] CouchbaseLite Replicator Info: {Repl#8} documentEnded doc224 1-c51e026de7cf8de5a633f3a8066a50ab6a29d033 flags=08 (6/403)
2019-07-22 18:00:12.416846-0700 xctest[59729:373987] CouchbaseLite Network Verbose: {BLIPIO#14} Sending ERR #227
2019-07-22 18:00:12.416953-0700 xctest[59729:374004] CouchbaseLite Network Verbose: {BLIPIO#13} Sending frame: REQ #229 ---C, bytes 0--17
2019-07-22 18:00:12.417052-0700 xctest[59729:373964] CouchbaseLite Replicator Info: {pusher#16} activityLevel=busy: pendingResponseCount=14, caughtUp=1, changeLists=0, revsInFlight=10, blobsInFlight=0, awaitingReply=928, revsToSend=174, pushingDocs=188, pendingSequences=0
2019-07-22 18:00:12.417162-0700 xctest[59729:373989] CouchbaseLite Replicator Verbose: {Puller#15} Checkpoint now at 224
2019-07-22 18:00:12.417285-0700 xctest[59729:373987] CouchbaseLite Network Verbose: {BLIPIO#14} Sending frame: ERR #227 ----, bytes 0--68
2019-07-22 18:00:12.417377-0700 xctest[59729:374004] CouchbaseLite Network Verbose: {BLIPIO#13} Finished sending REQ #229 Z
2019-07-22 18:00:12.417483-0700 xctest[59729:373965] CouchbaseLite Network Debug: {LoopbackWS#12} SEND: e50108c2 ea4f0ada 43044fa5 1e207f02 00bb6a5c f6
2019-07-22 18:00:12.417605-0700 xctest[59729:373964] CouchbaseLite Replicator ERROR: {pusher#16} Got error response to rev 'doc213' #1-c51e026de7cf8de5a633f3a8066a50ab6a29d033 (seq #213): HTTP 403 'rejected by validation function'
2019-07-22 18:00:12.417803-0700 xctest[59729:373989] CouchbaseLite Replicator Verbose: {Puller#15} progress +142/+0, 0 docs -- now 32000 / 56992, 200 docs
2019-07-22 18:00:12.417892-0700 xctest[59729:373989] CouchbaseLite Replicator Info: {Puller#15} activityLevel=busy: pendingResponseCount=0, _caughtUp=1, _pendingRevMessages=176, _activeIncomingRevs=24
2019-07-22 18:00:12.418017-0700 xctest[59729:374007] CouchbaseLite Network Debug: {LoopbackWS#11} SEND: e3010221 4572726f 722d446f 6d61696e 00485454 50004572 726f722d 436f6465 00343033 0072656a 65637465 64206279 2076616c 69646174 696f6e20 66756e63... [72]
2019-07-22 18:00:12.418145-0700 xctest[59729:374004] CouchbaseLite Network Verbose: {BLIPIO#13} ...Wrote 21 bytes to WebSocket (writeable=1)
2019-07-22 18:00:12.418263-0700 xctest[59729:373964] CouchbaseLite Replicator Info: {repl#10} documentEnded doc213 1-c51e026de7cf8de5a633f3a8066a50ab6a29d033 flags=0a (6/403)
2019-07-22 18:00:12.418403-0700 xctest[59729:373987] CouchbaseLite Network Verbose: {BLIPIO#14} Finished sending ERR #227
2019-07-22 18:00:12.418511-0700 xctest[59729:373987] CouchbaseLite Network Verbose: {BLIPIO#14} ...Wrote 72 bytes to WebSocket (writeable=1)
2019-07-22 18:00:12.418602-0700 xctest[59729:373965] CouchbaseLite Replicator Info: {Repl#8} pushStatus=stopped, pullStatus=busy, progress=32000/56992
2019-07-22 18:00:12.418696-0700 xctest[59729:373965] CouchbaseLite Replicator Verbose: {Repl#8} progress +142/+0, 0 docs -- now 32000 / 56992, 200 docs
2019-07-22 18:00:12.418789-0700 xctest[59729:374007] CouchbaseLite Network Debug: {LoopbackWS#11} RECEIVED: e50108c2 ea4f0ada 43044fa5 1e207f02 00bb6a5c f6
2019-07-22 18:00:12.418911-0700 xctest[59729:374005] CouchbaseLite Network Debug: {LoopbackWS#12} RECEIVED: e3010221 4572726f 722d446f 6d61696e 00485454 50004572 726f722d 436f6465 00343033 0072656a 65637465 64206279 2076616c 69646174 696f6e20 66756e63... [72]
2019-07-22 18:00:12.419045-0700 xctest[59729:373964] CouchbaseLite Replicator Debug: {pusher#16} Done pushing 'doc213' 1-c51e026de7cf8de5a633f3a8066a50ab6a29d033
2019-07-22 18:00:12.419152-0700 xctest[59729:373989] CouchbaseLite Replicator Info: {Puller#15} activityLevel=busy: pendingResponseCount=0, _caughtUp=1, _pendingRevMessages=175, _activeIncomingRevs=25
2019-07-22 18:00:12.419257-0700 xctest[59729:373968] CouchbaseLite Replicator Verbose: {IncomingRev#26} Received revision 'doc225' #1-c51e026de7cf8de5a633f3a8066a50ab6a29d033 (seq '225')
2019-07-22 18:00:12.419406-0700 xctest[59729:373965] CouchbaseLite Replicator Info: {Repl#8} activityLevel=busy: connectionState=2
2019-07-22 18:00:12.419520-0700 xctest[59729:373965] CouchbaseLite Replicator Info: {Repl#8} pushStatus=stopped, pullStatus=busy, progress=32000/56992
2019-07-22 18:00:12.419662-0700 xctest[59729:374007] CouchbaseLite Network Verbose: {BLIPIO#13} Received frame: ERR #227 ----, length 69
2019-07-22 18:00:12.419797-0700 xctest[59729:373964] CouchbaseLite Replicator Info: {pusher#16} activityLevel=busy: pendingResponseCount=13, caughtUp=1, changeLists=0, revsInFlight=10, blobsInFlight=0, awaitingReply=696, revsToSend=174, pushingDocs=187, pendingSequences=0
2019-07-22 18:00:12.419929-0700 xctest[59729:373987] CouchbaseLite Network Verbose: {BLIPIO#14} Received frame: REQ #229 ---C, length 18
2019-07-22 18:00:12.420032-0700 xctest[59729:374007] CouchbaseLite Network Verbose: {Connection#9} Receiving ERR #227
2019-07-22 18:00:12.420154-0700 xctest[59729:373964] CouchbaseLite Replicator Debug: {pusher#16} Transmitted 'rev' doc217 #1-c51e026de7cf8de5a633f3a8066a50ab6a29d033 (seq #217)
2019-07-22 18:00:12.420263-0700 xctest[59729:373968] CouchbaseLite Replicator Info: {IncomingRev#26} Rejected by pull validator function
2019-07-22 18:00:12.420399-0700 xctest[59729:373987] CouchbaseLite Network Verbose: {Connection#7} Receiving 'rev' REQ #229 Z
2019-07-22 18:00:12.420524-0700 xctest[59729:374007] CouchbaseLite Network Verbose: {Connection#9} Finished receiving ERR #227
2019-07-22 18:00:12.420646-0700 xctest[59729:373964] CouchbaseLite Replicator Verbose: {pusher#16} Sending rev doc227 1-c51e026de7cf8de5a633f3a8066a50ab6a29d033 (seq #227) [10/10]
2019-07-22 18:00:12.420790-0700 xctest[59729:373965] CouchbaseLite Replicator Info: {Repl#8} documentEnded doc225 1-c51e026de7cf8de5a633f3a8066a50ab6a29d033 flags=08 (6/403)
2019-07-22 18:00:12.420927-0700 xctest[59729:373987] CouchbaseLite Network Verbose: {Connection#7} Finished receiving 'rev' REQ #229 Z
2019-07-22 18:00:12.421038-0700 xctest[59729:373964] CouchbaseLite Replicator Verbose: {pusher#16} Reading document 'doc227' #1-c51e026de7cf8de5a633f3a8066a50ab6a29d033
2019-07-22 18:00:12.421162-0700 xctest[59729:373965] CouchbaseLite Replicator Verbose: {Puller#15} Checkpoint now at 225
2019-07-22 18:00:12.421305-0700 xctest[59729:373987] CouchbaseLite Network Verbose: {BLIPIO#14} Sending ERR #228
2019-07-22 18:00:12.421439-0700 xctest[59729:373965] CouchbaseLite Replicator Verbose: {Puller#15} progress +142/+0, 0 docs -- now 32142 / 56992, 200 docs
2019-07-22 18:00:12.421575-0700 xctest[59729:373987] CouchbaseLite Network Verbose: {BLIPIO#14} Sending frame: ERR #228 ----, bytes 0--68
2019-07-22 18:00:12.421677-0700 xctest[59729:373964] CouchbaseLite Replicator Verbose: {pusher#16} Transmitting 'rev' message with 'doc227' #1-c51e026de7cf8de5a633f3a8066a50ab6a29d033
2019-07-22 18:00:12.421783-0700 xctest[59729:373965] CouchbaseLite Replicator Info: {Puller#15} activityLevel=busy: pendingResponseCount=0, _caughtUp=1, _pendingRevMessages=175, _activeIncomingRevs=25
2019-07-22 18:00:12.421905-0700 xctest[59729:373987] CouchbaseLite Network Verbose: {BLIPIO#14} Finished sending ERR #228
2019-07-22 18:00:12.421997-0700 xctest[59729:373987] CouchbaseLite Network Verbose: {BLIPIO#14} ...Wrote 72 bytes to WebSocket (writeable=1)
2019-07-22 18:00:12.422130-0700 xctest[59729:373968] CouchbaseLite Network Verbose: {BLIPIO#13} Sending 'rev' REQ #230 Z
2019-07-22 18:00:12.422242-0700 xctest[59729:373964] CouchbaseLite Replicator Info: {pusher#16} activityLevel=busy: pendingResponseCount=14, caughtUp=1, changeLists=0, revsInFlight=10, blobsInFlight=0, awaitingReply=928, revsToSend=173, pushingDocs=187, pendingSequences=0
2019-07-22 18:00:12.422338-0700 xctest[59729:373989] CouchbaseLite Replicator Info: {Repl#8} pushStatus=stopped, pullStatus=busy, progress=32142/56992
2019-07-22 18:00:12.422474-0700 xctest[59729:373989] CouchbaseLite Replicator Verbose: {Repl#8} progress +142/+0, 0 docs -- now 32142 / 56992, 200 docs
2019-07-22 18:00:12.422578-0700 xctest[59729:373989] CouchbaseLite Replicator Info: {Repl#8} activityLevel=busy: connectionState=2
2019-07-22 18:00:12.422699-0700 xctest[59729:373989] CouchbaseLite Replicator Info: {Repl#8} pushStatus=stopped, pullStatus=busy, progress=32142/56992
2019-07-22 18:00:12.422816-0700 xctest[59729:373968] CouchbaseLite Network Verbose: {BLIPIO#13} Sending frame: REQ #230 ---C, bytes 0--17
2019-07-22 18:00:12.422905-0700 xctest[59729:373964] CouchbaseLite Replicator Debug: {pusher#16} Transmitted 'rev' doc218 #1-c51e026de7cf8de5a633f3a8066a50ab6a29d033 (seq #218)
2019-07-22 18:00:12.423024-0700 xctest[59729:373964] CouchbaseLite Replicator Verbose: {pusher#16} Sending rev doc228 1-c51e026de7cf8de5a633f3a8066a50ab6a29d033 (seq #228) [10/10]
2019-07-22 18:00:12.423159-0700 xctest[59729:374005] CouchbaseLite Replicator Verbose: {IncomingRev#26} Received revision 'doc226' #1-c51e026de7cf8de5a633f3a8066a50ab6a29d033 (seq '226')
2019-07-22 18:00:12.423290-0700 xctest[59729:374007] CouchbaseLite Network Debug: {LoopbackWS#11} SEND: e4010221 4572726f 722d446f 6d61696e 00485454 50004572 726f722d 436f6465 00343033 0072656a 65637465 64206279 2076616c 69646174 696f6e20 66756e63... [72]
2019-07-22 18:00:12.423430-0700 xctest[59729:373968] CouchbaseLite Network Verbose: {BLIPIO#13} Finished sending REQ #230 Z
2019-07-22 18:00:12.423533-0700 xctest[59729:373989] CouchbaseLite Network Debug: {LoopbackWS#12} SEND: e60108c2 ea4f0ada 43044fa5 1e207f02 00c6da12 f8
2019-07-22 18:00:12.423652-0700 xctest[59729:373965] CouchbaseLite Replicator Info: {Puller#15} activityLevel=busy: pendingResponseCount=0, _caughtUp=1, _pendingRevMessages=174, _activeIncomingRevs=26
2019-07-22 18:00:12.423767-0700 xctest[59729:373964] CouchbaseLite Replicator Verbose: {pusher#16} Reading document 'doc228' #1-c51e026de7cf8de5a633f3a8066a50ab6a29d033
2019-07-22 18:00:12.423887-0700 xctest[59729:373968] CouchbaseLite Network Verbose: {BLIPIO#13} ...Wrote 21 bytes to WebSocket (writeable=1)
2019-07-22 18:00:12.424011-0700 xctest[59729:374007] CouchbaseLite Network Debug: {LoopbackWS#11} RECEIVED: e60108c2 ea4f0ada 43044fa5 1e207f02 00c6da12 f8
2019-07-22 18:00:12.424098-0700 xctest[59729:373989] CouchbaseLite Network Debug: {LoopbackWS#12} RECEIVED: e4010221 4572726f 722d446f 6d61696e 00485454 50004572 726f722d 436f6465 00343033 0072656a 65637465 64206279 2076616c 69646174 696f6e20 66756e63... [72]
2019-07-22 18:00:12.424194-0700 xctest[59729:374005] CouchbaseLite Replicator Info: {IncomingRev#26} Rejected by pull validator function
2019-07-22 18:00:12.424320-0700 xctest[59729:373964] CouchbaseLite Replicator Verbose: {pusher#16} Transmitting 'rev' message with 'doc228' #1-c51e026de7cf8de5a633f3a8066a50ab6a29d033
2019-07-22 18:00:12.424471-0700 xctest[59729:373968] CouchbaseLite Network Verbose: {BLIPIO#14} Received frame: REQ #230 ---C, length 18
2019-07-22 18:00:12.424579-0700 xctest[59729:374007] CouchbaseLite Network Verbose: {BLIPIO#13} Received frame: ERR #228 ----, length 69
2019-07-22 18:00:12.424683-0700 xctest[59729:373989] CouchbaseLite Replicator Info: {Repl#8} documentEnded doc226 1-c51e026de7cf8de5a633f3a8066a50ab6a29d033 flags=08 (6/403)
2019-07-22 18:00:12.424775-0700 xctest[59729:373964] CouchbaseLite Replicator Info: {pusher#16} activityLevel=busy: pendingResponseCount=15, caughtUp=1, changeLists=0, revsInFlight=10, blobsInFlight=0, awaitingReply=1160, revsToSend=172, pushingDocs=187, pendingSequences=0
2019-07-22 18:00:12.424879-0700 xctest[59729:373968] CouchbaseLite Network Verbose: {Connection#7} Receiving 'rev' REQ #230 Z
2019-07-22 18:00:12.424964-0700 xctest[59729:374007] CouchbaseLite Network Verbose: {Connection#9} Receiving ERR #228
2019-07-22 18:00:12.425052-0700 xctest[59729:373989] CouchbaseLite Replicator Verbose: {Puller#15} Checkpoint now at 226
2019-07-22 18:00:12.425135-0700 xctest[59729:373964] CouchbaseLite Replicator ERROR: {pusher#16} Got error response to rev 'doc214' #1-c51e026de7cf8de5a633f3a8066a50ab6a29d033 (seq #214): HTTP 403 'rejected by validation function'
2019-07-22 18:00:12.425288-0700 xctest[59729:373964] CouchbaseLite Replicator Info: {repl#10} documentEnded doc214 1-c51e026de7cf8de5a633f3a8066a50ab6a29d033 flags=0a (6/403)
2019-07-22 18:00:12.425394-0700 xctest[59729:374007] CouchbaseLite Network Verbose: {Connection#9} Finished receiving ERR #228
2019-07-22 18:00:12.425494-0700 xctest[59729:373989] CouchbaseLite Replicator Verbose: {Puller#15} progress +142/+0, 0 docs -- now 32284 / 56992, 200 docs
2019-07-22 18:00:12.425576-0700 xctest[59729:373989] CouchbaseLite Replicator Info: {Puller#15} activityLevel=busy: pendingResponseCount=0, _caughtUp=1, _pendingRevMessages=174, _activeIncomingRevs=26
2019-07-22 18:00:12.425666-0700 xctest[59729:373964] CouchbaseLite Replicator Debug: {pusher#16} Done pushing 'doc214' 1-c51e026de7cf8de5a633f3a8066a50ab6a29d033
2019-07-22 18:00:12.425757-0700 xctest[59729:374007] CouchbaseLite Network Verbose: {BLIPIO#13} Sending 'rev' REQ #231 Z
2019-07-22 18:00:12.425846-0700 xctest[59729:373968] CouchbaseLite Network Verbose: {Connection#7} Finished receiving 'rev' REQ #230 Z
2019-07-22 18:00:12.425939-0700 xctest[59729:374005] CouchbaseLite Replicator Info: {Repl#8} pushStatus=stopped, pullStatus=busy, progress=32284/56992
2019-07-22 18:00:12.426019-0700 xctest[59729:374005] CouchbaseLite Replicator Verbose: {Repl#8} progress +142/+0, 0 docs -- now 32284 / 56992, 200 docs
2019-07-22 18:00:12.426096-0700 xctest[59729:374007] CouchbaseLite Network Verbose: {BLIPIO#13} Sending frame: REQ #231 ---C, bytes 0--17
2019-07-22 18:00:12.426191-0700 xctest[59729:373989] CouchbaseLite Replicator Info: {Puller#15} activityLevel=busy: pendingResponseCount=0, _caughtUp=1, _pendingRevMessages=173, _activeIncomingRevs=27
2019-07-22 18:00:12.426281-0700 xctest[59729:373968] CouchbaseLite Network Verbose: {BLIPIO#14} Sending ERR #229
2019-07-22 18:00:12.426369-0700 xctest[59729:373965] CouchbaseLite Replicator Verbose: {IncomingRev#26} Received revision 'doc227' #1-c51e026de7cf8de5a633f3a8066a50ab6a29d033 (seq '227')
2019-07-22 18:00:12.426459-0700 xctest[59729:373964] CouchbaseLite Replicator Info: {pusher#16} activityLevel=busy: pendingResponseCount=14, caughtUp=1, changeLists=0, revsInFlight=10, blobsInFlight=0, awaitingReply=928, revsToSend=172, pushingDocs=186, pendingSequences=0
2019-07-22 18:00:12.426569-0700 xctest[59729:374005] CouchbaseLite Replicator Info: {Repl#8} activityLevel=busy: connectionState=2
2019-07-22 18:00:12.426684-0700 xctest[59729:374005] CouchbaseLite Replicator Info: {Repl#8} pushStatus=stopped, pullStatus=busy, progress=32284/56992
2019-07-22 18:00:12.426792-0700 xctest[59729:373987] CouchbaseLite Network Debug: {LoopbackWS#12} SEND: e70108c2 ea4f0ada 43044fa5 1e207f02 004f850c f2
2019-07-22 18:00:12.426920-0700 xctest[59729:373968] CouchbaseLite Network Verbose: {BLIPIO#14} Sending frame: ERR #229 ----, bytes 0--68
2019-07-22 18:00:12.427041-0700 xctest[59729:373964] CouchbaseLite Replicator ERROR: {pusher#16} Got error response to rev 'doc215' #1-c51e026de7cf8de5a633f3a8066a50ab6a29d033 (seq #215): HTTP 403 'rejected by validation function'
2019-07-22 18:00:12.427209-0700 xctest[59729:374007] CouchbaseLite Network Verbose: {BLIPIO#13} Finished sending REQ #231 Z
2019-07-22 18:00:12.427312-0700 xctest[59729:373965] CouchbaseLite Replicator Info: {IncomingRev#26} Rejected by pull validator function
2019-07-22 18:00:12.427428-0700 xctest[59729:373987] CouchbaseLite Network Debug: {LoopbackWS#11} RECEIVED: e70108c2 ea4f0ada 43044fa5 1e207f02 004f850c f2
2019-07-22 18:00:12.427536-0700 xctest[59729:373968] CouchbaseLite Network Verbose: {BLIPIO#14} Finished sending ERR #229
2019-07-22 18:00:12.427633-0700 xctest[59729:373968] CouchbaseLite Network Verbose: {BLIPIO#14} ...Wrote 72 bytes to WebSocket (writeable=1)
2019-07-22 18:00:12.427718-0700 xctest[59729:374007] CouchbaseLite Network Verbose: {BLIPIO#13} ...Wrote 21 bytes to WebSocket (writeable=1)
2019-07-22 18:00:12.427815-0700 xctest[59729:374005] CouchbaseLite Replicator Info: {Repl#8} documentEnded doc227 1-c51e026de7cf8de5a633f3a8066a50ab6a29d033 flags=08 (6/403)
2019-07-22 18:00:12.427916-0700 xctest[59729:373964] CouchbaseLite Replicator Info: {repl#10} documentEnded doc215 1-c51e026de7cf8de5a633f3a8066a50ab6a29d033 flags=0a (6/403)
2019-07-22 18:00:12.428012-0700 xctest[59729:373987] CouchbaseLite Network Debug: {LoopbackWS#11} SEND: e5010221 4572726f 722d446f 6d61696e 00485454 50004572 726f722d 436f6465 00343033 0072656a 65637465 64206279 2076616c 69646174 696f6e20 66756e63... [72]
2019-07-22 18:00:12.428111-0700 xctest[59729:373968] CouchbaseLite Network Verbose: {BLIPIO#14} Sending ERR #230
2019-07-22 18:00:12.428231-0700 xctest[59729:374005] CouchbaseLite Replicator Verbose: {Puller#15} Checkpoint now at 227
2019-07-22 18:00:12.428321-0700 xctest[59729:373964] CouchbaseLite Replicator Debug: {pusher#16} Done pushing 'doc215' 1-c51e026de7cf8de5a633f3a8066a50ab6a29d033
2019-07-22 18:00:12.428414-0700 xctest[59729:373987] CouchbaseLite Network Debug: {LoopbackWS#12} RECEIVED: e5010221 4572726f 722d446f 6d61696e 00485454 50004572 726f722d 436f6465 00343033 0072656a 65637465 64206279 2076616c 69646174 696f6e20 66756e63... [72]
2019-07-22 18:00:12.428501-0700 xctest[59729:373968] CouchbaseLite Network Verbose: {BLIPIO#14} Sending frame: ERR #230 ----, bytes 0--68
2019-07-22 18:00:12.428620-0700 xctest[59729:374005] CouchbaseLite Replicator Verbose: {Puller#15} progress +142/+0, 0 docs -- now 32426 / 56992, 200 docs
2019-07-22 18:00:12.428732-0700 xctest[59729:373964] CouchbaseLite Replicator Info: {pusher#16} activityLevel=busy: pendingResponseCount=13, caughtUp=1, changeLists=0, revsInFlight=10, blobsInFlight=0, awaitingReply=696, revsToSend=172, pushingDocs=185, pendingSequences=0
2019-07-22 18:00:12.428825-0700 xctest[59729:374007] CouchbaseLite Network Verbose: {BLIPIO#13} Received frame: ERR #229 ----, length 69
2019-07-22 18:00:12.428920-0700 xctest[59729:373968] CouchbaseLite Network Verbose: {BLIPIO#14} Finished sending ERR #230
2019-07-22 18:00:12.429007-0700 xctest[59729:373987] CouchbaseLite Network Debug: {LoopbackWS#11} SEND: e6010221 4572726f 722d446f 6d61696e 00485454 50004572 726f722d 436f6465 00343033 0072656a 65637465 64206279 2076616c 69646174 696f6e20 66756e63... [72]
2019-07-22 18:00:12.429098-0700 xctest[59729:374005] CouchbaseLite Replicator Info: {Puller#15} activityLevel=busy: pendingResponseCount=0, _caughtUp=1, _pendingRevMessages=173, _activeIncomingRevs=27
2019-07-22 18:00:12.429196-0700 xctest[59729:373964] CouchbaseLite Replicator ERROR: {pusher#16} Got error response to rev 'doc216' #1-c51e026de7cf8de5a633f3a8066a50ab6a29d033 (seq #216): HTTP 403 'rejected by validation function'
2019-07-22 18:00:12.429352-0700 xctest[59729:374007] CouchbaseLite Network Verbose: {Connection#9} Receiving ERR #229
2019-07-22 18:00:12.429440-0700 xctest[59729:373968] CouchbaseLite Network Verbose: {BLIPIO#14} ...Wrote 72 bytes to WebSocket (writeable=1)
2019-07-22 18:00:12.429534-0700 xctest[59729:373965] CouchbaseLite Network Debug: {LoopbackWS#12} RECEIVED: e6010221 4572726f 722d446f 6d61696e 00485454 50004572 726f722d 436f6465 00343033 0072656a 65637465 64206279 2076616c 69646174 696f6e20 66756e63... [72]
2019-07-22 18:00:12.429661-0700 xctest[59729:373987] CouchbaseLite Replicator Info: {Repl#8} pushStatus=stopped, pullStatus=busy, progress=32426/56992
2019-07-22 18:00:12.429743-0700 xctest[59729:373987] CouchbaseLite Replicator Verbose: {Repl#8} progress +142/+0, 0 docs -- now 32426 / 56992, 200 docs
2019-07-22 18:00:12.429844-0700 xctest[59729:374007] CouchbaseLite Network Verbose: {Connection#9} Finished receiving ERR #229
2019-07-22 18:00:12.429946-0700 xctest[59729:373968] CouchbaseLite Network Verbose: {BLIPIO#14} Received frame: REQ #231 ---C, length 18
2019-07-22 18:00:12.430059-0700 xctest[59729:373964] CouchbaseLite Replicator Info: {repl#10} documentEnded doc216 1-c51e026de7cf8de5a633f3a8066a50ab6a29d033 flags=0a (6/403)
2019-07-22 18:00:12.430150-0700 xctest[59729:373987] CouchbaseLite Replicator Info: {Repl#8} activityLevel=busy: connectionState=2
2019-07-22 18:00:12.430233-0700 xctest[59729:373987] CouchbaseLite Replicator Info: {Repl#8} pushStatus=stopped, pullStatus=busy, progress=32426/56992
2019-07-22 18:00:12.430312-0700 xctest[59729:373968] CouchbaseLite Network Verbose: {Connection#7} Receiving 'rev' REQ #231 Z
2019-07-22 18:00:12.430416-0700 xctest[59729:373964] CouchbaseLite Replicator Debug: {pusher#16} Done pushing 'doc216' 1-c51e026de7cf8de5a633f3a8066a50ab6a29d033
2019-07-22 18:00:12.430527-0700 xctest[59729:374007] CouchbaseLite Network Verbose: {BLIPIO#13} Received frame: ERR #230 ----, length 69
2019-07-22 18:00:12.430616-0700 xctest[59729:373968] CouchbaseLite Network Verbose: {Connection#7} Finished receiving 'rev' REQ #231 Z
2019-07-22 18:00:12.430714-0700 xctest[59729:373987] CouchbaseLite Replicator Info: {Repl#8} activityLevel=busy: connectionState=2
2019-07-22 18:00:12.430801-0700 xctest[59729:373987] CouchbaseLite Replicator Info: {Repl#8} pushStatus=stopped, pullStatus=busy, progress=32426/56992
2019-07-22 18:00:12.430880-0700 xctest[59729:374007] CouchbaseLite Network Verbose: {Connection#9} Receiving ERR #230
2019-07-22 18:00:12.430979-0700 xctest[59729:373965] CouchbaseLite Replicator Info: {Puller#15} activityLevel=busy: pendingResponseCount=0, _caughtUp=1, _pendingRevMessages=172, _activeIncomingRevs=28
2019-07-22 18:00:12.431075-0700 xctest[59729:374005] CouchbaseLite Replicator Verbose: {IncomingRev#26} Received revision 'doc228' #1-c51e026de7cf8de5a633f3a8066a50ab6a29d033 (seq '228')
2019-07-22 18:00:12.431166-0700 xctest[59729:373964] CouchbaseLite Replicator Info: {pusher#16} activityLevel=busy: pendingResponseCount=12, caughtUp=1, changeLists=0, revsInFlight=10, blobsInFlight=0, awaitingReply=464, revsToSend=172, pushingDocs=184, pendingSequences=0
2019-07-22 18:00:12.431269-0700 xctest[59729:374007] CouchbaseLite Network Verbose: {Connection#9} Finished receiving ERR #230
2019-07-22 18:00:12.431383-0700 xctest[59729:373964] CouchbaseLite Replicator ERROR: {pusher#16} Got error response to rev 'doc217' #1-c51e026de7cf8de5a633f3a8066a50ab6a29d033 (seq #217): HTTP 403 'rejected by validation function'
2019-07-22 18:00:12.431527-0700 xctest[59729:373964] CouchbaseLite Replicator Info: {repl#10} documentEnded doc217 1-c51e026de7cf8de5a633f3a8066a50ab6a29d033 flags=0a (6/403)
2019-07-22 18:00:12.431612-0700 xctest[59729:374005] CouchbaseLite Replicator Info: {IncomingRev#26} Rejected by pull validator function
2019-07-22 18:00:12.431724-0700 xctest[59729:373964] CouchbaseLite Replicator Debug: {pusher#16} Done pushing 'doc217' 1-c51e026de7cf8de5a633f3a8066a50ab6a29d033
2019-07-22 18:00:12.431806-0700 xctest[59729:374007] CouchbaseLite Network Verbose: {BLIPIO#14} Sending ERR #231
2019-07-22 18:00:12.431894-0700 xctest[59729:373964] CouchbaseLite Replicator Info: {pusher#16} activityLevel=busy: pendingResponseCount=11, caughtUp=1, changeLists=0, revsInFlight=10, blobsInFlight=0, awaitingReply=232, revsToSend=172, pushingDocs=183, pendingSequences=0
2019-07-22 18:00:12.431975-0700 xctest[59729:373965] CouchbaseLite Replicator Info: {Repl#8} documentEnded doc228 1-c51e026de7cf8de5a633f3a8066a50ab6a29d033 flags=08 (6/403)
2019-07-22 18:00:12.432065-0700 xctest[59729:374007] CouchbaseLite Network Verbose: {BLIPIO#14} Sending frame: ERR #231 ----, bytes 0--68
2019-07-22 18:00:12.432148-0700 xctest[59729:373964] CouchbaseLite Replicator Debug: {pusher#16} Transmitted 'rev' doc219 #1-c51e026de7cf8de5a633f3a8066a50ab6a29d033 (seq #219)
2019-07-22 18:00:12.432245-0700 xctest[59729:373965] CouchbaseLite Replicator Verbose: {Puller#15} Checkpoint now at 228
2019-07-22 18:00:12.432330-0700 xctest[59729:374007] CouchbaseLite Network Verbose: {BLIPIO#14} Finished sending ERR #231
2019-07-22 18:00:12.432412-0700 xctest[59729:374007] CouchbaseLite Network Verbose: {BLIPIO#14} ...Wrote 72 bytes to WebSocket (writeable=1)
2019-07-22 18:00:12.432493-0700 xctest[59729:373964] CouchbaseLite Replicator Verbose: {pusher#16} Sending rev doc229 1-c51e026de7cf8de5a633f3a8066a50ab6a29d033 (seq #229) [10/10]
2019-07-22 18:00:12.432583-0700 xctest[59729:373965] CouchbaseLite Replicator Verbose: {Puller#15} progress +142/+0, 0 docs -- now 32568 / 56992, 200 docs
2019-07-22 18:00:12.432665-0700 xctest[59729:373965] CouchbaseLite Replicator Info: {Puller#15} activityLevel=busy: pendingResponseCount=0, _caughtUp=1, _pendingRevMessages=172, _activeIncomingRevs=28
2019-07-22 18:00:12.432746-0700 xctest[59729:373964] CouchbaseLite Replicator Verbose: {pusher#16} Reading document 'doc229' #1-c51e026de7cf8de5a633f3a8066a50ab6a29d033
2019-07-22 18:00:12.432831-0700 xctest[59729:374005] CouchbaseLite Network Debug: {LoopbackWS#11} SEND: e7010221 4572726f 722d446f 6d61696e 00485454 50004572 726f722d 436f6465 00343033 0072656a 65637465 64206279 2076616c 69646174 696f6e20 66756e63... [72]
2019-07-22 18:00:12.432941-0700 xctest[59729:374007] CouchbaseLite Replicator Info: {Repl#8} pushStatus=stopped, pullStatus=busy, progress=32568/56992
2019-07-22 18:00:12.433025-0700 xctest[59729:374007] CouchbaseLite Replicator Verbose: {Repl#8} progress +142/+0, 0 docs -- now 32568 / 56992, 200 docs
2019-07-22 18:00:12.433116-0700 xctest[59729:374005] CouchbaseLite Network Debug: {LoopbackWS#12} RECEIVED: e7010221 4572726f 722d446f 6d61696e 00485454 50004572 726f722d 436f6465 00343033 0072656a 65637465 64206279 2076616c 69646174 696f6e20 66756e63... [72]
2019-07-22 18:00:12.433208-0700 xctest[59729:373964] CouchbaseLite Replicator Verbose: {pusher#16} Transmitting 'rev' message with 'doc229' #1-c51e026de7cf8de5a633f3a8066a50ab6a29d033
2019-07-22 18:00:12.433300-0700 xctest[59729:374007] CouchbaseLite Replicator Info: {Repl#8} activityLevel=busy: connectionState=2
