2019-07-22 18:00:11.319496-0700 xctest[59729:373964] CouchbaseLite Replicator Info: {pusher#16} activityLevel=busy: pendingResponseCount=17, caughtUp=1, changeLists=0, revsInFlight=10, blobsInFlight=0, awaitingReply=1610, revsToSend=338, pushingDocs=355, pendingSequences=0
2019-07-22 18:00:11.319600-0700 xctest[59729:374003] CouchbaseLite Replicator Verbose: {Inserter#54} {'doc158' #1-c8c16ee37b9d0041b91beafe4587497a8ee75665 <- } seq 59
2019-07-22 18:00:11.319709-0700 xctest[59729:373990] CouchbaseLite Replicator Info: {Puller#15} activityLevel=busy: pendingResponseCount=0, _caughtUp=1, _pendingRevMessages=339, _activeIncomingRevs=4
2019-07-22 18:00:11.319796-0700 xctest[59729:373968] CouchbaseLite Network Verbose: {BLIPIO#13} Sending frame: REQ #65 ---C, bytes 0--15
2019-07-22 18:00:11.319917-0700 xctest[59729:373964] CouchbaseLite Replicator Debug: {pusher#16} Transmitted 'rev' doc153 #1-c8c16ee37b9d0041b91beafe4587497a8ee75665 (seq #53)
2019-07-22 18:00:11.320013-0700 xctest[59729:373990] CouchbaseLite Replicator Info: {Puller#15} activityLevel=busy: pendingResponseCount=0, _caughtUp=1, _pendingRevMessages=339, _activeIncomingRevs=3
2019-07-22 18:00:11.320110-0700 xctest[59729:374003] CouchbaseLite Database Verbose: {DB#55} Saved 'doc159' rev #1-c8c16ee37b9d0041b91beafe4587497a8ee75665 as seq 60
2019-07-22 18:00:11.320203-0700 xctest[59729:373968] CouchbaseLite Network Verbose: {BLIPIO#13} Finished sending REQ #65 Z
2019-07-22 18:00:11.320304-0700 xctest[59729:374005] CouchbaseLite Network Debug: {LoopbackWS#12} SEND: 4108c2ea 4bf2db3e 6683b3ed 03001ec3 9e49
2019-07-22 18:00:11.320409-0700 xctest[59729:373964] CouchbaseLite Replicator Verbose: {pusher#16} Sending rev doc163 1-c8c16ee37b9d0041b91beafe4587497a8ee75665 (seq #63) [10/10]
2019-07-22 18:00:11.320499-0700 xctest[59729:374003] CouchbaseLite Replicator Verbose: {Inserter#54} {'doc159' #1-c8c16ee37b9d0041b91beafe4587497a8ee75665 <- } seq 60
2019-07-22 18:00:11.320598-0700 xctest[59729:373968] CouchbaseLite Network Verbose: {BLIPIO#13} ...Wrote 18 bytes to WebSocket (writeable=1)
2019-07-22 18:00:11.320713-0700 xctest[59729:373990] CouchbaseLite Network Debug: {LoopbackWS#11} RECEIVED: 4108c2ea 4bf2db3e 6683b3ed 03001ec3 9e49
2019-07-22 18:00:11.320834-0700 xctest[59729:373964] CouchbaseLite Replicator Verbose: {pusher#16} Reading document 'doc163' #1-c8c16ee37b9d0041b91beafe4587497a8ee75665
2019-07-22 18:00:11.320929-0700 xctest[59729:374005] CouchbaseLite Replicator Info: {Puller#15} activityLevel=busy: pendingResponseCount=0, _caughtUp=1, _pendingRevMessages=339, _activeIncomingRevs=2
2019-07-22 18:00:11.321032-0700 xctest[59729:373968] CouchbaseLite Network Verbose: {BLIPIO#14} Received frame: REQ #65 ---C, length 16
2019-07-22 18:00:11.321142-0700 xctest[59729:373964] CouchbaseLite Replicator Verbose: {pusher#16} Transmitting 'rev' message with 'doc163' #1-c8c16ee37b9d0041b91beafe4587497a8ee75665
2019-07-22 18:00:11.321286-0700 xctest[59729:374003] CouchbaseLite Database Verbose: {DB#55} Saved 'doc160' rev #1-c8c16ee37b9d0041b91beafe4587497a8ee75665 as seq 61
2019-07-22 18:00:11.321382-0700 xctest[59729:373968] CouchbaseLite Network Verbose: {Connection#7} Receiving 'rev' REQ #65 Z
2019-07-22 18:00:11.321471-0700 xctest[59729:373964] CouchbaseLite Replicator Info: {pusher#16} activityLevel=busy: pendingResponseCount=18, caughtUp=1, changeLists=0, revsInFlight=10, blobsInFlight=0, awaitingReply=1840, revsToSend=337, pushingDocs=355, pendingSequences=0
2019-07-22 18:00:11.321576-0700 xctest[59729:374005] CouchbaseLite Network Verbose: {BLIPIO#13} Sending 'rev' REQ #66 Z
2019-07-22 18:00:11.321678-0700 xctest[59729:374003] CouchbaseLite Replicator Verbose: {Inserter#54} {'doc160' #1-c8c16ee37b9d0041b91beafe4587497a8ee75665 <- } seq 61
2019-07-22 18:00:11.321767-0700 xctest[59729:373968] CouchbaseLite Network Verbose: {Connection#7} Finished receiving 'rev' REQ #65 Z
2019-07-22 18:00:11.321869-0700 xctest[59729:373964] CouchbaseLite Replicator Verbose: {pusher#16} Completed rev doc146 #1-c8c16ee37b9d0041b91beafe4587497a8ee75665 (seq #46)
2019-07-22 18:00:11.321964-0700 xctest[59729:373964] CouchbaseLite Replicator Debug: {pusher#16} Done pushing 'doc146' 1-c8c16ee37b9d0041b91beafe4587497a8ee75665
2019-07-22 18:00:11.322053-0700 xctest[59729:374003] CouchbaseLite Database Verbose: {DB#55} commit transaction
2019-07-22 18:00:11.322165-0700 xctest[59729:373990] CouchbaseLite Replicator Info: {Puller#15} activityLevel=busy: pendingResponseCount=0, _caughtUp=1, _pendingRevMessages=339, _activeIncomingRevs=1
2019-07-22 18:00:11.322276-0700 xctest[59729:373990] CouchbaseLite Replicator Info: {Puller#15} activityLevel=busy: pendingResponseCount=0, _caughtUp=1, _pendingRevMessages=338, _activeIncomingRevs=2
2019-07-22 18:00:11.322376-0700 xctest[59729:373964] CouchbaseLite Replicator Verbose: {pusher#16} progress +0/+0, 1 docs -- now 0 / 56800, 46 docs
2019-07-22 18:00:11.322481-0700 xctest[59729:374005] CouchbaseLite Network Verbose: {BLIPIO#13} Sending frame: REQ #66 ---C, bytes 0--15
2019-07-22 18:00:11.322586-0700 xctest[59729:373989] CouchbaseLite Replicator Verbose: {IncomingRev#42} Received revision 'doc162' #1-c8c16ee37b9d0041b91beafe4587497a8ee75665 (seq '62')
2019-07-22 18:00:11.322697-0700 xctest[59729:374003] CouchbaseLite Replicator Info: {Inserter#54} Inserted 8 revs in 9.00ms ( 889/sec) of which 99.8% was commit
2019-07-22 18:00:11.322818-0700 xctest[59729:373964] CouchbaseLite Replicator Info: {pusher#16} activityLevel=busy: pendingResponseCount=17, caughtUp=1, changeLists=0, revsInFlight=10, blobsInFlight=0, awaitingReply=1610, revsToSend=337, pushingDocs=354, pendingSequences=0
2019-07-22 18:00:11.322925-0700 xctest[59729:374005] CouchbaseLite Network Verbose: {BLIPIO#13} Finished sending REQ #66 Z
2019-07-22 18:00:11.323033-0700 xctest[59729:373990] CouchbaseLite Network Debug: {LoopbackWS#12} SEND: 4208c2ea 4bf2db3e 6683b3ed 0300c433 8435
2019-07-22 18:00:11.323123-0700 xctest[59729:373964] CouchbaseLite Replicator Verbose: {pusher#16} Completed rev doc147 #1-c8c16ee37b9d0041b91beafe4587497a8ee75665 (seq #47)
2019-07-22 18:00:11.323260-0700 xctest[59729:374003] CouchbaseLite Replicator Info: {repl#10} pushStatus=busy, pullStatus=busy, progress=0/56800
2019-07-22 18:00:11.323377-0700 xctest[59729:374003] CouchbaseLite Replicator Verbose: {repl#10} progress +0/+0, 1 docs -- now 0 / 56800, 46 docs
2019-07-22 18:00:11.323456-0700 xctest[59729:374003] CouchbaseLite Replicator Info: {repl#10} activityLevel=busy: connectionState=2
2019-07-22 18:00:11.323542-0700 xctest[59729:374003] CouchbaseLite Replicator Info: {repl#10} pushStatus=busy, pullStatus=busy, progress=0/56800
2019-07-22 18:00:11.323626-0700 xctest[59729:374007] CouchbaseLite Network Verbose: {BLIPIO#14} Sending RES #56
2019-07-22 18:00:11.323746-0700 xctest[59729:373964] CouchbaseLite Replicator Debug: {pusher#16} Done pushing 'doc147' 1-c8c16ee37b9d0041b91beafe4587497a8ee75665
2019-07-22 18:00:11.323843-0700 xctest[59729:373964] CouchbaseLite Replicator Verbose: {pusher#16} progress +0/+0, 1 docs -- now 0 / 56800, 47 docs
2019-07-22 18:00:11.323916-0700 xctest[59729:373964] CouchbaseLite Replicator Info: {pusher#16} activityLevel=busy: pendingResponseCount=16, caughtUp=1, changeLists=0, revsInFlight=10, blobsInFlight=0, awaitingReply=1380, revsToSend=337, pushingDocs=353, pendingSequences=0
2019-07-22 18:00:11.324025-0700 xctest[59729:373990] CouchbaseLite Replicator Info: {Puller#15} activityLevel=busy: pendingResponseCount=0, _caughtUp=1, _pendingRevMessages=338, _activeIncomingRevs=2
2019-07-22 18:00:11.324125-0700 xctest[59729:374007] CouchbaseLite Network Verbose: {BLIPIO#14} Sending frame: RES #56 ----, bytes 0--4
2019-07-22 18:00:11.324230-0700 xctest[59729:374005] CouchbaseLite Network Verbose: {BLIPIO#13} ...Wrote 18 bytes to WebSocket (writeable=1)
2019-07-22 18:00:11.324336-0700 xctest[59729:373968] CouchbaseLite Network Debug: {LoopbackWS#11} RECEIVED: 4208c2ea 4bf2db3e 6683b3ed 0300c433 8435
2019-07-22 18:00:11.324456-0700 xctest[59729:374003] CouchbaseLite Replicator Info: {repl#10} pushStatus=busy, pullStatus=busy, progress=0/56800
2019-07-22 18:00:11.324573-0700 xctest[59729:374003] CouchbaseLite Replicator Verbose: {repl#10} progress +0/+0, 1 docs -- now 0 / 56800, 47 docs
2019-07-22 18:00:11.324699-0700 xctest[59729:374007] CouchbaseLite Network Verbose: {BLIPIO#14} Finished sending RES #56
2019-07-22 18:00:11.324783-0700 xctest[59729:373968] CouchbaseLite Network Debug: {LoopbackWS#11} SEND: 38010078 92e6c0
2019-07-22 18:00:11.324895-0700 xctest[59729:373964] CouchbaseLite Replicator Debug: {pusher#16} Transmitted 'rev' doc154 #1-c8c16ee37b9d0041b91beafe4587497a8ee75665 (seq #54)
2019-07-22 18:00:11.325017-0700 xctest[59729:374003] CouchbaseLite Replicator Info: {repl#10} activityLevel=busy: connectionState=2
2019-07-22 18:00:11.325101-0700 xctest[59729:374003] CouchbaseLite Replicator Info: {repl#10} pushStatus=busy, pullStatus=busy, progress=0/56800
2019-07-22 18:00:11.325199-0700 xctest[59729:374007] CouchbaseLite Network Verbose: {BLIPIO#14} ...Wrote 7 bytes to WebSocket (writeable=1)
2019-07-22 18:00:11.325349-0700 xctest[59729:373968] CouchbaseLite Network Debug: {LoopbackWS#12} RECEIVED: 38010078 92e6c0
2019-07-22 18:00:11.325447-0700 xctest[59729:373964] CouchbaseLite Replicator Verbose: {pusher#16} Sending rev doc164 1-c8c16ee37b9d0041b91beafe4587497a8ee75665 (seq #64) [10/10]
2019-07-22 18:00:11.325554-0700 xctest[59729:373990] CouchbaseLite Replicator Verbose: {Puller#15} Checkpoint now at 60
2019-07-22 18:00:11.325647-0700 xctest[59729:374007] CouchbaseLite Network Verbose: {BLIPIO#14} Sending RES #57
2019-07-22 18:00:11.325747-0700 xctest[59729:374003] CouchbaseLite Network Verbose: {BLIPIO#13} Received frame: RES #56 ----, length 5
2019-07-22 18:00:11.325839-0700 xctest[59729:373964] CouchbaseLite Replicator Verbose: {pusher#16} Reading document 'doc164' #1-c8c16ee37b9d0041b91beafe4587497a8ee75665
2019-07-22 18:00:11.325936-0700 xctest[59729:373990] CouchbaseLite Replicator Verbose: {Puller#15} progress +1136/+0, 8 docs -- now 8712 / 56992, 60 docs
2019-07-22 18:00:11.326046-0700 xctest[59729:373990] CouchbaseLite Replicator Info: {Puller#15} activityLevel=busy: pendingResponseCount=0, _caughtUp=1, _pendingRevMessages=338, _activeIncomingRevs=2
2019-07-22 18:00:11.326133-0700 xctest[59729:374003] CouchbaseLite Network Verbose: {Connection#9} Receiving RES #56
2019-07-22 18:00:11.326230-0700 xctest[59729:374007] CouchbaseLite Network Verbose: {BLIPIO#14} Sending frame: RES #57 ----, bytes 0--4
2019-07-22 18:00:11.326330-0700 xctest[59729:373990] CouchbaseLite Replicator Info: {Puller#15} activityLevel=busy: pendingResponseCount=0, _caughtUp=1, _pendingRevMessages=338, _activeIncomingRevs=2
2019-07-22 18:00:11.326446-0700 xctest[59729:373968] CouchbaseLite Replicator Info: {Repl#8} pushStatus=stopped, pullStatus=busy, progress=8712/56992
2019-07-22 18:00:11.326530-0700 xctest[59729:373968] CouchbaseLite Replicator Verbose: {Repl#8} progress +1136/+0, 8 docs -- now 8712 / 56992, 60 docs
2019-07-22 18:00:11.326611-0700 xctest[59729:373968] CouchbaseLite Replicator Info: {Repl#8} activityLevel=busy: connectionState=2
2019-07-22 18:00:11.326699-0700 xctest[59729:373968] CouchbaseLite Replicator Info: {Repl#8} pushStatus=stopped, pullStatus=busy, progress=8712/56992
2019-07-22 18:00:11.326795-0700 xctest[59729:374005] CouchbaseLite Network Debug: {LoopbackWS#11} SEND: 39010049 1ebfdb
2019-07-22 18:00:11.326899-0700 xctest[59729:373990] CouchbaseLite Replicator Info: {Puller#15} activityLevel=busy: pendingResponseCount=0, _caughtUp=1, _pendingRevMessages=338, _activeIncomingRevs=2
2019-07-22 18:00:11.326997-0700 xctest[59729:373990] CouchbaseLite Replicator Info: {Puller#15} activityLevel=busy: pendingResponseCount=0, _caughtUp=1, _pendingRevMessages=338, _activeIncomingRevs=2
2019-07-22 18:00:11.327081-0700 xctest[59729:374003] CouchbaseLite Network Verbose: {Connection#9} Finished receiving RES #56
2019-07-22 18:00:11.327166-0700 xctest[59729:374007] CouchbaseLite Network Verbose: {BLIPIO#14} Finished sending RES #57
2019-07-22 18:00:11.327253-0700 xctest[59729:374005] CouchbaseLite Network Debug: {LoopbackWS#12} RECEIVED: 39010049 1ebfdb
2019-07-22 18:00:11.327355-0700 xctest[59729:373964] CouchbaseLite Replicator Verbose: {pusher#16} Transmitting 'rev' message with 'doc164' #1-c8c16ee37b9d0041b91beafe4587497a8ee75665
2019-07-22 18:00:11.327451-0700 xctest[59729:373990] CouchbaseLite Replicator Info: {Puller#15} activityLevel=busy: pendingResponseCount=0, _caughtUp=1, _pendingRevMessages=338, _activeIncomingRevs=2
2019-07-22 18:00:11.327549-0700 xctest[59729:374007] CouchbaseLite Network Verbose: {BLIPIO#14} ...Wrote 7 bytes to WebSocket (writeable=1)
2019-07-22 18:00:11.327654-0700 xctest[59729:373968] CouchbaseLite Network Verbose: {BLIPIO#13} Received frame: RES #57 ----, length 5
2019-07-22 18:00:11.327749-0700 xctest[59729:373964] CouchbaseLite Replicator Info: {pusher#16} activityLevel=busy: pendingResponseCount=17, caughtUp=1, changeLists=0, revsInFlight=10, blobsInFlight=0, awaitingReply=1610, revsToSend=336, pushingDocs=353, pendingSequences=0
2019-07-22 18:00:11.327845-0700 xctest[59729:373990] CouchbaseLite Replicator Info: {Puller#15} activityLevel=busy: pendingResponseCount=0, _caughtUp=1, _pendingRevMessages=338, _activeIncomingRevs=2
2019-07-22 18:00:11.327933-0700 xctest[59729:374007] CouchbaseLite Network Verbose: {BLIPIO#14} Sending RES #58
2019-07-22 18:00:11.328026-0700 xctest[59729:373968] CouchbaseLite Network Verbose: {Connection#9} Receiving RES #57
2019-07-22 18:00:11.328140-0700 xctest[59729:373964] CouchbaseLite Replicator Verbose: {pusher#16} Completed rev doc148 #1-c8c16ee37b9d0041b91beafe4587497a8ee75665 (seq #48)
2019-07-22 18:00:11.328223-0700 xctest[59729:373990] CouchbaseLite Replicator Info: {Puller#15} activityLevel=busy: pendingResponseCount=0, _caughtUp=1, _pendingRevMessages=338, _activeIncomingRevs=2
2019-07-22 18:00:11.328316-0700 xctest[59729:374007] CouchbaseLite Network Verbose: {BLIPIO#14} Sending frame: RES #58 ----, bytes 0--4
2019-07-22 18:00:11.328417-0700 xctest[59729:373968] CouchbaseLite Network Verbose: {Connection#9} Finished receiving RES #57
2019-07-22 18:00:11.328528-0700 xctest[59729:373964] CouchbaseLite Replicator Debug: {pusher#16} Done pushing 'doc148' 1-c8c16ee37b9d0041b91beafe4587497a8ee75665
2019-07-22 18:00:11.328621-0700 xctest[59729:373964] CouchbaseLite Replicator Verbose: {pusher#16} progress +0/+0, 1 docs -- now 0 / 56800, 48 docs
2019-07-22 18:00:11.328697-0700 xctest[59729:373964] CouchbaseLite Replicator Info: {pusher#16} activityLevel=busy: pendingResponseCount=16, caughtUp=1, changeLists=0, revsInFlight=10, blobsInFlight=0, awaitingReply=1380, revsToSend=336, pushingDocs=352, pendingSequences=0
2019-07-22 18:00:11.328797-0700 xctest[59729:374005] CouchbaseLite Network Debug: {LoopbackWS#11} SEND: 3a0100c3 4afa6e
2019-07-22 18:00:11.328894-0700 xctest[59729:373968] CouchbaseLite Network Verbose: {BLIPIO#13} Sending 'rev' REQ #67 Z
2019-07-22 18:00:11.328979-0700 xctest[59729:373990] CouchbaseLite Replicator Info: {Puller#15} activityLevel=busy: pendingResponseCount=0, _caughtUp=1, _pendingRevMessages=338, _activeIncomingRevs=2
2019-07-22 18:00:11.329080-0700 xctest[59729:374007] CouchbaseLite Network Verbose: {BLIPIO#14} Finished sending RES #58
2019-07-22 18:00:11.329156-0700 xctest[59729:374007] CouchbaseLite Network Verbose: {BLIPIO#14} ...Wrote 7 bytes to WebSocket (writeable=1)
2019-07-22 18:00:11.329247-0700 xctest[59729:374003] CouchbaseLite Replicator Info: {repl#10} pushStatus=busy, pullStatus=busy, progress=0/56800
2019-07-22 18:00:11.329342-0700 xctest[59729:374003] CouchbaseLite Replicator Verbose: {repl#10} progress +0/+0, 1 docs -- now 0 / 56800, 48 docs
2019-07-22 18:00:11.329411-0700 xctest[59729:374003] CouchbaseLite Replicator Info: {repl#10} activityLevel=busy: connectionState=2
2019-07-22 18:00:11.329508-0700 xctest[59729:374003] CouchbaseLite Replicator Info: {repl#10} pushStatus=busy, pullStatus=busy, progress=0/56800
2019-07-22 18:00:11.329603-0700 xctest[59729:373964] CouchbaseLite Replicator Verbose: {pusher#16} Completed rev doc149 #1-c8c16ee37b9d0041b91beafe4587497a8ee75665 (seq #49)
2019-07-22 18:00:11.329709-0700 xctest[59729:374007] CouchbaseLite Network Verbose: {BLIPIO#14} Sending RES #59
2019-07-22 18:00:11.329804-0700 xctest[59729:373989] CouchbaseLite Network Debug: {LoopbackWS#12} RECEIVED: 3a0100c3 4afa6e
2019-07-22 18:00:11.329890-0700 xctest[59729:373968] CouchbaseLite Network Verbose: {BLIPIO#13} Sending frame: REQ #67 ---C, bytes 0--15
2019-07-22 18:00:11.329994-0700 xctest[59729:373990] CouchbaseLite Replicator Info: {Puller#15} activityLevel=busy: pendingResponseCount=0, _caughtUp=1, _pendingRevMessages=338, _activeIncomingRevs=2
2019-07-22 18:00:11.330094-0700 xctest[59729:373964] CouchbaseLite Replicator Debug: {pusher#16} Done pushing 'doc149' 1-c8c16ee37b9d0041b91beafe4587497a8ee75665
2019-07-22 18:00:11.330173-0700 xctest[59729:373964] CouchbaseLite Replicator Verbose: {pusher#16} progress +0/+0, 1 docs -- now 0 / 56800, 49 docs
2019-07-22 18:00:11.330250-0700 xctest[59729:373964] CouchbaseLite Replicator Info: {pusher#16} activityLevel=busy: pendingResponseCount=15, caughtUp=1, changeLists=0, revsInFlight=10, blobsInFlight=0, awaitingReply=1150, revsToSend=336, pushingDocs=351, pendingSequences=0
2019-07-22 18:00:11.330338-0700 xctest[59729:373989] CouchbaseLite Network Debug: {LoopbackWS#12} SEND: 4308c2ea 4bf2db3e 6683b3ed 030002b0 192f
2019-07-22 18:00:11.330425-0700 xctest[59729:374007] CouchbaseLite Network Verbose: {BLIPIO#14} Sending frame: RES #59 ----, bytes 0--4
2019-07-22 18:00:11.330516-0700 xctest[59729:373968] CouchbaseLite Network Verbose: {BLIPIO#13} Finished sending REQ #67 Z
2019-07-22 18:00:11.330607-0700 xctest[59729:373990] CouchbaseLite Replicator Info: {repl#10} pushStatus=busy, pullStatus=busy, progress=0/56800
2019-07-22 18:00:11.330695-0700 xctest[59729:373990] CouchbaseLite Replicator Verbose: {repl#10} progress +0/+0, 1 docs -- now 0 / 56800, 49 docs
2019-07-22 18:00:11.330787-0700 xctest[59729:373990] CouchbaseLite Replicator Info: {repl#10} activityLevel=busy: connectionState=2
2019-07-22 18:00:11.330886-0700 xctest[59729:374007] CouchbaseLite Network Verbose: {BLIPIO#14} Finished sending RES #59
2019-07-22 18:00:11.330977-0700 xctest[59729:374007] CouchbaseLite Network Verbose: {BLIPIO#14} ...Wrote 7 bytes to WebSocket (writeable=1)
2019-07-22 18:00:11.331070-0700 xctest[59729:373964] CouchbaseLite Replicator Debug: {pusher#16} Transmitted 'rev' doc155 #1-c8c16ee37b9d0041b91beafe4587497a8ee75665 (seq #55)
2019-07-22 18:00:11.331161-0700 xctest[59729:374003] CouchbaseLite Network Debug: {LoopbackWS#11} RECEIVED: 4308c2ea 4bf2db3e 6683b3ed 030002b0 192f
2019-07-22 18:00:11.331257-0700 xctest[59729:373990] CouchbaseLite Replicator Info: {repl#10} pushStatus=busy, pullStatus=busy, progress=0/56800
2019-07-22 18:00:11.331347-0700 xctest[59729:373968] CouchbaseLite Network Verbose: {BLIPIO#13} ...Wrote 18 bytes to WebSocket (writeable=1)
2019-07-22 18:00:11.331433-0700 xctest[59729:374007] CouchbaseLite Network Verbose: {BLIPIO#14} Sending RES #60
2019-07-22 18:00:11.331535-0700 xctest[59729:373964] CouchbaseLite Replicator Verbose: {pusher#16} Sending rev doc165 1-c8c16ee37b9d0041b91beafe4587497a8ee75665 (seq #65) [10/10]
2019-07-22 18:00:11.331629-0700 xctest[59729:374003] CouchbaseLite Network Debug: {LoopbackWS#11} SEND: 3b010078 cbe928
2019-07-22 18:00:11.331725-0700 xctest[59729:373968] CouchbaseLite Network Verbose: {BLIPIO#13} Received frame: RES #58 ----, length 5
2019-07-22 18:00:11.331821-0700 xctest[59729:374007] CouchbaseLite Network Verbose: {BLIPIO#14} Sending frame: RES #60 ----, bytes 0--4
2019-07-22 18:00:11.331907-0700 xctest[59729:373964] CouchbaseLite Replicator Verbose: {pusher#16} Reading document 'doc165' #1-c8c16ee37b9d0041b91beafe4587497a8ee75665
2019-07-22 18:00:11.331998-0700 xctest[59729:373990] CouchbaseLite Network Debug: {LoopbackWS#12} RECEIVED: 3b010078 cbe928
2019-07-22 18:00:11.332088-0700 xctest[59729:373968] CouchbaseLite Network Verbose: {Connection#9} Receiving RES #58
2019-07-22 18:00:11.332236-0700 xctest[59729:374007] CouchbaseLite Network Verbose: {BLIPIO#14} Finished sending RES #60
2019-07-22 18:00:11.332326-0700 xctest[59729:374007] CouchbaseLite Network Verbose: {BLIPIO#14} ...Wrote 7 bytes to WebSocket (writeable=1)
2019-07-22 18:00:11.332409-0700 xctest[59729:373964] CouchbaseLite Replicator Verbose: {pusher#16} Transmitting 'rev' message with 'doc165' #1-c8c16ee37b9d0041b91beafe4587497a8ee75665
2019-07-22 18:00:11.332525-0700 xctest[59729:373968] CouchbaseLite Network Verbose: {Connection#9} Finished receiving RES #58
2019-07-22 18:00:11.332618-0700 xctest[59729:374003] CouchbaseLite Network Debug: {LoopbackWS#11} SEND: 3c0100e7 cf8c9e
2019-07-22 18:00:11.332703-0700 xctest[59729:374007] CouchbaseLite Network Verbose: {BLIPIO#14} Sending RES #61
2019-07-22 18:00:11.332819-0700 xctest[59729:373964] CouchbaseLite Replicator Info: {pusher#16} activityLevel=busy: pendingResponseCount=16, caughtUp=1, changeLists=0, revsInFlight=10, blobsInFlight=0, awaitingReply=1380, revsToSend=335, pushingDocs=351, pendingSequences=0
2019-07-22 18:00:11.332910-0700 xctest[59729:373968] CouchbaseLite Network Verbose: {BLIPIO#13} Received frame: RES #59 ----, length 5
2019-07-22 18:00:11.333015-0700 xctest[59729:373990] CouchbaseLite Network Debug: {LoopbackWS#12} RECEIVED: 3c0100e7 cf8c9e
2019-07-22 18:00:11.333120-0700 xctest[59729:374007] CouchbaseLite Network Verbose: {BLIPIO#14} Sending frame: RES #61 ----, bytes 0--4
2019-07-22 18:00:11.333200-0700 xctest[59729:373964] CouchbaseLite Replicator Verbose: {pusher#16} Completed rev doc150 #1-c8c16ee37b9d0041b91beafe4587497a8ee75665 (seq #50)
2019-07-22 18:00:11.333288-0700 xctest[59729:373968] CouchbaseLite Network Verbose: {Connection#9} Receiving RES #59
2019-07-22 18:00:11.333379-0700 xctest[59729:374007] CouchbaseLite Network Verbose: {BLIPIO#14} Finished sending RES #61
2019-07-22 18:00:11.333452-0700 xctest[59729:373990] CouchbaseLite Network Debug: {LoopbackWS#11} SEND: 3d0100c5 529e42
2019-07-22 18:00:11.333539-0700 xctest[59729:373964] CouchbaseLite Replicator Debug: {pusher#16} Done pushing 'doc150' 1-c8c16ee37b9d0041b91beafe4587497a8ee75665
2019-07-22 18:00:11.333629-0700 xctest[59729:373968] CouchbaseLite Network Verbose: {Connection#9} Finished receiving RES #59
2019-07-22 18:00:11.333720-0700 xctest[59729:374007] CouchbaseLite Network Verbose: {BLIPIO#14} ...Wrote 7 bytes to WebSocket (writeable=1)
2019-07-22 18:00:11.333813-0700 xctest[59729:374003] CouchbaseLite Network Debug: {LoopbackWS#12} RECEIVED: 3d0100c5 529e42
2019-07-22 18:00:11.333908-0700 xctest[59729:373964] CouchbaseLite Replicator Verbose: {pusher#16} progress +0/+0, 1 docs -- now 0 / 56800, 50 docs
2019-07-22 18:00:11.334000-0700 xctest[59729:373964] CouchbaseLite Replicator Info: {pusher#16} activityLevel=busy: pendingResponseCount=15, caughtUp=1, changeLists=0, revsInFlight=10, blobsInFlight=0, awaitingReply=1150, revsToSend=335, pushingDocs=350, pendingSequences=0
2019-07-22 18:00:11.334097-0700 xctest[59729:374007] CouchbaseLite Network Verbose: {BLIPIO#14} Sending RES #62
2019-07-22 18:00:11.334185-0700 xctest[59729:373968] CouchbaseLite Network Verbose: {BLIPIO#13} Sending 'rev' REQ #68 Z
2019-07-22 18:00:11.334297-0700 xctest[59729:374003] CouchbaseLite Replicator Info: {repl#10} pushStatus=busy, pullStatus=busy, progress=0/56800
2019-07-22 18:00:11.334439-0700 xctest[59729:373964] CouchbaseLite Replicator Verbose: {pusher#16} Completed rev doc151 #1-c8c16ee37b9d0041b91beafe4587497a8ee75665 (seq #51)
2019-07-22 18:00:11.334534-0700 xctest[59729:374007] CouchbaseLite Network Verbose: {BLIPIO#14} Sending frame: RES #62 ----, bytes 0--4
2019-07-22 18:00:11.334634-0700 xctest[59729:373968] CouchbaseLite Network Verbose: {BLIPIO#13} Sending frame: REQ #68 ---C, bytes 0--15
2019-07-22 18:00:11.334752-0700 xctest[59729:374003] CouchbaseLite Replicator Verbose: {repl#10} progress +0/+0, 1 docs -- now 0 / 56800, 50 docs
2019-07-22 18:00:11.334853-0700 xctest[59729:373964] CouchbaseLite Replicator Debug: {pusher#16} Done pushing 'doc151' 1-c8c16ee37b9d0041b91beafe4587497a8ee75665
2019-07-22 18:00:11.334943-0700 xctest[59729:374007] CouchbaseLite Network Verbose: {BLIPIO#14} Finished sending RES #62
2019-07-22 18:00:11.335037-0700 xctest[59729:373990] CouchbaseLite Network Debug: {LoopbackWS#11} SEND: 3e01004a 159daf
2019-07-22 18:00:11.335131-0700 xctest[59729:373968] CouchbaseLite Network Verbose: {BLIPIO#13} Finished sending REQ #68 Z
2019-07-22 18:00:11.335210-0700 xctest[59729:373989] CouchbaseLite Network Debug: {LoopbackWS#12} SEND: 4408c2ea 4bf2db3e 6683b3ed 030099ca 5a26
2019-07-22 18:00:11.335310-0700 xctest[59729:374003] CouchbaseLite Replicator Info: {repl#10} activityLevel=busy: connectionState=2
2019-07-22 18:00:11.335394-0700 xctest[59729:374003] CouchbaseLite Replicator Info: {repl#10} pushStatus=busy, pullStatus=busy, progress=0/56800
2019-07-22 18:00:11.335488-0700 xctest[59729:374007] CouchbaseLite Network Verbose: {BLIPIO#14} ...Wrote 7 bytes to WebSocket (writeable=1)
2019-07-22 18:00:11.335584-0700 xctest[59729:373968] CouchbaseLite Network Verbose: {BLIPIO#13} ...Wrote 18 bytes to WebSocket (writeable=1)
2019-07-22 18:00:11.335675-0700 xctest[59729:373989] CouchbaseLite Network Debug: {LoopbackWS#12} RECEIVED: 3e01004a 159daf
2019-07-22 18:00:11.335764-0700 xctest[59729:373990] CouchbaseLite Network Debug: {LoopbackWS#11} RECEIVED: 4408c2ea 4bf2db3e 6683b3ed 030099ca 5a26
2019-07-22 18:00:11.335865-0700 xctest[59729:373964] CouchbaseLite Replicator Verbose: {pusher#16} progress +0/+0, 1 docs -- now 0 / 56800, 51 docs
2019-07-22 18:00:11.335951-0700 xctest[59729:373964] CouchbaseLite Replicator Info: {pusher#16} activityLevel=busy: pendingResponseCount=14, caughtUp=1, changeLists=0, revsInFlight=10, blobsInFlight=0, awaitingReply=920, revsToSend=335, pushingDocs=349, pendingSequences=0
2019-07-22 18:00:11.336051-0700 xctest[59729:373968] CouchbaseLite Network Verbose: {BLIPIO#13} Received frame: RES #60 ----, length 5
2019-07-22 18:00:11.336146-0700 xctest[59729:374007] CouchbaseLite Network Verbose: {BLIPIO#14} Sending RES #63
2019-07-22 18:00:11.336228-0700 xctest[59729:373990] CouchbaseLite Replicator Info: {repl#10} pushStatus=busy, pullStatus=busy, progress=0/56800
2019-07-22 18:00:11.336320-0700 xctest[59729:373990] CouchbaseLite Replicator Verbose: {repl#10} progress +0/+0, 1 docs -- now 0 / 56800, 51 docs
2019-07-22 18:00:11.336401-0700 xctest[59729:373968] CouchbaseLite Network Verbose: {Connection#9} Receiving RES #60
2019-07-22 18:00:11.336500-0700 xctest[59729:374007] CouchbaseLite Network Verbose: {BLIPIO#14} Sending frame: RES #63 ----, bytes 0--4
2019-07-22 18:00:11.336640-0700 xctest[59729:373964] CouchbaseLite Replicator Debug: {pusher#16} Transmitted 'rev' doc156 #1-c8c16ee37b9d0041b91beafe4587497a8ee75665 (seq #56)
2019-07-22 18:00:11.336731-0700 xctest[59729:373990] CouchbaseLite Replicator Info: {repl#10} activityLevel=busy: connectionState=2
2019-07-22 18:00:11.336823-0700 xctest[59729:373990] CouchbaseLite Replicator Info: {repl#10} pushStatus=busy, pullStatus=busy, progress=0/56800
2019-07-22 18:00:11.336909-0700 xctest[59729:374007] CouchbaseLite Network Verbose: {BLIPIO#14} Finished sending RES #63
2019-07-22 18:00:11.336985-0700 xctest[59729:374007] CouchbaseLite Network Verbose: {BLIPIO#14} ...Wrote 7 bytes to WebSocket (writeable=1)
2019-07-22 18:00:11.337073-0700 xctest[59729:373964] CouchbaseLite Replicator Verbose: {pusher#16} Sending rev doc166 1-c8c16ee37b9d0041b91beafe4587497a8ee75665 (seq #66) [10/10]
2019-07-22 18:00:11.337176-0700 xctest[59729:373968] CouchbaseLite Network Verbose: {Connection#9} Finished receiving RES #60
2019-07-22 18:00:11.337277-0700 xctest[59729:373989] CouchbaseLite Network Debug: {LoopbackWS#11} SEND: 3f010094 214469
2019-07-22 18:00:11.337374-0700 xctest[59729:374007] CouchbaseLite Network Verbose: {BLIPIO#14} Received frame: REQ #66 ---C, length 16
2019-07-22 18:00:11.337467-0700 xctest[59729:373964] CouchbaseLite Replicator Verbose: {pusher#16} Reading document 'doc166' #1-c8c16ee37b9d0041b91beafe4587497a8ee75665
2019-07-22 18:00:11.337574-0700 xctest[59729:373968] CouchbaseLite Network Verbose: {BLIPIO#13} Received frame: RES #61 ----, length 5
2019-07-22 18:00:11.337662-0700 xctest[59729:373990] CouchbaseLite Network Debug: {LoopbackWS#12} RECEIVED: 3f010094 214469
2019-07-22 18:00:11.337783-0700 xctest[59729:373964] CouchbaseLite Replicator Verbose: {pusher#16} Transmitting 'rev' message with 'doc166' #1-c8c16ee37b9d0041b91beafe4587497a8ee75665
2019-07-22 18:00:11.337891-0700 xctest[59729:373968] CouchbaseLite Network Verbose: {Connection#9} Receiving RES #61
2019-07-22 18:00:11.338002-0700 xctest[59729:374007] CouchbaseLite Network Verbose: {Connection#7} Receiving 'rev' REQ #66 Z
2019-07-22 18:00:11.338089-0700 xctest[59729:373964] CouchbaseLite Replicator Info: {pusher#16} activityLevel=busy: pendingResponseCount=15, caughtUp=1, changeLists=0, revsInFlight=10, blobsInFlight=0, awaitingReply=1150, revsToSend=334, pushingDocs=349, pendingSequences=0
2019-07-22 18:00:11.338185-0700 xctest[59729:373968] CouchbaseLite Network Verbose: {Connection#9} Finished receiving RES #61
2019-07-22 18:00:11.338281-0700 xctest[59729:374007] CouchbaseLite Network Verbose: {Connection#7} Finished receiving 'rev' REQ #66 Z
2019-07-22 18:00:11.338379-0700 xctest[59729:373964] CouchbaseLite Replicator Verbose: {pusher#16} Completed rev doc152 #1-c8c16ee37b9d0041b91beafe4587497a8ee75665 (seq #52)
2019-07-22 18:00:11.338480-0700 xctest[59729:373968] CouchbaseLite Network Verbose: {BLIPIO#13} Received frame: RES #62 ----, length 5
2019-07-22 18:00:11.338592-0700 xctest[59729:374007] CouchbaseLite Network Verbose: {BLIPIO#14} Received frame: REQ #67 ---C, length 16
2019-07-22 18:00:11.338695-0700 xctest[59729:373990] CouchbaseLite Replicator Info: {Puller#15} activityLevel=busy: pendingResponseCount=0, _caughtUp=1, _pendingRevMessages=337, _activeIncomingRevs=3
2019-07-22 18:00:11.338798-0700 xctest[59729:374003] CouchbaseLite Replicator Verbose: {IncomingRev#38} Received revision 'doc163' #1-c8c16ee37b9d0041b91beafe4587497a8ee75665 (seq '63')
2019-07-22 18:00:11.338923-0700 xctest[59729:373964] CouchbaseLite Replicator Debug: {pusher#16} Done pushing 'doc152' 1-c8c16ee37b9d0041b91beafe4587497a8ee75665
2019-07-22 18:00:11.339020-0700 xctest[59729:373964] CouchbaseLite Replicator Verbose: {pusher#16} progress +0/+0, 1 docs -- now 0 / 56800, 52 docs
2019-07-22 18:00:11.339093-0700 xctest[59729:373964] CouchbaseLite Replicator Info: {pusher#16} activityLevel=busy: pendingResponseCount=14, caughtUp=1, changeLists=0, revsInFlight=10, blobsInFlight=0, awaitingReply=920, revsToSend=334, pushingDocs=348, pendingSequences=0
2019-07-22 18:00:11.339215-0700 xctest[59729:373968] CouchbaseLite Network Verbose: {Connection#9} Receiving RES #62
2019-07-22 18:00:11.339316-0700 xctest[59729:374007] CouchbaseLite Network Verbose: {Connection#7} Receiving 'rev' REQ #67 Z
2019-07-22 18:00:11.339415-0700 xctest[59729:373990] CouchbaseLite Replicator Info: {repl#10} pushStatus=busy, pullStatus=busy, progress=0/56800
2019-07-22 18:00:11.339527-0700 xctest[59729:373990] CouchbaseLite Replicator Verbose: {repl#10} progress +0/+0, 1 docs -- now 0 / 56800, 52 docs
2019-07-22 18:00:11.339626-0700 xctest[59729:373968] CouchbaseLite Network Verbose: {Connection#9} Finished receiving RES #62
2019-07-22 18:00:11.339703-0700 xctest[59729:373989] CouchbaseLite Replicator Info: {Puller#15} activityLevel=busy: pendingResponseCount=0, _caughtUp=1, _pendingRevMessages=337, _activeIncomingRevs=3
2019-07-22 18:00:11.339800-0700 xctest[59729:374007] CouchbaseLite Network Verbose: {Connection#7} Finished receiving 'rev' REQ #67 Z
2019-07-22 18:00:11.339888-0700 xctest[59729:373964] CouchbaseLite Replicator Debug: {pusher#16} Transmitted 'rev' doc157 #1-c8c16ee37b9d0041b91beafe4587497a8ee75665 (seq #57)
2019-07-22 18:00:11.339985-0700 xctest[59729:374005] CouchbaseLite Replicator Verbose: {Inserter#54} Inserting 3 revs:
2019-07-22 18:00:11.340080-0700 xctest[59729:373990] CouchbaseLite Replicator Info: {repl#10} activityLevel=busy: connectionState=2
2019-07-22 18:00:11.340156-0700 xctest[59729:373990] CouchbaseLite Replicator Info: {repl#10} pushStatus=busy, pullStatus=busy, progress=0/56800
2019-07-22 18:00:11.340245-0700 xctest[59729:374007] CouchbaseLite Network Verbose: {BLIPIO#14} Received frame: REQ #68 ---C, length 16
2019-07-22 18:00:11.340348-0700 xctest[59729:373989] CouchbaseLite Replicator Info: {Puller#15} activityLevel=busy: pendingResponseCount=0, _caughtUp=1, _pendingRevMessages=336, _activeIncomingRevs=4
2019-07-22 18:00:11.340473-0700 xctest[59729:374003] CouchbaseLite Replicator Verbose: {IncomingRev#20} Received revision 'doc164' #1-c8c16ee37b9d0041b91beafe4587497a8ee75665 (seq '64')
2019-07-22 18:00:11.340602-0700 xctest[59729:373964] CouchbaseLite Replicator Verbose: {pusher#16} Sending rev doc167 1-c8c16ee37b9d0041b91beafe4587497a8ee75665 (seq #67) [10/10]
2019-07-22 18:00:11.340687-0700 xctest[59729:374005] CouchbaseLite Database Verbose: {DB#55} begin transaction
2019-07-22 18:00:11.340818-0700 xctest[59729:373968] CouchbaseLite Network Verbose: {BLIPIO#13} Received frame: RES #63 ----, length 5
2019-07-22 18:00:11.340961-0700 xctest[59729:373990] CouchbaseLite Replicator Info: {Puller#15} activityLevel=busy: pendingResponseCount=0, _caughtUp=1, _pendingRevMessages=336, _activeIncomingRevs=4
2019-07-22 18:00:11.341062-0700 xctest[59729:373964] CouchbaseLite Replicator Verbose: {pusher#16} Reading document 'doc167' #1-c8c16ee37b9d0041b91beafe4587497a8ee75665
2019-07-22 18:00:11.341194-0700 xctest[59729:374007] CouchbaseLite Network Verbose: {Connection#7} Receiving 'rev' REQ #68 Z
2019-07-22 18:00:11.341291-0700 xctest[59729:373968] CouchbaseLite Network Verbose: {Connection#9} Receiving RES #63
2019-07-22 18:00:11.341378-0700 xctest[59729:374005] CouchbaseLite Database Verbose: {DB#55} Saved 'doc161' rev #1-c8c16ee37b9d0041b91beafe4587497a8ee75665 as seq 62
2019-07-22 18:00:11.341474-0700 xctest[59729:374007] CouchbaseLite Network Verbose: {Connection#7} Finished receiving 'rev' REQ #68 Z
2019-07-22 18:00:11.341571-0700 xctest[59729:373964] CouchbaseLite Replicator Verbose: {pusher#16} Transmitting 'rev' message with 'doc167' #1-c8c16ee37b9d0041b91beafe4587497a8ee75665
2019-07-22 18:00:11.341666-0700 xctest[59729:373968] CouchbaseLite Network Verbose: {Connection#9} Finished receiving RES #63
2019-07-22 18:00:11.341760-0700 xctest[59729:374005] CouchbaseLite Replicator Verbose: {Inserter#54} {'doc161' #1-c8c16ee37b9d0041b91beafe4587497a8ee75665 <- } seq 62
2019-07-22 18:00:11.341855-0700 xctest[59729:373990] CouchbaseLite Replicator Info: {Puller#15} activityLevel=busy: pendingResponseCount=0, _caughtUp=1, _pendingRevMessages=335, _activeIncomingRevs=5
2019-07-22 18:00:11.341959-0700 xctest[59729:374007] CouchbaseLite Replicator Verbose: {IncomingRev#18} Received revision 'doc165' #1-c8c16ee37b9d0041b91beafe4587497a8ee75665 (seq '65')
2019-07-22 18:00:11.342066-0700 xctest[59729:373964] CouchbaseLite Replicator Info: {pusher#16} activityLevel=busy: pendingResponseCount=15, caughtUp=1, changeLists=0, revsInFlight=10, blobsInFlight=0, awaitingReply=1150, revsToSend=333, pushingDocs=348, pendingSequences=0
2019-07-22 18:00:11.342166-0700 xctest[59729:373968] CouchbaseLite Network Verbose: {BLIPIO#13} Sending 'rev' REQ #69 Z
2019-07-22 18:00:11.342315-0700 xctest[59729:373990] CouchbaseLite Replicator Info: {Puller#15} activityLevel=busy: pendingResponseCount=0, _caughtUp=1, _pendingRevMessages=335, _activeIncomingRevs=4
2019-07-22 18:00:11.342419-0700 xctest[59729:374005] CouchbaseLite Database Verbose: {DB#55} Saved 'doc162' rev #1-c8c16ee37b9d0041b91beafe4587497a8ee75665 as seq 63
2019-07-22 18:00:11.342519-0700 xctest[59729:373964] CouchbaseLite Replicator Debug: {pusher#16} Transmitted 'rev' doc158 #1-c8c16ee37b9d0041b91beafe4587497a8ee75665 (seq #58)
2019-07-22 18:00:11.342614-0700 xctest[59729:373968] CouchbaseLite Network Verbose: {BLIPIO#13} Sending frame: REQ #69 ---C, bytes 0--14
2019-07-22 18:00:11.342706-0700 xctest[59729:373990] CouchbaseLite Replicator Info: {Puller#15} activityLevel=busy: pendingResponseCount=0, _caughtUp=1, _pendingRevMessages=335, _activeIncomingRevs=4
2019-07-22 18:00:11.342812-0700 xctest[59729:374005] CouchbaseLite Replicator Verbose: {Inserter#54} {'doc162' #1-c8c16ee37b9d0041b91beafe4587497a8ee75665 <- } seq 63
2019-07-22 18:00:11.342910-0700 xctest[59729:373964] CouchbaseLite Replicator Verbose: {pusher#16} Sending rev doc168 1-c8c16ee37b9d0041b91beafe4587497a8ee75665 (seq #68) [10/10]
2019-07-22 18:00:11.343029-0700 xctest[59729:373968] CouchbaseLite Network Verbose: {BLIPIO#13} Finished sending REQ #69 Z
2019-07-22 18:00:11.343130-0700 xctest[59729:374007] CouchbaseLite Network Debug: {LoopbackWS#12} SEND: 4508c2ea 4b0a36ac 0dceb60f 00a4759d 76
2019-07-22 18:00:11.343229-0700 xctest[59729:373990] CouchbaseLite Replicator Info: {Puller#15} activityLevel=busy: pendingResponseCount=0, _caughtUp=1, _pendingRevMessages=335, _activeIncomingRevs=3
2019-07-22 18:00:11.343339-0700 xctest[59729:373964] CouchbaseLite Replicator Verbose: {pusher#16} Reading document 'doc168' #1-c8c16ee37b9d0041b91beafe4587497a8ee75665
2019-07-22 18:00:11.343448-0700 xctest[59729:373968] CouchbaseLite Network Verbose: {BLIPIO#13} ...Wrote 17 bytes to WebSocket (writeable=1)
2019-07-22 18:00:11.343541-0700 xctest[59729:374005] CouchbaseLite Database Verbose: {DB#55} Saved 'doc163' rev #1-c8c16ee37b9d0041b91beafe4587497a8ee75665 as seq 64
2019-07-22 18:00:11.343645-0700 xctest[59729:374003] CouchbaseLite Network Debug: {LoopbackWS#11} RECEIVED: 4508c2ea 4b0a36ac 0dceb60f 00a4759d 76
2019-07-22 18:00:11.343744-0700 xctest[59729:373968] CouchbaseLite Network Verbose: {BLIPIO#13} Sending 'rev' REQ #70 Z
2019-07-22 18:00:11.343887-0700 xctest[59729:373964] CouchbaseLite Replicator Verbose: {pusher#16} Transmitting 'rev' message with 'doc168' #1-c8c16ee37b9d0041b91beafe4587497a8ee75665
2019-07-22 18:00:11.343984-0700 xctest[59729:374005] CouchbaseLite Replicator Verbose: {Inserter#54} {'doc163' #1-c8c16ee37b9d0041b91beafe4587497a8ee75665 <- } seq 64
2019-07-22 18:00:11.344106-0700 xctest[59729:373990] CouchbaseLite Network Verbose: {BLIPIO#14} Received frame: REQ #69 ---C, length 15
2019-07-22 18:00:11.344231-0700 xctest[59729:373968] CouchbaseLite Network Verbose: {BLIPIO#13} Sending frame: REQ #70 ---C, bytes 0--15
2019-07-22 18:00:11.344368-0700 xctest[59729:373964] CouchbaseLite Replicator Info: {pusher#16} activityLevel=busy: pendingResponseCount=16, caughtUp=1, changeLists=0, revsInFlight=10, blobsInFlight=0, awaitingReply=1380, revsToSend=332, pushingDocs=348, pendingSequences=0
2019-07-22 18:00:11.344468-0700 xctest[59729:374005] CouchbaseLite Database Verbose: {DB#55} commit transaction
2019-07-22 18:00:11.344568-0700 xctest[59729:374003] CouchbaseLite Replicator Info: {Puller#15} activityLevel=busy: pendingResponseCount=0, _caughtUp=1, _pendingRevMessages=335, _activeIncomingRevs=2
2019-07-22 18:00:11.344681-0700 xctest[59729:373990] CouchbaseLite Network Verbose: {Connection#7} Receiving 'rev' REQ #69 Z
2019-07-22 18:00:11.344817-0700 xctest[59729:373968] CouchbaseLite Network Verbose: {BLIPIO#13} Finished sending REQ #70 Z
2019-07-22 18:00:11.344905-0700 xctest[59729:374007] CouchbaseLite Network Debug: {LoopbackWS#12} SEND: 4608c2ea 4bf2db3e 6683b3ed 030078a2 912a
2019-07-22 18:00:11.344999-0700 xctest[59729:373964] CouchbaseLite Replicator Debug: {pusher#16} Transmitted 'rev' doc159 #1-c8c16ee37b9d0041b91beafe4587497a8ee75665 (seq #59)
2019-07-22 18:00:11.345119-0700 xctest[59729:374005] CouchbaseLite Replicator Info: {Inserter#54} Inserted 3 revs in 4.63ms ( 648/sec) of which 99.8% was commit
2019-07-22 18:00:11.345227-0700 xctest[59729:373989] CouchbaseLite Replicator Verbose: {Puller#15} Checkpoint now at 61
2019-07-22 18:00:11.345314-0700 xctest[59729:373990] CouchbaseLite Network Verbose: {Connection#7} Finished receiving 'rev' REQ #69 Z
2019-07-22 18:00:11.345405-0700 xctest[59729:373968] CouchbaseLite Network Verbose: {BLIPIO#13} ...Wrote 18 bytes to WebSocket (writeable=1)
2019-07-22 18:00:11.345503-0700 xctest[59729:374007] CouchbaseLite Network Debug: {LoopbackWS#11} RECEIVED: 4608c2ea 4bf2db3e 6683b3ed 030078a2 912a
2019-07-22 18:00:11.345599-0700 xctest[59729:373964] CouchbaseLite Replicator Verbose: {pusher#16} Sending rev doc169 1-c8c16ee37b9d0041b91beafe4587497a8ee75665 (seq #69) [10/10]
2019-07-22 18:00:11.345697-0700 xctest[59729:373989] CouchbaseLite Replicator Verbose: {Puller#15} progress +142/+0, 1 docs -- now 8854 / 56992, 61 docs
2019-07-22 18:00:11.345782-0700 xctest[59729:373989] CouchbaseLite Replicator Info: {Puller#15} activityLevel=busy: pendingResponseCount=0, _caughtUp=1, _pendingRevMessages=335, _activeIncomingRevs=2
2019-07-22 18:00:11.345874-0700 xctest[59729:373968] CouchbaseLite Network Verbose: {BLIPIO#13} Sending 'rev' REQ #71 Z
2019-07-22 18:00:11.345968-0700 xctest[59729:373964] CouchbaseLite Replicator Verbose: {pusher#16} Reading document 'doc169' #1-c8c16ee37b9d0041b91beafe4587497a8ee75665
2019-07-22 18:00:11.346063-0700 xctest[59729:373990] CouchbaseLite Network Verbose: {BLIPIO#14} Sending RES #64
2019-07-22 18:00:11.346186-0700 xctest[59729:373989] CouchbaseLite Replicator Info: {Puller#15} activityLevel=busy: pendingResponseCount=0, _caughtUp=1, _pendingRevMessages=335, _activeIncomingRevs=2
2019-07-22 18:00:11.346312-0700 xctest[59729:374007] CouchbaseLite Replicator Info: {Repl#8} pushStatus=stopped, pullStatus=busy, progress=8854/56992
2019-07-22 18:00:11.346441-0700 xctest[59729:374007] CouchbaseLite Replicator Verbose: {Repl#8} progress +142/+0, 1 docs -- now 8854 / 56992, 61 docs
2019-07-22 18:00:11.346523-0700 xctest[59729:374007] CouchbaseLite Replicator Info: {Repl#8} activityLevel=busy: connectionState=2
2019-07-22 18:00:11.346606-0700 xctest[59729:374007] CouchbaseLite Replicator Info: {Repl#8} pushStatus=stopped, pullStatus=busy, progress=8854/56992
2019-07-22 18:00:11.346693-0700 xctest[59729:373989] CouchbaseLite Replicator Verbose: {Puller#15} Checkpoint now at 63
2019-07-22 18:00:11.346790-0700 xctest[59729:373968] CouchbaseLite Network Verbose: {BLIPIO#13} Sending frame: REQ #71 ---C, bytes 0--15
2019-07-22 18:00:11.346905-0700 xctest[59729:373990] CouchbaseLite Network Verbose: {BLIPIO#14} Sending frame: RES #64 ----, bytes 0--4
2019-07-22 18:00:11.347017-0700 xctest[59729:373964] CouchbaseLite Replicator Verbose: {pusher#16} Transmitting 'rev' message with 'doc169' #1-c8c16ee37b9d0041b91beafe4587497a8ee75665
2019-07-22 18:00:11.347124-0700 xctest[59729:373989] CouchbaseLite Replicator Verbose: {Puller#15} progress +284/+0, 2 docs -- now 9138 / 56992, 63 docs
2019-07-22 18:00:11.347217-0700 xctest[59729:373989] CouchbaseLite Replicator Info: {Puller#15} activityLevel=busy: pendingResponseCount=0, _caughtUp=1, _pendingRevMessages=335, _activeIncomingRevs=2
2019-07-22 18:00:11.347307-0700 xctest[59729:374007] CouchbaseLite Network Debug: {LoopbackWS#12} SEND: 4708c2ea 4bf2db3e 6683b3ed 03004507 9f73
2019-07-22 18:00:11.347386-0700 xctest[59729:374005] CouchbaseLite Network Debug: {LoopbackWS#11} SEND: 400100e6 f81735
2019-07-22 18:00:11.347469-0700 xctest[59729:373990] CouchbaseLite Network Verbose: {BLIPIO#14} Finished sending RES #64
2019-07-22 18:00:11.349142-0700 xctest[59729:373964] CouchbaseLite Replicator Info: {pusher#16} activityLevel=busy: pendingResponseCount=17, caughtUp=1, changeLists=0, revsInFlight=10, blobsInFlight=0, awaitingReply=1610, revsToSend=331, pushingDocs=348, pendingSequences=0
2019-07-22 18:00:11.349236-0700 xctest[59729:373968] CouchbaseLite Network Verbose: {BLIPIO#13} Finished sending REQ #71 Z
2019-07-22 18:00:11.349332-0700 xctest[59729:373989] CouchbaseLite Replicator Info: {Puller#15} activityLevel=busy: pendingResponseCount=0, _caughtUp=1, _pendingRevMessages=335, _activeIncomingRevs=2
2019-07-22 18:00:11.349434-0700 xctest[59729:374003] CouchbaseLite Replicator Info: {Repl#8} pushStatus=stopped, pullStatus=busy, progress=9138/56992
2019-07-22 18:00:11.349519-0700 xctest[59729:374003] CouchbaseLite Replicator Verbose: {Repl#8} progress +284/+0, 2 docs -- now 9138 / 56992, 63 docs
2019-07-22 18:00:11.349600-0700 xctest[59729:374003] CouchbaseLite Replicator Info: {Repl#8} activityLevel=busy: connectionState=2
2019-07-22 18:00:11.388523-0700 xctest[59729:374003] CouchbaseLite Replicator Info: {Repl#8} pushStatus=stopped, pullStatus=busy, progress=9138/56992
2019-07-22 18:00:11.388731-0700 xctest[59729:373964] CouchbaseLite Replicator Debug: {pusher#16} Transmitted 'rev' doc160 #1-c8c16ee37b9d0041b91beafe4587497a8ee75665 (seq #60)
2019-07-22 18:00:11.388905-0700 xctest[59729:373964] CouchbaseLite Replicator Verbose: {pusher#16} Sending rev doc170 1-c8c16ee37b9d0041b91beafe4587497a8ee75665 (seq #70) [10/10]
2019-07-22 18:00:11.389010-0700 xctest[59729:373964] CouchbaseLite Replicator Verbose: {pusher#16} Reading document 'doc170' #1-c8c16ee37b9d0041b91beafe4587497a8ee75665
2019-07-22 18:00:11.389206-0700 xctest[59729:374007] CouchbaseLite Network Debug: {LoopbackWS#12} RECEIVED: 400100e6 f81735
2019-07-22 18:00:11.389397-0700 xctest[59729:374005] CouchbaseLite Network Debug: {LoopbackWS#11} RECEIVED: 4708c2ea 4bf2db3e 6683b3ed 03004507 9f73
2019-07-22 18:00:11.389572-0700 xctest[59729:374004] CouchbaseLite Replicator Verbose: {Inserter#54} Inserting 2 revs:
2019-07-22 18:00:11.389741-0700 xctest[59729:373990] CouchbaseLite Network Verbose: {BLIPIO#14} ...Wrote 7 bytes to WebSocket (writeable=1)
2019-07-22 18:00:11.389910-0700 xctest[59729:373968] CouchbaseLite Network Verbose: {BLIPIO#13} ...Wrote 18 bytes to WebSocket (writeable=1)
2019-07-22 18:00:11.390073-0700 xctest[59729:373989] CouchbaseLite Replicator Info: {Puller#15} activityLevel=busy: pendingResponseCount=0, _caughtUp=1, _pendingRevMessages=335, _activeIncomingRevs=2
2019-07-22 18:00:11.390249-0700 xctest[59729:373964] CouchbaseLite Replicator Verbose: {pusher#16} Transmitting 'rev' message with 'doc170' #1-c8c16ee37b9d0041b91beafe4587497a8ee75665
2019-07-22 18:00:11.390462-0700 xctest[59729:374004] CouchbaseLite Database Verbose: {DB#55} begin transaction
2019-07-22 18:00:11.390593-0700 xctest[59729:373990] CouchbaseLite Network Verbose: {BLIPIO#14} Sending RES #65
2019-07-22 18:00:11.390719-0700 xctest[59729:373968] CouchbaseLite Network Verbose: {BLIPIO#13} Sending 'rev' REQ #72 Z
2019-07-22 18:00:11.390864-0700 xctest[59729:373989] CouchbaseLite Replicator Info: {Puller#15} activityLevel=busy: pendingResponseCount=0, _caughtUp=1, _pendingRevMessages=334, _activeIncomingRevs=3
2019-07-22 18:00:11.391053-0700 xctest[59729:374005] CouchbaseLite Replicator Verbose: {IncomingRev#38} Received revision 'doc166' #1-c8c16ee37b9d0041b91beafe4587497a8ee75665 (seq '66')
2019-07-22 18:00:11.391168-0700 xctest[59729:373964] CouchbaseLite Replicator Info: {pusher#16} activityLevel=busy: pendingResponseCount=18, caughtUp=1, changeLists=0, revsInFlight=10, blobsInFlight=0, awaitingReply=1840, revsToSend=330, pushingDocs=348, pendingSequences=0
2019-07-22 18:00:11.391309-0700 xctest[59729:373990] CouchbaseLite Network Verbose: {BLIPIO#14} Sending frame: RES #65 ----, bytes 0--4
2019-07-22 18:00:11.391431-0700 xctest[59729:373968] CouchbaseLite Network Verbose: {BLIPIO#13} Sending frame: REQ #72 ---C, bytes 0--15
2019-07-22 18:00:11.391555-0700 xctest[59729:374004] CouchbaseLite Database Verbose: {DB#55} Saved 'doc164' rev #1-c8c16ee37b9d0041b91beafe4587497a8ee75665 as seq 65
2019-07-22 18:00:11.391728-0700 xctest[59729:374004] CouchbaseLite Replicator Verbose: {Inserter#54} {'doc164' #1-c8c16ee37b9d0041b91beafe4587497a8ee75665 <- } seq 65
2019-07-22 18:00:11.391862-0700 xctest[59729:373990] CouchbaseLite Network Verbose: {BLIPIO#14} Finished sending RES #65
2019-07-22 18:00:11.391970-0700 xctest[59729:373990] CouchbaseLite Network Verbose: {BLIPIO#14} ...Wrote 7 bytes to WebSocket (writeable=1)
2019-07-22 18:00:11.392146-0700 xctest[59729:373990] CouchbaseLite Network Verbose: {BLIPIO#14} Sending RES #66
2019-07-22 18:00:11.392244-0700 xctest[59729:374007] CouchbaseLite Network Debug: {LoopbackWS#12} SEND: 4808c2ea 4bf2db3e 6683b3ed 03001bc0 427c
2019-07-22 18:00:11.392364-0700 xctest[59729:373964] CouchbaseLite Replicator Debug: {pusher#16} Transmitted 'rev' doc161 #1-c8c16ee37b9d0041b91beafe4587497a8ee75665 (seq #61)
2019-07-22 18:00:11.392512-0700 xctest[59729:373964] CouchbaseLite Replicator Verbose: {pusher#16} Sending rev doc171 1-c8c16ee37b9d0041b91beafe4587497a8ee75665 (seq #71) [10/10]
2019-07-22 18:00:11.392640-0700 xctest[59729:373964] CouchbaseLite Replicator Verbose: {pusher#16} Reading document 'doc171' #1-c8c16ee37b9d0041b91beafe4587497a8ee75665
2019-07-22 18:00:11.392750-0700 xctest[59729:373968] CouchbaseLite Network Verbose: {BLIPIO#13} Finished sending REQ #72 Z
2019-07-22 18:00:11.392884-0700 xctest[59729:374004] CouchbaseLite Database Verbose: {DB#55} Saved 'doc165' rev #1-c8c16ee37b9d0041b91beafe4587497a8ee75665 as seq 66
2019-07-22 18:00:11.392981-0700 xctest[59729:373990] CouchbaseLite Network Verbose: {BLIPIO#14} Sending frame: RES #66 ----, bytes 0--4
2019-07-22 18:00:11.393096-0700 xctest[59729:374003] CouchbaseLite Replicator Info: {Puller#15} activityLevel=busy: pendingResponseCount=0, _caughtUp=1, _pendingRevMessages=334, _activeIncomingRevs=3
2019-07-22 18:00:11.393198-0700 xctest[59729:373989] CouchbaseLite Network Debug: {LoopbackWS#11} SEND: 41010084 57d3b9
2019-07-22 18:00:11.393330-0700 xctest[59729:373968] CouchbaseLite Network Verbose: {BLIPIO#13} ...Wrote 18 bytes to WebSocket (writeable=1)
