2019-07-22 18:00:12.433377-0700 xctest[59729:374007] CouchbaseLite Replicator Info: {Repl#8} pushStatus=stopped, pullStatus=busy, progress=32568/56992
2019-07-22 18:00:12.433456-0700 xctest[59729:373964] CouchbaseLite Replicator Info: {pusher#16} activityLevel=busy: pendingResponseCount=12, caughtUp=1, changeLists=0, revsInFlight=10, blobsInFlight=0, awaitingReply=464, revsToSend=171, pushingDocs=183, pendingSequences=0
2019-07-22 18:00:12.433542-0700 xctest[59729:373965] CouchbaseLite Network Verbose: {BLIPIO#13} Received frame: ERR #231 ----, length 69
2019-07-22 18:00:12.433637-0700 xctest[59729:373964] CouchbaseLite Replicator ERROR: {pusher#16} Got error response to rev 'doc218' #1-c51e026de7cf8de5a633f3a8066a50ab6a29d033 (seq #218): HTTP 403 'rejected by validation function'
2019-07-22 18:00:12.433779-0700 xctest[59729:373964] CouchbaseLite Replicator Info: {repl#10} documentEnded doc218 1-c51e026de7cf8de5a633f3a8066a50ab6a29d033 flags=0a (6/403)
2019-07-22 18:00:12.433869-0700 xctest[59729:373965] CouchbaseLite Network Verbose: {Connection#9} Receiving ERR #231
2019-07-22 18:00:12.433952-0700 xctest[59729:373964] CouchbaseLite Replicator Debug: {pusher#16} Done pushing 'doc218' 1-c51e026de7cf8de5a633f3a8066a50ab6a29d033
2019-07-22 18:00:12.434047-0700 xctest[59729:373964] CouchbaseLite Replicator Info: {pusher#16} activityLevel=busy: pendingResponseCount=11, caughtUp=1, changeLists=0, revsInFlight=10, blobsInFlight=0, awaitingReply=232, revsToSend=171, pushingDocs=182, pendingSequences=0
2019-07-22 18:00:12.434136-0700 xctest[59729:373965] CouchbaseLite Network Verbose: {Connection#9} Finished receiving ERR #231
2019-07-22 18:00:12.434217-0700 xctest[59729:373964] CouchbaseLite Replicator Debug: {pusher#16} Transmitted 'rev' doc220 #1-c51e026de7cf8de5a633f3a8066a50ab6a29d033 (seq #220)
2019-07-22 18:00:12.434299-0700 xctest[59729:373965] CouchbaseLite Network Verbose: {BLIPIO#13} Sending 'rev' REQ #232 Z
2019-07-22 18:00:12.434381-0700 xctest[59729:373964] CouchbaseLite Replicator Verbose: {pusher#16} Sending rev doc230 1-c51e026de7cf8de5a633f3a8066a50ab6a29d033 (seq #230) [10/10]
2019-07-22 18:00:12.434460-0700 xctest[59729:373965] CouchbaseLite Network Verbose: {BLIPIO#13} Sending frame: REQ #232 ---C, bytes 0--17
2019-07-22 18:00:12.434564-0700 xctest[59729:373964] CouchbaseLite Replicator Verbose: {pusher#16} Reading document 'doc230' #1-c51e026de7cf8de5a633f3a8066a50ab6a29d033
2019-07-22 18:00:12.434652-0700 xctest[59729:373965] CouchbaseLite Network Verbose: {BLIPIO#13} Finished sending REQ #232 Z
2019-07-22 18:00:12.434742-0700 xctest[59729:374007] CouchbaseLite Network Debug: {LoopbackWS#12} SEND: e80108c2 ea4f0ada 43044fa5 1e207f02 00473d18 0d
2019-07-22 18:00:12.434836-0700 xctest[59729:373965] CouchbaseLite Network Verbose: {BLIPIO#13} ...Wrote 21 bytes to WebSocket (writeable=1)
2019-07-22 18:00:12.434918-0700 xctest[59729:374005] CouchbaseLite Network Debug: {LoopbackWS#11} RECEIVED: e80108c2 ea4f0ada 43044fa5 1e207f02 00473d18 0d
2019-07-22 18:00:12.435007-0700 xctest[59729:373964] CouchbaseLite Replicator Verbose: {pusher#16} Transmitting 'rev' message with 'doc230' #1-c51e026de7cf8de5a633f3a8066a50ab6a29d033
2019-07-22 18:00:12.435099-0700 xctest[59729:373965] CouchbaseLite Network Verbose: {BLIPIO#14} Received frame: REQ #232 ---C, length 18
2019-07-22 18:00:12.435179-0700 xctest[59729:374005] CouchbaseLite Network Verbose: {BLIPIO#13} Sending 'rev' REQ #233 Z
2019-07-22 18:00:12.435266-0700 xctest[59729:373964] CouchbaseLite Replicator Info: {pusher#16} activityLevel=busy: pendingResponseCount=12, caughtUp=1, changeLists=0, revsInFlight=10, blobsInFlight=0, awaitingReply=464, revsToSend=170, pushingDocs=182, pendingSequences=0
2019-07-22 18:00:12.435348-0700 xctest[59729:373965] CouchbaseLite Network Verbose: {Connection#7} Receiving 'rev' REQ #232 Z
2019-07-22 18:00:12.435434-0700 xctest[59729:374005] CouchbaseLite Network Verbose: {BLIPIO#13} Sending frame: REQ #233 ---C, bytes 0--18
2019-07-22 18:00:12.435549-0700 xctest[59729:373964] CouchbaseLite Replicator Debug: {pusher#16} Transmitted 'rev' doc221 #1-c51e026de7cf8de5a633f3a8066a50ab6a29d033 (seq #221)
2019-07-22 18:00:12.435633-0700 xctest[59729:373965] CouchbaseLite Network Verbose: {Connection#7} Finished receiving 'rev' REQ #232 Z
2019-07-22 18:00:12.435714-0700 xctest[59729:374005] CouchbaseLite Network Verbose: {BLIPIO#13} Finished sending REQ #233 Z
2019-07-22 18:00:12.435808-0700 xctest[59729:374007] CouchbaseLite Network Debug: {LoopbackWS#12} SEND: e90108c2 e64f630a da43044f a51e207f 02005ab5 93aa
2019-07-22 18:00:12.435910-0700 xctest[59729:373964] CouchbaseLite Replicator Verbose: {pusher#16} Sending rev doc231 1-c51e026de7cf8de5a633f3a8066a50ab6a29d033 (seq #231) [10/10]
2019-07-22 18:00:12.436004-0700 xctest[59729:373987] CouchbaseLite Replicator Info: {Puller#15} activityLevel=busy: pendingResponseCount=0, _caughtUp=1, _pendingRevMessages=171, _activeIncomingRevs=29
2019-07-22 18:00:12.436104-0700 xctest[59729:373965] CouchbaseLite Replicator Verbose: {IncomingRev#26} Received revision 'doc229' #1-c51e026de7cf8de5a633f3a8066a50ab6a29d033 (seq '229')
2019-07-22 18:00:12.436195-0700 xctest[59729:374005] CouchbaseLite Network Verbose: {BLIPIO#13} ...Wrote 22 bytes to WebSocket (writeable=1)
2019-07-22 18:00:12.436281-0700 xctest[59729:373968] CouchbaseLite Network Debug: {LoopbackWS#11} RECEIVED: e90108c2 e64f630a da43044f a51e207f 02005ab5 93aa
2019-07-22 18:00:12.436367-0700 xctest[59729:373964] CouchbaseLite Replicator Verbose: {pusher#16} Reading document 'doc231' #1-c51e026de7cf8de5a633f3a8066a50ab6a29d033
2019-07-22 18:00:12.436453-0700 xctest[59729:374005] CouchbaseLite Network Verbose: {BLIPIO#14} Received frame: REQ #233 ---C, length 19
2019-07-22 18:00:12.436585-0700 xctest[59729:374005] CouchbaseLite Network Verbose: {Connection#7} Receiving 'rev' REQ #233 Z
2019-07-22 18:00:12.436683-0700 xctest[59729:373965] CouchbaseLite Replicator Info: {IncomingRev#26} Rejected by pull validator function
2019-07-22 18:00:12.436777-0700 xctest[59729:373964] CouchbaseLite Replicator Verbose: {pusher#16} Transmitting 'rev' message with 'doc231' #1-c51e026de7cf8de5a633f3a8066a50ab6a29d033
2019-07-22 18:00:12.436878-0700 xctest[59729:374005] CouchbaseLite Network Verbose: {Connection#7} Finished receiving 'rev' REQ #233 Z
2019-07-22 18:00:12.436980-0700 xctest[59729:373968] CouchbaseLite Replicator Info: {Repl#8} documentEnded doc229 1-c51e026de7cf8de5a633f3a8066a50ab6a29d033 flags=08 (6/403)
2019-07-22 18:00:12.437077-0700 xctest[59729:373965] CouchbaseLite Network Verbose: {BLIPIO#13} Sending 'rev' REQ #234 Z
2019-07-22 18:00:12.437164-0700 xctest[59729:373964] CouchbaseLite Replicator Info: {pusher#16} activityLevel=busy: pendingResponseCount=13, caughtUp=1, changeLists=0, revsInFlight=10, blobsInFlight=0, awaitingReply=696, revsToSend=169, pushingDocs=182, pendingSequences=0
2019-07-22 18:00:12.437257-0700 xctest[59729:374005] CouchbaseLite Network Verbose: {BLIPIO#14} Sending ERR #232
2019-07-22 18:00:12.437341-0700 xctest[59729:373968] CouchbaseLite Replicator Verbose: {Puller#15} Checkpoint now at 229
2019-07-22 18:00:12.437424-0700 xctest[59729:373965] CouchbaseLite Network Verbose: {BLIPIO#13} Sending frame: REQ #234 ---C, bytes 0--17
2019-07-22 18:00:12.437506-0700 xctest[59729:373964] CouchbaseLite Replicator ERROR: {pusher#16} Got error response to rev 'doc219' #1-c51e026de7cf8de5a633f3a8066a50ab6a29d033 (seq #219): HTTP 403 'rejected by validation function'
2019-07-22 18:00:12.437664-0700 xctest[59729:373964] CouchbaseLite Replicator Info: {repl#10} documentEnded doc219 1-c51e026de7cf8de5a633f3a8066a50ab6a29d033 flags=0a (6/403)
2019-07-22 18:00:12.437760-0700 xctest[59729:373968] CouchbaseLite Replicator Verbose: {Puller#15} progress +142/+0, 0 docs -- now 32710 / 56992, 200 docs
2019-07-22 18:00:12.437837-0700 xctest[59729:373968] CouchbaseLite Replicator Info: {Puller#15} activityLevel=busy: pendingResponseCount=0, _caughtUp=1, _pendingRevMessages=171, _activeIncomingRevs=29
2019-07-22 18:00:12.437925-0700 xctest[59729:373987] CouchbaseLite Network Debug: {LoopbackWS#12} SEND: ea0108c2 ea4f0ada 43044fa5 1e207f02 00228df1 bc
2019-07-22 18:00:12.438010-0700 xctest[59729:374005] CouchbaseLite Network Verbose: {BLIPIO#14} Sending frame: ERR #232 ----, bytes 0--68
2019-07-22 18:00:12.438103-0700 xctest[59729:373964] CouchbaseLite Replicator Debug: {pusher#16} Done pushing 'doc219' 1-c51e026de7cf8de5a633f3a8066a50ab6a29d033
2019-07-22 18:00:12.438206-0700 xctest[59729:373964] CouchbaseLite Replicator Info: {pusher#16} activityLevel=busy: pendingResponseCount=12, caughtUp=1, changeLists=0, revsInFlight=10, blobsInFlight=0, awaitingReply=464, revsToSend=169, pushingDocs=181, pendingSequences=0
2019-07-22 18:00:12.438332-0700 xctest[59729:373968] CouchbaseLite Replicator Info: {Puller#15} activityLevel=busy: pendingResponseCount=0, _caughtUp=1, _pendingRevMessages=170, _activeIncomingRevs=30
2019-07-22 18:00:12.438432-0700 xctest[59729:374007] CouchbaseLite Replicator Info: {Repl#8} pushStatus=stopped, pullStatus=busy, progress=32710/56992
2019-07-22 18:00:12.438523-0700 xctest[59729:374007] CouchbaseLite Replicator Verbose: {Repl#8} progress +142/+0, 0 docs -- now 32710 / 56992, 200 docs
2019-07-22 18:00:12.438611-0700 xctest[59729:374007] CouchbaseLite Replicator Info: {Repl#8} activityLevel=busy: connectionState=2
2019-07-22 18:00:12.438686-0700 xctest[59729:374007] CouchbaseLite Replicator Info: {Repl#8} pushStatus=stopped, pullStatus=busy, progress=32710/56992
2019-07-22 18:00:12.438766-0700 xctest[59729:373965] CouchbaseLite Network Verbose: {BLIPIO#13} Finished sending REQ #234 Z
2019-07-22 18:00:12.438854-0700 xctest[59729:373964] CouchbaseLite Replicator ERROR: {pusher#16} Got error response to rev 'doc220' #1-c51e026de7cf8de5a633f3a8066a50ab6a29d033 (seq #220): HTTP 403 'rejected by validation function'
2019-07-22 18:00:12.438997-0700 xctest[59729:373989] CouchbaseLite Replicator Verbose: {IncomingRev#26} Received revision 'doc230' #1-c51e026de7cf8de5a633f3a8066a50ab6a29d033 (seq '230')
2019-07-22 18:00:12.439110-0700 xctest[59729:374004] CouchbaseLite Network Debug: {LoopbackWS#11} RECEIVED: ea0108c2 ea4f0ada 43044fa5 1e207f02 00228df1 bc
2019-07-22 18:00:12.439244-0700 xctest[59729:374005] CouchbaseLite Network Verbose: {BLIPIO#14} Finished sending ERR #232
2019-07-22 18:00:12.439385-0700 xctest[59729:374005] CouchbaseLite Network Verbose: {BLIPIO#14} ...Wrote 72 bytes to WebSocket (writeable=1)
2019-07-22 18:00:12.439519-0700 xctest[59729:374005] CouchbaseLite Network Verbose: {BLIPIO#14} Received frame: REQ #234 ---C, length 18
2019-07-22 18:00:12.439601-0700 xctest[59729:374004] CouchbaseLite Network Debug: {LoopbackWS#11} SEND: e8010221 4572726f 722d446f 6d61696e 00485454 50004572 726f722d 436f6465 00343033 0072656a 65637465 64206279 2076616c 69646174 696f6e20 66756e63... [72]
2019-07-22 18:00:12.439711-0700 xctest[59729:373965] CouchbaseLite Network Verbose: {BLIPIO#13} ...Wrote 21 bytes to WebSocket (writeable=1)
2019-07-22 18:00:12.439803-0700 xctest[59729:373964] CouchbaseLite Replicator Info: {repl#10} documentEnded doc220 1-c51e026de7cf8de5a633f3a8066a50ab6a29d033 flags=0a (6/403)
2019-07-22 18:00:12.439887-0700 xctest[59729:374005] CouchbaseLite Network Verbose: {Connection#7} Receiving 'rev' REQ #234 Z
2019-07-22 18:00:12.439985-0700 xctest[59729:373989] CouchbaseLite Replicator Info: {IncomingRev#26} Rejected by pull validator function
2019-07-22 18:00:12.440068-0700 xctest[59729:374004] CouchbaseLite Network Debug: {LoopbackWS#12} RECEIVED: e8010221 4572726f 722d446f 6d61696e 00485454 50004572 726f722d 436f6465 00343033 0072656a 65637465 64206279 2076616c 69646174 696f6e20 66756e63... [72]
2019-07-22 18:00:12.440169-0700 xctest[59729:373964] CouchbaseLite Replicator Debug: {pusher#16} Done pushing 'doc220' 1-c51e026de7cf8de5a633f3a8066a50ab6a29d033
2019-07-22 18:00:12.440257-0700 xctest[59729:374005] CouchbaseLite Network Verbose: {Connection#7} Finished receiving 'rev' REQ #234 Z
2019-07-22 18:00:12.440349-0700 xctest[59729:373965] CouchbaseLite Replicator Info: {Repl#8} documentEnded doc230 1-c51e026de7cf8de5a633f3a8066a50ab6a29d033 flags=08 (6/403)
2019-07-22 18:00:12.440432-0700 xctest[59729:373989] CouchbaseLite Network Verbose: {BLIPIO#13} Received frame: ERR #232 ----, length 69
2019-07-22 18:00:12.440537-0700 xctest[59729:373964] CouchbaseLite Replicator Info: {pusher#16} activityLevel=busy: pendingResponseCount=11, caughtUp=1, changeLists=0, revsInFlight=10, blobsInFlight=0, awaitingReply=232, revsToSend=169, pushingDocs=180, pendingSequences=0
2019-07-22 18:00:12.440621-0700 xctest[59729:374005] CouchbaseLite Network Verbose: {BLIPIO#14} Sending ERR #233
2019-07-22 18:00:12.440697-0700 xctest[59729:373965] CouchbaseLite Replicator Verbose: {Puller#15} Checkpoint now at 230
2019-07-22 18:00:12.440783-0700 xctest[59729:373989] CouchbaseLite Network Verbose: {Connection#9} Receiving ERR #232
2019-07-22 18:00:12.440864-0700 xctest[59729:373964] CouchbaseLite Replicator Debug: {pusher#16} Transmitted 'rev' doc222 #1-c51e026de7cf8de5a633f3a8066a50ab6a29d033 (seq #222)
2019-07-22 18:00:12.440942-0700 xctest[59729:374005] CouchbaseLite Network Verbose: {BLIPIO#14} Sending frame: ERR #233 ----, bytes 0--68
2019-07-22 18:00:12.441023-0700 xctest[59729:373965] CouchbaseLite Replicator Verbose: {Puller#15} progress +142/+0, 0 docs -- now 32852 / 56992, 200 docs
2019-07-22 18:00:12.441105-0700 xctest[59729:373965] CouchbaseLite Replicator Info: {Puller#15} activityLevel=busy: pendingResponseCount=0, _caughtUp=1, _pendingRevMessages=170, _activeIncomingRevs=30
2019-07-22 18:00:12.441182-0700 xctest[59729:373964] CouchbaseLite Replicator Verbose: {pusher#16} Sending rev doc232 1-c51e026de7cf8de5a633f3a8066a50ab6a29d033 (seq #232) [10/10]
2019-07-22 18:00:12.441262-0700 xctest[59729:374005] CouchbaseLite Network Verbose: {BLIPIO#14} Finished sending ERR #233
2019-07-22 18:00:12.441335-0700 xctest[59729:374005] CouchbaseLite Network Verbose: {BLIPIO#14} ...Wrote 72 bytes to WebSocket (writeable=1)
2019-07-22 18:00:12.441414-0700 xctest[59729:373989] CouchbaseLite Network Verbose: {Connection#9} Finished receiving ERR #232
2019-07-22 18:00:12.441490-0700 xctest[59729:374007] CouchbaseLite Replicator Info: {Repl#8} pushStatus=stopped, pullStatus=busy, progress=32852/56992
2019-07-22 18:00:12.441561-0700 xctest[59729:374007] CouchbaseLite Replicator Verbose: {Repl#8} progress +142/+0, 0 docs -- now 32852 / 56992, 200 docs
2019-07-22 18:00:12.441625-0700 xctest[59729:374007] CouchbaseLite Replicator Info: {Repl#8} activityLevel=busy: connectionState=2
2019-07-22 18:00:12.441713-0700 xctest[59729:374007] CouchbaseLite Replicator Info: {Repl#8} pushStatus=stopped, pullStatus=busy, progress=32852/56992
2019-07-22 18:00:12.441810-0700 xctest[59729:374004] CouchbaseLite Network Debug: {LoopbackWS#11} SEND: e9010221 4572726f 722d446f 6d61696e 00485454 50004572 726f722d 436f6465 00343033 0072656a 65637465 64206279 2076616c 69646174 696f6e20 66756e63... [72]
2019-07-22 18:00:12.441899-0700 xctest[59729:373965] CouchbaseLite Replicator Info: {Puller#15} activityLevel=busy: pendingResponseCount=0, _caughtUp=1, _pendingRevMessages=169, _activeIncomingRevs=31
2019-07-22 18:00:12.441989-0700 xctest[59729:373968] CouchbaseLite Replicator Verbose: {IncomingRev#26} Received revision 'doc231' #1-c51e026de7cf8de5a633f3a8066a50ab6a29d033 (seq '231')
2019-07-22 18:00:12.442074-0700 xctest[59729:373964] CouchbaseLite Replicator Verbose: {pusher#16} Reading document 'doc232' #1-c51e026de7cf8de5a633f3a8066a50ab6a29d033
2019-07-22 18:00:12.442169-0700 xctest[59729:374007] CouchbaseLite Network Debug: {LoopbackWS#12} RECEIVED: e9010221 4572726f 722d446f 6d61696e 00485454 50004572 726f722d 436f6465 00343033 0072656a 65637465 64206279 2076616c 69646174 696f6e20 66756e63... [72]
2019-07-22 18:00:12.442271-0700 xctest[59729:373965] CouchbaseLite Network Verbose: {BLIPIO#13} Received frame: ERR #233 ----, length 69
2019-07-22 18:00:12.442363-0700 xctest[59729:373965] CouchbaseLite Network Verbose: {Connection#9} Receiving ERR #233
2019-07-22 18:00:12.442439-0700 xctest[59729:373968] CouchbaseLite Replicator Info: {IncomingRev#26} Rejected by pull validator function
2019-07-22 18:00:12.442555-0700 xctest[59729:373964] CouchbaseLite Replicator Verbose: {pusher#16} Transmitting 'rev' message with 'doc232' #1-c51e026de7cf8de5a633f3a8066a50ab6a29d033
2019-07-22 18:00:12.442690-0700 xctest[59729:373965] CouchbaseLite Network Verbose: {Connection#9} Finished receiving ERR #233
2019-07-22 18:00:12.442782-0700 xctest[59729:374007] CouchbaseLite Network Verbose: {BLIPIO#14} Sending ERR #234
2019-07-22 18:00:12.442871-0700 xctest[59729:374004] CouchbaseLite Replicator Info: {Repl#8} documentEnded doc231 1-c51e026de7cf8de5a633f3a8066a50ab6a29d033 flags=08 (6/403)
2019-07-22 18:00:12.442955-0700 xctest[59729:373964] CouchbaseLite Replicator Info: {pusher#16} activityLevel=busy: pendingResponseCount=12, caughtUp=1, changeLists=0, revsInFlight=10, blobsInFlight=0, awaitingReply=464, revsToSend=168, pushingDocs=180, pendingSequences=0
2019-07-22 18:00:12.443047-0700 xctest[59729:373965] CouchbaseLite Network Verbose: {BLIPIO#13} Sending 'rev' REQ #235 Z
2019-07-22 18:00:12.443148-0700 xctest[59729:374007] CouchbaseLite Network Verbose: {BLIPIO#14} Sending frame: ERR #234 ----, bytes 0--68
2019-07-22 18:00:12.443226-0700 xctest[59729:374004] CouchbaseLite Replicator Verbose: {Puller#15} Checkpoint now at 231
2019-07-22 18:00:12.443306-0700 xctest[59729:374004] CouchbaseLite Replicator Verbose: {Puller#15} progress +142/+0, 0 docs -- now 32994 / 56992, 200 docs
2019-07-22 18:00:12.443371-0700 xctest[59729:374004] CouchbaseLite Replicator Info: {Puller#15} activityLevel=busy: pendingResponseCount=0, _caughtUp=1, _pendingRevMessages=169, _activeIncomingRevs=31
2019-07-22 18:00:12.443442-0700 xctest[59729:374007] CouchbaseLite Network Verbose: {BLIPIO#14} Finished sending ERR #234
2019-07-22 18:00:12.443513-0700 xctest[59729:374007] CouchbaseLite Network Verbose: {BLIPIO#14} ...Wrote 72 bytes to WebSocket (writeable=1)
2019-07-22 18:00:12.443587-0700 xctest[59729:373968] CouchbaseLite Network Debug: {LoopbackWS#11} SEND: ea010221 4572726f 722d446f 6d61696e 00485454 50004572 726f722d 436f6465 00343033 0072656a 65637465 64206279 2076616c 69646174 696f6e20 66756e63... [72]
2019-07-22 18:00:12.443671-0700 xctest[59729:373965] CouchbaseLite Network Verbose: {BLIPIO#13} Sending frame: REQ #235 ---C, bytes 0--17
2019-07-22 18:00:12.443764-0700 xctest[59729:373989] CouchbaseLite Replicator Info: {Repl#8} pushStatus=stopped, pullStatus=busy, progress=32994/56992
2019-07-22 18:00:12.443835-0700 xctest[59729:373989] CouchbaseLite Replicator Verbose: {Repl#8} progress +142/+0, 0 docs -- now 32994 / 56992, 200 docs
2019-07-22 18:00:12.443904-0700 xctest[59729:373989] CouchbaseLite Replicator Info: {Repl#8} activityLevel=busy: connectionState=2
2019-07-22 18:00:12.443965-0700 xctest[59729:373989] CouchbaseLite Replicator Info: {Repl#8} pushStatus=stopped, pullStatus=busy, progress=32994/56992
2019-07-22 18:00:12.444036-0700 xctest[59729:373964] CouchbaseLite Replicator ERROR: {pusher#16} Got error response to rev 'doc221' #1-c51e026de7cf8de5a633f3a8066a50ab6a29d033 (seq #221): HTTP 403 'rejected by validation function'
2019-07-22 18:00:12.444190-0700 xctest[59729:374007] CouchbaseLite Network Debug: {LoopbackWS#12} RECEIVED: ea010221 4572726f 722d446f 6d61696e 00485454 50004572 726f722d 436f6465 00343033 0072656a 65637465 64206279 2076616c 69646174 696f6e20 66756e63... [72]
2019-07-22 18:00:12.444277-0700 xctest[59729:373965] CouchbaseLite Network Verbose: {BLIPIO#13} Finished sending REQ #235 Z
2019-07-22 18:00:12.444357-0700 xctest[59729:373964] CouchbaseLite Replicator Info: {repl#10} documentEnded doc221 1-c51e026de7cf8de5a633f3a8066a50ab6a29d033 flags=0a (6/403)
2019-07-22 18:00:12.444439-0700 xctest[59729:374007] CouchbaseLite Network Debug: {LoopbackWS#12} SEND: eb0108c2 ea4f0ada 43044fa5 1e207f02 00716523 02
2019-07-22 18:00:12.444516-0700 xctest[59729:373965] CouchbaseLite Network Verbose: {BLIPIO#13} ...Wrote 21 bytes to WebSocket (writeable=1)
2019-07-22 18:00:12.444603-0700 xctest[59729:373964] CouchbaseLite Replicator Debug: {pusher#16} Done pushing 'doc221' 1-c51e026de7cf8de5a633f3a8066a50ab6a29d033
2019-07-22 18:00:12.444687-0700 xctest[59729:373989] CouchbaseLite Network Debug: {LoopbackWS#11} RECEIVED: eb0108c2 ea4f0ada 43044fa5 1e207f02 00716523 02
2019-07-22 18:00:12.444773-0700 xctest[59729:373965] CouchbaseLite Network Verbose: {BLIPIO#13} Received frame: ERR #234 ----, length 69
2019-07-22 18:00:12.444864-0700 xctest[59729:373964] CouchbaseLite Replicator Info: {pusher#16} activityLevel=busy: pendingResponseCount=11, caughtUp=1, changeLists=0, revsInFlight=10, blobsInFlight=0, awaitingReply=232, revsToSend=168, pushingDocs=179, pendingSequences=0
2019-07-22 18:00:12.444940-0700 xctest[59729:373989] CouchbaseLite Network Verbose: {BLIPIO#14} Received frame: REQ #235 ---C, length 18
2019-07-22 18:00:12.445028-0700 xctest[59729:373965] CouchbaseLite Network Verbose: {Connection#9} Receiving ERR #234
2019-07-22 18:00:12.445104-0700 xctest[59729:373964] CouchbaseLite Replicator Debug: {pusher#16} Transmitted 'rev' doc223 #1-c51e026de7cf8de5a633f3a8066a50ab6a29d033 (seq #223)
2019-07-22 18:00:12.445184-0700 xctest[59729:373989] CouchbaseLite Network Verbose: {Connection#7} Receiving 'rev' REQ #235 Z
2019-07-22 18:00:12.445283-0700 xctest[59729:373965] CouchbaseLite Network Verbose: {Connection#9} Finished receiving ERR #234
2019-07-22 18:00:12.445365-0700 xctest[59729:373964] CouchbaseLite Replicator Verbose: {pusher#16} Sending rev doc233 1-c51e026de7cf8de5a633f3a8066a50ab6a29d033 (seq #233) [10/10]
2019-07-22 18:00:12.445442-0700 xctest[59729:373989] CouchbaseLite Network Verbose: {Connection#7} Finished receiving 'rev' REQ #235 Z
2019-07-22 18:00:12.445519-0700 xctest[59729:373964] CouchbaseLite Replicator Verbose: {pusher#16} Reading document 'doc233' #1-c51e026de7cf8de5a633f3a8066a50ab6a29d033
2019-07-22 18:00:12.445600-0700 xctest[59729:374007] CouchbaseLite Replicator Info: {Puller#15} activityLevel=busy: pendingResponseCount=0, _caughtUp=1, _pendingRevMessages=168, _activeIncomingRevs=32
2019-07-22 18:00:12.445713-0700 xctest[59729:373989] CouchbaseLite Replicator Verbose: {IncomingRev#26} Received revision 'doc232' #1-c51e026de7cf8de5a633f3a8066a50ab6a29d033 (seq '232')
2019-07-22 18:00:12.445821-0700 xctest[59729:373964] CouchbaseLite Replicator Verbose: {pusher#16} Transmitting 'rev' message with 'doc233' #1-c51e026de7cf8de5a633f3a8066a50ab6a29d033
2019-07-22 18:00:12.445951-0700 xctest[59729:374007] CouchbaseLite Network Verbose: {BLIPIO#13} Sending 'rev' REQ #236 Z
2019-07-22 18:00:12.446036-0700 xctest[59729:373964] CouchbaseLite Replicator Info: {pusher#16} activityLevel=busy: pendingResponseCount=12, caughtUp=1, changeLists=0, revsInFlight=10, blobsInFlight=0, awaitingReply=464, revsToSend=167, pushingDocs=179, pendingSequences=0
2019-07-22 18:00:12.446145-0700 xctest[59729:374007] CouchbaseLite Network Verbose: {BLIPIO#13} Sending frame: REQ #236 ---C, bytes 0--17
2019-07-22 18:00:12.446236-0700 xctest[59729:373989] CouchbaseLite Replicator Info: {IncomingRev#26} Rejected by pull validator function
2019-07-22 18:00:12.446332-0700 xctest[59729:373964] CouchbaseLite Replicator ERROR: {pusher#16} Got error response to rev 'doc222' #1-c51e026de7cf8de5a633f3a8066a50ab6a29d033 (seq #222): HTTP 403 'rejected by validation function'
2019-07-22 18:00:12.446494-0700 xctest[59729:373964] CouchbaseLite Replicator Info: {repl#10} documentEnded doc222 1-c51e026de7cf8de5a633f3a8066a50ab6a29d033 flags=0a (6/403)
2019-07-22 18:00:12.446570-0700 xctest[59729:373965] CouchbaseLite Network Debug: {LoopbackWS#12} SEND: ec0108c2 ea4f0ada 43044fa5 1e207f02 0059dbf5 e2
2019-07-22 18:00:12.446643-0700 xctest[59729:373968] CouchbaseLite Network Verbose: {BLIPIO#14} Sending ERR #235
2019-07-22 18:00:12.446724-0700 xctest[59729:374004] CouchbaseLite Replicator Info: {Repl#8} documentEnded doc232 1-c51e026de7cf8de5a633f3a8066a50ab6a29d033 flags=08 (6/403)
2019-07-22 18:00:12.446810-0700 xctest[59729:374007] CouchbaseLite Network Verbose: {BLIPIO#13} Finished sending REQ #236 Z
2019-07-22 18:00:12.446896-0700 xctest[59729:373964] CouchbaseLite Replicator Debug: {pusher#16} Done pushing 'doc222' 1-c51e026de7cf8de5a633f3a8066a50ab6a29d033
2019-07-22 18:00:12.446975-0700 xctest[59729:373989] CouchbaseLite Network Debug: {LoopbackWS#11} RECEIVED: ec0108c2 ea4f0ada 43044fa5 1e207f02 0059dbf5 e2
2019-07-22 18:00:12.447076-0700 xctest[59729:373968] CouchbaseLite Network Verbose: {BLIPIO#14} Sending frame: ERR #235 ----, bytes 0--68
2019-07-22 18:00:12.447177-0700 xctest[59729:374004] CouchbaseLite Replicator Verbose: {Puller#15} Checkpoint now at 232
2019-07-22 18:00:12.447261-0700 xctest[59729:374007] CouchbaseLite Network Verbose: {BLIPIO#13} ...Wrote 21 bytes to WebSocket (writeable=1)
2019-07-22 18:00:12.447341-0700 xctest[59729:373964] CouchbaseLite Replicator Info: {pusher#16} activityLevel=busy: pendingResponseCount=11, caughtUp=1, changeLists=0, revsInFlight=10, blobsInFlight=0, awaitingReply=232, revsToSend=167, pushingDocs=178, pendingSequences=0
2019-07-22 18:00:12.447430-0700 xctest[59729:373968] CouchbaseLite Network Verbose: {BLIPIO#14} Finished sending ERR #235
2019-07-22 18:00:12.447509-0700 xctest[59729:373989] CouchbaseLite Network Debug: {LoopbackWS#11} SEND: eb010221 4572726f 722d446f 6d61696e 00485454 50004572 726f722d 436f6465 00343033 0072656a 65637465 64206279 2076616c 69646174 696f6e20 66756e63... [72]
2019-07-22 18:00:12.447597-0700 xctest[59729:374004] CouchbaseLite Replicator Verbose: {Puller#15} progress +142/+0, 0 docs -- now 33136 / 56992, 200 docs
2019-07-22 18:00:12.447672-0700 xctest[59729:374004] CouchbaseLite Replicator Info: {Puller#15} activityLevel=busy: pendingResponseCount=0, _caughtUp=1, _pendingRevMessages=168, _activeIncomingRevs=32
2019-07-22 18:00:12.447747-0700 xctest[59729:373968] CouchbaseLite Network Verbose: {BLIPIO#14} ...Wrote 72 bytes to WebSocket (writeable=1)
2019-07-22 18:00:12.447822-0700 xctest[59729:374007] CouchbaseLite Network Debug: {LoopbackWS#12} RECEIVED: eb010221 4572726f 722d446f 6d61696e 00485454 50004572 726f722d 436f6465 00343033 0072656a 65637465 64206279 2076616c 69646174 696f6e20 66756e63... [72]
2019-07-22 18:00:12.447903-0700 xctest[59729:373964] CouchbaseLite Replicator Debug: {pusher#16} Transmitted 'rev' doc224 #1-c51e026de7cf8de5a633f3a8066a50ab6a29d033 (seq #224)
2019-07-22 18:00:12.447985-0700 xctest[59729:373989] CouchbaseLite Replicator Info: {Repl#8} pushStatus=stopped, pullStatus=busy, progress=33136/56992
2019-07-22 18:00:12.448059-0700 xctest[59729:373989] CouchbaseLite Replicator Verbose: {Repl#8} progress +142/+0, 0 docs -- now 33136 / 56992, 200 docs
2019-07-22 18:00:12.448124-0700 xctest[59729:373989] CouchbaseLite Replicator Info: {Repl#8} activityLevel=busy: connectionState=2
2019-07-22 18:00:12.448189-0700 xctest[59729:373989] CouchbaseLite Replicator Info: {Repl#8} pushStatus=stopped, pullStatus=busy, progress=33136/56992
2019-07-22 18:00:12.448259-0700 xctest[59729:373968] CouchbaseLite Network Verbose: {BLIPIO#14} Received frame: REQ #236 ---C, length 18
2019-07-22 18:00:12.448340-0700 xctest[59729:374004] CouchbaseLite Network Verbose: {BLIPIO#13} Received frame: ERR #235 ----, length 69
2019-07-22 18:00:12.448433-0700 xctest[59729:373964] CouchbaseLite Replicator Verbose: {pusher#16} Sending rev doc234 1-c51e026de7cf8de5a633f3a8066a50ab6a29d033 (seq #234) [10/10]
2019-07-22 18:00:12.448515-0700 xctest[59729:373968] CouchbaseLite Network Verbose: {Connection#7} Receiving 'rev' REQ #236 Z
2019-07-22 18:00:12.448633-0700 xctest[59729:374004] CouchbaseLite Network Verbose: {Connection#9} Receiving ERR #235
2019-07-22 18:00:12.448726-0700 xctest[59729:373964] CouchbaseLite Replicator Verbose: {pusher#16} Reading document 'doc234' #1-c51e026de7cf8de5a633f3a8066a50ab6a29d033
2019-07-22 18:00:12.448809-0700 xctest[59729:373968] CouchbaseLite Network Verbose: {Connection#7} Finished receiving 'rev' REQ #236 Z
2019-07-22 18:00:12.448911-0700 xctest[59729:374007] CouchbaseLite Replicator Info: CBLReplicator[<- DB[otherdb]]: error pulling 'doc24': 6/403
2019-07-22 18:00:12.448919-0700 xctest[59729:374004] CouchbaseLite Network Verbose: {Connection#9} Finished receiving ERR #235
2019-07-22 18:00:12.449034-0700 xctest[59729:373989] CouchbaseLite Replicator Info: {Puller#15} activityLevel=busy: pendingResponseCount=0, _caughtUp=1, _pendingRevMessages=167, _activeIncomingRevs=33
2019-07-22 18:00:12.449118-0700 xctest[59729:374005] CouchbaseLite Replicator Verbose: {IncomingRev#26} Received revision 'doc233' #1-c51e026de7cf8de5a633f3a8066a50ab6a29d033 (seq '233')
2019-07-22 18:00:12.449212-0700 xctest[59729:374007] CouchbaseLite Replicator Info: CBLReplicator[<- DB[otherdb]]: error pulling 'doc25': 6/403
2019-07-22 18:00:12.449212-0700 xctest[59729:373964] CouchbaseLite Replicator Verbose: {pusher#16} Transmitting 'rev' message with 'doc234' #1-c51e026de7cf8de5a633f3a8066a50ab6a29d033
2019-07-22 18:00:12.449292-0700 xctest[59729:374007] CouchbaseLite Replicator Info: CBLReplicator[<- DB[otherdb]]: error pulling 'doc26': 6/403
2019-07-22 18:00:12.449369-0700 xctest[59729:373989] CouchbaseLite Network Verbose: {BLIPIO#13} Sending 'rev' REQ #237 Z
2019-07-22 18:00:12.449453-0700 xctest[59729:373964] CouchbaseLite Replicator Info: {pusher#16} activityLevel=busy: pendingResponseCount=12, caughtUp=1, changeLists=0, revsInFlight=10, blobsInFlight=0, awaitingReply=464, revsToSend=166, pushingDocs=178, pendingSequences=0
2019-07-22 18:00:12.449555-0700 xctest[59729:373964] CouchbaseLite Replicator Debug: {pusher#16} Transmitted 'rev' doc225 #1-c51e026de7cf8de5a633f3a8066a50ab6a29d033 (seq #225)
2019-07-22 18:00:12.449555-0700 xctest[59729:374007] CouchbaseLite Replicator Info: CBLReplicator[<- DB[otherdb]]: error pulling 'doc27': 6/403
2019-07-22 18:00:12.449647-0700 xctest[59729:373989] CouchbaseLite Network Verbose: {BLIPIO#13} Sending frame: REQ #237 ---C, bytes 0--17
2019-07-22 18:00:12.449717-0700 xctest[59729:374005] CouchbaseLite Replicator Info: {IncomingRev#26} Rejected by pull validator function
2019-07-22 18:00:12.449793-0700 xctest[59729:373964] CouchbaseLite Replicator Verbose: {pusher#16} Sending rev doc235 1-c51e026de7cf8de5a633f3a8066a50ab6a29d033 (seq #235) [10/10]
2019-07-22 18:00:12.449876-0700 xctest[59729:373968] CouchbaseLite Replicator Info: {Repl#8} documentEnded doc233 1-c51e026de7cf8de5a633f3a8066a50ab6a29d033 flags=08 (6/403)
2019-07-22 18:00:12.449969-0700 xctest[59729:373989] CouchbaseLite Network Verbose: {BLIPIO#13} Finished sending REQ #237 Z
2019-07-22 18:00:12.450053-0700 xctest[59729:374004] CouchbaseLite Network Debug: {LoopbackWS#12} SEND: ed0108c2 ea4f0ada 43044fa5 1e207f02 00ec749a ce
2019-07-22 18:00:12.450132-0700 xctest[59729:373965] CouchbaseLite Network Verbose: {BLIPIO#14} Sending ERR #236
2019-07-22 18:00:12.450209-0700 xctest[59729:374007] CouchbaseLite Replicator Info: CBLReplicator[<- DB[otherdb]]: error pulling 'doc28': 6/403
2019-07-22 18:00:12.450231-0700 xctest[59729:373964] CouchbaseLite Replicator Verbose: {pusher#16} Reading document 'doc235' #1-c51e026de7cf8de5a633f3a8066a50ab6a29d033
2019-07-22 18:00:12.450306-0700 xctest[59729:373968] CouchbaseLite Replicator Verbose: {Puller#15} Checkpoint now at 233
2019-07-22 18:00:12.450413-0700 xctest[59729:373987] CouchbaseLite Replicator Info: {Repl#8} activityLevel=busy: connectionState=2
2019-07-22 18:00:12.450497-0700 xctest[59729:373987] CouchbaseLite Replicator Info: {Repl#8} pushStatus=stopped, pullStatus=busy, progress=33136/56992
2019-07-22 18:00:12.450578-0700 xctest[59729:374005] CouchbaseLite Network Debug: {LoopbackWS#11} RECEIVED: ed0108c2 ea4f0ada 43044fa5 1e207f02 00ec749a ce
2019-07-22 18:00:12.450667-0700 xctest[59729:373965] CouchbaseLite Network Verbose: {BLIPIO#14} Sending frame: ERR #236 ----, bytes 0--68
2019-07-22 18:00:12.450745-0700 xctest[59729:374007] CouchbaseLite Replicator Info: CBLReplicator[<- DB[otherdb]]: error pulling 'doc29': 6/403
2019-07-22 18:00:12.450761-0700 xctest[59729:373968] CouchbaseLite Replicator Verbose: {Puller#15} progress +142/+0, 0 docs -- now 33278 / 56992, 200 docs
2019-07-22 18:00:12.450857-0700 xctest[59729:373968] CouchbaseLite Replicator Info: {Puller#15} activityLevel=busy: pendingResponseCount=0, _caughtUp=1, _pendingRevMessages=167, _activeIncomingRevs=33
2019-07-22 18:00:12.450938-0700 xctest[59729:373964] CouchbaseLite Replicator Verbose: {pusher#16} Transmitting 'rev' message with 'doc235' #1-c51e026de7cf8de5a633f3a8066a50ab6a29d033
2019-07-22 18:00:12.451021-0700 xctest[59729:373965] CouchbaseLite Network Verbose: {BLIPIO#14} Finished sending ERR #236
2019-07-22 18:00:12.451096-0700 xctest[59729:373965] CouchbaseLite Network Verbose: {BLIPIO#14} ...Wrote 72 bytes to WebSocket (writeable=1)
2019-07-22 18:00:12.451166-0700 xctest[59729:374007] CouchbaseLite Replicator Info: CBLReplicator[<- DB[otherdb]]: error pulling 'doc210': 6/403
2019-07-22 18:00:12.451174-0700 xctest[59729:373989] CouchbaseLite Network Verbose: {BLIPIO#13} ...Wrote 21 bytes to WebSocket (writeable=1)
2019-07-22 18:00:12.451263-0700 xctest[59729:373987] CouchbaseLite Replicator Info: {Repl#8} pushStatus=stopped, pullStatus=busy, progress=33278/56992
2019-07-22 18:00:12.451341-0700 xctest[59729:373987] CouchbaseLite Replicator Verbose: {Repl#8} progress +142/+0, 0 docs -- now 33278 / 56992, 200 docs
2019-07-22 18:00:12.451408-0700 xctest[59729:373987] CouchbaseLite Replicator Info: {Repl#8} activityLevel=busy: connectionState=2
2019-07-22 18:00:12.451471-0700 xctest[59729:373987] CouchbaseLite Replicator Info: {Repl#8} pushStatus=stopped, pullStatus=busy, progress=33278/56992
2019-07-22 18:00:12.451540-0700 xctest[59729:373989] CouchbaseLite Network Verbose: {BLIPIO#13} Sending 'rev' REQ #238 Z
2019-07-22 18:00:12.451611-0700 xctest[59729:374007] CouchbaseLite Replicator Info: CBLReplicator[<- DB[otherdb]]: error pulling 'doc211': 6/403
2019-07-22 18:00:12.451626-0700 xctest[59729:373964] CouchbaseLite Replicator Info: {pusher#16} activityLevel=busy: pendingResponseCount=13, caughtUp=1, changeLists=0, revsInFlight=10, blobsInFlight=0, awaitingReply=696, revsToSend=165, pushingDocs=178, pendingSequences=0
2019-07-22 18:00:12.451718-0700 xctest[59729:374005] CouchbaseLite Network Debug: {LoopbackWS#11} SEND: ec010221 4572726f 722d446f 6d61696e 00485454 50004572 726f722d 436f6465 00343033 0072656a 65637465 64206279 2076616c 69646174 696f6e20 66756e63... [72]
2019-07-22 18:00:12.451801-0700 xctest[59729:373965] CouchbaseLite Network Verbose: {BLIPIO#14} Received frame: REQ #237 ---C, length 18
2019-07-22 18:00:12.451895-0700 xctest[59729:373989] CouchbaseLite Network Verbose: {BLIPIO#13} Sending frame: REQ #238 ---C, bytes 0--17
2019-07-22 18:00:12.451968-0700 xctest[59729:374007] CouchbaseLite Replicator Info: CBLReplicator[<- DB[otherdb]]: error pulling 'doc212': 6/403
2019-07-22 18:00:12.451976-0700 xctest[59729:373964] CouchbaseLite Replicator ERROR: {pusher#16} Got error response to rev 'doc223' #1-c51e026de7cf8de5a633f3a8066a50ab6a29d033 (seq #223): HTTP 403 'rejected by validation function'
2019-07-22 18:00:12.452126-0700 xctest[59729:373987] CouchbaseLite Network Debug: {LoopbackWS#12} RECEIVED: ec010221 4572726f 722d446f 6d61696e 00485454 50004572 726f722d 436f6465 00343033 0072656a 65637465 64206279 2076616c 69646174 696f6e20 66756e63... [72]
2019-07-22 18:00:12.452202-0700 xctest[59729:373965] CouchbaseLite Network Verbose: {Connection#7} Receiving 'rev' REQ #237 Z
2019-07-22 18:00:12.452292-0700 xctest[59729:373989] CouchbaseLite Network Verbose: {BLIPIO#13} Finished sending REQ #238 Z
2019-07-22 18:00:12.452380-0700 xctest[59729:374007] CouchbaseLite Replicator Info: CBLReplicator[<- DB[otherdb]]: error pulling 'doc213': 6/403
2019-07-22 18:00:12.452390-0700 xctest[59729:373964] CouchbaseLite Replicator Info: {repl#10} documentEnded doc223 1-c51e026de7cf8de5a633f3a8066a50ab6a29d033 flags=0a (6/403)
2019-07-22 18:00:12.452475-0700 xctest[59729:373987] CouchbaseLite Network Debug: {LoopbackWS#12} SEND: ee0108c2 ea4f0ada 43044fa5 1e207f02 00f5d983 95
2019-07-22 18:00:12.452558-0700 xctest[59729:373965] CouchbaseLite Network Verbose: {Connection#7} Finished receiving 'rev' REQ #237 Z
2019-07-22 18:00:12.452643-0700 xctest[59729:373989] CouchbaseLite Network Verbose: {BLIPIO#13} ...Wrote 21 bytes to WebSocket (writeable=1)
2019-07-22 18:00:12.452751-0700 xctest[59729:373968] CouchbaseLite Replicator Verbose: {IncomingRev#26} Received revision 'doc234' #1-c51e026de7cf8de5a633f3a8066a50ab6a29d033 (seq '234')
2019-07-22 18:00:12.452832-0700 xctest[59729:373964] CouchbaseLite Replicator Debug: {pusher#16} Done pushing 'doc223' 1-c51e026de7cf8de5a633f3a8066a50ab6a29d033
2019-07-22 18:00:12.452917-0700 xctest[59729:374005] CouchbaseLite Network Debug: {LoopbackWS#11} RECEIVED: ee0108c2 ea4f0ada 43044fa5 1e207f02 00f5d983 95
2019-07-22 18:00:12.453011-0700 xctest[59729:373987] CouchbaseLite Replicator Info: {Puller#15} activityLevel=busy: pendingResponseCount=0, _caughtUp=1, _pendingRevMessages=166, _activeIncomingRevs=34
2019-07-22 18:00:12.453100-0700 xctest[59729:374007] CouchbaseLite Replicator Info: CBLReplicator[<- DB[otherdb]]: error pulling 'doc214': 6/403
2019-07-22 18:00:12.453095-0700 xctest[59729:373989] CouchbaseLite Network Verbose: {BLIPIO#13} Received frame: ERR #236 ----, length 69
2019-07-22 18:00:12.453215-0700 xctest[59729:373964] CouchbaseLite Replicator Info: {pusher#16} activityLevel=busy: pendingResponseCount=12, caughtUp=1, changeLists=0, revsInFlight=10, blobsInFlight=0, awaitingReply=464, revsToSend=165, pushingDocs=177, pendingSequences=0
2019-07-22 18:00:12.453316-0700 xctest[59729:373965] CouchbaseLite Network Verbose: {BLIPIO#14} Received frame: REQ #238 ---C, length 18
2019-07-22 18:00:12.453431-0700 xctest[59729:373968] CouchbaseLite Replicator Info: {IncomingRev#26} Rejected by pull validator function
2019-07-22 18:00:12.453519-0700 xctest[59729:374007] CouchbaseLite Replicator Info: CBLReplicator[<- DB[otherdb]]: error pulling 'doc215': 6/403
2019-07-22 18:00:12.453551-0700 xctest[59729:373989] CouchbaseLite Network Verbose: {Connection#9} Receiving ERR #236
2019-07-22 18:00:12.453664-0700 xctest[59729:373964] CouchbaseLite Replicator Debug: {pusher#16} Transmitted 'rev' doc226 #1-c51e026de7cf8de5a633f3a8066a50ab6a29d033 (seq #226)
2019-07-22 18:00:12.453761-0700 xctest[59729:373964] CouchbaseLite Replicator Verbose: {pusher#16} Sending rev doc236 1-c51e026de7cf8de5a633f3a8066a50ab6a29d033 (seq #236) [10/10]
2019-07-22 18:00:12.453840-0700 xctest[59729:373964] CouchbaseLite Replicator Verbose: {pusher#16} Reading document 'doc236' #1-c51e026de7cf8de5a633f3a8066a50ab6a29d033
2019-07-22 18:00:12.453840-0700 xctest[59729:374007] CouchbaseLite Replicator Info: CBLReplicator[<- DB[otherdb]]: error pulling 'doc216': 6/403
2019-07-22 18:00:12.453935-0700 xctest[59729:373989] CouchbaseLite Network Verbose: {Connection#9} Finished receiving ERR #236
2019-07-22 18:00:12.454053-0700 xctest[59729:373965] CouchbaseLite Network Verbose: {Connection#7} Receiving 'rev' REQ #238 Z
2019-07-22 18:00:12.454140-0700 xctest[59729:373987] CouchbaseLite Replicator Info: {Repl#8} documentEnded doc234 1-c51e026de7cf8de5a633f3a8066a50ab6a29d033 flags=08 (6/403)
2019-07-22 18:00:12.454236-0700 xctest[59729:374007] CouchbaseLite Replicator Info: CBLReplicator[<- DB[otherdb]]: error pulling 'doc217': 6/403
2019-07-22 18:00:12.454243-0700 xctest[59729:373964] CouchbaseLite Replicator Verbose: {pusher#16} Transmitting 'rev' message with 'doc236' #1-c51e026de7cf8de5a633f3a8066a50ab6a29d033
2019-07-22 18:00:12.454320-0700 xctest[59729:374007] CouchbaseLite Replicator Info: CBLReplicator[<- DB[otherdb]]: error pulling 'doc218': 6/403
2019-07-22 18:00:12.454334-0700 xctest[59729:373965] CouchbaseLite Network Verbose: {Connection#7} Finished receiving 'rev' REQ #238 Z
2019-07-22 18:00:12.454428-0700 xctest[59729:373987] CouchbaseLite Replicator Verbose: {Puller#15} Checkpoint now at 234
2019-07-22 18:00:12.454514-0700 xctest[59729:373964] CouchbaseLite Replicator Info: {pusher#16} activityLevel=busy: pendingResponseCount=13, caughtUp=1, changeLists=0, revsInFlight=10, blobsInFlight=0, awaitingReply=696, revsToSend=164, pushingDocs=177, pendingSequences=0
2019-07-22 18:00:12.454620-0700 xctest[59729:373968] CouchbaseLite Network Verbose: {BLIPIO#13} Sending 'rev' REQ #239 Z
2019-07-22 18:00:12.454716-0700 xctest[59729:374007] CouchbaseLite Replicator Info: CBLReplicator[<- DB[otherdb]]: error pulling 'doc219': 6/403
2019-07-22 18:00:12.454731-0700 xctest[59729:373965] CouchbaseLite Network Verbose: {BLIPIO#14} Sending ERR #237
2019-07-22 18:00:12.454809-0700 xctest[59729:373987] CouchbaseLite Replicator Verbose: {Puller#15} progress +142/+0, 0 docs -- now 33420 / 56992, 200 docs
2019-07-22 18:00:12.454909-0700 xctest[59729:373987] CouchbaseLite Replicator Info: {Puller#15} activityLevel=busy: pendingResponseCount=0, _caughtUp=1, _pendingRevMessages=166, _activeIncomingRevs=34
2019-07-22 18:00:12.455007-0700 xctest[59729:373968] CouchbaseLite Network Verbose: {BLIPIO#13} Sending frame: REQ #239 ---C, bytes 0--17
2019-07-22 18:00:12.455093-0700 xctest[59729:373965] CouchbaseLite Network Verbose: {BLIPIO#14} Sending frame: ERR #237 ----, bytes 0--68
2019-07-22 18:00:12.455102-0700 xctest[59729:374007] CouchbaseLite Replicator Info: CBLReplicator[<- DB[otherdb]]: error pulling 'doc220': 6/403
2019-07-22 18:00:12.455176-0700 xctest[59729:373964] CouchbaseLite Replicator ERROR: {pusher#16} Got error response to rev 'doc224' #1-c51e026de7cf8de5a633f3a8066a50ab6a29d033 (seq #224): HTTP 403 'rejected by validation function'
2019-07-22 18:00:12.455343-0700 xctest[59729:373989] CouchbaseLite Replicator Info: {Repl#8} pushStatus=stopped, pullStatus=busy, progress=33420/56992
2019-07-22 18:00:12.455415-0700 xctest[59729:373989] CouchbaseLite Replicator Verbose: {Repl#8} progress +142/+0, 0 docs -- now 33420 / 56992, 200 docs
2019-07-22 18:00:12.455511-0700 xctest[59729:374005] CouchbaseLite Replicator Verbose: {IncomingRev#26} Received revision 'doc235' #1-c51e026de7cf8de5a633f3a8066a50ab6a29d033 (seq '235')
2019-07-22 18:00:12.455599-0700 xctest[59729:373968] CouchbaseLite Network Verbose: {BLIPIO#13} Finished sending REQ #239 Z
2019-07-22 18:00:12.455735-0700 xctest[59729:374004] CouchbaseLite Network Debug: {LoopbackWS#12} SEND: ef0108c2 ea4f0ada 43044fa5 1e207f02 00040bbd 32
2019-07-22 18:00:12.455846-0700 xctest[59729:373965] CouchbaseLite Network Verbose: {BLIPIO#14} Finished sending ERR #237
2019-07-22 18:00:12.455924-0700 xctest[59729:373965] CouchbaseLite Network Verbose: {BLIPIO#14} ...Wrote 72 bytes to WebSocket (writeable=1)
2019-07-22 18:00:12.456055-0700 xctest[59729:374003] CouchbaseLite Network Debug: {LoopbackWS#11} SEND: ed010221 4572726f 722d446f 6d61696e 00485454 50004572 726f722d 436f6465 00343033 0072656a 65637465 64206279 2076616c 69646174 696f6e20 66756e63... [72]
2019-07-22 18:00:12.456146-0700 xctest[59729:373964] CouchbaseLite Replicator Info: {repl#10} documentEnded doc224 1-c51e026de7cf8de5a633f3a8066a50ab6a29d033 flags=0a (6/403)
2019-07-22 18:00:12.456235-0700 xctest[59729:373987] CouchbaseLite Replicator Info: {Puller#15} activityLevel=busy: pendingResponseCount=0, _caughtUp=1, _pendingRevMessages=165, _activeIncomingRevs=35
2019-07-22 18:00:12.456316-0700 xctest[59729:373989] CouchbaseLite Replicator Info: {Repl#8} activityLevel=busy: connectionState=2
2019-07-22 18:00:12.456403-0700 xctest[59729:373989] CouchbaseLite Replicator Info: {Repl#8} pushStatus=stopped, pullStatus=busy, progress=33420/56992
2019-07-22 18:00:12.456495-0700 xctest[59729:374007] CouchbaseLite Replicator Info: CBLReplicator[<- DB[otherdb]]: error pulling 'doc221': 6/403
2019-07-22 18:00:12.456498-0700 xctest[59729:374005] CouchbaseLite Replicator Info: {IncomingRev#26} Rejected by pull validator function
2019-07-22 18:00:12.456603-0700 xctest[59729:374003] CouchbaseLite Network Debug: {LoopbackWS#11} RECEIVED: ef0108c2 ea4f0ada 43044fa5 1e207f02 00040bbd 32
2019-07-22 18:00:12.456722-0700 xctest[59729:373965] CouchbaseLite Network Debug: {LoopbackWS#12} RECEIVED: ed010221 4572726f 722d446f 6d61696e 00485454 50004572 726f722d 436f6465 00343033 0072656a 65637465 64206279 2076616c 69646174 696f6e20 66756e63... [72]
2019-07-22 18:00:12.456805-0700 xctest[59729:373964] CouchbaseLite Replicator Debug: {pusher#16} Done pushing 'doc224' 1-c51e026de7cf8de5a633f3a8066a50ab6a29d033
2019-07-22 18:00:12.456889-0700 xctest[59729:373968] CouchbaseLite Network Verbose: {BLIPIO#13} ...Wrote 21 bytes to WebSocket (writeable=1)
2019-07-22 18:00:12.456964-0700 xctest[59729:374007] CouchbaseLite Replicator Info: CBLReplicator[<- DB[otherdb]]: error pulling 'doc222': 6/403
2019-07-22 18:00:12.456971-0700 xctest[59729:373989] CouchbaseLite Network Verbose: {BLIPIO#14} Sending ERR #238
2019-07-22 18:00:12.457056-0700 xctest[59729:373987] CouchbaseLite Replicator Info: {Repl#8} documentEnded doc235 1-c51e026de7cf8de5a633f3a8066a50ab6a29d033 flags=08 (6/403)
2019-07-22 18:00:12.457148-0700 xctest[59729:373964] CouchbaseLite Replicator Info: {pusher#16} activityLevel=busy: pendingResponseCount=12, caughtUp=1, changeLists=0, revsInFlight=10, blobsInFlight=0, awaitingReply=464, revsToSend=164, pushingDocs=176, pendingSequences=0
2019-07-22 18:00:12.457236-0700 xctest[59729:373968] CouchbaseLite Network Verbose: {BLIPIO#13} Received frame: ERR #237 ----, length 69
2019-07-22 18:00:12.457316-0700 xctest[59729:373989] CouchbaseLite Network Verbose: {BLIPIO#14} Sending frame: ERR #238 ----, bytes 0--68
2019-07-22 18:00:12.457405-0700 xctest[59729:374007] CouchbaseLite Replicator Info: CBLReplicator[<- DB[otherdb]]: error pulling 'doc223': 6/403
2019-07-22 18:00:12.457410-0700 xctest[59729:373987] CouchbaseLite Replicator Verbose: {Puller#15} Checkpoint now at 235
2019-07-22 18:00:12.457515-0700 xctest[59729:373964] CouchbaseLite Replicator Debug: {pusher#16} Transmitted 'rev' doc227 #1-c51e026de7cf8de5a633f3a8066a50ab6a29d033 (seq #227)
2019-07-22 18:00:12.457602-0700 xctest[59729:373968] CouchbaseLite Network Verbose: {Connection#9} Receiving ERR #237
2019-07-22 18:00:12.457682-0700 xctest[59729:373989] CouchbaseLite Network Verbose: {BLIPIO#14} Finished sending ERR #238
2019-07-22 18:00:12.457760-0700 xctest[59729:373965] CouchbaseLite Network Debug: {LoopbackWS#11} SEND: ee010221 4572726f 722d446f 6d61696e 00485454 50004572 726f722d 436f6465 00343033 0072656a 65637465 64206279 2076616c 69646174 696f6e20 66756e63... [72]
2019-07-22 18:00:12.457837-0700 xctest[59729:374007] CouchbaseLite Replicator Info: CBLReplicator[<- DB[otherdb]]: error pulling 'doc224': 6/403
2019-07-22 18:00:12.457849-0700 xctest[59729:373987] CouchbaseLite Replicator Verbose: {Puller#15} progress +142/+0, 0 docs -- now 33562 / 56992, 200 docs
2019-07-22 18:00:12.457943-0700 xctest[59729:373987] CouchbaseLite Replicator Info: {Puller#15} activityLevel=busy: pendingResponseCount=0, _caughtUp=1, _pendingRevMessages=165, _activeIncomingRevs=35
2019-07-22 18:00:12.458019-0700 xctest[59729:373968] CouchbaseLite Network Verbose: {Connection#9} Finished receiving ERR #237
2019-07-22 18:00:12.458101-0700 xctest[59729:373989] CouchbaseLite Network Verbose: {BLIPIO#14} ...Wrote 72 bytes to WebSocket (writeable=1)
2019-07-22 18:00:12.458179-0700 xctest[59729:373965] CouchbaseLite Network Debug: {LoopbackWS#12} RECEIVED: ee010221 4572726f 722d446f 6d61696e 00485454 50004572 726f722d 436f6465 00343033 0072656a 65637465 64206279 2076616c 69646174 696f6e20 66756e63... [72]
2019-07-22 18:00:12.458258-0700 xctest[59729:374007] CouchbaseLite Replicator Info: CBLReplicator[<- DB[otherdb]]: error pulling 'doc225': 6/403
2019-07-22 18:00:12.458281-0700 xctest[59729:373964] CouchbaseLite Replicator Verbose: {pusher#16} Sending rev doc237 1-c51e026de7cf8de5a633f3a8066a50ab6a29d033 (seq #237) [10/10]
2019-07-22 18:00:12.458378-0700 xctest[59729:374003] CouchbaseLite Replicator Info: {Repl#8} pushStatus=stopped, pullStatus=busy, progress=33562/56992
2019-07-22 18:00:12.458460-0700 xctest[59729:374003] CouchbaseLite Replicator Verbose: {Repl#8} progress +142/+0, 0 docs -- now 33562 / 56992, 200 docs
2019-07-22 18:00:12.458534-0700 xctest[59729:373987] CouchbaseLite Network Verbose: {BLIPIO#13} Received frame: ERR #238 ----, length 69
2019-07-22 18:00:12.458611-0700 xctest[59729:374007] CouchbaseLite Replicator Info: CBLReplicator[<- DB[otherdb]]: error pulling 'doc226': 6/403
2019-07-22 18:00:12.458628-0700 xctest[59729:373964] CouchbaseLite Replicator Verbose: {pusher#16} Reading document 'doc237' #1-c51e026de7cf8de5a633f3a8066a50ab6a29d033
2019-07-22 18:00:12.458715-0700 xctest[59729:373989] CouchbaseLite Network Verbose: {BLIPIO#14} Received frame: REQ #239 ---C, length 18
2019-07-22 18:00:12.458811-0700 xctest[59729:374003] CouchbaseLite Replicator Info: {Repl#8} activityLevel=busy: connectionState=2
2019-07-22 18:00:12.458923-0700 xctest[59729:374003] CouchbaseLite Replicator Info: {Repl#8} pushStatus=stopped, pullStatus=busy, progress=33562/56992
2019-07-22 18:00:12.459019-0700 xctest[59729:373989] CouchbaseLite Network Verbose: {Connection#7} Receiving 'rev' REQ #239 Z
2019-07-22 18:00:12.459026-0700 xctest[59729:374007] CouchbaseLite Replicator Info: CBLReplicator[<- DB[otherdb]]: error pulling 'doc227': 6/403
2019-07-22 18:00:12.459113-0700 xctest[59729:373987] CouchbaseLite Network Verbose: {Connection#9} Receiving ERR #238
2019-07-22 18:00:12.459187-0700 xctest[59729:373964] CouchbaseLite Replicator Verbose: {pusher#16} Transmitting 'rev' message with 'doc237' #1-c51e026de7cf8de5a633f3a8066a50ab6a29d033
2019-07-22 18:00:12.459275-0700 xctest[59729:374007] CouchbaseLite Replicator Info: CBLReplicator[<- DB[otherdb]]: error pulling 'doc228': 6/403
