2019-07-22 18:00:10.727347-0700 xctest[59729:373964] CouchbaseLite Replicator Verbose: {pusher#16} Transmitting 'rev' message with 'doc15' #1-c8c16ee37b9d0041b91beafe4587497a8ee75665
2019-07-22 18:00:10.727495-0700 xctest[59729:373987] CouchbaseLite Replicator Verbose: {IncomingBlob#19} progress +0/+12, 0 docs -- now 0 / 12, 0 docs
2019-07-22 18:00:10.727595-0700 xctest[59729:373987] CouchbaseLite Replicator Verbose: {IncomingBlob#19} now busy
2019-07-22 18:00:10.727725-0700 xctest[59729:373988] CouchbaseLite Network Verbose: {Connection#7} Finished receiving 'rev' REQ #6 Z
2019-07-22 18:00:10.727865-0700 xctest[59729:373990] CouchbaseLite Network Verbose: {BLIPIO#13} ...Wrote 18 bytes to WebSocket (writeable=1)
2019-07-22 18:00:10.728034-0700 xctest[59729:374003] CouchbaseLite Network Debug: {LoopbackWS#11} RECEIVED: 0708c2e6 4713b2fd 683228fd 0800b273 e9e5
2019-07-22 18:00:10.728189-0700 xctest[59729:373964] CouchbaseLite Replicator Verbose: {pusher#16} Sending rev doc16 1-c8c16ee37b9d0041b91beafe4587497a8ee75665 (seq #6) [6/10]
2019-07-22 18:00:10.728279-0700 xctest[59729:373968] CouchbaseLite Replicator Info: {Puller#15} activityLevel=busy: pendingResponseCount=0, _caughtUp=1, _pendingRevMessages=199, _activeIncomingRevs=1
2019-07-22 18:00:10.728383-0700 xctest[59729:373988] CouchbaseLite Network Verbose: {BLIPIO#14} Sending 'getAttachment' REQ #3
2019-07-22 18:00:10.728505-0700 xctest[59729:373990] CouchbaseLite Network Verbose: {BLIPIO#13} Sending 'rev' REQ #8 Z
2019-07-22 18:00:10.728610-0700 xctest[59729:373964] CouchbaseLite Replicator Verbose: {pusher#16} Reading document 'doc16' #1-c8c16ee37b9d0041b91beafe4587497a8ee75665
2019-07-22 18:00:10.728747-0700 xctest[59729:373968] CouchbaseLite Replicator Info: {Puller#15} activityLevel=busy: pendingResponseCount=0, _caughtUp=1, _pendingRevMessages=198, _activeIncomingRevs=2
2019-07-22 18:00:10.728923-0700 xctest[59729:374003] CouchbaseLite Replicator Verbose: {IncomingRev#20}==> litecore::repl::IncomingRev ->file:////var/folders/pd/n3rd9nkx3tn4qvvvwh_2xd_40000gq/T/CouchbaseLite-EE/testdb.cblite2/ @0x6130000610b0
2019-07-22 18:00:10.729014-0700 xctest[59729:374003] CouchbaseLite Replicator Verbose: {IncomingRev#20} Received revision 'doc12' #1-c8c16ee37b9d0041b91beafe4587497a8ee75665 (seq '2')
2019-07-22 18:00:10.729129-0700 xctest[59729:373990] CouchbaseLite Network Verbose: {BLIPIO#13} Sending frame: REQ #8 ---C, bytes 0--15
2019-07-22 18:00:10.729248-0700 xctest[59729:373968] CouchbaseLite Replicator Info: {Puller#15} activityLevel=busy: pendingResponseCount=0, _caughtUp=1, _pendingRevMessages=198, _activeIncomingRevs=2
2019-07-22 18:00:10.729357-0700 xctest[59729:373964] CouchbaseLite Replicator Verbose: {pusher#16} Transmitting 'rev' message with 'doc16' #1-c8c16ee37b9d0041b91beafe4587497a8ee75665
2019-07-22 18:00:10.729466-0700 xctest[59729:373988] CouchbaseLite Network Verbose: {BLIPIO#14} Sending frame: REQ #3 ----, bytes 0--81
2019-07-22 18:00:10.729588-0700 xctest[59729:373990] CouchbaseLite Network Verbose: {BLIPIO#13} Finished sending REQ #8 Z
2019-07-22 18:00:10.729753-0700 xctest[59729:373987] CouchbaseLite Network Debug: {LoopbackWS#12} SEND: 0808c2e6 4753b2fd 683a28fd 0800be89 87c3
2019-07-22 18:00:10.729889-0700 xctest[59729:373968] CouchbaseLite Replicator Verbose: {Puller#15} progress +0/+12, 0 docs -- now 0 / 28412, 0 docs
2019-07-22 18:00:10.729991-0700 xctest[59729:373968] CouchbaseLite Replicator Info: {Puller#15} activityLevel=busy: pendingResponseCount=0, _caughtUp=1, _pendingRevMessages=198, _activeIncomingRevs=2
2019-07-22 18:00:10.730108-0700 xctest[59729:373988] CouchbaseLite Network Verbose: {BLIPIO#14} Finished sending REQ #3
2019-07-22 18:00:10.730195-0700 xctest[59729:373990] CouchbaseLite Network Verbose: {BLIPIO#13} ...Wrote 18 bytes to WebSocket (writeable=1)
2019-07-22 18:00:10.730326-0700 xctest[59729:373989] CouchbaseLite Network Debug: {LoopbackWS#11} SEND: 03004d50 726f6669 6c650067 65744174 74616368 6d656e74 00646967 65737400 73686131 2d71444a 47544171 4c756e37 67427451 525a6d61 394c372b 50595941... [84]
2019-07-22 18:00:10.730498-0700 xctest[59729:374003] CouchbaseLite Replicator Verbose: {IncomingBlob#21}==> litecore::repl::IncomingBlob for doc 'doc12'.photo [sha1-qDJGTAqLun7gBtQRZma9L7+PYYA=] @0x61300007fff0
2019-07-22 18:00:10.730590-0700 xctest[59729:374003] CouchbaseLite Replicator Verbose: {IncomingBlob#21} Requesting blob (12 bytes, compress=1)
2019-07-22 18:00:10.730698-0700 xctest[59729:373987] CouchbaseLite Replicator Info: {Repl#8} pushStatus=stopped, pullStatus=busy, progress=0/28412
2019-07-22 18:00:10.730820-0700 xctest[59729:373968] CouchbaseLite Replicator Info: {Puller#15} activityLevel=busy: pendingResponseCount=0, _caughtUp=1, _pendingRevMessages=197, _activeIncomingRevs=3
2019-07-22 18:00:10.730926-0700 xctest[59729:373988] CouchbaseLite Network Verbose: {BLIPIO#14} ...Wrote 84 bytes to WebSocket (writeable=1)
2019-07-22 18:00:10.731028-0700 xctest[59729:373990] CouchbaseLite Network Verbose: {BLIPIO#13} Sending 'rev' REQ #9 Z
2019-07-22 18:00:10.731125-0700 xctest[59729:373989] CouchbaseLite Network Debug: {LoopbackWS#11} RECEIVED: 0808c2e6 4753b2fd 683a28fd 0800be89 87c3
2019-07-22 18:00:10.731221-0700 xctest[59729:373964] CouchbaseLite Replicator Verbose: {pusher#16} Sending rev doc17 1-c8c16ee37b9d0041b91beafe4587497a8ee75665 (seq #7) [7/10]
2019-07-22 18:00:10.731362-0700 xctest[59729:374004] CouchbaseLite Network Debug: {LoopbackWS#12} RECEIVED: 03004d50 726f6669 6c650067 65744174 74616368 6d656e74 00646967 65737400 73686131 2d71444a 47544171 4c756e37 67427451 525a6d61 394c372b 50595941... [84]
2019-07-22 18:00:10.731475-0700 xctest[59729:374003] CouchbaseLite Replicator Verbose: {IncomingBlob#21} progress +0/+12, 0 docs -- now 0 / 12, 0 docs
2019-07-22 18:00:10.731580-0700 xctest[59729:374003] CouchbaseLite Replicator Verbose: {IncomingBlob#21} now busy
2019-07-22 18:00:10.731698-0700 xctest[59729:373968] CouchbaseLite Replicator Info: {Puller#15} activityLevel=busy: pendingResponseCount=0, _caughtUp=1, _pendingRevMessages=197, _activeIncomingRevs=3
2019-07-22 18:00:10.731788-0700 xctest[59729:373988] CouchbaseLite Network Verbose: {BLIPIO#14} Received frame: REQ #7 ---C, length 16
2019-07-22 18:00:10.731905-0700 xctest[59729:373990] CouchbaseLite Network Verbose: {BLIPIO#13} Sending frame: REQ #9 ---C, bytes 0--15
2019-07-22 18:00:10.732018-0700 xctest[59729:373964] CouchbaseLite Replicator Verbose: {pusher#16} Reading document 'doc17' #1-c8c16ee37b9d0041b91beafe4587497a8ee75665
2019-07-22 18:00:10.732139-0700 xctest[59729:373987] CouchbaseLite Replicator Verbose: {Repl#8} progress +0/+12, 0 docs -- now 0 / 28412, 0 docs
2019-07-22 18:00:10.732241-0700 xctest[59729:373987] CouchbaseLite Replicator Info: {Repl#8} activityLevel=busy: connectionState=2
2019-07-22 18:00:10.732348-0700 xctest[59729:373988] CouchbaseLite Network Verbose: {Connection#7} Receiving 'rev' REQ #7 Z
2019-07-22 18:00:10.732455-0700 xctest[59729:373990] CouchbaseLite Network Verbose: {BLIPIO#13} Finished sending REQ #9 Z
2019-07-22 18:00:10.732563-0700 xctest[59729:373968] CouchbaseLite Network Debug: {LoopbackWS#12} SEND: 0908c2e6 4733b2fd 683628fd 0800d238 911c
2019-07-22 18:00:10.732670-0700 xctest[59729:374003] CouchbaseLite Replicator Verbose: {IncomingRev#22}==> litecore::repl::IncomingRev ->file:////var/folders/pd/n3rd9nkx3tn4qvvvwh_2xd_40000gq/T/CouchbaseLite-EE/testdb.cblite2/ @0x613000061270
2019-07-22 18:00:10.732808-0700 xctest[59729:374003] CouchbaseLite Replicator Verbose: {IncomingRev#22} Received revision 'doc13' #1-c8c16ee37b9d0041b91beafe4587497a8ee75665 (seq '3')
2019-07-22 18:00:10.732926-0700 xctest[59729:373987] CouchbaseLite Replicator Info: {Repl#8} pushStatus=stopped, pullStatus=busy, progress=0/28412
2019-07-22 18:00:10.733054-0700 xctest[59729:373988] CouchbaseLite Network Verbose: {Connection#7} Finished receiving 'rev' REQ #7 Z
2019-07-22 18:00:10.733181-0700 xctest[59729:373990] CouchbaseLite Network Verbose: {BLIPIO#13} ...Wrote 18 bytes to WebSocket (writeable=1)
2019-07-22 18:00:10.733289-0700 xctest[59729:374004] CouchbaseLite Network Debug: {LoopbackWS#11} RECEIVED: 0908c2e6 4733b2fd 683628fd 0800d238 911c
2019-07-22 18:00:10.733412-0700 xctest[59729:373964] CouchbaseLite Replicator Verbose: {pusher#16} Transmitting 'rev' message with 'doc17' #1-c8c16ee37b9d0041b91beafe4587497a8ee75665
2019-07-22 18:00:10.733532-0700 xctest[59729:373988] CouchbaseLite Network Verbose: {BLIPIO#14} Sending 'getAttachment' REQ #4
2019-07-22 18:00:10.733670-0700 xctest[59729:373987] CouchbaseLite Replicator Info: {Puller#15} activityLevel=busy: pendingResponseCount=0, _caughtUp=1, _pendingRevMessages=196, _activeIncomingRevs=4
2019-07-22 18:00:10.733784-0700 xctest[59729:373990] CouchbaseLite Network Verbose: {BLIPIO#13} Received frame: REQ #3 ----, length 82
2019-07-22 18:00:10.733882-0700 xctest[59729:374003] CouchbaseLite Replicator Verbose: {IncomingRev#23}==> litecore::repl::IncomingRev ->file:////var/folders/pd/n3rd9nkx3tn4qvvvwh_2xd_40000gq/T/CouchbaseLite-EE/testdb.cblite2/ @0x613000070770
2019-07-22 18:00:10.733997-0700 xctest[59729:374003] CouchbaseLite Replicator Verbose: {IncomingRev#23} Received revision 'doc14' #1-c8c16ee37b9d0041b91beafe4587497a8ee75665 (seq '4')
2019-07-22 18:00:10.734128-0700 xctest[59729:373988] CouchbaseLite Network Verbose: {BLIPIO#14} Sending frame: REQ #4 ----, bytes 0--81
2019-07-22 18:00:10.734259-0700 xctest[59729:373987] CouchbaseLite Replicator Info: {Puller#15} activityLevel=busy: pendingResponseCount=0, _caughtUp=1, _pendingRevMessages=196, _activeIncomingRevs=4
2019-07-22 18:00:10.734401-0700 xctest[59729:374004] CouchbaseLite Network Debug: {LoopbackWS#11} SEND: 04004d50 726f6669 6c650067 65744174 74616368 6d656e74 00646967 65737400 73686131 2d71444a 47544171 4c756e37 67427451 525a6d61 394c372b 50595941... [84]
2019-07-22 18:00:10.734533-0700 xctest[59729:373964] CouchbaseLite Replicator Verbose: {pusher#16} Sending rev doc18 1-c8c16ee37b9d0041b91beafe4587497a8ee75665 (seq #8) [8/10]
2019-07-22 18:00:10.734652-0700 xctest[59729:373988] CouchbaseLite Network Verbose: {BLIPIO#14} Finished sending REQ #4
2019-07-22 18:00:10.734854-0700 xctest[59729:373990] CouchbaseLite Network Verbose: {Connection#9} Receiving 'getAttachment' REQ #3
2019-07-22 18:00:10.734976-0700 xctest[59729:373987] CouchbaseLite Replicator Verbose: {Puller#15} progress +0/+12, 0 docs -- now 0 / 28424, 0 docs
2019-07-22 18:00:10.735105-0700 xctest[59729:373987] CouchbaseLite Replicator Info: {Puller#15} activityLevel=busy: pendingResponseCount=0, _caughtUp=1, _pendingRevMessages=196, _activeIncomingRevs=4
2019-07-22 18:00:10.735238-0700 xctest[59729:373964] CouchbaseLite Replicator Verbose: {pusher#16} Reading document 'doc18' #1-c8c16ee37b9d0041b91beafe4587497a8ee75665
2019-07-22 18:00:10.735343-0700 xctest[59729:373988] CouchbaseLite Network Verbose: {BLIPIO#14} ...Wrote 84 bytes to WebSocket (writeable=1)
2019-07-22 18:00:10.735488-0700 xctest[59729:374003] CouchbaseLite Replicator Verbose: {IncomingBlob#24}==> litecore::repl::IncomingBlob for doc 'doc13'.photo [sha1-qDJGTAqLun7gBtQRZma9L7+PYYA=] @0x613000080370
2019-07-22 18:00:10.735597-0700 xctest[59729:374003] CouchbaseLite Replicator Verbose: {IncomingBlob#24} Requesting blob (12 bytes, compress=1)
2019-07-22 18:00:10.735746-0700 xctest[59729:373968] CouchbaseLite Network Debug: {LoopbackWS#12} RECEIVED: 04004d50 726f6669 6c650067 65744174 74616368 6d656e74 00646967 65737400 73686131 2d71444a 47544171 4c756e37 67427451 525a6d61 394c372b 50595941... [84]
2019-07-22 18:00:10.735884-0700 xctest[59729:373987] CouchbaseLite Replicator Info: {Puller#15} activityLevel=busy: pendingResponseCount=0, _caughtUp=1, _pendingRevMessages=196, _activeIncomingRevs=4
2019-07-22 18:00:10.736055-0700 xctest[59729:374004] CouchbaseLite Replicator Info: {Repl#8} pushStatus=stopped, pullStatus=busy, progress=0/28424
2019-07-22 18:00:10.736237-0700 xctest[59729:373988] CouchbaseLite Network Verbose: {BLIPIO#14} Received frame: REQ #8 ---C, length 16
2019-07-22 18:00:10.736395-0700 xctest[59729:373990] CouchbaseLite Network Verbose: {Connection#9} Finished receiving 'getAttachment' REQ #3
2019-07-22 18:00:10.736547-0700 xctest[59729:373964] CouchbaseLite Replicator Verbose: {pusher#16} Transmitting 'rev' message with 'doc18' #1-c8c16ee37b9d0041b91beafe4587497a8ee75665
2019-07-22 18:00:10.736714-0700 xctest[59729:374003] CouchbaseLite Replicator Verbose: {IncomingBlob#24} progress +0/+12, 0 docs -- now 0 / 12, 0 docs
2019-07-22 18:00:10.736824-0700 xctest[59729:374003] CouchbaseLite Replicator Verbose: {IncomingBlob#24} now busy
2019-07-22 18:00:10.736944-0700 xctest[59729:373988] CouchbaseLite Network Verbose: {Connection#7} Receiving 'rev' REQ #8 Z
2019-07-22 18:00:10.737103-0700 xctest[59729:373990] CouchbaseLite Network Verbose: {BLIPIO#13} Sending 'rev' REQ #10 Z
2019-07-22 18:00:10.737212-0700 xctest[59729:373964] CouchbaseLite Replicator Verbose: {pusher#16} Sending rev doc19 1-c8c16ee37b9d0041b91beafe4587497a8ee75665 (seq #9) [9/10]
2019-07-22 18:00:10.737331-0700 xctest[59729:374004] CouchbaseLite Replicator Verbose: {Repl#8} progress +0/+12, 0 docs -- now 0 / 28424, 0 docs
2019-07-22 18:00:10.737434-0700 xctest[59729:374003] CouchbaseLite Replicator Verbose: {IncomingBlob#25}==> litecore::repl::IncomingBlob for doc 'doc14'.photo [sha1-qDJGTAqLun7gBtQRZma9L7+PYYA=] @0x613000080530
2019-07-22 18:00:10.737521-0700 xctest[59729:374003] CouchbaseLite Replicator Verbose: {IncomingBlob#25} Requesting blob (12 bytes, compress=1)
2019-07-22 18:00:10.737636-0700 xctest[59729:373990] CouchbaseLite Network Verbose: {BLIPIO#13} Sending frame: REQ #10 ---C, bytes 0--15
2019-07-22 18:00:10.737758-0700 xctest[59729:373964] CouchbaseLite Replicator Verbose: {pusher#16} Reading document 'doc19' #1-c8c16ee37b9d0041b91beafe4587497a8ee75665
2019-07-22 18:00:10.737857-0700 xctest[59729:374004] CouchbaseLite Replicator Info: {Repl#8} activityLevel=busy: connectionState=2
2019-07-22 18:00:10.737981-0700 xctest[59729:373988] CouchbaseLite Network Verbose: {Connection#7} Finished receiving 'rev' REQ #8 Z
2019-07-22 18:00:10.738088-0700 xctest[59729:374003] CouchbaseLite Replicator Verbose: {IncomingBlob#25} progress +0/+12, 0 docs -- now 0 / 12, 0 docs
2019-07-22 18:00:10.738211-0700 xctest[59729:373990] CouchbaseLite Network Verbose: {BLIPIO#13} Finished sending REQ #10 Z
2019-07-22 18:00:10.738337-0700 xctest[59729:373987] CouchbaseLite Network Debug: {LoopbackWS#12} SEND: 0a08c2e6 4773b2fd 683e28fd 080059f1 29bc
2019-07-22 18:00:10.738445-0700 xctest[59729:374004] CouchbaseLite Replicator Info: {Repl#8} pushStatus=stopped, pullStatus=busy, progress=0/28424
2019-07-22 18:00:10.738544-0700 xctest[59729:373964] CouchbaseLite Replicator Verbose: {pusher#16} Transmitting 'rev' message with 'doc19' #1-c8c16ee37b9d0041b91beafe4587497a8ee75665
2019-07-22 18:00:10.738662-0700 xctest[59729:373988] CouchbaseLite Network Verbose: {BLIPIO#14} Received frame: REQ #9 ---C, length 16
2019-07-22 18:00:10.738771-0700 xctest[59729:373968] CouchbaseLite Replicator Info: {Puller#15} activityLevel=busy: pendingResponseCount=0, _caughtUp=1, _pendingRevMessages=195, _activeIncomingRevs=5
2019-07-22 18:00:10.738866-0700 xctest[59729:374003] CouchbaseLite Replicator Verbose: {IncomingBlob#25} now busy
2019-07-22 18:00:10.738962-0700 xctest[59729:373990] CouchbaseLite Network Verbose: {BLIPIO#13} ...Wrote 18 bytes to WebSocket (writeable=1)
2019-07-22 18:00:10.739077-0700 xctest[59729:373965] CouchbaseLite Replicator Info: {RevFinder#17} Responded to 'changes' REQ#2 w/request for 200 revs
2019-07-22 18:00:10.739192-0700 xctest[59729:373989] CouchbaseLite Network Debug: {LoopbackWS#11} RECEIVED: 0a08c2e6 4773b2fd 683e28fd 080059f1 29bc
2019-07-22 18:00:10.739317-0700 xctest[59729:373964] CouchbaseLite Replicator Verbose: {pusher#16} Sending rev doc110 1-c8c16ee37b9d0041b91beafe4587497a8ee75665 (seq #10) [10/10]
2019-07-22 18:00:10.739440-0700 xctest[59729:373988] CouchbaseLite Network Verbose: {Connection#7} Receiving 'rev' REQ #9 Z
2019-07-22 18:00:10.739566-0700 xctest[59729:374003] CouchbaseLite Replicator Verbose: {IncomingRev#26}==> litecore::repl::IncomingRev ->file:////var/folders/pd/n3rd9nkx3tn4qvvvwh_2xd_40000gq/T/CouchbaseLite-EE/testdb.cblite2/ @0x613000061430
2019-07-22 18:00:10.739654-0700 xctest[59729:374003] CouchbaseLite Replicator Verbose: {IncomingRev#26} Received revision 'doc15' #1-c8c16ee37b9d0041b91beafe4587497a8ee75665 (seq '5')
2019-07-22 18:00:10.739756-0700 xctest[59729:373964] CouchbaseLite Replicator Verbose: {pusher#16} Reading document 'doc110' #1-c8c16ee37b9d0041b91beafe4587497a8ee75665
2019-07-22 18:00:10.739853-0700 xctest[59729:373988] CouchbaseLite Network Verbose: {Connection#7} Finished receiving 'rev' REQ #9 Z
2019-07-22 18:00:10.740012-0700 xctest[59729:373990] CouchbaseLite Network Verbose: {BLIPIO#13} Received frame: REQ #4 ----, length 82
2019-07-22 18:00:10.740206-0700 xctest[59729:373988] CouchbaseLite Network Verbose: {BLIPIO#14} Sending 'getAttachment' REQ #5
2019-07-22 18:00:10.740346-0700 xctest[59729:373964] CouchbaseLite Replicator Verbose: {pusher#16} Transmitting 'rev' message with 'doc110' #1-c8c16ee37b9d0041b91beafe4587497a8ee75665
2019-07-22 18:00:10.740515-0700 xctest[59729:373990] CouchbaseLite Network Verbose: {Connection#9} Receiving 'getAttachment' REQ #4
2019-07-22 18:00:10.740675-0700 xctest[59729:373988] CouchbaseLite Network Verbose: {BLIPIO#14} Sending frame: REQ #5 ----, bytes 0--81
2019-07-22 18:00:10.740797-0700 xctest[59729:373964] CouchbaseLite Replicator Info: {pusher#16} activityLevel=busy: pendingResponseCount=11, caughtUp=1, changeLists=1, revsInFlight=10, blobsInFlight=0, awaitingReply=0, revsToSend=190, pushingDocs=400, pendingSequences=0
2019-07-22 18:00:10.740981-0700 xctest[59729:374003] CouchbaseLite Replicator Verbose: {IncomingBlob#27}==> litecore::repl::IncomingBlob for doc 'doc15'.photo [sha1-qDJGTAqLun7gBtQRZma9L7+PYYA=] @0x613000080a70
2019-07-22 18:00:10.741084-0700 xctest[59729:374003] CouchbaseLite Replicator Verbose: {IncomingBlob#27} Requesting blob (12 bytes, compress=1)
2019-07-22 18:00:10.741198-0700 xctest[59729:373988] CouchbaseLite Network Verbose: {BLIPIO#14} Finished sending REQ #5
2019-07-22 18:00:10.741304-0700 xctest[59729:374003] CouchbaseLite Replicator Verbose: {IncomingBlob#27} progress +0/+12, 0 docs -- now 0 / 12, 0 docs
2019-07-22 18:00:10.741402-0700 xctest[59729:374003] CouchbaseLite Replicator Verbose: {IncomingBlob#27} now busy
2019-07-22 18:00:10.741514-0700 xctest[59729:373990] CouchbaseLite Network Verbose: {Connection#9} Finished receiving 'getAttachment' REQ #4
2019-07-22 18:00:10.741644-0700 xctest[59729:373989] CouchbaseLite Network Debug: {LoopbackWS#11} SEND: 05004d50 726f6669 6c650067 65744174 74616368 6d656e74 00646967 65737400 73686131 2d71444a 47544171 4c756e37 67427451 525a6d61 394c372b 50595941... [84]
2019-07-22 18:00:10.741754-0700 xctest[59729:373988] CouchbaseLite Network Verbose: {BLIPIO#14} ...Wrote 84 bytes to WebSocket (writeable=1)
2019-07-22 18:00:10.741869-0700 xctest[59729:374003] CouchbaseLite Network Debug: {LoopbackWS#12} RECEIVED: 05004d50 726f6669 6c650067 65744174 74616368 6d656e74 00646967 65737400 73686131 2d71444a 47544171 4c756e37 67427451 525a6d61 394c372b 50595941... [84]
2019-07-22 18:00:10.741980-0700 xctest[59729:373964] CouchbaseLite Replicator Info: {pusher#16} activityLevel=busy: pendingResponseCount=11, caughtUp=1, changeLists=1, revsInFlight=10, blobsInFlight=0, awaitingReply=0, revsToSend=190, pushingDocs=400, pendingSequences=0
2019-07-22 18:00:10.742101-0700 xctest[59729:373990] CouchbaseLite Network Verbose: {BLIPIO#13} Sending 'rev' REQ #11 Z
2019-07-22 18:00:10.742213-0700 xctest[59729:373968] CouchbaseLite Replicator Verbose: {Puller#15} Now waiting for 395 'rev' messages; 400 known sequences pending
2019-07-22 18:00:10.742315-0700 xctest[59729:373988] CouchbaseLite Network Verbose: {BLIPIO#14} Sending 'getAttachment' REQ #6
2019-07-22 18:00:10.742426-0700 xctest[59729:373964] CouchbaseLite Replicator Debug: {pusher#16} Transmitted 'rev' doc11 #1-c8c16ee37b9d0041b91beafe4587497a8ee75665 (seq #1)
2019-07-22 18:00:10.742548-0700 xctest[59729:373990] CouchbaseLite Network Verbose: {BLIPIO#13} Sending frame: REQ #11 ---C, bytes 0--15
2019-07-22 18:00:10.742644-0700 xctest[59729:373968] CouchbaseLite Replicator Verbose: {Puller#15} progress +0/+28400, 0 docs -- now 0 / 56824, 0 docs
2019-07-22 18:00:10.742768-0700 xctest[59729:373968] CouchbaseLite Replicator Info: {Puller#15} activityLevel=busy: pendingResponseCount=0, _caughtUp=1, _pendingRevMessages=395, _activeIncomingRevs=5
2019-07-22 18:00:10.742881-0700 xctest[59729:373964] CouchbaseLite Replicator Verbose: {pusher#16} Sending rev doc111 1-c8c16ee37b9d0041b91beafe4587497a8ee75665 (seq #11) [10/10]
2019-07-22 18:00:10.743003-0700 xctest[59729:373990] CouchbaseLite Network Verbose: {BLIPIO#13} Finished sending REQ #11 Z
2019-07-22 18:00:10.743153-0700 xctest[59729:373989] CouchbaseLite Network Debug: {LoopbackWS#12} SEND: 0b08c2e6 470bb2fd 683128fd 0800c7f9 debb
2019-07-22 18:00:10.743240-0700 xctest[59729:373988] CouchbaseLite Network Verbose: {BLIPIO#14} Sending frame: REQ #6 ----, bytes 0--81
2019-07-22 18:00:10.743350-0700 xctest[59729:373968] CouchbaseLite Replicator Verbose: {Puller#15} progress +0/+12, 0 docs -- now 0 / 56836, 0 docs
2019-07-22 18:00:10.743435-0700 xctest[59729:373968] CouchbaseLite Replicator Info: {Puller#15} activityLevel=busy: pendingResponseCount=0, _caughtUp=1, _pendingRevMessages=395, _activeIncomingRevs=5
2019-07-22 18:00:10.743537-0700 xctest[59729:373964] CouchbaseLite Replicator Verbose: {pusher#16} Reading document 'doc111' #1-c8c16ee37b9d0041b91beafe4587497a8ee75665
2019-07-22 18:00:10.743666-0700 xctest[59729:373990] CouchbaseLite Network Verbose: {BLIPIO#13} ...Wrote 18 bytes to WebSocket (writeable=1)
2019-07-22 18:00:10.743752-0700 xctest[59729:374004] CouchbaseLite Network Debug: {LoopbackWS#11} RECEIVED: 0b08c2e6 470bb2fd 683128fd 0800c7f9 debb
2019-07-22 18:00:10.743858-0700 xctest[59729:373988] CouchbaseLite Network Verbose: {BLIPIO#14} Finished sending REQ #6
2019-07-22 18:00:10.743963-0700 xctest[59729:373965] CouchbaseLite Replicator Info: {Repl#8} pushStatus=stopped, pullStatus=busy, progress=0/56824
2019-07-22 18:00:10.744051-0700 xctest[59729:373965] CouchbaseLite Replicator Verbose: {Repl#8} progress +0/+28400, 0 docs -- now 0 / 56824, 0 docs
2019-07-22 18:00:10.744158-0700 xctest[59729:373989] CouchbaseLite Replicator Verbose: {IncomingRev#28}==> litecore::repl::IncomingRev ->file:////var/folders/pd/n3rd9nkx3tn4qvvvwh_2xd_40000gq/T/CouchbaseLite-EE/testdb.cblite2/ @0x6130000615f0
2019-07-22 18:00:10.744254-0700 xctest[59729:373989] CouchbaseLite Replicator Verbose: {IncomingRev#28} Received revision 'doc16' #1-c8c16ee37b9d0041b91beafe4587497a8ee75665 (seq '6')
2019-07-22 18:00:10.744339-0700 xctest[59729:373964] CouchbaseLite Replicator Verbose: {pusher#16} Transmitting 'rev' message with 'doc111' #1-c8c16ee37b9d0041b91beafe4587497a8ee75665
2019-07-22 18:00:10.744500-0700 xctest[59729:374004] CouchbaseLite Network Debug: {LoopbackWS#11} SEND: 06004d50 726f6669 6c650067 65744174 74616368 6d656e74 00646967 65737400 73686131 2d71444a 47544171 4c756e37 67427451 525a6d61 394c372b 50595941... [84]
2019-07-22 18:00:10.744590-0700 xctest[59729:373988] CouchbaseLite Network Verbose: {BLIPIO#14} ...Wrote 84 bytes to WebSocket (writeable=1)
2019-07-22 18:00:10.744708-0700 xctest[59729:373968] CouchbaseLite Replicator Info: {Puller#15} activityLevel=busy: pendingResponseCount=0, _caughtUp=1, _pendingRevMessages=394, _activeIncomingRevs=6
2019-07-22 18:00:10.744832-0700 xctest[59729:373965] CouchbaseLite Replicator Info: {Repl#8} activityLevel=busy: connectionState=2
2019-07-22 18:00:10.744913-0700 xctest[59729:373965] CouchbaseLite Replicator Info: {Repl#8} pushStatus=stopped, pullStatus=busy, progress=0/56824
2019-07-22 18:00:10.745009-0700 xctest[59729:373964] CouchbaseLite Replicator Info: {pusher#16} activityLevel=busy: pendingResponseCount=12, caughtUp=1, changeLists=1, revsInFlight=10, blobsInFlight=0, awaitingReply=228, revsToSend=189, pushingDocs=400, pendingSequences=0
2019-07-22 18:00:10.745115-0700 xctest[59729:373988] CouchbaseLite Network Verbose: {BLIPIO#14} Sending RES #2 UZ
2019-07-22 18:00:10.745208-0700 xctest[59729:373987] CouchbaseLite Network Debug: {LoopbackWS#12} RECEIVED: 06004d50 726f6669 6c650067 65744174 74616368 6d656e74 00646967 65737400 73686131 2d71444a 47544171 4c756e37 67427451 525a6d61 394c372b 50595941... [84]
2019-07-22 18:00:10.745313-0700 xctest[59729:373968] CouchbaseLite Replicator Info: {Puller#15} activityLevel=busy: pendingResponseCount=0, _caughtUp=1, _pendingRevMessages=394, _activeIncomingRevs=6
2019-07-22 18:00:10.745413-0700 xctest[59729:373990] CouchbaseLite Network Verbose: {BLIPIO#13} Sending 'rev' REQ #12 Z
2019-07-22 18:00:10.745507-0700 xctest[59729:373965] CouchbaseLite Replicator Info: {Repl#8} pushStatus=stopped, pullStatus=busy, progress=0/56836
2019-07-22 18:00:10.745629-0700 xctest[59729:373965] CouchbaseLite Replicator Verbose: {Repl#8} progress +0/+12, 0 docs -- now 0 / 56836, 0 docs
2019-07-22 18:00:10.745743-0700 xctest[59729:373964] CouchbaseLite Replicator Debug: {pusher#16} Transmitted 'rev' doc12 #1-c8c16ee37b9d0041b91beafe4587497a8ee75665 (seq #2)
2019-07-22 18:00:10.745845-0700 xctest[59729:373988] CouchbaseLite Network Verbose: {BLIPIO#14} Sending frame: RES #2 -U-C, bytes 0--13
2019-07-22 18:00:10.745956-0700 xctest[59729:373968] CouchbaseLite Replicator Verbose: {Puller#15} progress +0/+12, 0 docs -- now 0 / 56848, 0 docs
2019-07-22 18:00:10.746030-0700 xctest[59729:373968] CouchbaseLite Replicator Info: {Puller#15} activityLevel=busy: pendingResponseCount=0, _caughtUp=1, _pendingRevMessages=394, _activeIncomingRevs=6
2019-07-22 18:00:10.746153-0700 xctest[59729:373989] CouchbaseLite Replicator Verbose: {IncomingBlob#29}==> litecore::repl::IncomingBlob for doc 'doc16'.photo [sha1-qDJGTAqLun7gBtQRZma9L7+PYYA=] @0x61300009fef0
2019-07-22 18:00:10.746244-0700 xctest[59729:373989] CouchbaseLite Replicator Verbose: {IncomingBlob#29} Requesting blob (12 bytes, compress=1)
2019-07-22 18:00:10.746365-0700 xctest[59729:373964] CouchbaseLite Replicator Verbose: {pusher#16} Sending rev doc112 1-c8c16ee37b9d0041b91beafe4587497a8ee75665 (seq #12) [10/10]
2019-07-22 18:00:10.746468-0700 xctest[59729:373988] CouchbaseLite Network Verbose: {BLIPIO#14} Finished sending RES #2 UZ
2019-07-22 18:00:10.746561-0700 xctest[59729:373987] CouchbaseLite Network Debug: {LoopbackWS#11} SEND: 0219921c 4d72a388 ae281600 bd404439
2019-07-22 18:00:10.746661-0700 xctest[59729:373990] CouchbaseLite Network Verbose: {BLIPIO#13} Sending frame: REQ #12 ---C, bytes 0--15
2019-07-22 18:00:10.746758-0700 xctest[59729:373968] CouchbaseLite Replicator Verbose: {Puller#15} progress +0/+12, 0 docs -- now 0 / 56860, 0 docs
2019-07-22 18:00:10.746838-0700 xctest[59729:373965] CouchbaseLite Replicator Info: {Repl#8} activityLevel=busy: connectionState=2
2019-07-22 18:00:10.746931-0700 xctest[59729:373989] CouchbaseLite Replicator Verbose: {IncomingBlob#29} progress +0/+12, 0 docs -- now 0 / 12, 0 docs
2019-07-22 18:00:10.747010-0700 xctest[59729:373989] CouchbaseLite Replicator Verbose: {IncomingBlob#29} now busy
2019-07-22 18:00:10.747094-0700 xctest[59729:373988] CouchbaseLite Network Verbose: {BLIPIO#14} ...Wrote 16 bytes to WebSocket (writeable=1)
2019-07-22 18:00:10.747197-0700 xctest[59729:374004] CouchbaseLite Network Debug: {LoopbackWS#12} RECEIVED: 0219921c 4d72a388 ae281600 bd404439
2019-07-22 18:00:10.780164-0700 xctest[59729:373990] CouchbaseLite Network Verbose: {BLIPIO#13} Finished sending REQ #12 Z
2019-07-22 18:00:10.780313-0700 xctest[59729:373968] CouchbaseLite Replicator Info: {Puller#15} activityLevel=busy: pendingResponseCount=0, _caughtUp=1, _pendingRevMessages=394, _activeIncomingRevs=6
2019-07-22 18:00:10.780528-0700 xctest[59729:373965] CouchbaseLite Replicator Info: {Repl#8} pushStatus=stopped, pullStatus=busy, progress=0/56836
2019-07-22 18:00:10.780661-0700 xctest[59729:373964] CouchbaseLite Replicator Verbose: {pusher#16} Reading document 'doc112' #1-c8c16ee37b9d0041b91beafe4587497a8ee75665
2019-07-22 18:00:10.780818-0700 xctest[59729:373988] CouchbaseLite Network Verbose: {BLIPIO#14} Received frame: REQ #10 ---C, length 16
2019-07-22 18:00:10.781015-0700 xctest[59729:374004] CouchbaseLite Network Debug: {LoopbackWS#12} SEND: 0c08c2e6 474bb2fd 683928fd 08006f59 9f29
2019-07-22 18:00:10.781183-0700 xctest[59729:373964] CouchbaseLite Replicator Verbose: {pusher#16} Transmitting 'rev' message with 'doc112' #1-c8c16ee37b9d0041b91beafe4587497a8ee75665
2019-07-22 18:00:10.781303-0700 xctest[59729:373968] CouchbaseLite Replicator Info: {Puller#15} activityLevel=busy: pendingResponseCount=0, _caughtUp=1, _pendingRevMessages=394, _activeIncomingRevs=6
2019-07-22 18:00:10.781426-0700 xctest[59729:373965] CouchbaseLite Replicator Info: {Repl#8} pushStatus=stopped, pullStatus=busy, progress=0/56848
2019-07-22 18:00:10.781581-0700 xctest[59729:373965] CouchbaseLite Replicator Verbose: {Repl#8} progress +0/+12, 0 docs -- now 0 / 56848, 0 docs
2019-07-22 18:00:10.781672-0700 xctest[59729:373965] CouchbaseLite Replicator Info: {Repl#8} activityLevel=busy: connectionState=2
2019-07-22 18:00:10.781822-0700 xctest[59729:373965] CouchbaseLite Replicator Info: {Repl#8} pushStatus=stopped, pullStatus=busy, progress=0/56848
2019-07-22 18:00:10.781967-0700 xctest[59729:373965] CouchbaseLite Replicator Info: {Repl#8} pushStatus=stopped, pullStatus=busy, progress=0/56860
2019-07-22 18:00:10.782058-0700 xctest[59729:373965] CouchbaseLite Replicator Verbose: {Repl#8} progress +0/+12, 0 docs -- now 0 / 56860, 0 docs
2019-07-22 18:00:10.782209-0700 xctest[59729:373965] CouchbaseLite Replicator Info: {Repl#8} activityLevel=busy: connectionState=2
2019-07-22 18:00:10.782317-0700 xctest[59729:373965] CouchbaseLite Replicator Info: {Repl#8} pushStatus=stopped, pullStatus=busy, progress=0/56860
2019-07-22 18:00:10.782411-0700 xctest[59729:374004] CouchbaseLite Network Debug: {LoopbackWS#11} RECEIVED: 0c08c2e6 474bb2fd 683928fd 08006f59 9f29
2019-07-22 18:00:10.782576-0700 xctest[59729:373964] CouchbaseLite Replicator Info: {pusher#16} activityLevel=busy: pendingResponseCount=13, caughtUp=1, changeLists=1, revsInFlight=10, blobsInFlight=0, awaitingReply=456, revsToSend=188, pushingDocs=400, pendingSequences=0
2019-07-22 18:00:10.782717-0700 xctest[59729:373968] CouchbaseLite Replicator Verbose: {Puller#15} progress +0/+12, 0 docs -- now 0 / 56872, 0 docs
2019-07-22 18:00:10.782809-0700 xctest[59729:373968] CouchbaseLite Replicator Info: {Puller#15} activityLevel=busy: pendingResponseCount=0, _caughtUp=1, _pendingRevMessages=394, _activeIncomingRevs=6
2019-07-22 18:00:10.782963-0700 xctest[59729:373990] CouchbaseLite Network Verbose: {BLIPIO#13} ...Wrote 18 bytes to WebSocket (writeable=1)
2019-07-22 18:00:10.783096-0700 xctest[59729:373964] CouchbaseLite Replicator Debug: {pusher#16} Transmitted 'rev' doc13 #1-c8c16ee37b9d0041b91beafe4587497a8ee75665 (seq #3)
2019-07-22 18:00:10.783248-0700 xctest[59729:373988] CouchbaseLite Network Verbose: {Connection#7} Receiving 'rev' REQ #10 Z
2019-07-22 18:00:10.783407-0700 xctest[59729:373968] CouchbaseLite Replicator Info: {Repl#8} pushStatus=stopped, pullStatus=busy, progress=0/56872
2019-07-22 18:00:10.783558-0700 xctest[59729:373968] CouchbaseLite Replicator Verbose: {Repl#8} progress +0/+12, 0 docs -- now 0 / 56872, 0 docs
2019-07-22 18:00:10.783672-0700 xctest[59729:373964] CouchbaseLite Replicator Verbose: {pusher#16} Sending rev doc113 1-c8c16ee37b9d0041b91beafe4587497a8ee75665 (seq #13) [10/10]
2019-07-22 18:00:10.783813-0700 xctest[59729:373988] CouchbaseLite Network Verbose: {Connection#7} Finished receiving 'rev' REQ #10 Z
2019-07-22 18:00:10.783956-0700 xctest[59729:373990] CouchbaseLite Network Verbose: {BLIPIO#13} Sending 'rev' REQ #13 Z
2019-07-22 18:00:10.784103-0700 xctest[59729:373968] CouchbaseLite Replicator Info: {Repl#8} activityLevel=busy: connectionState=2
2019-07-22 18:00:10.784250-0700 xctest[59729:373968] CouchbaseLite Replicator Info: {Repl#8} pushStatus=stopped, pullStatus=busy, progress=0/56872
2019-07-22 18:00:10.784405-0700 xctest[59729:373988] CouchbaseLite Network Verbose: {BLIPIO#14} Received frame: REQ #11 ---C, length 16
2019-07-22 18:00:10.784558-0700 xctest[59729:374004] CouchbaseLite Replicator Info: {Puller#15} activityLevel=busy: pendingResponseCount=0, _caughtUp=1, _pendingRevMessages=393, _activeIncomingRevs=7
2019-07-22 18:00:10.784700-0700 xctest[59729:373965] CouchbaseLite Replicator Verbose: {IncomingRev#30}==> litecore::repl::IncomingRev ->file:////var/folders/pd/n3rd9nkx3tn4qvvvwh_2xd_40000gq/T/CouchbaseLite-EE/testdb.cblite2/ @0x6130000b0030
2019-07-22 18:00:10.784830-0700 xctest[59729:373965] CouchbaseLite Replicator Verbose: {IncomingRev#30} Received revision 'doc17' #1-c8c16ee37b9d0041b91beafe4587497a8ee75665 (seq '7')
2019-07-22 18:00:10.784945-0700 xctest[59729:373964] CouchbaseLite Replicator Verbose: {pusher#16} Reading document 'doc113' #1-c8c16ee37b9d0041b91beafe4587497a8ee75665
2019-07-22 18:00:10.785120-0700 xctest[59729:373988] CouchbaseLite Network Verbose: {Connection#7} Receiving 'rev' REQ #11 Z
2019-07-22 18:00:10.785296-0700 xctest[59729:373990] CouchbaseLite Network Verbose: {BLIPIO#13} Sending frame: REQ #13 ---C, bytes 0--17
2019-07-22 18:00:10.785467-0700 xctest[59729:373988] CouchbaseLite Network Verbose: {Connection#7} Finished receiving 'rev' REQ #11 Z
2019-07-22 18:00:10.785652-0700 xctest[59729:373964] CouchbaseLite Replicator Verbose: {pusher#16} Transmitting 'rev' message with 'doc113' #1-c8c16ee37b9d0041b91beafe4587497a8ee75665
2019-07-22 18:00:10.785842-0700 xctest[59729:373965] CouchbaseLite Replicator Verbose: {IncomingRev#31}==> litecore::repl::IncomingRev ->file:////var/folders/pd/n3rd9nkx3tn4qvvvwh_2xd_40000gq/T/CouchbaseLite-EE/testdb.cblite2/ @0x6130000617b0
2019-07-22 18:00:10.785979-0700 xctest[59729:373965] CouchbaseLite Replicator Verbose: {IncomingRev#31} Received revision 'doc18' #1-c8c16ee37b9d0041b91beafe4587497a8ee75665 (seq '8')
2019-07-22 18:00:10.786165-0700 xctest[59729:373988] CouchbaseLite Network Verbose: {BLIPIO#14} Sending 'getAttachment' REQ #7
2019-07-22 18:00:10.786353-0700 xctest[59729:373988] CouchbaseLite Network Verbose: {BLIPIO#14} Sending frame: REQ #7 ----, bytes 0--81
2019-07-22 18:00:10.786491-0700 xctest[59729:373990] CouchbaseLite Network Verbose: {BLIPIO#13} Finished sending REQ #13 Z
2019-07-22 18:00:10.786713-0700 xctest[59729:373964] CouchbaseLite Replicator Info: {pusher#16} activityLevel=busy: pendingResponseCount=14, caughtUp=1, changeLists=1, revsInFlight=10, blobsInFlight=0, awaitingReply=684, revsToSend=187, pushingDocs=400, pendingSequences=0
2019-07-22 18:00:10.786836-0700 xctest[59729:373964] CouchbaseLite Replicator Debug: {pusher#16} Transmitted 'rev' doc14 #1-c8c16ee37b9d0041b91beafe4587497a8ee75665 (seq #4)
2019-07-22 18:00:10.786974-0700 xctest[59729:373964] CouchbaseLite Replicator Verbose: {pusher#16} Sending rev doc114 1-c8c16ee37b9d0041b91beafe4587497a8ee75665 (seq #14) [10/10]
2019-07-22 18:00:10.787114-0700 xctest[59729:373964] CouchbaseLite Replicator Verbose: {pusher#16} Reading document 'doc114' #1-c8c16ee37b9d0041b91beafe4587497a8ee75665
2019-07-22 18:00:10.787241-0700 xctest[59729:373989] CouchbaseLite Network Debug: {LoopbackWS#11} SEND: 07004d50 726f6669 6c650067 65744174 74616368 6d656e74 00646967 65737400 73686131 2d71444a 47544171 4c756e37 67427451 525a6d61 394c372b 50595941... [84]
2019-07-22 18:00:10.787391-0700 xctest[59729:373965] CouchbaseLite Replicator Verbose: {IncomingBlob#32}==> litecore::repl::IncomingBlob for doc 'doc17'.photo [sha1-qDJGTAqLun7gBtQRZma9L7+PYYA=] @0x613000050870
2019-07-22 18:00:10.787546-0700 xctest[59729:373965] CouchbaseLite Replicator Verbose: {IncomingBlob#32} Requesting blob (12 bytes, compress=1)
2019-07-22 18:00:10.787664-0700 xctest[59729:374004] CouchbaseLite Network Debug: {LoopbackWS#12} SEND: 0d080ac4 d6063020 bf116030 287d0900 11ae6626
2019-07-22 18:00:10.787813-0700 xctest[59729:373968] CouchbaseLite Replicator Info: {Puller#15} activityLevel=busy: pendingResponseCount=0, _caughtUp=1, _pendingRevMessages=392, _activeIncomingRevs=8
2019-07-22 18:00:10.787995-0700 xctest[59729:373988] CouchbaseLite Network Verbose: {BLIPIO#14} Finished sending REQ #7
2019-07-22 18:00:10.788175-0700 xctest[59729:373990] CouchbaseLite Network Verbose: {BLIPIO#13} ...Wrote 20 bytes to WebSocket (writeable=1)
2019-07-22 18:00:10.788299-0700 xctest[59729:373964] CouchbaseLite Replicator Verbose: {pusher#16} Transmitting 'rev' message with 'doc114' #1-c8c16ee37b9d0041b91beafe4587497a8ee75665
2019-07-22 18:00:10.788457-0700 xctest[59729:373965] CouchbaseLite Replicator Verbose: {IncomingBlob#32} progress +0/+12, 0 docs -- now 0 / 12, 0 docs
2019-07-22 18:00:10.788644-0700 xctest[59729:373965] CouchbaseLite Replicator Verbose: {IncomingBlob#32} now busy
2019-07-22 18:00:10.788774-0700 xctest[59729:373968] CouchbaseLite Replicator Info: {Puller#15} activityLevel=busy: pendingResponseCount=0, _caughtUp=1, _pendingRevMessages=392, _activeIncomingRevs=8
2019-07-22 18:00:10.788949-0700 xctest[59729:373968] CouchbaseLite Replicator Info: {Puller#15} activityLevel=busy: pendingResponseCount=0, _caughtUp=1, _pendingRevMessages=392, _activeIncomingRevs=8
2019-07-22 18:00:10.789054-0700 xctest[59729:373988] CouchbaseLite Network Verbose: {BLIPIO#14} ...Wrote 84 bytes to WebSocket (writeable=1)
2019-07-22 18:00:10.789183-0700 xctest[59729:373990] CouchbaseLite Network Verbose: {BLIPIO#13} Received frame: REQ #5 ----, length 82
2019-07-22 18:00:10.789316-0700 xctest[59729:373964] CouchbaseLite Replicator Info: {pusher#16} activityLevel=busy: pendingResponseCount=15, caughtUp=1, changeLists=1, revsInFlight=10, blobsInFlight=0, awaitingReply=912, revsToSend=186, pushingDocs=400, pendingSequences=0
2019-07-22 18:00:10.789429-0700 xctest[59729:373989] CouchbaseLite Network Debug: {LoopbackWS#11} RECEIVED: 0d080ac4 d6063020 bf116030 287d0900 11ae6626
2019-07-22 18:00:10.789538-0700 xctest[59729:373965] CouchbaseLite Replicator Verbose: {IncomingBlob#33}==> litecore::repl::IncomingBlob for doc 'doc18'.photo [sha1-qDJGTAqLun7gBtQRZma9L7+PYYA=] @0x613000050a30
2019-07-22 18:00:10.789635-0700 xctest[59729:373965] CouchbaseLite Replicator Verbose: {IncomingBlob#33} Requesting blob (12 bytes, compress=1)
2019-07-22 18:00:10.789758-0700 xctest[59729:373988] CouchbaseLite Network Verbose: {BLIPIO#14} Sending 'getAttachment' REQ #8
2019-07-22 18:00:10.789863-0700 xctest[59729:373990] CouchbaseLite Network Verbose: {Connection#9} Receiving 'getAttachment' REQ #5
2019-07-22 18:00:10.790034-0700 xctest[59729:373964] CouchbaseLite Replicator Debug: {pusher#16} Transmitted 'rev' doc15 #1-c8c16ee37b9d0041b91beafe4587497a8ee75665 (seq #5)
2019-07-22 18:00:10.790151-0700 xctest[59729:374004] CouchbaseLite Network Debug: {LoopbackWS#12} RECEIVED: 07004d50 726f6669 6c650067 65744174 74616368 6d656e74 00646967 65737400 73686131 2d71444a 47544171 4c756e37 67427451 525a6d61 394c372b 50595941... [84]
2019-07-22 18:00:10.790293-0700 xctest[59729:373965] CouchbaseLite Replicator Verbose: {IncomingBlob#33} progress +0/+12, 0 docs -- now 0 / 12, 0 docs
2019-07-22 18:00:10.790403-0700 xctest[59729:373965] CouchbaseLite Replicator Verbose: {IncomingBlob#33} now busy
2019-07-22 18:00:10.790496-0700 xctest[59729:373990] CouchbaseLite Network Verbose: {Connection#9} Finished receiving 'getAttachment' REQ #5
2019-07-22 18:00:10.790622-0700 xctest[59729:373964] CouchbaseLite Replicator Verbose: {pusher#16} Sending rev doc115 1-c8c16ee37b9d0041b91beafe4587497a8ee75665 (seq #15) [10/10]
2019-07-22 18:00:10.790728-0700 xctest[59729:373988] CouchbaseLite Network Verbose: {BLIPIO#14} Sending frame: REQ #8 ----, bytes 0--81
2019-07-22 18:00:10.790830-0700 xctest[59729:374004] CouchbaseLite Replicator Verbose: {Puller#15} progress +0/+12, 0 docs -- now 0 / 56884, 0 docs
2019-07-22 18:00:10.790963-0700 xctest[59729:373990] CouchbaseLite Network Verbose: {BLIPIO#13} Received frame: REQ #6 ----, length 82
2019-07-22 18:00:10.791071-0700 xctest[59729:373964] CouchbaseLite Replicator Verbose: {pusher#16} Reading document 'doc115' #1-c8c16ee37b9d0041b91beafe4587497a8ee75665
2019-07-22 18:00:10.791171-0700 xctest[59729:373988] CouchbaseLite Network Verbose: {BLIPIO#14} Finished sending REQ #8
2019-07-22 18:00:10.791279-0700 xctest[59729:373965] CouchbaseLite Network Debug: {LoopbackWS#11} SEND: 08004d50 726f6669 6c650067 65744174 74616368 6d656e74 00646967 65737400 73686131 2d71444a 47544171 4c756e37 67427451 525a6d61 394c372b 50595941... [84]
2019-07-22 18:00:10.791403-0700 xctest[59729:374004] CouchbaseLite Replicator Info: {Puller#15} activityLevel=busy: pendingResponseCount=0, _caughtUp=1, _pendingRevMessages=392, _activeIncomingRevs=8
2019-07-22 18:00:10.791523-0700 xctest[59729:373990] CouchbaseLite Network Verbose: {Connection#9} Receiving 'getAttachment' REQ #6
2019-07-22 18:00:10.791621-0700 xctest[59729:373988] CouchbaseLite Network Verbose: {BLIPIO#14} ...Wrote 84 bytes to WebSocket (writeable=1)
2019-07-22 18:00:10.791719-0700 xctest[59729:373964] CouchbaseLite Replicator Verbose: {pusher#16} Transmitting 'rev' message with 'doc115' #1-c8c16ee37b9d0041b91beafe4587497a8ee75665
2019-07-22 18:00:10.791837-0700 xctest[59729:374004] CouchbaseLite Replicator Verbose: {Puller#15} progress +0/+12, 0 docs -- now 0 / 56896, 0 docs
2019-07-22 18:00:10.791931-0700 xctest[59729:374004] CouchbaseLite Replicator Info: {Puller#15} activityLevel=busy: pendingResponseCount=0, _caughtUp=1, _pendingRevMessages=392, _activeIncomingRevs=8
2019-07-22 18:00:10.792030-0700 xctest[59729:373989] CouchbaseLite Network Debug: {LoopbackWS#12} RECEIVED: 08004d50 726f6669 6c650067 65744174 74616368 6d656e74 00646967 65737400 73686131 2d71444a 47544171 4c756e37 67427451 525a6d61 394c372b 50595941... [84]
2019-07-22 18:00:10.792141-0700 xctest[59729:373990] CouchbaseLite Network Verbose: {Connection#9} Finished receiving 'getAttachment' REQ #6
2019-07-22 18:00:10.792232-0700 xctest[59729:373988] CouchbaseLite Network Verbose: {BLIPIO#14} Received frame: REQ #12 ---C, length 16
2019-07-22 18:00:10.792334-0700 xctest[59729:373964] CouchbaseLite Replicator Info: {pusher#16} activityLevel=busy: pendingResponseCount=16, caughtUp=1, changeLists=1, revsInFlight=10, blobsInFlight=0, awaitingReply=1140, revsToSend=185, pushingDocs=400, pendingSequences=0
2019-07-22 18:00:10.792458-0700 xctest[59729:373965] CouchbaseLite Replicator Info: {Repl#8} pushStatus=stopped, pullStatus=busy, progress=0/56884
2019-07-22 18:00:10.792550-0700 xctest[59729:373990] CouchbaseLite Network Verbose: {BLIPIO#13} Received frame: RES #2 -U-C, length 14
2019-07-22 18:00:10.792650-0700 xctest[59729:373988] CouchbaseLite Network Verbose: {Connection#7} Receiving 'rev' REQ #12 Z
2019-07-22 18:00:10.792757-0700 xctest[59729:373964] CouchbaseLite Replicator Debug: {pusher#16} Transmitted 'rev' doc16 #1-c8c16ee37b9d0041b91beafe4587497a8ee75665 (seq #6)
2019-07-22 18:00:10.792864-0700 xctest[59729:373965] CouchbaseLite Replicator Verbose: {Repl#8} progress +0/+12, 0 docs -- now 0 / 56884, 0 docs
2019-07-22 18:00:10.792957-0700 xctest[59729:373990] CouchbaseLite Network Verbose: {Connection#9} Receiving RES #2 UZ
2019-07-22 18:00:10.793046-0700 xctest[59729:373988] CouchbaseLite Network Verbose: {Connection#7} Finished receiving 'rev' REQ #12 Z
2019-07-22 18:00:10.793142-0700 xctest[59729:373964] CouchbaseLite Replicator Verbose: {pusher#16} Sending rev doc116 1-c8c16ee37b9d0041b91beafe4587497a8ee75665 (seq #16) [10/10]
2019-07-22 18:00:10.793262-0700 xctest[59729:373964] CouchbaseLite Replicator Verbose: {pusher#16} Reading document 'doc116' #1-c8c16ee37b9d0041b91beafe4587497a8ee75665
2019-07-22 18:00:10.793376-0700 xctest[59729:373990] CouchbaseLite Network Verbose: {Connection#9} Finished receiving RES #2 UZ
2019-07-22 18:00:10.793530-0700 xctest[59729:373988] CouchbaseLite Network Verbose: {BLIPIO#14} Received frame: REQ #13 ---C, length 18
2019-07-22 18:00:10.793632-0700 xctest[59729:373989] CouchbaseLite Replicator Info: {Puller#15} activityLevel=busy: pendingResponseCount=0, _caughtUp=1, _pendingRevMessages=391, _activeIncomingRevs=9
2019-07-22 18:00:10.793737-0700 xctest[59729:374004] CouchbaseLite Replicator Verbose: {IncomingRev#34}==> litecore::repl::IncomingRev ->file:////var/folders/pd/n3rd9nkx3tn4qvvvwh_2xd_40000gq/T/CouchbaseLite-EE/testdb.cblite2/ @0x6130000a0270
2019-07-22 18:00:10.793853-0700 xctest[59729:374004] CouchbaseLite Replicator Verbose: {IncomingRev#34} Received revision 'doc19' #1-c8c16ee37b9d0041b91beafe4587497a8ee75665 (seq '9')
2019-07-22 18:00:10.793959-0700 xctest[59729:373990] CouchbaseLite Network Verbose: {BLIPIO#13} Sending 'rev' REQ #14 Z
2019-07-22 18:00:10.794120-0700 xctest[59729:373964] CouchbaseLite Replicator Verbose: {pusher#16} Transmitting 'rev' message with 'doc116' #1-c8c16ee37b9d0041b91beafe4587497a8ee75665
2019-07-22 18:00:10.794275-0700 xctest[59729:373988] CouchbaseLite Network Verbose: {Connection#7} Receiving 'rev' REQ #13 Z
2019-07-22 18:00:10.794423-0700 xctest[59729:373965] CouchbaseLite Replicator Info: {Repl#8} activityLevel=busy: connectionState=2
2019-07-22 18:00:10.794583-0700 xctest[59729:373965] CouchbaseLite Replicator Info: {Repl#8} pushStatus=stopped, pullStatus=busy, progress=0/56884
2019-07-22 18:00:10.794723-0700 xctest[59729:373964] CouchbaseLite Replicator Info: {pusher#16} activityLevel=busy: pendingResponseCount=17, caughtUp=1, changeLists=1, revsInFlight=10, blobsInFlight=0, awaitingReply=1368, revsToSend=184, pushingDocs=400, pendingSequences=0
2019-07-22 18:00:10.794862-0700 xctest[59729:374004] CouchbaseLite Replicator Verbose: {IncomingBlob#35}==> litecore::repl::IncomingBlob for doc 'doc19'.photo [sha1-qDJGTAqLun7gBtQRZma9L7+PYYA=] @0x6130000b01f0
2019-07-22 18:00:10.795006-0700 xctest[59729:373990] CouchbaseLite Network Verbose: {BLIPIO#13} Sending frame: REQ #14 ---C, bytes 0--14
2019-07-22 18:00:10.795118-0700 xctest[59729:373965] CouchbaseLite Replicator Info: {Repl#8} pushStatus=stopped, pullStatus=busy, progress=0/56896
2019-07-22 18:00:10.795228-0700 xctest[59729:373965] CouchbaseLite Replicator Verbose: {Repl#8} progress +0/+12, 0 docs -- now 0 / 56896, 0 docs
2019-07-22 18:00:10.795343-0700 xctest[59729:373988] CouchbaseLite Network Verbose: {Connection#7} Finished receiving 'rev' REQ #13 Z
2019-07-22 18:00:10.795483-0700 xctest[59729:374004] CouchbaseLite Replicator Verbose: {IncomingBlob#35} Requesting blob (12 bytes, compress=1)
2019-07-22 18:00:10.795602-0700 xctest[59729:373964] CouchbaseLite Replicator Verbose: {pusher#16} Sending blob sha1-qDJGTAqLun7gBtQRZma9L7+PYYA= (length=12, compress=1)
2019-07-22 18:00:10.795753-0700 xctest[59729:373990] CouchbaseLite Network Verbose: {BLIPIO#13} Finished sending REQ #14 Z
2019-07-22 18:00:10.795874-0700 xctest[59729:373968] CouchbaseLite Network Debug: {LoopbackWS#12} SEND: 0e08c2ea 4b0a9a3a 83b3ad03 003790c3 28
2019-07-22 18:00:10.796002-0700 xctest[59729:373989] CouchbaseLite Replicator Info: {Puller#15} activityLevel=busy: pendingResponseCount=0, _caughtUp=1, _pendingRevMessages=391, _activeIncomingRevs=9
2019-07-22 18:00:10.796167-0700 xctest[59729:373965] CouchbaseLite Replicator Info: {Repl#8} activityLevel=busy: connectionState=2
2019-07-22 18:00:10.796300-0700 xctest[59729:373965] CouchbaseLite Replicator Info: {Repl#8} pushStatus=stopped, pullStatus=busy, progress=0/56896
2019-07-22 18:00:10.796402-0700 xctest[59729:374004] CouchbaseLite Replicator Verbose: {IncomingBlob#35} progress +0/+12, 0 docs -- now 0 / 12, 0 docs
2019-07-22 18:00:10.796495-0700 xctest[59729:374004] CouchbaseLite Replicator Verbose: {IncomingBlob#35} now busy
2019-07-22 18:00:10.796608-0700 xctest[59729:373990] CouchbaseLite Network Verbose: {BLIPIO#13} ...Wrote 17 bytes to WebSocket (writeable=1)
2019-07-22 18:00:10.796723-0700 xctest[59729:373987] CouchbaseLite Network Debug: {LoopbackWS#11} RECEIVED: 0e08c2ea 4b0a9a3a 83b3ad03 003790c3 28
2019-07-22 18:00:10.796828-0700 xctest[59729:373989] CouchbaseLite Replicator Info: {Puller#15} activityLevel=busy: pendingResponseCount=0, _caughtUp=1, _pendingRevMessages=390, _activeIncomingRevs=10
2019-07-22 18:00:10.796935-0700 xctest[59729:373988] CouchbaseLite Network Verbose: {BLIPIO#14} Sending 'getAttachment' REQ #9
2019-07-22 18:00:10.797063-0700 xctest[59729:373964] CouchbaseLite Replicator Info: {pusher#16} activityLevel=busy: pendingResponseCount=17, caughtUp=1, changeLists=1, revsInFlight=10, blobsInFlight=1, awaitingReply=1368, revsToSend=184, pushingDocs=400, pendingSequences=0
2019-07-22 18:00:10.797178-0700 xctest[59729:374004] CouchbaseLite Replicator Verbose: {IncomingRev#36}==> litecore::repl::IncomingRev ->file:////var/folders/pd/n3rd9nkx3tn4qvvvwh_2xd_40000gq/T/CouchbaseLite-EE/testdb.cblite2/ @0x6130000a0430
2019-07-22 18:00:10.797280-0700 xctest[59729:374004] CouchbaseLite Replicator Verbose: {IncomingRev#36} Received revision 'doc110' #1-c8c16ee37b9d0041b91beafe4587497a8ee75665 (seq '10')
2019-07-22 18:00:10.797372-0700 xctest[59729:373988] CouchbaseLite Network Verbose: {BLIPIO#14} Sending frame: REQ #9 ----, bytes 0--81
2019-07-22 18:00:10.797508-0700 xctest[59729:373964] CouchbaseLite Replicator Debug: {pusher#16} Transmitted 'rev' doc17 #1-c8c16ee37b9d0041b91beafe4587497a8ee75665 (seq #7)
2019-07-22 18:00:10.797665-0700 xctest[59729:373990] CouchbaseLite Network Verbose: {BLIPIO#13} Sending 'rev' REQ #15 Z
2019-07-22 18:00:10.797817-0700 xctest[59729:373988] CouchbaseLite Network Verbose: {BLIPIO#14} Finished sending REQ #9
2019-07-22 18:00:10.797947-0700 xctest[59729:373964] CouchbaseLite Replicator Verbose: {pusher#16} Sending rev doc117 1-c8c16ee37b9d0041b91beafe4587497a8ee75665 (seq #17) [10/10]
