2019-07-22 18:00:11.708627-0700 xctest[59729:374004] CouchbaseLite Network Verbose: {BLIPIO#13} Sending 'rev' REQ #127 Z
2019-07-22 18:00:11.708715-0700 xctest[59729:374007] CouchbaseLite Replicator Info: {Puller#15} activityLevel=busy: pendingResponseCount=0, _caughtUp=1, _pendingRevMessages=277, _activeIncomingRevs=5
2019-07-22 18:00:11.708796-0700 xctest[59729:374003] CouchbaseLite Replicator Verbose: {IncomingRev#38} Received revision 'doc1123' #1-c8c16ee37b9d0041b91beafe4587497a8ee75665 (seq '123')
2019-07-22 18:00:11.708877-0700 xctest[59729:373987] CouchbaseLite Replicator Info: {repl#10} pushStatus=busy, pullStatus=busy, progress=0/56800
2019-07-22 18:00:11.708974-0700 xctest[59729:373987] CouchbaseLite Replicator Verbose: {repl#10} progress +0/+0, 1 docs -- now 0 / 56800, 105 docs
2019-07-22 18:00:11.709040-0700 xctest[59729:373987] CouchbaseLite Replicator Info: {repl#10} activityLevel=busy: connectionState=2
2019-07-22 18:00:11.709143-0700 xctest[59729:373987] CouchbaseLite Replicator Info: {repl#10} pushStatus=busy, pullStatus=busy, progress=0/56800
2019-07-22 18:00:11.709228-0700 xctest[59729:374007] CouchbaseLite Replicator Info: {Puller#15} activityLevel=busy: pendingResponseCount=0, _caughtUp=1, _pendingRevMessages=277, _activeIncomingRevs=5
2019-07-22 18:00:11.709304-0700 xctest[59729:373964] CouchbaseLite Replicator Verbose: {pusher#16} Reading document 'doc1125' #1-c8c16ee37b9d0041b91beafe4587497a8ee75665
2019-07-22 18:00:11.709384-0700 xctest[59729:374004] CouchbaseLite Network Verbose: {BLIPIO#13} Sending frame: REQ #127 ---C, bytes 0--15
2019-07-22 18:00:11.709476-0700 xctest[59729:374004] CouchbaseLite Network Verbose: {BLIPIO#13} Finished sending REQ #127 Z
2019-07-22 18:00:11.709547-0700 xctest[59729:374007] CouchbaseLite Network Debug: {LoopbackWS#12} SEND: 7f08c2ee 4f0ada43 83f4946a 00005924 4795
2019-07-22 18:00:11.709630-0700 xctest[59729:374004] CouchbaseLite Network Verbose: {BLIPIO#13} ...Wrote 18 bytes to WebSocket (writeable=1)
2019-07-22 18:00:11.709706-0700 xctest[59729:373964] CouchbaseLite Replicator Verbose: {pusher#16} Transmitting 'rev' message with 'doc1125' #1-c8c16ee37b9d0041b91beafe4587497a8ee75665
2019-07-22 18:00:11.709786-0700 xctest[59729:373987] CouchbaseLite Network Debug: {LoopbackWS#11} RECEIVED: 7f08c2ee 4f0ada43 83f4946a 00005924 4795
2019-07-22 18:00:11.709869-0700 xctest[59729:374004] CouchbaseLite Network Verbose: {BLIPIO#13} Received frame: RES #121 ----, length 5
2019-07-22 18:00:11.709943-0700 xctest[59729:373964] CouchbaseLite Replicator Info: {pusher#16} activityLevel=busy: pendingResponseCount=20, caughtUp=1, changeLists=0, revsInFlight=10, blobsInFlight=0, awaitingReply=2320, revsToSend=275, pushingDocs=295, pendingSequences=0
2019-07-22 18:00:11.710032-0700 xctest[59729:374007] CouchbaseLite Network Verbose: {BLIPIO#14} Received frame: REQ #127 ---C, length 16
2019-07-22 18:00:11.710109-0700 xctest[59729:374004] CouchbaseLite Network Verbose: {Connection#9} Receiving RES #121
2019-07-22 18:00:11.710185-0700 xctest[59729:373964] CouchbaseLite Replicator Debug: {pusher#16} Transmitted 'rev' doc1116 #1-c8c16ee37b9d0041b91beafe4587497a8ee75665 (seq #116)
2019-07-22 18:00:11.710264-0700 xctest[59729:374007] CouchbaseLite Network Verbose: {Connection#7} Receiving 'rev' REQ #127 Z
2019-07-22 18:00:11.710340-0700 xctest[59729:374004] CouchbaseLite Network Verbose: {Connection#9} Finished receiving RES #121
2019-07-22 18:00:11.710422-0700 xctest[59729:373964] CouchbaseLite Replicator Verbose: {pusher#16} Sending rev doc1126 1-c8c16ee37b9d0041b91beafe4587497a8ee75665 (seq #126) [10/10]
2019-07-22 18:00:11.710498-0700 xctest[59729:374007] CouchbaseLite Network Verbose: {Connection#7} Finished receiving 'rev' REQ #127 Z
2019-07-22 18:00:11.710586-0700 xctest[59729:374004] CouchbaseLite Network Verbose: {BLIPIO#13} Sending 'rev' REQ #128 Z
2019-07-22 18:00:11.710662-0700 xctest[59729:373964] CouchbaseLite Replicator Verbose: {pusher#16} Reading document 'doc1126' #1-c8c16ee37b9d0041b91beafe4587497a8ee75665
2019-07-22 18:00:11.710747-0700 xctest[59729:373987] CouchbaseLite Replicator Info: {Puller#15} activityLevel=busy: pendingResponseCount=0, _caughtUp=1, _pendingRevMessages=276, _activeIncomingRevs=6
2019-07-22 18:00:11.710842-0700 xctest[59729:374007] CouchbaseLite Replicator Verbose: {IncomingRev#18} Received revision 'doc1124' #1-c8c16ee37b9d0041b91beafe4587497a8ee75665 (seq '124')
2019-07-22 18:00:11.710922-0700 xctest[59729:374004] CouchbaseLite Network Verbose: {BLIPIO#13} Sending frame: REQ #128 ---C, bytes 0--15
2019-07-22 18:00:11.711027-0700 xctest[59729:373964] CouchbaseLite Replicator Verbose: {pusher#16} Transmitting 'rev' message with 'doc1126' #1-c8c16ee37b9d0041b91beafe4587497a8ee75665
2019-07-22 18:00:11.711129-0700 xctest[59729:374004] CouchbaseLite Network Verbose: {BLIPIO#13} Finished sending REQ #128 Z
2019-07-22 18:00:11.711210-0700 xctest[59729:373987] CouchbaseLite Network Debug: {LoopbackWS#12} SEND: 800108c2 ee4f0ada 4383f498 690000b1 548b46
2019-07-22 18:00:11.711321-0700 xctest[59729:373964] CouchbaseLite Replicator Info: {pusher#16} activityLevel=busy: pendingResponseCount=21, caughtUp=1, changeLists=0, revsInFlight=10, blobsInFlight=0, awaitingReply=2552, revsToSend=274, pushingDocs=295, pendingSequences=0
2019-07-22 18:00:11.711400-0700 xctest[59729:374004] CouchbaseLite Network Verbose: {BLIPIO#13} ...Wrote 19 bytes to WebSocket (writeable=1)
2019-07-22 18:00:11.711497-0700 xctest[59729:374003] CouchbaseLite Replicator Info: {Puller#15} activityLevel=busy: pendingResponseCount=0, _caughtUp=1, _pendingRevMessages=276, _activeIncomingRevs=6
2019-07-22 18:00:11.711573-0700 xctest[59729:374007] CouchbaseLite Network Debug: {LoopbackWS#11} RECEIVED: 800108c2 ee4f0ada 4383f498 690000b1 548b46
2019-07-22 18:00:11.711654-0700 xctest[59729:373964] CouchbaseLite Replicator Debug: {pusher#16} Transmitted 'rev' doc1117 #1-c8c16ee37b9d0041b91beafe4587497a8ee75665 (seq #117)
2019-07-22 18:00:11.711735-0700 xctest[59729:374004] CouchbaseLite Network Verbose: {BLIPIO#13} Sending 'rev' REQ #129 Z
2019-07-22 18:00:11.711818-0700 xctest[59729:374003] CouchbaseLite Network Verbose: {BLIPIO#14} Received frame: REQ #128 ---C, length 16
2019-07-22 18:00:11.711924-0700 xctest[59729:373964] CouchbaseLite Replicator Verbose: {pusher#16} Sending rev doc1127 1-c8c16ee37b9d0041b91beafe4587497a8ee75665 (seq #127) [10/10]
2019-07-22 18:00:11.712005-0700 xctest[59729:374004] CouchbaseLite Network Verbose: {BLIPIO#13} Sending frame: REQ #129 ---C, bytes 0--15
2019-07-22 18:00:11.712081-0700 xctest[59729:374003] CouchbaseLite Network Verbose: {Connection#7} Receiving 'rev' REQ #128 Z
2019-07-22 18:00:11.712162-0700 xctest[59729:373964] CouchbaseLite Replicator Verbose: {pusher#16} Reading document 'doc1127' #1-c8c16ee37b9d0041b91beafe4587497a8ee75665
2019-07-22 18:00:11.712246-0700 xctest[59729:374004] CouchbaseLite Network Verbose: {BLIPIO#13} Finished sending REQ #129 Z
2019-07-22 18:00:11.712328-0700 xctest[59729:374007] CouchbaseLite Network Debug: {LoopbackWS#12} SEND: 810108c2 ee4f0ada 4383f4a0 6900005c c6f498
2019-07-22 18:00:11.712409-0700 xctest[59729:374003] CouchbaseLite Network Verbose: {Connection#7} Finished receiving 'rev' REQ #128 Z
2019-07-22 18:00:11.712498-0700 xctest[59729:374004] CouchbaseLite Network Verbose: {BLIPIO#13} ...Wrote 19 bytes to WebSocket (writeable=1)
2019-07-22 18:00:11.712583-0700 xctest[59729:373964] CouchbaseLite Replicator Verbose: {pusher#16} Transmitting 'rev' message with 'doc1127' #1-c8c16ee37b9d0041b91beafe4587497a8ee75665
2019-07-22 18:00:11.712666-0700 xctest[59729:373987] CouchbaseLite Network Debug: {LoopbackWS#11} RECEIVED: 810108c2 ee4f0ada 4383f4a0 6900005c c6f498
2019-07-22 18:00:11.712759-0700 xctest[59729:374007] CouchbaseLite Replicator Info: {Puller#15} activityLevel=busy: pendingResponseCount=0, _caughtUp=1, _pendingRevMessages=275, _activeIncomingRevs=7
2019-07-22 18:00:11.712833-0700 xctest[59729:374003] CouchbaseLite Replicator Verbose: {IncomingRev#20} Received revision 'doc1125' #1-c8c16ee37b9d0041b91beafe4587497a8ee75665 (seq '125')
2019-07-22 18:00:11.712915-0700 xctest[59729:374004] CouchbaseLite Network Verbose: {BLIPIO#13} Sending 'rev' REQ #130 Z
2019-07-22 18:00:11.713011-0700 xctest[59729:373964] CouchbaseLite Replicator Info: {pusher#16} activityLevel=busy: pendingResponseCount=22, caughtUp=1, changeLists=0, revsInFlight=10, blobsInFlight=0, awaitingReply=2784, revsToSend=273, pushingDocs=295, pendingSequences=0
2019-07-22 18:00:11.713102-0700 xctest[59729:373965] CouchbaseLite Network Verbose: {BLIPIO#14} Received frame: REQ #129 ---C, length 16
2019-07-22 18:00:11.713199-0700 xctest[59729:374004] CouchbaseLite Network Verbose: {BLIPIO#13} Sending frame: REQ #130 ---C, bytes 0--15
2019-07-22 18:00:11.713312-0700 xctest[59729:373964] CouchbaseLite Replicator Debug: {pusher#16} Transmitted 'rev' doc1118 #1-c8c16ee37b9d0041b91beafe4587497a8ee75665 (seq #118)
2019-07-22 18:00:11.713385-0700 xctest[59729:373964] CouchbaseLite Replicator Verbose: {pusher#16} Sending rev doc1128 1-c8c16ee37b9d0041b91beafe4587497a8ee75665 (seq #128) [10/10]
2019-07-22 18:00:11.713460-0700 xctest[59729:374007] CouchbaseLite Replicator Info: {Puller#15} activityLevel=busy: pendingResponseCount=0, _caughtUp=1, _pendingRevMessages=275, _activeIncomingRevs=7
2019-07-22 18:00:11.713558-0700 xctest[59729:374004] CouchbaseLite Network Verbose: {BLIPIO#13} Finished sending REQ #130 Z
2019-07-22 18:00:11.713671-0700 xctest[59729:374003] CouchbaseLite Network Debug: {LoopbackWS#12} SEND: 820108c2 ee4f0ada 4383f4a8 69000075 e1562b
2019-07-22 18:00:11.713762-0700 xctest[59729:373965] CouchbaseLite Network Verbose: {Connection#7} Receiving 'rev' REQ #129 Z
2019-07-22 18:00:11.713852-0700 xctest[59729:373964] CouchbaseLite Replicator Verbose: {pusher#16} Reading document 'doc1128' #1-c8c16ee37b9d0041b91beafe4587497a8ee75665
2019-07-22 18:00:11.713954-0700 xctest[59729:374004] CouchbaseLite Network Verbose: {BLIPIO#13} ...Wrote 19 bytes to WebSocket (writeable=1)
2019-07-22 18:00:11.714033-0700 xctest[59729:373987] CouchbaseLite Replicator Verbose: {Inserter#54} Inserting 7 revs:
2019-07-22 18:00:11.714119-0700 xctest[59729:373964] CouchbaseLite Replicator Verbose: {pusher#16} Transmitting 'rev' message with 'doc1128' #1-c8c16ee37b9d0041b91beafe4587497a8ee75665
2019-07-22 18:00:11.714202-0700 xctest[59729:373965] CouchbaseLite Network Verbose: {Connection#7} Finished receiving 'rev' REQ #129 Z
2019-07-22 18:00:11.714282-0700 xctest[59729:374007] CouchbaseLite Network Debug: {LoopbackWS#11} RECEIVED: 820108c2 ee4f0ada 4383f4a8 69000075 e1562b
2019-07-22 18:00:11.714364-0700 xctest[59729:373987] CouchbaseLite Database Verbose: {DB#55} begin transaction
2019-07-22 18:00:11.714450-0700 xctest[59729:374004] CouchbaseLite Network Verbose: {BLIPIO#13} Sending 'rev' REQ #131 Z
2019-07-22 18:00:11.714546-0700 xctest[59729:373964] CouchbaseLite Replicator Info: {pusher#16} activityLevel=busy: pendingResponseCount=23, caughtUp=1, changeLists=0, revsInFlight=10, blobsInFlight=0, awaitingReply=3016, revsToSend=272, pushingDocs=295, pendingSequences=0
2019-07-22 18:00:11.714646-0700 xctest[59729:374003] CouchbaseLite Replicator Info: {Puller#15} activityLevel=busy: pendingResponseCount=0, _caughtUp=1, _pendingRevMessages=274, _activeIncomingRevs=8
2019-07-22 18:00:11.714770-0700 xctest[59729:373965] CouchbaseLite Replicator Verbose: {IncomingRev#51} Received revision 'doc1126' #1-c8c16ee37b9d0041b91beafe4587497a8ee75665 (seq '126')
2019-07-22 18:00:11.714900-0700 xctest[59729:373968] CouchbaseLite Network Verbose: {BLIPIO#14} Received frame: REQ #130 ---C, length 16
2019-07-22 18:00:11.715057-0700 xctest[59729:374004] CouchbaseLite Network Verbose: {BLIPIO#13} Sending frame: REQ #131 ---C, bytes 0--15
2019-07-22 18:00:11.715150-0700 xctest[59729:373964] CouchbaseLite Replicator Debug: {pusher#16} Transmitted 'rev' doc1119 #1-c8c16ee37b9d0041b91beafe4587497a8ee75665 (seq #119)
2019-07-22 18:00:11.715248-0700 xctest[59729:373987] CouchbaseLite Database Verbose: {DB#55} Saved 'doc1119' rev #1-c8c16ee37b9d0041b91beafe4587497a8ee75665 as seq 120
2019-07-22 18:00:11.715328-0700 xctest[59729:373968] CouchbaseLite Network Verbose: {Connection#7} Receiving 'rev' REQ #130 Z
2019-07-22 18:00:11.715415-0700 xctest[59729:374004] CouchbaseLite Network Verbose: {BLIPIO#13} Finished sending REQ #131 Z
2019-07-22 18:00:11.715494-0700 xctest[59729:374003] CouchbaseLite Network Debug: {LoopbackWS#12} SEND: 830108c2 ee4f0ada 4383f4b0 690000b6 609ac4
2019-07-22 18:00:11.715572-0700 xctest[59729:373964] CouchbaseLite Replicator Verbose: {pusher#16} Sending rev doc1129 1-c8c16ee37b9d0041b91beafe4587497a8ee75665 (seq #129) [10/10]
2019-07-22 18:00:11.715653-0700 xctest[59729:373987] CouchbaseLite Replicator Verbose: {Inserter#54} {'doc1119' #1-c8c16ee37b9d0041b91beafe4587497a8ee75665 <- } seq 120
2019-07-22 18:00:11.715741-0700 xctest[59729:374007] CouchbaseLite Replicator Info: {Puller#15} activityLevel=busy: pendingResponseCount=0, _caughtUp=1, _pendingRevMessages=274, _activeIncomingRevs=8
2019-07-22 18:00:11.715849-0700 xctest[59729:373968] CouchbaseLite Network Verbose: {Connection#7} Finished receiving 'rev' REQ #130 Z
2019-07-22 18:00:11.715938-0700 xctest[59729:374004] CouchbaseLite Network Verbose: {BLIPIO#13} ...Wrote 19 bytes to WebSocket (writeable=1)
2019-07-22 18:00:11.716041-0700 xctest[59729:373965] CouchbaseLite Network Debug: {LoopbackWS#11} RECEIVED: 830108c2 ee4f0ada 4383f4b0 690000b6 609ac4
2019-07-22 18:00:11.716132-0700 xctest[59729:373964] CouchbaseLite Replicator Verbose: {pusher#16} Reading document 'doc1129' #1-c8c16ee37b9d0041b91beafe4587497a8ee75665
2019-07-22 18:00:11.716214-0700 xctest[59729:374007] CouchbaseLite Replicator Info: {Puller#15} activityLevel=busy: pendingResponseCount=0, _caughtUp=1, _pendingRevMessages=274, _activeIncomingRevs=7
2019-07-22 18:00:11.716314-0700 xctest[59729:373987] CouchbaseLite Database Verbose: {DB#55} Saved 'doc1120' rev #1-c8c16ee37b9d0041b91beafe4587497a8ee75665 as seq 121
2019-07-22 18:00:11.716393-0700 xctest[59729:373964] CouchbaseLite Replicator Verbose: {pusher#16} Transmitting 'rev' message with 'doc1129' #1-c8c16ee37b9d0041b91beafe4587497a8ee75665
2019-07-22 18:00:11.716490-0700 xctest[59729:374007] CouchbaseLite Replicator Info: {Puller#15} activityLevel=busy: pendingResponseCount=0, _caughtUp=1, _pendingRevMessages=273, _activeIncomingRevs=8
2019-07-22 18:00:11.716571-0700 xctest[59729:374004] CouchbaseLite Replicator Verbose: {IncomingRev#56} Received revision 'doc1127' #1-c8c16ee37b9d0041b91beafe4587497a8ee75665 (seq '127')
2019-07-22 18:00:11.716653-0700 xctest[59729:373965] CouchbaseLite Network Verbose: {BLIPIO#14} Received frame: REQ #131 ---C, length 16
2019-07-22 18:00:11.716751-0700 xctest[59729:373987] CouchbaseLite Replicator Verbose: {Inserter#54} {'doc1120' #1-c8c16ee37b9d0041b91beafe4587497a8ee75665 <- } seq 121
2019-07-22 18:00:11.716833-0700 xctest[59729:374003] CouchbaseLite Network Verbose: {BLIPIO#13} Sending 'rev' REQ #132 Z
2019-07-22 18:00:11.716943-0700 xctest[59729:373964] CouchbaseLite Replicator Info: {pusher#16} activityLevel=busy: pendingResponseCount=24, caughtUp=1, changeLists=0, revsInFlight=10, blobsInFlight=0, awaitingReply=3248, revsToSend=271, pushingDocs=295, pendingSequences=0
2019-07-22 18:00:11.717052-0700 xctest[59729:373965] CouchbaseLite Network Verbose: {Connection#7} Receiving 'rev' REQ #131 Z
2019-07-22 18:00:11.717144-0700 xctest[59729:374007] CouchbaseLite Replicator Info: {Puller#15} activityLevel=busy: pendingResponseCount=0, _caughtUp=1, _pendingRevMessages=273, _activeIncomingRevs=7
2019-07-22 18:00:11.717238-0700 xctest[59729:374003] CouchbaseLite Network Verbose: {BLIPIO#13} Sending frame: REQ #132 ---C, bytes 0--15
2019-07-22 18:00:11.717325-0700 xctest[59729:373964] CouchbaseLite Replicator Verbose: {pusher#16} Completed rev doc1106 #1-c8c16ee37b9d0041b91beafe4587497a8ee75665 (seq #106)
2019-07-22 18:00:11.717410-0700 xctest[59729:373987] CouchbaseLite Database Verbose: {DB#55} Saved 'doc1121' rev #1-c8c16ee37b9d0041b91beafe4587497a8ee75665 as seq 122
2019-07-22 18:00:11.717494-0700 xctest[59729:373965] CouchbaseLite Network Verbose: {Connection#7} Finished receiving 'rev' REQ #131 Z
2019-07-22 18:00:11.717577-0700 xctest[59729:374007] CouchbaseLite Replicator Info: {Puller#15} activityLevel=busy: pendingResponseCount=0, _caughtUp=1, _pendingRevMessages=273, _activeIncomingRevs=7
2019-07-22 18:00:11.717652-0700 xctest[59729:374004] CouchbaseLite Network Debug: {LoopbackWS#12} SEND: 840108c2 ee4f0ada 4383f4b8 690000f7 b0b199
2019-07-22 18:00:11.717735-0700 xctest[59729:374003] CouchbaseLite Network Verbose: {BLIPIO#13} Finished sending REQ #132 Z
2019-07-22 18:00:11.717817-0700 xctest[59729:373964] CouchbaseLite Replicator Debug: {pusher#16} Done pushing 'doc1106' 1-c8c16ee37b9d0041b91beafe4587497a8ee75665
2019-07-22 18:00:11.717896-0700 xctest[59729:373987] CouchbaseLite Replicator Verbose: {Inserter#54} {'doc1121' #1-c8c16ee37b9d0041b91beafe4587497a8ee75665 <- } seq 122
2019-07-22 18:00:11.717984-0700 xctest[59729:374007] CouchbaseLite Replicator Info: {Puller#15} activityLevel=busy: pendingResponseCount=0, _caughtUp=1, _pendingRevMessages=272, _activeIncomingRevs=8
2019-07-22 18:00:11.718093-0700 xctest[59729:373965] CouchbaseLite Replicator Verbose: {IncomingRev#39} Received revision 'doc1128' #1-c8c16ee37b9d0041b91beafe4587497a8ee75665 (seq '128')
2019-07-22 18:00:11.718174-0700 xctest[59729:373968] CouchbaseLite Network Debug: {LoopbackWS#11} RECEIVED: 840108c2 ee4f0ada 4383f4b8 690000f7 b0b199
2019-07-22 18:00:11.718286-0700 xctest[59729:374003] CouchbaseLite Network Verbose: {BLIPIO#13} ...Wrote 19 bytes to WebSocket (writeable=1)
2019-07-22 18:00:11.718370-0700 xctest[59729:373964] CouchbaseLite Replicator Verbose: {pusher#16} progress +0/+0, 1 docs -- now 0 / 56800, 106 docs
2019-07-22 18:00:11.718443-0700 xctest[59729:373964] CouchbaseLite Replicator Info: {pusher#16} activityLevel=busy: pendingResponseCount=23, caughtUp=1, changeLists=0, revsInFlight=10, blobsInFlight=0, awaitingReply=3016, revsToSend=271, pushingDocs=294, pendingSequences=0
2019-07-22 18:00:11.718518-0700 xctest[59729:373987] CouchbaseLite Database Verbose: {DB#55} Saved 'doc1122' rev #1-c8c16ee37b9d0041b91beafe4587497a8ee75665 as seq 123
2019-07-22 18:00:11.718592-0700 xctest[59729:374004] CouchbaseLite Network Verbose: {BLIPIO#14} Received frame: REQ #132 ---C, length 16
2019-07-22 18:00:11.718673-0700 xctest[59729:374007] CouchbaseLite Replicator Info: {Puller#15} activityLevel=busy: pendingResponseCount=0, _caughtUp=1, _pendingRevMessages=272, _activeIncomingRevs=7
2019-07-22 18:00:11.760395-0700 xctest[59729:374007] CouchbaseLite Replicator Info: {Puller#15} activityLevel=busy: pendingResponseCount=0, _caughtUp=1, _pendingRevMessages=272, _activeIncomingRevs=7
2019-07-22 18:00:11.760520-0700 xctest[59729:374003] CouchbaseLite Replicator Info: {repl#10} pushStatus=busy, pullStatus=busy, progress=0/56800
2019-07-22 18:00:11.760618-0700 xctest[59729:374003] CouchbaseLite Replicator Verbose: {repl#10} progress +0/+0, 1 docs -- now 0 / 56800, 106 docs
2019-07-22 18:00:11.760690-0700 xctest[59729:374003] CouchbaseLite Replicator Info: {repl#10} activityLevel=busy: connectionState=2
2019-07-22 18:00:11.760773-0700 xctest[59729:374003] CouchbaseLite Replicator Info: {repl#10} pushStatus=busy, pullStatus=busy, progress=0/56800
2019-07-22 18:00:11.760859-0700 xctest[59729:373987] CouchbaseLite Replicator Verbose: {Inserter#54} {'doc1122' #1-c8c16ee37b9d0041b91beafe4587497a8ee75665 <- } seq 123
2019-07-22 18:00:11.760970-0700 xctest[59729:374004] CouchbaseLite Network Verbose: {Connection#7} Receiving 'rev' REQ #132 Z
2019-07-22 18:00:11.761118-0700 xctest[59729:374003] CouchbaseLite Replicator Info: {Puller#15} activityLevel=busy: pendingResponseCount=0, _caughtUp=1, _pendingRevMessages=272, _activeIncomingRevs=6
2019-07-22 18:00:11.761240-0700 xctest[59729:373964] CouchbaseLite Replicator Verbose: {pusher#16} Completed rev doc1107 #1-c8c16ee37b9d0041b91beafe4587497a8ee75665 (seq #107)
2019-07-22 18:00:11.761359-0700 xctest[59729:373964] CouchbaseLite Replicator Debug: {pusher#16} Done pushing 'doc1107' 1-c8c16ee37b9d0041b91beafe4587497a8ee75665
2019-07-22 18:00:11.761433-0700 xctest[59729:373964] CouchbaseLite Replicator Verbose: {pusher#16} progress +0/+0, 1 docs -- now 0 / 56800, 107 docs
2019-07-22 18:00:11.761503-0700 xctest[59729:373964] CouchbaseLite Replicator Info: {pusher#16} activityLevel=busy: pendingResponseCount=22, caughtUp=1, changeLists=0, revsInFlight=10, blobsInFlight=0, awaitingReply=2784, revsToSend=271, pushingDocs=293, pendingSequences=0
2019-07-22 18:00:11.761629-0700 xctest[59729:373964] CouchbaseLite Replicator Verbose: {pusher#16} Completed rev doc1108 #1-c8c16ee37b9d0041b91beafe4587497a8ee75665 (seq #108)
2019-07-22 18:00:11.761699-0700 xctest[59729:373964] CouchbaseLite Replicator Debug: {pusher#16} Done pushing 'doc1108' 1-c8c16ee37b9d0041b91beafe4587497a8ee75665
2019-07-22 18:00:11.761834-0700 xctest[59729:373987] CouchbaseLite Database Verbose: {DB#55} Saved 'doc1123' rev #1-c8c16ee37b9d0041b91beafe4587497a8ee75665 as seq 124
2019-07-22 18:00:11.761938-0700 xctest[59729:373987] CouchbaseLite Replicator Verbose: {Inserter#54} {'doc1123' #1-c8c16ee37b9d0041b91beafe4587497a8ee75665 <- } seq 124
2019-07-22 18:00:11.762025-0700 xctest[59729:374003] CouchbaseLite Replicator Info: {repl#10} pushStatus=busy, pullStatus=busy, progress=0/56800
2019-07-22 18:00:11.762211-0700 xctest[59729:374003] CouchbaseLite Replicator Verbose: {repl#10} progress +0/+0, 1 docs -- now 0 / 56800, 107 docs
2019-07-22 18:00:11.762304-0700 xctest[59729:374003] CouchbaseLite Replicator Info: {repl#10} activityLevel=busy: connectionState=2
2019-07-22 18:00:11.762429-0700 xctest[59729:374003] CouchbaseLite Replicator Info: {repl#10} pushStatus=busy, pullStatus=busy, progress=0/56800
2019-07-22 18:00:11.762533-0700 xctest[59729:373964] CouchbaseLite Replicator Verbose: {pusher#16} progress +0/+0, 1 docs -- now 0 / 56800, 108 docs
2019-07-22 18:00:11.762681-0700 xctest[59729:373964] CouchbaseLite Replicator Info: {pusher#16} activityLevel=busy: pendingResponseCount=21, caughtUp=1, changeLists=0, revsInFlight=10, blobsInFlight=0, awaitingReply=2552, revsToSend=271, pushingDocs=292, pendingSequences=0
2019-07-22 18:00:11.762856-0700 xctest[59729:373987] CouchbaseLite Database Verbose: {DB#55} Saved 'doc1124' rev #1-c8c16ee37b9d0041b91beafe4587497a8ee75665 as seq 125
2019-07-22 18:00:11.763026-0700 xctest[59729:374007] CouchbaseLite Replicator Info: {Puller#15} activityLevel=busy: pendingResponseCount=0, _caughtUp=1, _pendingRevMessages=272, _activeIncomingRevs=5
2019-07-22 18:00:11.763171-0700 xctest[59729:374004] CouchbaseLite Network Verbose: {Connection#7} Finished receiving 'rev' REQ #132 Z
2019-07-22 18:00:11.763335-0700 xctest[59729:374004] CouchbaseLite Replicator Info: {Puller#15} activityLevel=busy: pendingResponseCount=0, _caughtUp=1, _pendingRevMessages=271, _activeIncomingRevs=6
2019-07-22 18:00:11.763442-0700 xctest[59729:373964] CouchbaseLite Replicator Verbose: {pusher#16} Completed rev doc1109 #1-c8c16ee37b9d0041b91beafe4587497a8ee75665 (seq #109)
2019-07-22 18:00:11.763584-0700 xctest[59729:373987] CouchbaseLite Replicator Verbose: {Inserter#54} {'doc1124' #1-c8c16ee37b9d0041b91beafe4587497a8ee75665 <- } seq 125
2019-07-22 18:00:11.763757-0700 xctest[59729:374003] CouchbaseLite Replicator Info: {repl#10} pushStatus=busy, pullStatus=busy, progress=0/56800
2019-07-22 18:00:11.763849-0700 xctest[59729:374003] CouchbaseLite Replicator Verbose: {repl#10} progress +0/+0, 1 docs -- now 0 / 56800, 108 docs
2019-07-22 18:00:11.763922-0700 xctest[59729:374003] CouchbaseLite Replicator Info: {repl#10} activityLevel=busy: connectionState=2
2019-07-22 18:00:11.764069-0700 xctest[59729:374003] CouchbaseLite Replicator Info: {repl#10} pushStatus=busy, pullStatus=busy, progress=0/56800
2019-07-22 18:00:11.764173-0700 xctest[59729:373968] CouchbaseLite Replicator Verbose: {IncomingRev#31} Received revision 'doc1129' #1-c8c16ee37b9d0041b91beafe4587497a8ee75665 (seq '129')
2019-07-22 18:00:11.764303-0700 xctest[59729:373964] CouchbaseLite Replicator Debug: {pusher#16} Done pushing 'doc1109' 1-c8c16ee37b9d0041b91beafe4587497a8ee75665
2019-07-22 18:00:11.764391-0700 xctest[59729:373964] CouchbaseLite Replicator Verbose: {pusher#16} progress +0/+0, 1 docs -- now 0 / 56800, 109 docs
2019-07-22 18:00:11.764469-0700 xctest[59729:373964] CouchbaseLite Replicator Info: {pusher#16} activityLevel=busy: pendingResponseCount=20, caughtUp=1, changeLists=0, revsInFlight=10, blobsInFlight=0, awaitingReply=2320, revsToSend=271, pushingDocs=291, pendingSequences=0
2019-07-22 18:00:11.764589-0700 xctest[59729:373964] CouchbaseLite Replicator Debug: {pusher#16} Transmitted 'rev' doc1120 #1-c8c16ee37b9d0041b91beafe4587497a8ee75665 (seq #120)
2019-07-22 18:00:11.764715-0700 xctest[59729:373964] CouchbaseLite Replicator Verbose: {pusher#16} Sending rev doc1130 1-c8c16ee37b9d0041b91beafe4587497a8ee75665 (seq #130) [10/10]
2019-07-22 18:00:11.764825-0700 xctest[59729:373964] CouchbaseLite Replicator Verbose: {pusher#16} Reading document 'doc1130' #1-c8c16ee37b9d0041b91beafe4587497a8ee75665
2019-07-22 18:00:11.764949-0700 xctest[59729:374003] CouchbaseLite Replicator Info: {repl#10} pushStatus=busy, pullStatus=busy, progress=0/56800
2019-07-22 18:00:11.765054-0700 xctest[59729:374003] CouchbaseLite Replicator Verbose: {repl#10} progress +0/+0, 1 docs -- now 0 / 56800, 109 docs
2019-07-22 18:00:11.765238-0700 xctest[59729:374003] CouchbaseLite Replicator Info: {repl#10} activityLevel=busy: connectionState=2
2019-07-22 18:00:11.765332-0700 xctest[59729:374003] CouchbaseLite Replicator Info: {repl#10} pushStatus=busy, pullStatus=busy, progress=0/56800
2019-07-22 18:00:11.765419-0700 xctest[59729:373987] CouchbaseLite Database Verbose: {DB#55} Saved 'doc1125' rev #1-c8c16ee37b9d0041b91beafe4587497a8ee75665 as seq 126
2019-07-22 18:00:11.765578-0700 xctest[59729:373964] CouchbaseLite Replicator Verbose: {pusher#16} Transmitting 'rev' message with 'doc1130' #1-c8c16ee37b9d0041b91beafe4587497a8ee75665
2019-07-22 18:00:11.765724-0700 xctest[59729:374004] CouchbaseLite Replicator Info: {Puller#15} activityLevel=busy: pendingResponseCount=0, _caughtUp=1, _pendingRevMessages=271, _activeIncomingRevs=5
2019-07-22 18:00:11.765836-0700 xctest[59729:374004] CouchbaseLite Replicator Info: {Puller#15} activityLevel=busy: pendingResponseCount=0, _caughtUp=1, _pendingRevMessages=271, _activeIncomingRevs=5
2019-07-22 18:00:11.765978-0700 xctest[59729:374003] CouchbaseLite Network Verbose: {BLIPIO#13} Sending 'rev' REQ #133 Z
2019-07-22 18:00:11.766126-0700 xctest[59729:373964] CouchbaseLite Replicator Info: {pusher#16} activityLevel=busy: pendingResponseCount=21, caughtUp=1, changeLists=0, revsInFlight=10, blobsInFlight=0, awaitingReply=2552, revsToSend=270, pushingDocs=291, pendingSequences=0
2019-07-22 18:00:11.766277-0700 xctest[59729:373987] CouchbaseLite Replicator Verbose: {Inserter#54} {'doc1125' #1-c8c16ee37b9d0041b91beafe4587497a8ee75665 <- } seq 126
2019-07-22 18:00:11.766402-0700 xctest[59729:373987] CouchbaseLite Database Verbose: {DB#55} commit transaction
2019-07-22 18:00:11.766547-0700 xctest[59729:373964] CouchbaseLite Replicator Verbose: {pusher#16} Completed rev doc1110 #1-c8c16ee37b9d0041b91beafe4587497a8ee75665 (seq #110)
2019-07-22 18:00:11.766672-0700 xctest[59729:374003] CouchbaseLite Network Verbose: {BLIPIO#13} Sending frame: REQ #133 ---C, bytes 0--16
2019-07-22 18:00:11.766801-0700 xctest[59729:374004] CouchbaseLite Replicator Info: {Puller#15} activityLevel=busy: pendingResponseCount=0, _caughtUp=1, _pendingRevMessages=271, _activeIncomingRevs=4
2019-07-22 18:00:11.766940-0700 xctest[59729:373968] CouchbaseLite Network Debug: {LoopbackWS#12} SEND: 850108c2 ea4f0a4e 88361ca4 47440300 b6b3be9e
2019-07-22 18:00:11.767053-0700 xctest[59729:374003] CouchbaseLite Network Verbose: {BLIPIO#13} Finished sending REQ #133 Z
2019-07-22 18:00:11.767209-0700 xctest[59729:373987] CouchbaseLite Replicator Info: {Inserter#54} Inserted 7 revs in 52.73ms ( 133/sec) of which 100.0% was commit
2019-07-22 18:00:11.767342-0700 xctest[59729:373964] CouchbaseLite Replicator Debug: {pusher#16} Done pushing 'doc1110' 1-c8c16ee37b9d0041b91beafe4587497a8ee75665
2019-07-22 18:00:11.767428-0700 xctest[59729:373964] CouchbaseLite Replicator Verbose: {pusher#16} progress +0/+0, 1 docs -- now 0 / 56800, 110 docs
2019-07-22 18:00:11.767546-0700 xctest[59729:373964] CouchbaseLite Replicator Info: {pusher#16} activityLevel=busy: pendingResponseCount=20, caughtUp=1, changeLists=0, revsInFlight=10, blobsInFlight=0, awaitingReply=2320, revsToSend=270, pushingDocs=290, pendingSequences=0
2019-07-22 18:00:11.767712-0700 xctest[59729:374005] CouchbaseLite Network Debug: {LoopbackWS#11} RECEIVED: 850108c2 ea4f0a4e 88361ca4 47440300 b6b3be9e
2019-07-22 18:00:11.767967-0700 xctest[59729:374003] CouchbaseLite Network Verbose: {BLIPIO#13} ...Wrote 20 bytes to WebSocket (writeable=1)
2019-07-22 18:00:11.768143-0700 xctest[59729:373987] CouchbaseLite Replicator Verbose: {Inserter#54} Inserting 4 revs:
2019-07-22 18:00:11.768245-0700 xctest[59729:373987] CouchbaseLite Database Verbose: {DB#55} begin transaction
2019-07-22 18:00:11.768409-0700 xctest[59729:374004] CouchbaseLite Replicator Verbose: {Puller#15} Checkpoint now at 119
2019-07-22 18:00:11.768594-0700 xctest[59729:373964] CouchbaseLite Replicator Debug: {pusher#16} Transmitted 'rev' doc1121 #1-c8c16ee37b9d0041b91beafe4587497a8ee75665 (seq #121)
2019-07-22 18:00:11.768725-0700 xctest[59729:374007] CouchbaseLite Replicator Info: {repl#10} pushStatus=busy, pullStatus=busy, progress=0/56800
2019-07-22 18:00:11.768893-0700 xctest[59729:374007] CouchbaseLite Replicator Verbose: {repl#10} progress +0/+0, 1 docs -- now 0 / 56800, 110 docs
2019-07-22 18:00:11.769035-0700 xctest[59729:374004] CouchbaseLite Replicator Verbose: {Puller#15} progress +142/+0, 1 docs -- now 17090 / 56992, 119 docs
2019-07-22 18:00:11.769131-0700 xctest[59729:374004] CouchbaseLite Replicator Info: {Puller#15} activityLevel=busy: pendingResponseCount=0, _caughtUp=1, _pendingRevMessages=271, _activeIncomingRevs=4
2019-07-22 18:00:11.769249-0700 xctest[59729:373965] CouchbaseLite Network Verbose: {BLIPIO#14} Sending RES #122
2019-07-22 18:00:11.769364-0700 xctest[59729:374007] CouchbaseLite Replicator Info: {repl#10} activityLevel=busy: connectionState=2
2019-07-22 18:00:11.769488-0700 xctest[59729:374007] CouchbaseLite Replicator Info: {repl#10} pushStatus=busy, pullStatus=busy, progress=0/56800
2019-07-22 18:00:11.769625-0700 xctest[59729:373964] CouchbaseLite Replicator Verbose: {pusher#16} Sending rev doc1131 1-c8c16ee37b9d0041b91beafe4587497a8ee75665 (seq #131) [10/10]
2019-07-22 18:00:11.769790-0700 xctest[59729:373964] CouchbaseLite Replicator Verbose: {pusher#16} Reading document 'doc1131' #1-c8c16ee37b9d0041b91beafe4587497a8ee75665
2019-07-22 18:00:11.769941-0700 xctest[59729:374003] CouchbaseLite Replicator Info: {Repl#8} pushStatus=stopped, pullStatus=busy, progress=17090/56992
2019-07-22 18:00:11.770069-0700 xctest[59729:374003] CouchbaseLite Replicator Verbose: {Repl#8} progress +142/+0, 1 docs -- now 17090 / 56992, 119 docs
2019-07-22 18:00:11.770251-0700 xctest[59729:374003] CouchbaseLite Replicator Info: {Repl#8} activityLevel=busy: connectionState=2
2019-07-22 18:00:11.770398-0700 xctest[59729:374004] CouchbaseLite Replicator Info: {Puller#15} activityLevel=busy: pendingResponseCount=0, _caughtUp=1, _pendingRevMessages=271, _activeIncomingRevs=4
2019-07-22 18:00:11.770545-0700 xctest[59729:373965] CouchbaseLite Network Verbose: {BLIPIO#14} Sending frame: RES #122 ----, bytes 0--4
2019-07-22 18:00:11.770662-0700 xctest[59729:373964] CouchbaseLite Replicator Verbose: {pusher#16} Transmitting 'rev' message with 'doc1131' #1-c8c16ee37b9d0041b91beafe4587497a8ee75665
2019-07-22 18:00:11.770797-0700 xctest[59729:373987] CouchbaseLite Database Verbose: {DB#55} Saved 'doc1126' rev #1-c8c16ee37b9d0041b91beafe4587497a8ee75665 as seq 127
2019-07-22 18:00:11.770922-0700 xctest[59729:373987] CouchbaseLite Replicator Verbose: {Inserter#54} {'doc1126' #1-c8c16ee37b9d0041b91beafe4587497a8ee75665 <- } seq 127
2019-07-22 18:00:11.771078-0700 xctest[59729:374004] CouchbaseLite Replicator Verbose: {Puller#15} Checkpoint now at 125
2019-07-22 18:00:11.771217-0700 xctest[59729:373965] CouchbaseLite Network Verbose: {BLIPIO#14} Finished sending RES #122
2019-07-22 18:00:11.771373-0700 xctest[59729:374007] CouchbaseLite Network Debug: {LoopbackWS#11} SEND: 7a0100b6 1479b2
2019-07-22 18:00:11.771540-0700 xctest[59729:374005] CouchbaseLite Network Verbose: {BLIPIO#13} Sending 'rev' REQ #134 Z
2019-07-22 18:00:11.771730-0700 xctest[59729:373964] CouchbaseLite Replicator Info: {pusher#16} activityLevel=busy: pendingResponseCount=21, caughtUp=1, changeLists=0, revsInFlight=10, blobsInFlight=0, awaitingReply=2552, revsToSend=269, pushingDocs=290, pendingSequences=0
2019-07-22 18:00:11.771886-0700 xctest[59729:374003] CouchbaseLite Replicator Info: {Repl#8} pushStatus=stopped, pullStatus=busy, progress=17090/56992
2019-07-22 18:00:11.772012-0700 xctest[59729:374004] CouchbaseLite Replicator Verbose: {Puller#15} progress +852/+0, 6 docs -- now 17942 / 56992, 125 docs
2019-07-22 18:00:11.772251-0700 xctest[59729:374004] CouchbaseLite Replicator Info: {Puller#15} activityLevel=busy: pendingResponseCount=0, _caughtUp=1, _pendingRevMessages=271, _activeIncomingRevs=4
2019-07-22 18:00:11.772371-0700 xctest[59729:374007] CouchbaseLite Network Debug: {LoopbackWS#12} RECEIVED: 7a0100b6 1479b2
2019-07-22 18:00:11.772544-0700 xctest[59729:373987] CouchbaseLite Database Verbose: {DB#55} Saved 'doc1127' rev #1-c8c16ee37b9d0041b91beafe4587497a8ee75665 as seq 128
2019-07-22 18:00:11.772664-0700 xctest[59729:373987] CouchbaseLite Replicator Verbose: {Inserter#54} {'doc1127' #1-c8c16ee37b9d0041b91beafe4587497a8ee75665 <- } seq 128
2019-07-22 18:00:11.772830-0700 xctest[59729:373964] CouchbaseLite Replicator Verbose: {pusher#16} Completed rev doc1111 #1-c8c16ee37b9d0041b91beafe4587497a8ee75665 (seq #111)
2019-07-22 18:00:11.772974-0700 xctest[59729:373964] CouchbaseLite Replicator Debug: {pusher#16} Done pushing 'doc1111' 1-c8c16ee37b9d0041b91beafe4587497a8ee75665
2019-07-22 18:00:11.773093-0700 xctest[59729:374003] CouchbaseLite Replicator Info: {Repl#8} pushStatus=stopped, pullStatus=busy, progress=17942/56992
2019-07-22 18:00:11.773194-0700 xctest[59729:374003] CouchbaseLite Replicator Verbose: {Repl#8} progress +852/+0, 6 docs -- now 17942 / 56992, 125 docs
2019-07-22 18:00:11.773344-0700 xctest[59729:374005] CouchbaseLite Network Verbose: {BLIPIO#13} Sending frame: REQ #134 ---C, bytes 0--15
2019-07-22 18:00:11.773507-0700 xctest[59729:373965] CouchbaseLite Network Verbose: {BLIPIO#14} ...Wrote 7 bytes to WebSocket (writeable=1)
2019-07-22 18:00:11.773643-0700 xctest[59729:373965] CouchbaseLite Network Verbose: {BLIPIO#14} Sending RES #123
2019-07-22 18:00:11.773767-0700 xctest[59729:373965] CouchbaseLite Network Verbose: {BLIPIO#14} Sending frame: RES #123 ----, bytes 0--4
2019-07-22 18:00:11.773878-0700 xctest[59729:373987] CouchbaseLite Database Verbose: {DB#55} Saved 'doc1128' rev #1-c8c16ee37b9d0041b91beafe4587497a8ee75665 as seq 129
2019-07-22 18:00:11.773995-0700 xctest[59729:374003] CouchbaseLite Replicator Info: {Repl#8} activityLevel=busy: connectionState=2
2019-07-22 18:00:11.774094-0700 xctest[59729:374003] CouchbaseLite Replicator Info: {Repl#8} pushStatus=stopped, pullStatus=busy, progress=17942/56992
2019-07-22 18:00:11.774219-0700 xctest[59729:374007] CouchbaseLite Network Debug: {LoopbackWS#12} SEND: 860108c2 ee4f0ada 4383f45c 6800008e 1f67e5
2019-07-22 18:00:11.774384-0700 xctest[59729:373964] CouchbaseLite Replicator Verbose: {pusher#16} progress +0/+0, 1 docs -- now 0 / 56800, 111 docs
2019-07-22 18:00:11.774505-0700 xctest[59729:373964] CouchbaseLite Replicator Info: {pusher#16} activityLevel=busy: pendingResponseCount=20, caughtUp=1, changeLists=0, revsInFlight=10, blobsInFlight=0, awaitingReply=2320, revsToSend=269, pushingDocs=289, pendingSequences=0
2019-07-22 18:00:11.774628-0700 xctest[59729:373965] CouchbaseLite Network Verbose: {BLIPIO#14} Finished sending RES #123
2019-07-22 18:00:11.774737-0700 xctest[59729:373965] CouchbaseLite Network Verbose: {BLIPIO#14} ...Wrote 7 bytes to WebSocket (writeable=1)
2019-07-22 18:00:11.774852-0700 xctest[59729:373987] CouchbaseLite Replicator Verbose: {Inserter#54} {'doc1128' #1-c8c16ee37b9d0041b91beafe4587497a8ee75665 <- } seq 129
2019-07-22 18:00:11.775008-0700 xctest[59729:374005] CouchbaseLite Network Verbose: {BLIPIO#13} Finished sending REQ #134 Z
2019-07-22 18:00:11.775139-0700 xctest[59729:374004] CouchbaseLite Replicator Info: {Puller#15} activityLevel=busy: pendingResponseCount=0, _caughtUp=1, _pendingRevMessages=271, _activeIncomingRevs=4
2019-07-22 18:00:11.775285-0700 xctest[59729:374004] CouchbaseLite Replicator Info: {Puller#15} activityLevel=busy: pendingResponseCount=0, _caughtUp=1, _pendingRevMessages=271, _activeIncomingRevs=4
2019-07-22 18:00:11.775388-0700 xctest[59729:373964] CouchbaseLite Replicator Verbose: {pusher#16} Completed rev doc1112 #1-c8c16ee37b9d0041b91beafe4587497a8ee75665 (seq #112)
2019-07-22 18:00:11.775492-0700 xctest[59729:373968] CouchbaseLite Network Debug: {LoopbackWS#11} SEND: 7b0100f7 db2954
2019-07-22 18:00:11.775611-0700 xctest[59729:373965] CouchbaseLite Network Verbose: {BLIPIO#14} Sending RES #124
2019-07-22 18:00:11.775746-0700 xctest[59729:373965] CouchbaseLite Network Verbose: {BLIPIO#14} Sending frame: RES #124 ----, bytes 0--4
2019-07-22 18:00:11.775853-0700 xctest[59729:374007] CouchbaseLite Replicator Info: {repl#10} pushStatus=busy, pullStatus=busy, progress=0/56800
2019-07-22 18:00:11.775959-0700 xctest[59729:374007] CouchbaseLite Replicator Verbose: {repl#10} progress +0/+0, 1 docs -- now 0 / 56800, 111 docs
2019-07-22 18:00:11.776035-0700 xctest[59729:374007] CouchbaseLite Replicator Info: {repl#10} activityLevel=busy: connectionState=2
2019-07-22 18:00:11.776157-0700 xctest[59729:374007] CouchbaseLite Replicator Info: {repl#10} pushStatus=busy, pullStatus=busy, progress=0/56800
2019-07-22 18:00:11.776281-0700 xctest[59729:374003] CouchbaseLite Network Debug: {LoopbackWS#12} RECEIVED: 7b0100f7 db2954
2019-07-22 18:00:11.776380-0700 xctest[59729:373968] CouchbaseLite Network Debug: {LoopbackWS#11} RECEIVED: 860108c2 ee4f0ada 4383f45c 6800008e 1f67e5
2019-07-22 18:00:11.776489-0700 xctest[59729:374005] CouchbaseLite Network Verbose: {BLIPIO#13} ...Wrote 19 bytes to WebSocket (writeable=1)
2019-07-22 18:00:11.776603-0700 xctest[59729:374005] CouchbaseLite Network Verbose: {BLIPIO#13} Received frame: RES #122 ----, length 5
2019-07-22 18:00:11.776746-0700 xctest[59729:373987] CouchbaseLite Database Verbose: {DB#55} Saved 'doc1129' rev #1-c8c16ee37b9d0041b91beafe4587497a8ee75665 as seq 130
2019-07-22 18:00:11.776841-0700 xctest[59729:374004] CouchbaseLite Replicator Info: {Puller#15} activityLevel=busy: pendingResponseCount=0, _caughtUp=1, _pendingRevMessages=271, _activeIncomingRevs=4
2019-07-22 18:00:11.776940-0700 xctest[59729:373964] CouchbaseLite Replicator Debug: {pusher#16} Done pushing 'doc1112' 1-c8c16ee37b9d0041b91beafe4587497a8ee75665
2019-07-22 18:00:11.777054-0700 xctest[59729:373964] CouchbaseLite Replicator Verbose: {pusher#16} progress +0/+0, 1 docs -- now 0 / 56800, 112 docs
2019-07-22 18:00:11.777154-0700 xctest[59729:373964] CouchbaseLite Replicator Info: {pusher#16} activityLevel=busy: pendingResponseCount=19, caughtUp=1, changeLists=0, revsInFlight=10, blobsInFlight=0, awaitingReply=2088, revsToSend=269, pushingDocs=288, pendingSequences=0
2019-07-22 18:00:11.777261-0700 xctest[59729:374005] CouchbaseLite Network Verbose: {Connection#9} Receiving RES #122
2019-07-22 18:00:11.777393-0700 xctest[59729:373987] CouchbaseLite Replicator Verbose: {Inserter#54} {'doc1129' #1-c8c16ee37b9d0041b91beafe4587497a8ee75665 <- } seq 130
2019-07-22 18:00:11.777601-0700 xctest[59729:374004] CouchbaseLite Replicator Info: {Puller#15} activityLevel=busy: pendingResponseCount=0, _caughtUp=1, _pendingRevMessages=271, _activeIncomingRevs=4
2019-07-22 18:00:11.777698-0700 xctest[59729:374004] CouchbaseLite Replicator Info: {Puller#15} activityLevel=busy: pendingResponseCount=0, _caughtUp=1, _pendingRevMessages=271, _activeIncomingRevs=4
2019-07-22 18:00:11.777782-0700 xctest[59729:374004] CouchbaseLite Replicator Info: {Puller#15} activityLevel=busy: pendingResponseCount=0, _caughtUp=1, _pendingRevMessages=271, _activeIncomingRevs=4
2019-07-22 18:00:11.777884-0700 xctest[59729:374003] CouchbaseLite Replicator Info: {repl#10} pushStatus=busy, pullStatus=busy, progress=0/56800
2019-07-22 18:00:11.777990-0700 xctest[59729:374003] CouchbaseLite Replicator Verbose: {repl#10} progress +0/+0, 1 docs -- now 0 / 56800, 112 docs
2019-07-22 18:00:11.778079-0700 xctest[59729:374003] CouchbaseLite Replicator Info: {repl#10} activityLevel=busy: connectionState=2
2019-07-22 18:00:11.778163-0700 xctest[59729:374003] CouchbaseLite Replicator Info: {repl#10} pushStatus=busy, pullStatus=busy, progress=0/56800
2019-07-22 18:00:11.778275-0700 xctest[59729:373968] CouchbaseLite Network Debug: {LoopbackWS#11} SEND: 7c0100be f3a149
2019-07-22 18:00:11.778386-0700 xctest[59729:373965] CouchbaseLite Network Verbose: {BLIPIO#14} Finished sending RES #124
2019-07-22 18:00:11.778510-0700 xctest[59729:374004] CouchbaseLite Replicator Info: {Puller#15} activityLevel=busy: pendingResponseCount=0, _caughtUp=1, _pendingRevMessages=271, _activeIncomingRevs=3
2019-07-22 18:00:11.778606-0700 xctest[59729:373964] CouchbaseLite Replicator Verbose: {pusher#16} Completed rev doc1113 #1-c8c16ee37b9d0041b91beafe4587497a8ee75665 (seq #113)
2019-07-22 18:00:11.778716-0700 xctest[59729:374005] CouchbaseLite Network Verbose: {Connection#9} Finished receiving RES #122
2019-07-22 18:00:11.778823-0700 xctest[59729:373987] CouchbaseLite Database Verbose: {DB#55} commit transaction
2019-07-22 18:00:11.778929-0700 xctest[59729:374003] CouchbaseLite Network Debug: {LoopbackWS#12} RECEIVED: 7c0100be f3a149
2019-07-22 18:00:11.779048-0700 xctest[59729:373965] CouchbaseLite Network Verbose: {BLIPIO#14} ...Wrote 7 bytes to WebSocket (writeable=1)
2019-07-22 18:00:11.779150-0700 xctest[59729:374004] CouchbaseLite Replicator Info: {Puller#15} activityLevel=busy: pendingResponseCount=0, _caughtUp=1, _pendingRevMessages=271, _activeIncomingRevs=2
2019-07-22 18:00:11.779261-0700 xctest[59729:373964] CouchbaseLite Replicator Debug: {pusher#16} Done pushing 'doc1113' 1-c8c16ee37b9d0041b91beafe4587497a8ee75665
2019-07-22 18:00:11.779358-0700 xctest[59729:374005] CouchbaseLite Network Verbose: {BLIPIO#13} Received frame: RES #123 ----, length 5
2019-07-22 18:00:11.779473-0700 xctest[59729:373965] CouchbaseLite Network Verbose: {BLIPIO#14} Sending RES #125
2019-07-22 18:00:11.779567-0700 xctest[59729:374004] CouchbaseLite Replicator Info: {Puller#15} activityLevel=busy: pendingResponseCount=0, _caughtUp=1, _pendingRevMessages=271, _activeIncomingRevs=1
2019-07-22 18:00:11.779667-0700 xctest[59729:373987] CouchbaseLite Replicator Info: {Inserter#54} Inserted 4 revs in 11.01ms ( 363/sec) of which 99.7% was commit
2019-07-22 18:00:11.779766-0700 xctest[59729:373964] CouchbaseLite Replicator Verbose: {pusher#16} progress +0/+0, 1 docs -- now 0 / 56800, 113 docs
2019-07-22 18:00:11.779859-0700 xctest[59729:374005] CouchbaseLite Network Verbose: {Connection#9} Receiving RES #123
2019-07-22 18:00:11.779975-0700 xctest[59729:373965] CouchbaseLite Network Verbose: {BLIPIO#14} Sending frame: RES #125 ----, bytes 0--4
2019-07-22 18:00:11.780101-0700 xctest[59729:374004] CouchbaseLite Replicator Info: {Puller#15} activityLevel=busy: pendingResponseCount=0, _caughtUp=1, _pendingRevMessages=271, _activeIncomingRevs=0
2019-07-22 18:00:11.780193-0700 xctest[59729:373987] CouchbaseLite Replicator Verbose: {Inserter#54} now idle
2019-07-22 18:00:11.780292-0700 xctest[59729:373964] CouchbaseLite Replicator Info: {pusher#16} activityLevel=busy: pendingResponseCount=18, caughtUp=1, changeLists=0, revsInFlight=10, blobsInFlight=0, awaitingReply=1856, revsToSend=269, pushingDocs=287, pendingSequences=0
2019-07-22 18:00:11.780444-0700 xctest[59729:374005] CouchbaseLite Network Verbose: {Connection#9} Finished receiving RES #123
2019-07-22 18:00:11.780558-0700 xctest[59729:373965] CouchbaseLite Network Verbose: {BLIPIO#14} Finished sending RES #125
2019-07-22 18:00:11.780646-0700 xctest[59729:373965] CouchbaseLite Network Verbose: {BLIPIO#14} ...Wrote 7 bytes to WebSocket (writeable=1)
2019-07-22 18:00:11.780728-0700 xctest[59729:374004] CouchbaseLite Replicator Verbose: {Puller#15} Checkpoint now at 129
2019-07-22 18:00:11.780823-0700 xctest[59729:373987] CouchbaseLite Replicator Info: {Repl#8} pushStatus=stopped, pullStatus=busy, progress=17942/56992
2019-07-22 18:00:11.780918-0700 xctest[59729:373964] CouchbaseLite Replicator Debug: {pusher#16} Transmitted 'rev' doc1122 #1-c8c16ee37b9d0041b91beafe4587497a8ee75665 (seq #122)
2019-07-22 18:00:11.781007-0700 xctest[59729:373968] CouchbaseLite Replicator Info: {repl#10} pushStatus=busy, pullStatus=busy, progress=0/56800
2019-07-22 18:00:11.781082-0700 xctest[59729:373968] CouchbaseLite Replicator Verbose: {repl#10} progress +0/+0, 1 docs -- now 0 / 56800, 113 docs
2019-07-22 18:00:11.781160-0700 xctest[59729:373968] CouchbaseLite Replicator Info: {repl#10} activityLevel=busy: connectionState=2
2019-07-22 18:00:11.781229-0700 xctest[59729:373968] CouchbaseLite Replicator Info: {repl#10} pushStatus=busy, pullStatus=busy, progress=0/56800
2019-07-22 18:00:11.781316-0700 xctest[59729:374004] CouchbaseLite Replicator Verbose: {Puller#15} progress +568/+0, 4 docs -- now 18510 / 56992, 129 docs
2019-07-22 18:00:11.781404-0700 xctest[59729:374004] CouchbaseLite Replicator Info: {Puller#15} activityLevel=busy: pendingResponseCount=0, _caughtUp=1, _pendingRevMessages=271, _activeIncomingRevs=0
2019-07-22 18:00:11.781488-0700 xctest[59729:373964] CouchbaseLite Replicator Verbose: {pusher#16} Sending rev doc1132 1-c8c16ee37b9d0041b91beafe4587497a8ee75665 (seq #132) [10/10]
2019-07-22 18:00:11.781584-0700 xctest[59729:374005] CouchbaseLite Network Verbose: {BLIPIO#13} Received frame: RES #124 ----, length 5
2019-07-22 18:00:11.781675-0700 xctest[59729:374003] CouchbaseLite Network Debug: {LoopbackWS#11} SEND: 7d0100dd bce518
2019-07-22 18:00:11.781760-0700 xctest[59729:373965] CouchbaseLite Network Verbose: {BLIPIO#14} Sending RES #126
2019-07-22 18:00:11.781849-0700 xctest[59729:373987] CouchbaseLite Replicator Info: {Repl#8} activityLevel=busy: connectionState=2
2019-07-22 18:00:11.781936-0700 xctest[59729:373987] CouchbaseLite Replicator Info: {Repl#8} pushStatus=stopped, pullStatus=busy, progress=17942/56992
2019-07-22 18:00:11.782020-0700 xctest[59729:373964] CouchbaseLite Replicator Verbose: {pusher#16} Reading document 'doc1132' #1-c8c16ee37b9d0041b91beafe4587497a8ee75665
2019-07-22 18:00:11.782125-0700 xctest[59729:374005] CouchbaseLite Network Verbose: {Connection#9} Receiving RES #124
2019-07-22 18:00:11.782241-0700 xctest[59729:374003] CouchbaseLite Network Debug: {LoopbackWS#12} RECEIVED: 7d0100dd bce518
2019-07-22 18:00:11.782334-0700 xctest[59729:373965] CouchbaseLite Network Verbose: {BLIPIO#14} Sending frame: RES #126 ----, bytes 0--4
2019-07-22 18:00:11.782469-0700 xctest[59729:374004] CouchbaseLite Replicator Info: {Puller#15} activityLevel=busy: pendingResponseCount=0, _caughtUp=1, _pendingRevMessages=271, _activeIncomingRevs=0
2019-07-22 18:00:11.782576-0700 xctest[59729:373987] CouchbaseLite Replicator Info: {Repl#8} pushStatus=stopped, pullStatus=busy, progress=18510/56992
2019-07-22 18:00:11.782670-0700 xctest[59729:373987] CouchbaseLite Replicator Verbose: {Repl#8} progress +568/+0, 4 docs -- now 18510 / 56992, 129 docs
2019-07-22 18:00:11.782742-0700 xctest[59729:373987] CouchbaseLite Replicator Info: {Repl#8} activityLevel=busy: connectionState=2
2019-07-22 18:00:11.782822-0700 xctest[59729:373987] CouchbaseLite Replicator Info: {Repl#8} pushStatus=stopped, pullStatus=busy, progress=18510/56992
2019-07-22 18:00:11.782938-0700 xctest[59729:374003] CouchbaseLite Network Debug: {LoopbackWS#11} SEND: 7e0100c1 b3cb3e
2019-07-22 18:00:11.783034-0700 xctest[59729:374004] CouchbaseLite Replicator Info: {Puller#15} activityLevel=busy: pendingResponseCount=0, _caughtUp=1, _pendingRevMessages=271, _activeIncomingRevs=0
2019-07-22 18:00:11.783128-0700 xctest[59729:374005] CouchbaseLite Network Verbose: {Connection#9} Finished receiving RES #124
2019-07-22 18:00:11.783246-0700 xctest[59729:373964] CouchbaseLite Replicator Verbose: {pusher#16} Transmitting 'rev' message with 'doc1132' #1-c8c16ee37b9d0041b91beafe4587497a8ee75665
2019-07-22 18:00:11.783340-0700 xctest[59729:373965] CouchbaseLite Network Verbose: {BLIPIO#14} Finished sending RES #126
2019-07-22 18:00:11.783456-0700 xctest[59729:373965] CouchbaseLite Network Verbose: {BLIPIO#14} ...Wrote 7 bytes to WebSocket (writeable=1)
2019-07-22 18:00:11.783566-0700 xctest[59729:374004] CouchbaseLite Replicator Info: {Puller#15} activityLevel=busy: pendingResponseCount=0, _caughtUp=1, _pendingRevMessages=271, _activeIncomingRevs=0
2019-07-22 18:00:11.783666-0700 xctest[59729:374005] CouchbaseLite Network Verbose: {BLIPIO#13} Received frame: RES #125 ----, length 5
2019-07-22 18:00:11.783771-0700 xctest[59729:373964] CouchbaseLite Replicator Info: {pusher#16} activityLevel=busy: pendingResponseCount=19, caughtUp=1, changeLists=0, revsInFlight=10, blobsInFlight=0, awaitingReply=2088, revsToSend=268, pushingDocs=287, pendingSequences=0
2019-07-22 18:00:11.783874-0700 xctest[59729:373987] CouchbaseLite Network Debug: {LoopbackWS#12} RECEIVED: 7e0100c1 b3cb3e
