2019-07-22 18:00:11.463184-0700 xctest[59729:373989] CouchbaseLite Database Verbose: {DB#55} begin transaction
2019-07-22 18:00:11.463300-0700 xctest[59729:374007] CouchbaseLite Network Verbose: {BLIPIO#13} Sending frame: REQ #90 ---C, bytes 0--15
2019-07-22 18:00:11.463425-0700 xctest[59729:373964] CouchbaseLite Replicator Verbose: {pusher#16} Completed rev doc168 #1-c8c16ee37b9d0041b91beafe4587497a8ee75665 (seq #68)
2019-07-22 18:00:11.463522-0700 xctest[59729:374007] CouchbaseLite Network Verbose: {BLIPIO#13} Finished sending REQ #90 Z
2019-07-22 18:00:11.463625-0700 xctest[59729:374004] CouchbaseLite Network Debug: {LoopbackWS#12} SEND: 5a08c2ea 4bf2db3e 1683b3ed 03001b37 8e34
2019-07-22 18:00:11.463738-0700 xctest[59729:373964] CouchbaseLite Replicator Debug: {pusher#16} Done pushing 'doc168' 1-c8c16ee37b9d0041b91beafe4587497a8ee75665
2019-07-22 18:00:11.463846-0700 xctest[59729:374007] CouchbaseLite Network Verbose: {BLIPIO#13} ...Wrote 18 bytes to WebSocket (writeable=1)
2019-07-22 18:00:11.463931-0700 xctest[59729:373989] CouchbaseLite Database Verbose: {DB#55} Saved 'doc176' rev #1-c8c16ee37b9d0041b91beafe4587497a8ee75665 as seq 77
2019-07-22 18:00:11.464040-0700 xctest[59729:374004] CouchbaseLite Network Debug: {LoopbackWS#11} RECEIVED: 5a08c2ea 4bf2db3e 1683b3ed 03001b37 8e34
2019-07-22 18:00:11.464130-0700 xctest[59729:373964] CouchbaseLite Replicator Verbose: {pusher#16} progress +0/+0, 1 docs -- now 0 / 56800, 68 docs
2019-07-22 18:00:11.464210-0700 xctest[59729:373964] CouchbaseLite Replicator Info: {pusher#16} activityLevel=busy: pendingResponseCount=19, caughtUp=1, changeLists=0, revsInFlight=10, blobsInFlight=0, awaitingReply=2070, revsToSend=313, pushingDocs=332, pendingSequences=0
2019-07-22 18:00:11.464306-0700 xctest[59729:374007] CouchbaseLite Network Verbose: {BLIPIO#14} Received frame: REQ #90 ---C, length 16
2019-07-22 18:00:11.464400-0700 xctest[59729:373989] CouchbaseLite Replicator Verbose: {Inserter#54} {'doc176' #1-c8c16ee37b9d0041b91beafe4587497a8ee75665 <- } seq 77
2019-07-22 18:00:11.464508-0700 xctest[59729:374004] CouchbaseLite Replicator Info: {repl#10} pushStatus=busy, pullStatus=busy, progress=0/56800
2019-07-22 18:00:11.464614-0700 xctest[59729:374004] CouchbaseLite Replicator Verbose: {repl#10} progress +0/+0, 1 docs -- now 0 / 56800, 68 docs
2019-07-22 18:00:11.464683-0700 xctest[59729:374004] CouchbaseLite Replicator Info: {repl#10} activityLevel=busy: connectionState=2
2019-07-22 18:00:11.464782-0700 xctest[59729:374004] CouchbaseLite Replicator Info: {repl#10} pushStatus=busy, pullStatus=busy, progress=0/56800
2019-07-22 18:00:11.464875-0700 xctest[59729:373964] CouchbaseLite Replicator Verbose: {pusher#16} Completed rev doc169 #1-c8c16ee37b9d0041b91beafe4587497a8ee75665 (seq #69)
2019-07-22 18:00:11.464972-0700 xctest[59729:374007] CouchbaseLite Network Verbose: {Connection#7} Receiving 'rev' REQ #90 Z
2019-07-22 18:00:11.465085-0700 xctest[59729:373989] CouchbaseLite Database Verbose: {DB#55} Saved 'doc177' rev #1-c8c16ee37b9d0041b91beafe4587497a8ee75665 as seq 78
2019-07-22 18:00:11.465190-0700 xctest[59729:374005] CouchbaseLite Replicator Info: {Puller#15} activityLevel=busy: pendingResponseCount=0, _caughtUp=1, _pendingRevMessages=314, _activeIncomingRevs=10
2019-07-22 18:00:11.465288-0700 xctest[59729:373964] CouchbaseLite Replicator Debug: {pusher#16} Done pushing 'doc169' 1-c8c16ee37b9d0041b91beafe4587497a8ee75665
2019-07-22 18:00:11.465378-0700 xctest[59729:374007] CouchbaseLite Network Verbose: {Connection#7} Finished receiving 'rev' REQ #90 Z
2019-07-22 18:00:11.465460-0700 xctest[59729:373989] CouchbaseLite Replicator Verbose: {Inserter#54} {'doc177' #1-c8c16ee37b9d0041b91beafe4587497a8ee75665 <- } seq 78
2019-07-22 18:00:11.465557-0700 xctest[59729:373964] CouchbaseLite Replicator Verbose: {pusher#16} progress +0/+0, 1 docs -- now 0 / 56800, 69 docs
2019-07-22 18:00:11.465662-0700 xctest[59729:373964] CouchbaseLite Replicator Info: {pusher#16} activityLevel=busy: pendingResponseCount=18, caughtUp=1, changeLists=0, revsInFlight=10, blobsInFlight=0, awaitingReply=1840, revsToSend=313, pushingDocs=331, pendingSequences=0
2019-07-22 18:00:11.465773-0700 xctest[59729:374007] CouchbaseLite Replicator Verbose: {IncomingRev#46} Received revision 'doc187' #1-c8c16ee37b9d0041b91beafe4587497a8ee75665 (seq '87')
2019-07-22 18:00:11.465870-0700 xctest[59729:374005] CouchbaseLite Replicator Info: {Puller#15} activityLevel=busy: pendingResponseCount=0, _caughtUp=1, _pendingRevMessages=313, _activeIncomingRevs=11
2019-07-22 18:00:11.465966-0700 xctest[59729:374005] CouchbaseLite Replicator Info: {Puller#15} activityLevel=busy: pendingResponseCount=0, _caughtUp=1, _pendingRevMessages=313, _activeIncomingRevs=10
2019-07-22 18:00:11.466076-0700 xctest[59729:374004] CouchbaseLite Replicator Info: {repl#10} pushStatus=busy, pullStatus=busy, progress=0/56800
2019-07-22 18:00:11.466222-0700 xctest[59729:374004] CouchbaseLite Replicator Verbose: {repl#10} progress +0/+0, 1 docs -- now 0 / 56800, 69 docs
2019-07-22 18:00:11.466296-0700 xctest[59729:374004] CouchbaseLite Replicator Info: {repl#10} activityLevel=busy: connectionState=2
2019-07-22 18:00:11.466374-0700 xctest[59729:374004] CouchbaseLite Replicator Info: {repl#10} pushStatus=busy, pullStatus=busy, progress=0/56800
2019-07-22 18:00:11.466450-0700 xctest[59729:374005] CouchbaseLite Replicator Info: {Puller#15} activityLevel=busy: pendingResponseCount=0, _caughtUp=1, _pendingRevMessages=313, _activeIncomingRevs=10
2019-07-22 18:00:11.466548-0700 xctest[59729:373964] CouchbaseLite Replicator Debug: {pusher#16} Transmitted 'rev' doc178 #1-c8c16ee37b9d0041b91beafe4587497a8ee75665 (seq #78)
2019-07-22 18:00:11.466636-0700 xctest[59729:373989] CouchbaseLite Database Verbose: {DB#55} Saved 'doc178' rev #1-c8c16ee37b9d0041b91beafe4587497a8ee75665 as seq 79
2019-07-22 18:00:11.466719-0700 xctest[59729:373964] CouchbaseLite Replicator Verbose: {pusher#16} Sending rev doc188 1-c8c16ee37b9d0041b91beafe4587497a8ee75665 (seq #88) [10/10]
2019-07-22 18:00:11.466820-0700 xctest[59729:373989] CouchbaseLite Replicator Verbose: {Inserter#54} {'doc178' #1-c8c16ee37b9d0041b91beafe4587497a8ee75665 <- } seq 79
2019-07-22 18:00:11.466911-0700 xctest[59729:373964] CouchbaseLite Replicator Verbose: {pusher#16} Reading document 'doc188' #1-c8c16ee37b9d0041b91beafe4587497a8ee75665
2019-07-22 18:00:11.467005-0700 xctest[59729:374005] CouchbaseLite Replicator Info: {Puller#15} activityLevel=busy: pendingResponseCount=0, _caughtUp=1, _pendingRevMessages=313, _activeIncomingRevs=9
2019-07-22 18:00:11.467197-0700 xctest[59729:373989] CouchbaseLite Database Verbose: {DB#55} Saved 'doc179' rev #1-c8c16ee37b9d0041b91beafe4587497a8ee75665 as seq 80
2019-07-22 18:00:11.467288-0700 xctest[59729:373964] CouchbaseLite Replicator Verbose: {pusher#16} Transmitting 'rev' message with 'doc188' #1-c8c16ee37b9d0041b91beafe4587497a8ee75665
2019-07-22 18:00:11.467400-0700 xctest[59729:373989] CouchbaseLite Replicator Verbose: {Inserter#54} {'doc179' #1-c8c16ee37b9d0041b91beafe4587497a8ee75665 <- } seq 80
2019-07-22 18:00:11.467506-0700 xctest[59729:374005] CouchbaseLite Network Verbose: {BLIPIO#13} Sending 'rev' REQ #91 Z
2019-07-22 18:00:11.467595-0700 xctest[59729:373964] CouchbaseLite Replicator Info: {pusher#16} activityLevel=busy: pendingResponseCount=19, caughtUp=1, changeLists=0, revsInFlight=10, blobsInFlight=0, awaitingReply=2070, revsToSend=312, pushingDocs=331, pendingSequences=0
2019-07-22 18:00:11.467698-0700 xctest[59729:373989] CouchbaseLite Database Verbose: {DB#55} Saved 'doc180' rev #1-c8c16ee37b9d0041b91beafe4587497a8ee75665 as seq 81
2019-07-22 18:00:11.467815-0700 xctest[59729:374005] CouchbaseLite Network Verbose: {BLIPIO#13} Sending frame: REQ #91 ---C, bytes 0--15
2019-07-22 18:00:11.467916-0700 xctest[59729:373964] CouchbaseLite Replicator Debug: {pusher#16} Transmitted 'rev' doc179 #1-c8c16ee37b9d0041b91beafe4587497a8ee75665 (seq #79)
2019-07-22 18:00:11.468011-0700 xctest[59729:374004] CouchbaseLite Replicator Info: {Puller#15} activityLevel=busy: pendingResponseCount=0, _caughtUp=1, _pendingRevMessages=313, _activeIncomingRevs=8
2019-07-22 18:00:11.468102-0700 xctest[59729:373989] CouchbaseLite Replicator Verbose: {Inserter#54} {'doc180' #1-c8c16ee37b9d0041b91beafe4587497a8ee75665 <- } seq 81
2019-07-22 18:00:11.468204-0700 xctest[59729:374005] CouchbaseLite Network Verbose: {BLIPIO#13} Finished sending REQ #91 Z
2019-07-22 18:00:11.468304-0700 xctest[59729:374007] CouchbaseLite Network Debug: {LoopbackWS#12} SEND: 5b08c2ea 4b0a0e2b 1a9c6d1f 000032f8 5c50
2019-07-22 18:00:11.468409-0700 xctest[59729:373964] CouchbaseLite Replicator Verbose: {pusher#16} Sending rev doc189 1-c8c16ee37b9d0041b91beafe4587497a8ee75665 (seq #89) [10/10]
2019-07-22 18:00:11.468518-0700 xctest[59729:374004] CouchbaseLite Replicator Info: {Puller#15} activityLevel=busy: pendingResponseCount=0, _caughtUp=1, _pendingRevMessages=313, _activeIncomingRevs=7
2019-07-22 18:00:11.468614-0700 xctest[59729:374005] CouchbaseLite Network Verbose: {BLIPIO#13} ...Wrote 18 bytes to WebSocket (writeable=1)
2019-07-22 18:00:11.468715-0700 xctest[59729:374003] CouchbaseLite Network Debug: {LoopbackWS#11} RECEIVED: 5b08c2ea 4b0a0e2b 1a9c6d1f 000032f8 5c50
2019-07-22 18:00:11.468806-0700 xctest[59729:373989] CouchbaseLite Database Verbose: {DB#55} Saved 'doc181' rev #1-c8c16ee37b9d0041b91beafe4587497a8ee75665 as seq 82
2019-07-22 18:00:11.468900-0700 xctest[59729:373964] CouchbaseLite Replicator Verbose: {pusher#16} Reading document 'doc189' #1-c8c16ee37b9d0041b91beafe4587497a8ee75665
2019-07-22 18:00:11.469015-0700 xctest[59729:374005] CouchbaseLite Network Verbose: {BLIPIO#14} Received frame: REQ #91 ---C, length 16
2019-07-22 18:00:11.469118-0700 xctest[59729:373989] CouchbaseLite Replicator Verbose: {Inserter#54} {'doc181' #1-c8c16ee37b9d0041b91beafe4587497a8ee75665 <- } seq 82
2019-07-22 18:00:11.469221-0700 xctest[59729:374005] CouchbaseLite Network Verbose: {Connection#7} Receiving 'rev' REQ #91 Z
2019-07-22 18:00:11.469338-0700 xctest[59729:373964] CouchbaseLite Replicator Verbose: {pusher#16} Transmitting 'rev' message with 'doc189' #1-c8c16ee37b9d0041b91beafe4587497a8ee75665
2019-07-22 18:00:11.469458-0700 xctest[59729:374003] CouchbaseLite Replicator Info: {Puller#15} activityLevel=busy: pendingResponseCount=0, _caughtUp=1, _pendingRevMessages=313, _activeIncomingRevs=6
2019-07-22 18:00:11.469554-0700 xctest[59729:374005] CouchbaseLite Network Verbose: {Connection#7} Finished receiving 'rev' REQ #91 Z
2019-07-22 18:00:11.469659-0700 xctest[59729:373989] CouchbaseLite Database Verbose: {DB#55} Saved 'doc182' rev #1-c8c16ee37b9d0041b91beafe4587497a8ee75665 as seq 83
2019-07-22 18:00:11.469743-0700 xctest[59729:374004] CouchbaseLite Network Verbose: {BLIPIO#13} Sending 'rev' REQ #92 Z
2019-07-22 18:00:11.469838-0700 xctest[59729:373964] CouchbaseLite Replicator Info: {pusher#16} activityLevel=busy: pendingResponseCount=20, caughtUp=1, changeLists=0, revsInFlight=10, blobsInFlight=0, awaitingReply=2300, revsToSend=311, pushingDocs=331, pendingSequences=0
2019-07-22 18:00:11.469933-0700 xctest[59729:374003] CouchbaseLite Replicator Info: {Puller#15} activityLevel=busy: pendingResponseCount=0, _caughtUp=1, _pendingRevMessages=312, _activeIncomingRevs=7
2019-07-22 18:00:11.470023-0700 xctest[59729:374005] CouchbaseLite Replicator Verbose: {IncomingRev#44} Received revision 'doc188' #1-c8c16ee37b9d0041b91beafe4587497a8ee75665 (seq '88')
2019-07-22 18:00:11.470132-0700 xctest[59729:373989] CouchbaseLite Replicator Verbose: {Inserter#54} {'doc182' #1-c8c16ee37b9d0041b91beafe4587497a8ee75665 <- } seq 83
2019-07-22 18:00:11.470237-0700 xctest[59729:374004] CouchbaseLite Network Verbose: {BLIPIO#13} Sending frame: REQ #92 ---C, bytes 0--15
2019-07-22 18:00:11.470346-0700 xctest[59729:373964] CouchbaseLite Replicator Verbose: {pusher#16} Completed rev doc170 #1-c8c16ee37b9d0041b91beafe4587497a8ee75665 (seq #70)
2019-07-22 18:00:11.470493-0700 xctest[59729:374003] CouchbaseLite Replicator Info: {Puller#15} activityLevel=busy: pendingResponseCount=0, _caughtUp=1, _pendingRevMessages=312, _activeIncomingRevs=6
2019-07-22 18:00:11.470603-0700 xctest[59729:374004] CouchbaseLite Network Verbose: {BLIPIO#13} Finished sending REQ #92 Z
2019-07-22 18:00:11.470695-0700 xctest[59729:374007] CouchbaseLite Network Debug: {LoopbackWS#12} SEND: 5c08c2ea 4bf2db3e 1683b3ed 0300aac1 1124
2019-07-22 18:00:11.470792-0700 xctest[59729:373964] CouchbaseLite Replicator Debug: {pusher#16} Done pushing 'doc170' 1-c8c16ee37b9d0041b91beafe4587497a8ee75665
2019-07-22 18:00:11.470872-0700 xctest[59729:373964] CouchbaseLite Replicator Verbose: {pusher#16} progress +0/+0, 1 docs -- now 0 / 56800, 70 docs
2019-07-22 18:00:11.470968-0700 xctest[59729:373964] CouchbaseLite Replicator Info: {pusher#16} activityLevel=busy: pendingResponseCount=19, caughtUp=1, changeLists=0, revsInFlight=10, blobsInFlight=0, awaitingReply=2070, revsToSend=311, pushingDocs=330, pendingSequences=0
2019-07-22 18:00:11.471065-0700 xctest[59729:374004] CouchbaseLite Network Verbose: {BLIPIO#13} ...Wrote 18 bytes to WebSocket (writeable=1)
2019-07-22 18:00:11.471164-0700 xctest[59729:374005] CouchbaseLite Network Debug: {LoopbackWS#11} RECEIVED: 5c08c2ea 4bf2db3e 1683b3ed 0300aac1 1124
2019-07-22 18:00:11.471259-0700 xctest[59729:373989] CouchbaseLite Database Verbose: {DB#55} Saved 'doc183' rev #1-c8c16ee37b9d0041b91beafe4587497a8ee75665 as seq 84
2019-07-22 18:00:11.471350-0700 xctest[59729:374003] CouchbaseLite Replicator Info: {Puller#15} activityLevel=busy: pendingResponseCount=0, _caughtUp=1, _pendingRevMessages=312, _activeIncomingRevs=6
2019-07-22 18:00:11.471455-0700 xctest[59729:373964] CouchbaseLite Replicator Verbose: {pusher#16} Completed rev doc171 #1-c8c16ee37b9d0041b91beafe4587497a8ee75665 (seq #71)
2019-07-22 18:00:11.471558-0700 xctest[59729:374007] CouchbaseLite Replicator Info: {repl#10} pushStatus=busy, pullStatus=busy, progress=0/56800
2019-07-22 18:00:11.471643-0700 xctest[59729:374007] CouchbaseLite Replicator Verbose: {repl#10} progress +0/+0, 1 docs -- now 0 / 56800, 70 docs
2019-07-22 18:00:11.471726-0700 xctest[59729:374007] CouchbaseLite Replicator Info: {repl#10} activityLevel=busy: connectionState=2
2019-07-22 18:00:11.471817-0700 xctest[59729:374007] CouchbaseLite Replicator Info: {repl#10} pushStatus=busy, pullStatus=busy, progress=0/56800
2019-07-22 18:00:11.471895-0700 xctest[59729:374004] CouchbaseLite Network Verbose: {BLIPIO#14} Received frame: REQ #92 ---C, length 16
2019-07-22 18:00:11.472006-0700 xctest[59729:373989] CouchbaseLite Replicator Verbose: {Inserter#54} {'doc183' #1-c8c16ee37b9d0041b91beafe4587497a8ee75665 <- } seq 84
2019-07-22 18:00:11.472086-0700 xctest[59729:373964] CouchbaseLite Replicator Debug: {pusher#16} Done pushing 'doc171' 1-c8c16ee37b9d0041b91beafe4587497a8ee75665
2019-07-22 18:00:11.472201-0700 xctest[59729:374004] CouchbaseLite Network Verbose: {Connection#7} Receiving 'rev' REQ #92 Z
2019-07-22 18:00:11.472309-0700 xctest[59729:374007] CouchbaseLite Replicator Info: {Puller#15} activityLevel=busy: pendingResponseCount=0, _caughtUp=1, _pendingRevMessages=312, _activeIncomingRevs=5
2019-07-22 18:00:11.472400-0700 xctest[59729:373964] CouchbaseLite Replicator Verbose: {pusher#16} progress +0/+0, 1 docs -- now 0 / 56800, 71 docs
2019-07-22 18:00:11.472491-0700 xctest[59729:373964] CouchbaseLite Replicator Info: {pusher#16} activityLevel=busy: pendingResponseCount=18, caughtUp=1, changeLists=0, revsInFlight=10, blobsInFlight=0, awaitingReply=1840, revsToSend=311, pushingDocs=329, pendingSequences=0
2019-07-22 18:00:11.472583-0700 xctest[59729:373989] CouchbaseLite Database Verbose: {DB#55} Saved 'doc184' rev #1-c8c16ee37b9d0041b91beafe4587497a8ee75665 as seq 85
2019-07-22 18:00:11.472683-0700 xctest[59729:373989] CouchbaseLite Replicator Verbose: {Inserter#54} {'doc184' #1-c8c16ee37b9d0041b91beafe4587497a8ee75665 <- } seq 85
2019-07-22 18:00:11.472773-0700 xctest[59729:374007] CouchbaseLite Replicator Info: {repl#10} pushStatus=busy, pullStatus=busy, progress=0/56800
2019-07-22 18:00:11.472874-0700 xctest[59729:373964] CouchbaseLite Replicator Verbose: {pusher#16} Completed rev doc172 #1-c8c16ee37b9d0041b91beafe4587497a8ee75665 (seq #72)
2019-07-22 18:00:11.473005-0700 xctest[59729:374004] CouchbaseLite Network Verbose: {Connection#7} Finished receiving 'rev' REQ #92 Z
2019-07-22 18:00:11.473115-0700 xctest[59729:374003] CouchbaseLite Replicator Info: {Puller#15} activityLevel=busy: pendingResponseCount=0, _caughtUp=1, _pendingRevMessages=312, _activeIncomingRevs=4
2019-07-22 18:00:11.473219-0700 xctest[59729:374007] CouchbaseLite Replicator Verbose: {repl#10} progress +0/+0, 1 docs -- now 0 / 56800, 71 docs
2019-07-22 18:00:11.473315-0700 xctest[59729:373964] CouchbaseLite Replicator Debug: {pusher#16} Done pushing 'doc172' 1-c8c16ee37b9d0041b91beafe4587497a8ee75665
2019-07-22 18:00:11.473415-0700 xctest[59729:373989] CouchbaseLite Database Verbose: {DB#55} Saved 'doc185' rev #1-c8c16ee37b9d0041b91beafe4587497a8ee75665 as seq 86
2019-07-22 18:00:11.473508-0700 xctest[59729:374003] CouchbaseLite Replicator Info: {Puller#15} activityLevel=busy: pendingResponseCount=0, _caughtUp=1, _pendingRevMessages=311, _activeIncomingRevs=5
2019-07-22 18:00:11.473602-0700 xctest[59729:374005] CouchbaseLite Replicator Verbose: {IncomingRev#34} Received revision 'doc189' #1-c8c16ee37b9d0041b91beafe4587497a8ee75665 (seq '89')
2019-07-22 18:00:11.473686-0700 xctest[59729:374007] CouchbaseLite Replicator Info: {repl#10} activityLevel=busy: connectionState=2
2019-07-22 18:00:11.473790-0700 xctest[59729:374007] CouchbaseLite Replicator Info: {repl#10} pushStatus=busy, pullStatus=busy, progress=0/56800
2019-07-22 18:00:11.473907-0700 xctest[59729:373989] CouchbaseLite Replicator Verbose: {Inserter#54} {'doc185' #1-c8c16ee37b9d0041b91beafe4587497a8ee75665 <- } seq 86
2019-07-22 18:00:11.474002-0700 xctest[59729:373964] CouchbaseLite Replicator Verbose: {pusher#16} progress +0/+0, 1 docs -- now 0 / 56800, 72 docs
2019-07-22 18:00:11.474191-0700 xctest[59729:374007] CouchbaseLite Replicator Info: {Puller#15} activityLevel=busy: pendingResponseCount=0, _caughtUp=1, _pendingRevMessages=311, _activeIncomingRevs=4
2019-07-22 18:00:11.474290-0700 xctest[59729:373964] CouchbaseLite Replicator Info: {pusher#16} activityLevel=busy: pendingResponseCount=17, caughtUp=1, changeLists=0, revsInFlight=10, blobsInFlight=0, awaitingReply=1610, revsToSend=311, pushingDocs=328, pendingSequences=0
2019-07-22 18:00:11.474381-0700 xctest[59729:373989] CouchbaseLite Database Verbose: {DB#55} Saved 'doc186' rev #1-c8c16ee37b9d0041b91beafe4587497a8ee75665 as seq 87
2019-07-22 18:00:11.474476-0700 xctest[59729:374007] CouchbaseLite Replicator Info: {Puller#15} activityLevel=busy: pendingResponseCount=0, _caughtUp=1, _pendingRevMessages=311, _activeIncomingRevs=4
2019-07-22 18:00:11.513114-0700 xctest[59729:374005] CouchbaseLite Replicator Info: {repl#10} pushStatus=busy, pullStatus=busy, progress=0/56800
2019-07-22 18:00:11.513313-0700 xctest[59729:374005] CouchbaseLite Replicator Verbose: {repl#10} progress +0/+0, 1 docs -- now 0 / 56800, 72 docs
2019-07-22 18:00:11.513419-0700 xctest[59729:374005] CouchbaseLite Replicator Info: {repl#10} activityLevel=busy: connectionState=2
2019-07-22 18:00:11.513552-0700 xctest[59729:374005] CouchbaseLite Replicator Info: {repl#10} pushStatus=busy, pullStatus=busy, progress=0/56800
2019-07-22 18:00:11.513745-0700 xctest[59729:373989] CouchbaseLite Replicator Verbose: {Inserter#54} {'doc186' #1-c8c16ee37b9d0041b91beafe4587497a8ee75665 <- } seq 87
2019-07-22 18:00:11.513918-0700 xctest[59729:373964] CouchbaseLite Replicator Debug: {pusher#16} Transmitted 'rev' doc180 #1-c8c16ee37b9d0041b91beafe4587497a8ee75665 (seq #80)
2019-07-22 18:00:11.514011-0700 xctest[59729:373964] CouchbaseLite Replicator Verbose: {pusher#16} Sending rev doc190 1-c8c16ee37b9d0041b91beafe4587497a8ee75665 (seq #90) [10/10]
2019-07-22 18:00:11.514187-0700 xctest[59729:373964] CouchbaseLite Replicator Verbose: {pusher#16} Reading document 'doc190' #1-c8c16ee37b9d0041b91beafe4587497a8ee75665
2019-07-22 18:00:11.514291-0700 xctest[59729:374005] CouchbaseLite Replicator Info: {Puller#15} activityLevel=busy: pendingResponseCount=0, _caughtUp=1, _pendingRevMessages=311, _activeIncomingRevs=3
2019-07-22 18:00:11.514419-0700 xctest[59729:373989] CouchbaseLite Database Verbose: {DB#55} commit transaction
2019-07-22 18:00:11.514624-0700 xctest[59729:373964] CouchbaseLite Replicator Verbose: {pusher#16} Transmitting 'rev' message with 'doc190' #1-c8c16ee37b9d0041b91beafe4587497a8ee75665
2019-07-22 18:00:11.514848-0700 xctest[59729:373964] CouchbaseLite Replicator Info: {pusher#16} activityLevel=busy: pendingResponseCount=18, caughtUp=1, changeLists=0, revsInFlight=10, blobsInFlight=0, awaitingReply=1840, revsToSend=310, pushingDocs=328, pendingSequences=0
2019-07-22 18:00:11.515118-0700 xctest[59729:374005] CouchbaseLite Network Verbose: {BLIPIO#13} Sending 'rev' REQ #93 Z
2019-07-22 18:00:11.515284-0700 xctest[59729:373989] CouchbaseLite Replicator Info: {Inserter#54} Inserted 11 revs in 51.96ms ( 212/sec) of which 99.9% was commit
2019-07-22 18:00:11.515491-0700 xctest[59729:373964] CouchbaseLite Replicator Verbose: {pusher#16} Completed rev doc173 #1-c8c16ee37b9d0041b91beafe4587497a8ee75665 (seq #73)
2019-07-22 18:00:11.515653-0700 xctest[59729:373964] CouchbaseLite Replicator Debug: {pusher#16} Done pushing 'doc173' 1-c8c16ee37b9d0041b91beafe4587497a8ee75665
2019-07-22 18:00:11.515788-0700 xctest[59729:373964] CouchbaseLite Replicator Verbose: {pusher#16} progress +0/+0, 1 docs -- now 0 / 56800, 73 docs
2019-07-22 18:00:11.515962-0700 xctest[59729:374005] CouchbaseLite Network Verbose: {BLIPIO#13} Sending frame: REQ #93 ---C, bytes 0--16
2019-07-22 18:00:11.516161-0700 xctest[59729:373989] CouchbaseLite Replicator Verbose: {Inserter#54} Inserting 3 revs:
2019-07-22 18:00:11.516280-0700 xctest[59729:374003] CouchbaseLite Network Verbose: {BLIPIO#14} Sending RES #79
2019-07-22 18:00:11.516387-0700 xctest[59729:374004] CouchbaseLite Replicator Verbose: {Puller#15} Checkpoint now at 77
2019-07-22 18:00:11.516536-0700 xctest[59729:374004] CouchbaseLite Replicator Verbose: {Puller#15} progress +284/+0, 2 docs -- now 11126 / 56992, 77 docs
2019-07-22 18:00:11.516661-0700 xctest[59729:374004] CouchbaseLite Replicator Info: {Puller#15} activityLevel=busy: pendingResponseCount=0, _caughtUp=1, _pendingRevMessages=311, _activeIncomingRevs=3
2019-07-22 18:00:11.516812-0700 xctest[59729:374007] CouchbaseLite Network Debug: {LoopbackWS#12} SEND: 5d08c2e6 4b4bf2db 3e9683b3 ed0300ed b7573e
2019-07-22 18:00:11.516976-0700 xctest[59729:373989] CouchbaseLite Database Verbose: {DB#55} begin transaction
2019-07-22 18:00:11.517151-0700 xctest[59729:374003] CouchbaseLite Network Verbose: {BLIPIO#14} Sending frame: RES #79 ----, bytes 0--4
2019-07-22 18:00:11.517337-0700 xctest[59729:374003] CouchbaseLite Network Verbose: {BLIPIO#14} Finished sending RES #79
2019-07-22 18:00:11.517448-0700 xctest[59729:374003] CouchbaseLite Network Verbose: {BLIPIO#14} ...Wrote 7 bytes to WebSocket (writeable=1)
2019-07-22 18:00:11.517604-0700 xctest[59729:374004] CouchbaseLite Replicator Info: {Puller#15} activityLevel=busy: pendingResponseCount=0, _caughtUp=1, _pendingRevMessages=311, _activeIncomingRevs=3
2019-07-22 18:00:11.517720-0700 xctest[59729:374004] CouchbaseLite Replicator Info: {Puller#15} activityLevel=busy: pendingResponseCount=0, _caughtUp=1, _pendingRevMessages=311, _activeIncomingRevs=3
2019-07-22 18:00:11.517859-0700 xctest[59729:374007] CouchbaseLite Network Debug: {LoopbackWS#11} RECEIVED: 5d08c2e6 4b4bf2db 3e9683b3 ed0300ed b7573e
2019-07-22 18:00:11.518023-0700 xctest[59729:373964] CouchbaseLite Replicator Info: {pusher#16} activityLevel=busy: pendingResponseCount=17, caughtUp=1, changeLists=0, revsInFlight=10, blobsInFlight=0, awaitingReply=1610, revsToSend=310, pushingDocs=327, pendingSequences=0
2019-07-22 18:00:11.518193-0700 xctest[59729:374005] CouchbaseLite Network Verbose: {BLIPIO#13} Finished sending REQ #93 Z
2019-07-22 18:00:11.518354-0700 xctest[59729:374003] CouchbaseLite Network Verbose: {BLIPIO#14} Sending RES #80
2019-07-22 18:00:11.518534-0700 xctest[59729:373989] CouchbaseLite Database Verbose: {DB#55} Saved 'doc187' rev #1-c8c16ee37b9d0041b91beafe4587497a8ee75665 as seq 88
2019-07-22 18:00:11.518664-0700 xctest[59729:373989] CouchbaseLite Replicator Verbose: {Inserter#54} {'doc187' #1-c8c16ee37b9d0041b91beafe4587497a8ee75665 <- } seq 88
2019-07-22 18:00:11.518851-0700 xctest[59729:374007] CouchbaseLite Network Debug: {LoopbackWS#11} SEND: 4f0100cc b9a6e7
2019-07-22 18:00:11.519030-0700 xctest[59729:373990] CouchbaseLite Replicator Info: {repl#10} pushStatus=busy, pullStatus=busy, progress=0/56800
2019-07-22 18:00:11.519201-0700 xctest[59729:373990] CouchbaseLite Replicator Verbose: {repl#10} progress +0/+0, 1 docs -- now 0 / 56800, 73 docs
2019-07-22 18:00:11.519355-0700 xctest[59729:374005] CouchbaseLite Network Verbose: {BLIPIO#13} ...Wrote 19 bytes to WebSocket (writeable=1)
2019-07-22 18:00:11.519525-0700 xctest[59729:374003] CouchbaseLite Network Verbose: {BLIPIO#14} Sending frame: RES #80 ----, bytes 0--4
2019-07-22 18:00:11.519673-0700 xctest[59729:374004] CouchbaseLite Replicator Verbose: {Puller#15} Checkpoint now at 86
2019-07-22 18:00:11.519829-0700 xctest[59729:374004] CouchbaseLite Replicator Verbose: {Puller#15} progress +1278/+0, 9 docs -- now 12404 / 56992, 86 docs
2019-07-22 18:00:11.519939-0700 xctest[59729:373987] CouchbaseLite Network Debug: {LoopbackWS#12} RECEIVED: 4f0100cc b9a6e7
2019-07-22 18:00:11.520146-0700 xctest[59729:373964] CouchbaseLite Replicator Debug: {pusher#16} Transmitted 'rev' doc181 #1-c8c16ee37b9d0041b91beafe4587497a8ee75665 (seq #81)
2019-07-22 18:00:11.520282-0700 xctest[59729:373989] CouchbaseLite Database Verbose: {DB#55} Saved 'doc188' rev #1-c8c16ee37b9d0041b91beafe4587497a8ee75665 as seq 89
2019-07-22 18:00:11.520421-0700 xctest[59729:373989] CouchbaseLite Replicator Verbose: {Inserter#54} {'doc188' #1-c8c16ee37b9d0041b91beafe4587497a8ee75665 <- } seq 89
2019-07-22 18:00:11.520574-0700 xctest[59729:374003] CouchbaseLite Network Verbose: {BLIPIO#14} Finished sending RES #80
2019-07-22 18:00:11.520698-0700 xctest[59729:374005] CouchbaseLite Network Debug: {LoopbackWS#11} SEND: 500100ec a021f0
2019-07-22 18:00:11.520838-0700 xctest[59729:373968] CouchbaseLite Replicator Info: {Repl#8} pushStatus=stopped, pullStatus=busy, progress=11126/56992
2019-07-22 18:00:11.521021-0700 xctest[59729:374004] CouchbaseLite Replicator Info: {Puller#15} activityLevel=busy: pendingResponseCount=0, _caughtUp=1, _pendingRevMessages=311, _activeIncomingRevs=3
2019-07-22 18:00:11.521159-0700 xctest[59729:374004] CouchbaseLite Replicator Info: {Puller#15} activityLevel=busy: pendingResponseCount=0, _caughtUp=1, _pendingRevMessages=311, _activeIncomingRevs=3
2019-07-22 18:00:11.521306-0700 xctest[59729:373964] CouchbaseLite Replicator Verbose: {pusher#16} Sending rev doc191 1-c8c16ee37b9d0041b91beafe4587497a8ee75665 (seq #91) [10/10]
2019-07-22 18:00:11.521453-0700 xctest[59729:373990] CouchbaseLite Replicator Info: {repl#10} activityLevel=busy: connectionState=2
2019-07-22 18:00:11.521553-0700 xctest[59729:373990] CouchbaseLite Replicator Info: {repl#10} pushStatus=busy, pullStatus=busy, progress=0/56800
2019-07-22 18:00:11.521720-0700 xctest[59729:374007] CouchbaseLite Network Debug: {LoopbackWS#12} RECEIVED: 500100ec a021f0
2019-07-22 18:00:11.521914-0700 xctest[59729:373968] CouchbaseLite Replicator Verbose: {Repl#8} progress +284/+0, 2 docs -- now 11126 / 56992, 77 docs
2019-07-22 18:00:11.522093-0700 xctest[59729:373989] CouchbaseLite Database Verbose: {DB#55} Saved 'doc189' rev #1-c8c16ee37b9d0041b91beafe4587497a8ee75665 as seq 90
2019-07-22 18:00:11.522221-0700 xctest[59729:373987] CouchbaseLite Network Verbose: {BLIPIO#13} Received frame: RES #79 ----, length 5
2019-07-22 18:00:11.522326-0700 xctest[59729:374004] CouchbaseLite Replicator Info: {Puller#15} activityLevel=busy: pendingResponseCount=0, _caughtUp=1, _pendingRevMessages=311, _activeIncomingRevs=3
2019-07-22 18:00:11.522464-0700 xctest[59729:373964] CouchbaseLite Replicator Verbose: {pusher#16} Reading document 'doc191' #1-c8c16ee37b9d0041b91beafe4587497a8ee75665
2019-07-22 18:00:11.522631-0700 xctest[59729:374003] CouchbaseLite Network Verbose: {BLIPIO#14} ...Wrote 7 bytes to WebSocket (writeable=1)
2019-07-22 18:00:11.522756-0700 xctest[59729:373968] CouchbaseLite Replicator Info: {Repl#8} activityLevel=busy: connectionState=2
2019-07-22 18:00:11.522963-0700 xctest[59729:373968] CouchbaseLite Replicator Info: {Repl#8} pushStatus=stopped, pullStatus=busy, progress=11126/56992
2019-07-22 18:00:11.523118-0700 xctest[59729:373987] CouchbaseLite Network Verbose: {Connection#9} Receiving RES #79
2019-07-22 18:00:11.523264-0700 xctest[59729:374004] CouchbaseLite Replicator Info: {Puller#15} activityLevel=busy: pendingResponseCount=0, _caughtUp=1, _pendingRevMessages=311, _activeIncomingRevs=3
2019-07-22 18:00:11.523395-0700 xctest[59729:374004] CouchbaseLite Replicator Info: {Puller#15} activityLevel=busy: pendingResponseCount=0, _caughtUp=1, _pendingRevMessages=311, _activeIncomingRevs=3
2019-07-22 18:00:11.523515-0700 xctest[59729:373989] CouchbaseLite Replicator Verbose: {Inserter#54} {'doc189' #1-c8c16ee37b9d0041b91beafe4587497a8ee75665 <- } seq 90
2019-07-22 18:00:11.523683-0700 xctest[59729:373964] CouchbaseLite Replicator Verbose: {pusher#16} Transmitting 'rev' message with 'doc191' #1-c8c16ee37b9d0041b91beafe4587497a8ee75665
2019-07-22 18:00:11.523829-0700 xctest[59729:373968] CouchbaseLite Replicator Info: {Repl#8} pushStatus=stopped, pullStatus=busy, progress=12404/56992
2019-07-22 18:00:11.523963-0700 xctest[59729:373968] CouchbaseLite Replicator Verbose: {Repl#8} progress +1278/+0, 9 docs -- now 12404 / 56992, 86 docs
2019-07-22 18:00:11.524085-0700 xctest[59729:373968] CouchbaseLite Replicator Info: {Repl#8} activityLevel=busy: connectionState=2
2019-07-22 18:00:11.524211-0700 xctest[59729:373968] CouchbaseLite Replicator Info: {Repl#8} pushStatus=stopped, pullStatus=busy, progress=12404/56992
2019-07-22 18:00:11.524331-0700 xctest[59729:373989] CouchbaseLite Database Verbose: {DB#55} commit transaction
2019-07-22 18:00:11.524483-0700 xctest[59729:373964] CouchbaseLite Replicator Info: {pusher#16} activityLevel=busy: pendingResponseCount=18, caughtUp=1, changeLists=0, revsInFlight=10, blobsInFlight=0, awaitingReply=1840, revsToSend=309, pushingDocs=327, pendingSequences=0
2019-07-22 18:00:11.524631-0700 xctest[59729:373987] CouchbaseLite Network Verbose: {Connection#9} Finished receiving RES #79
2019-07-22 18:00:11.524768-0700 xctest[59729:374003] CouchbaseLite Network Verbose: {BLIPIO#14} Sending RES #81
2019-07-22 18:00:11.524885-0700 xctest[59729:374004] CouchbaseLite Replicator Info: {Puller#15} activityLevel=busy: pendingResponseCount=0, _caughtUp=1, _pendingRevMessages=311, _activeIncomingRevs=3
2019-07-22 18:00:11.524996-0700 xctest[59729:373964] CouchbaseLite Replicator Verbose: {pusher#16} Completed rev doc174 #1-c8c16ee37b9d0041b91beafe4587497a8ee75665 (seq #74)
2019-07-22 18:00:11.525112-0700 xctest[59729:373989] CouchbaseLite Replicator Info: {Inserter#54} Inserted 3 revs in 8.36ms ( 359/sec) of which 99.8% was commit
2019-07-22 18:00:11.525220-0700 xctest[59729:373987] CouchbaseLite Network Verbose: {BLIPIO#13} Received frame: RES #80 ----, length 5
2019-07-22 18:00:11.525356-0700 xctest[59729:374003] CouchbaseLite Network Verbose: {BLIPIO#14} Sending frame: RES #81 ----, bytes 0--4
2019-07-22 18:00:11.525491-0700 xctest[59729:374004] CouchbaseLite Replicator Info: {Puller#15} activityLevel=busy: pendingResponseCount=0, _caughtUp=1, _pendingRevMessages=311, _activeIncomingRevs=3
2019-07-22 18:00:11.525589-0700 xctest[59729:373964] CouchbaseLite Replicator Debug: {pusher#16} Done pushing 'doc174' 1-c8c16ee37b9d0041b91beafe4587497a8ee75665
2019-07-22 18:00:11.525700-0700 xctest[59729:373989] CouchbaseLite Replicator Verbose: {Inserter#54} now idle
2019-07-22 18:00:11.525832-0700 xctest[59729:373987] CouchbaseLite Network Verbose: {Connection#9} Receiving RES #80
2019-07-22 18:00:11.525929-0700 xctest[59729:374003] CouchbaseLite Network Verbose: {BLIPIO#14} Finished sending RES #81
2019-07-22 18:00:11.526039-0700 xctest[59729:373968] CouchbaseLite Network Debug: {LoopbackWS#11} SEND: 5101006f 53bdb0
2019-07-22 18:00:11.526148-0700 xctest[59729:374004] CouchbaseLite Replicator Info: {Puller#15} activityLevel=busy: pendingResponseCount=0, _caughtUp=1, _pendingRevMessages=311, _activeIncomingRevs=3
2019-07-22 18:00:11.526247-0700 xctest[59729:373964] CouchbaseLite Replicator Verbose: {pusher#16} progress +0/+0, 1 docs -- now 0 / 56800, 74 docs
2019-07-22 18:00:11.526347-0700 xctest[59729:373964] CouchbaseLite Replicator Info: {pusher#16} activityLevel=busy: pendingResponseCount=17, caughtUp=1, changeLists=0, revsInFlight=10, blobsInFlight=0, awaitingReply=1610, revsToSend=309, pushingDocs=326, pendingSequences=0
2019-07-22 18:00:11.526437-0700 xctest[59729:373987] CouchbaseLite Network Verbose: {Connection#9} Finished receiving RES #80
2019-07-22 18:00:11.526563-0700 xctest[59729:374003] CouchbaseLite Network Verbose: {BLIPIO#14} ...Wrote 7 bytes to WebSocket (writeable=1)
2019-07-22 18:00:11.526688-0700 xctest[59729:373989] CouchbaseLite Network Debug: {LoopbackWS#12} RECEIVED: 5101006f 53bdb0
2019-07-22 18:00:11.526833-0700 xctest[59729:374004] CouchbaseLite Replicator Info: {Puller#15} activityLevel=busy: pendingResponseCount=0, _caughtUp=1, _pendingRevMessages=311, _activeIncomingRevs=3
2019-07-22 18:00:11.526953-0700 xctest[59729:374007] CouchbaseLite Replicator Info: {Repl#8} pushStatus=stopped, pullStatus=busy, progress=12404/56992
2019-07-22 18:00:11.527072-0700 xctest[59729:373968] CouchbaseLite Replicator Info: {repl#10} pushStatus=busy, pullStatus=busy, progress=0/56800
2019-07-22 18:00:11.527205-0700 xctest[59729:373968] CouchbaseLite Replicator Verbose: {repl#10} progress +0/+0, 1 docs -- now 0 / 56800, 74 docs
2019-07-22 18:00:11.527360-0700 xctest[59729:373987] CouchbaseLite Network Verbose: {BLIPIO#13} Sending 'rev' REQ #94 Z
2019-07-22 18:00:11.527506-0700 xctest[59729:374003] CouchbaseLite Network Verbose: {BLIPIO#14} Sending RES #82
2019-07-22 18:00:11.527636-0700 xctest[59729:374004] CouchbaseLite Replicator Info: {Puller#15} activityLevel=busy: pendingResponseCount=0, _caughtUp=1, _pendingRevMessages=311, _activeIncomingRevs=3
2019-07-22 18:00:11.527796-0700 xctest[59729:374007] CouchbaseLite Replicator Info: {Repl#8} activityLevel=busy: connectionState=2
2019-07-22 18:00:11.527902-0700 xctest[59729:374007] CouchbaseLite Replicator Info: {Repl#8} pushStatus=stopped, pullStatus=busy, progress=12404/56992
2019-07-22 18:00:11.528024-0700 xctest[59729:373968] CouchbaseLite Replicator Info: {repl#10} activityLevel=busy: connectionState=2
2019-07-22 18:00:11.528126-0700 xctest[59729:373968] CouchbaseLite Replicator Info: {repl#10} pushStatus=busy, pullStatus=busy, progress=0/56800
2019-07-22 18:00:11.528235-0700 xctest[59729:374003] CouchbaseLite Network Verbose: {BLIPIO#14} Sending frame: RES #82 ----, bytes 0--4
2019-07-22 18:00:11.528358-0700 xctest[59729:374004] CouchbaseLite Replicator Info: {Puller#15} activityLevel=busy: pendingResponseCount=0, _caughtUp=1, _pendingRevMessages=311, _activeIncomingRevs=2
2019-07-22 18:00:11.528467-0700 xctest[59729:373964] CouchbaseLite Replicator Debug: {pusher#16} Transmitted 'rev' doc182 #1-c8c16ee37b9d0041b91beafe4587497a8ee75665 (seq #82)
2019-07-22 18:00:11.528597-0700 xctest[59729:373987] CouchbaseLite Network Verbose: {BLIPIO#13} Sending frame: REQ #94 ---C, bytes 0--15
2019-07-22 18:00:11.528726-0700 xctest[59729:374003] CouchbaseLite Network Verbose: {BLIPIO#14} Finished sending RES #82
2019-07-22 18:00:11.528830-0700 xctest[59729:373968] CouchbaseLite Network Debug: {LoopbackWS#11} SEND: 52010019 0c0fbc
2019-07-22 18:00:11.528947-0700 xctest[59729:374004] CouchbaseLite Replicator Info: {Puller#15} activityLevel=busy: pendingResponseCount=0, _caughtUp=1, _pendingRevMessages=311, _activeIncomingRevs=1
2019-07-22 18:00:11.529045-0700 xctest[59729:373964] CouchbaseLite Replicator Verbose: {pusher#16} Sending rev doc192 1-c8c16ee37b9d0041b91beafe4587497a8ee75665 (seq #92) [10/10]
2019-07-22 18:00:11.529168-0700 xctest[59729:373987] CouchbaseLite Network Verbose: {BLIPIO#13} Finished sending REQ #94 Z
2019-07-22 18:00:11.529294-0700 xctest[59729:374007] CouchbaseLite Network Debug: {LoopbackWS#12} SEND: 5e08c2ea 4bf2db3e 9683b3ed 030058f1 8bb7
2019-07-22 18:00:11.529385-0700 xctest[59729:374003] CouchbaseLite Network Verbose: {BLIPIO#14} ...Wrote 7 bytes to WebSocket (writeable=1)
2019-07-22 18:00:11.529488-0700 xctest[59729:374004] CouchbaseLite Replicator Info: {Puller#15} activityLevel=busy: pendingResponseCount=0, _caughtUp=1, _pendingRevMessages=311, _activeIncomingRevs=0
2019-07-22 18:00:11.529610-0700 xctest[59729:373964] CouchbaseLite Replicator Verbose: {pusher#16} Reading document 'doc192' #1-c8c16ee37b9d0041b91beafe4587497a8ee75665
2019-07-22 18:00:11.529719-0700 xctest[59729:373987] CouchbaseLite Network Verbose: {BLIPIO#13} ...Wrote 18 bytes to WebSocket (writeable=1)
2019-07-22 18:00:11.529843-0700 xctest[59729:374007] CouchbaseLite Network Debug: {LoopbackWS#12} RECEIVED: 52010019 0c0fbc
2019-07-22 18:00:11.529956-0700 xctest[59729:373968] CouchbaseLite Network Debug: {LoopbackWS#11} RECEIVED: 5e08c2ea 4bf2db3e 9683b3ed 030058f1 8bb7
2019-07-22 18:00:11.530065-0700 xctest[59729:374003] CouchbaseLite Network Verbose: {BLIPIO#14} Sending RES #83
2019-07-22 18:00:11.530183-0700 xctest[59729:374004] CouchbaseLite Replicator Verbose: {Puller#15} Checkpoint now at 89
2019-07-22 18:00:11.530279-0700 xctest[59729:373987] CouchbaseLite Network Verbose: {BLIPIO#13} Received frame: RES #81 ----, length 5
2019-07-22 18:00:11.530394-0700 xctest[59729:373964] CouchbaseLite Replicator Verbose: {pusher#16} Transmitting 'rev' message with 'doc192' #1-c8c16ee37b9d0041b91beafe4587497a8ee75665
2019-07-22 18:00:11.530539-0700 xctest[59729:374003] CouchbaseLite Network Verbose: {BLIPIO#14} Sending frame: RES #83 ----, bytes 0--4
2019-07-22 18:00:11.530633-0700 xctest[59729:374004] CouchbaseLite Replicator Verbose: {Puller#15} progress +426/+0, 3 docs -- now 12830 / 56992, 89 docs
2019-07-22 18:00:11.530734-0700 xctest[59729:374004] CouchbaseLite Replicator Info: {Puller#15} activityLevel=busy: pendingResponseCount=0, _caughtUp=1, _pendingRevMessages=311, _activeIncomingRevs=0
2019-07-22 18:00:11.530830-0700 xctest[59729:373964] CouchbaseLite Replicator Info: {pusher#16} activityLevel=busy: pendingResponseCount=18, caughtUp=1, changeLists=0, revsInFlight=10, blobsInFlight=0, awaitingReply=1840, revsToSend=308, pushingDocs=326, pendingSequences=0
2019-07-22 18:00:11.530936-0700 xctest[59729:374003] CouchbaseLite Network Verbose: {BLIPIO#14} Finished sending RES #83
2019-07-22 18:00:11.531035-0700 xctest[59729:373968] CouchbaseLite Network Debug: {LoopbackWS#11} SEND: 53010010 cc1c25
2019-07-22 18:00:11.531146-0700 xctest[59729:373987] CouchbaseLite Network Verbose: {Connection#9} Receiving RES #81
2019-07-22 18:00:11.531253-0700 xctest[59729:374004] CouchbaseLite Replicator Info: {Puller#15} activityLevel=busy: pendingResponseCount=0, _caughtUp=1, _pendingRevMessages=311, _activeIncomingRevs=0
2019-07-22 18:00:11.531368-0700 xctest[59729:374007] CouchbaseLite Replicator Info: {Repl#8} pushStatus=stopped, pullStatus=busy, progress=12830/56992
2019-07-22 18:00:11.531478-0700 xctest[59729:374007] CouchbaseLite Replicator Verbose: {Repl#8} progress +426/+0, 3 docs -- now 12830 / 56992, 89 docs
2019-07-22 18:00:11.531562-0700 xctest[59729:374007] CouchbaseLite Replicator Info: {Repl#8} activityLevel=busy: connectionState=2
2019-07-22 18:00:11.531635-0700 xctest[59729:374007] CouchbaseLite Replicator Info: {Repl#8} pushStatus=stopped, pullStatus=busy, progress=12830/56992
2019-07-22 18:00:11.531735-0700 xctest[59729:373987] CouchbaseLite Network Verbose: {Connection#9} Finished receiving RES #81
2019-07-22 18:00:11.531842-0700 xctest[59729:374004] CouchbaseLite Replicator Info: {Puller#15} activityLevel=busy: pendingResponseCount=0, _caughtUp=1, _pendingRevMessages=311, _activeIncomingRevs=0
2019-07-22 18:00:11.531948-0700 xctest[59729:373964] CouchbaseLite Replicator Verbose: {pusher#16} Completed rev doc175 #1-c8c16ee37b9d0041b91beafe4587497a8ee75665 (seq #75)
2019-07-22 18:00:11.532059-0700 xctest[59729:374003] CouchbaseLite Network Verbose: {BLIPIO#14} ...Wrote 7 bytes to WebSocket (writeable=1)
2019-07-22 18:00:11.532172-0700 xctest[59729:373989] CouchbaseLite Network Debug: {LoopbackWS#12} RECEIVED: 53010010 cc1c25
2019-07-22 18:00:11.532274-0700 xctest[59729:373987] CouchbaseLite Network Verbose: {BLIPIO#13} Received frame: RES #82 ----, length 5
2019-07-22 18:00:11.532389-0700 xctest[59729:374004] CouchbaseLite Replicator Info: {Puller#15} activityLevel=busy: pendingResponseCount=0, _caughtUp=1, _pendingRevMessages=311, _activeIncomingRevs=0
2019-07-22 18:00:11.532496-0700 xctest[59729:373964] CouchbaseLite Replicator Debug: {pusher#16} Done pushing 'doc175' 1-c8c16ee37b9d0041b91beafe4587497a8ee75665
2019-07-22 18:00:11.532596-0700 xctest[59729:374003] CouchbaseLite Network Verbose: {BLIPIO#14} Sending RES #84
2019-07-22 18:00:11.532686-0700 xctest[59729:373987] CouchbaseLite Network Verbose: {Connection#9} Receiving RES #82
2019-07-22 18:00:11.532778-0700 xctest[59729:373964] CouchbaseLite Replicator Verbose: {pusher#16} progress +0/+0, 1 docs -- now 0 / 56800, 75 docs
2019-07-22 18:00:11.532893-0700 xctest[59729:373964] CouchbaseLite Replicator Info: {pusher#16} activityLevel=busy: pendingResponseCount=17, caughtUp=1, changeLists=0, revsInFlight=10, blobsInFlight=0, awaitingReply=1610, revsToSend=308, pushingDocs=325, pendingSequences=0
2019-07-22 18:00:11.533015-0700 xctest[59729:373987] CouchbaseLite Network Verbose: {Connection#9} Finished receiving RES #82
2019-07-22 18:00:11.533118-0700 xctest[59729:374003] CouchbaseLite Network Verbose: {BLIPIO#14} Sending frame: RES #84 ----, bytes 0--4
2019-07-22 18:00:11.533224-0700 xctest[59729:374004] CouchbaseLite Replicator Info: {repl#10} pushStatus=busy, pullStatus=busy, progress=0/56800
2019-07-22 18:00:11.533322-0700 xctest[59729:374004] CouchbaseLite Replicator Verbose: {repl#10} progress +0/+0, 1 docs -- now 0 / 56800, 75 docs
2019-07-22 18:00:11.533418-0700 xctest[59729:374004] CouchbaseLite Replicator Info: {repl#10} activityLevel=busy: connectionState=2
2019-07-22 18:00:11.533509-0700 xctest[59729:374004] CouchbaseLite Replicator Info: {repl#10} pushStatus=busy, pullStatus=busy, progress=0/56800
2019-07-22 18:00:11.533595-0700 xctest[59729:373989] CouchbaseLite Network Debug: {LoopbackWS#11} SEND: 54010099 16f7d6
2019-07-22 18:00:11.533707-0700 xctest[59729:373964] CouchbaseLite Replicator Debug: {pusher#16} Transmitted 'rev' doc183 #1-c8c16ee37b9d0041b91beafe4587497a8ee75665 (seq #83)
2019-07-22 18:00:11.533828-0700 xctest[59729:373987] CouchbaseLite Network Verbose: {BLIPIO#13} Sending 'rev' REQ #95 Z
2019-07-22 18:00:11.533936-0700 xctest[59729:374003] CouchbaseLite Network Verbose: {BLIPIO#14} Finished sending RES #84
2019-07-22 18:00:11.534045-0700 xctest[59729:374004] CouchbaseLite Network Debug: {LoopbackWS#12} RECEIVED: 54010099 16f7d6
2019-07-22 18:00:11.534155-0700 xctest[59729:373964] CouchbaseLite Replicator Verbose: {pusher#16} Sending rev doc193 1-c8c16ee37b9d0041b91beafe4587497a8ee75665 (seq #93) [10/10]
2019-07-22 18:00:11.534262-0700 xctest[59729:373987] CouchbaseLite Network Verbose: {BLIPIO#13} Sending frame: REQ #95 ---C, bytes 0--15
2019-07-22 18:00:11.534361-0700 xctest[59729:374003] CouchbaseLite Network Verbose: {BLIPIO#14} ...Wrote 7 bytes to WebSocket (writeable=1)
2019-07-22 18:00:11.534451-0700 xctest[59729:373964] CouchbaseLite Replicator Verbose: {pusher#16} Reading document 'doc193' #1-c8c16ee37b9d0041b91beafe4587497a8ee75665
2019-07-22 18:00:11.534585-0700 xctest[59729:373987] CouchbaseLite Network Verbose: {BLIPIO#13} Finished sending REQ #95 Z
2019-07-22 18:00:11.534725-0700 xctest[59729:374004] CouchbaseLite Network Debug: {LoopbackWS#12} SEND: 5f08c2ea 4bf2db3e 9683b3ed 0300e3cc e13b
2019-07-22 18:00:11.534811-0700 xctest[59729:373964] CouchbaseLite Replicator Verbose: {pusher#16} Transmitting 'rev' message with 'doc193' #1-c8c16ee37b9d0041b91beafe4587497a8ee75665
2019-07-22 18:00:11.534923-0700 xctest[59729:373987] CouchbaseLite Network Verbose: {BLIPIO#13} ...Wrote 18 bytes to WebSocket (writeable=1)
2019-07-22 18:00:11.535018-0700 xctest[59729:374003] CouchbaseLite Network Verbose: {BLIPIO#14} Sending RES #85
2019-07-22 18:00:11.535127-0700 xctest[59729:373989] CouchbaseLite Network Debug: {LoopbackWS#11} RECEIVED: 5f08c2ea 4bf2db3e 9683b3ed 0300e3cc e13b
2019-07-22 18:00:11.535225-0700 xctest[59729:373964] CouchbaseLite Replicator Info: {pusher#16} activityLevel=busy: pendingResponseCount=18, caughtUp=1, changeLists=0, revsInFlight=10, blobsInFlight=0, awaitingReply=1840, revsToSend=307, pushingDocs=325, pendingSequences=0
2019-07-22 18:00:11.535317-0700 xctest[59729:373987] CouchbaseLite Network Verbose: {BLIPIO#13} Received frame: RES #83 ----, length 5
2019-07-22 18:00:11.535452-0700 xctest[59729:374003] CouchbaseLite Network Verbose: {BLIPIO#14} Sending frame: RES #85 ----, bytes 0--4
2019-07-22 18:00:11.535553-0700 xctest[59729:373964] CouchbaseLite Replicator Debug: {pusher#16} Transmitted 'rev' doc184 #1-c8c16ee37b9d0041b91beafe4587497a8ee75665 (seq #84)
2019-07-22 18:00:11.535647-0700 xctest[59729:373987] CouchbaseLite Network Verbose: {Connection#9} Receiving RES #83
2019-07-22 18:00:11.535740-0700 xctest[59729:374003] CouchbaseLite Network Verbose: {BLIPIO#14} Finished sending RES #85
2019-07-22 18:00:11.535847-0700 xctest[59729:373989] CouchbaseLite Network Debug: {LoopbackWS#11} SEND: 550100bd 2b8e9b
2019-07-22 18:00:11.535970-0700 xctest[59729:373964] CouchbaseLite Replicator Verbose: {pusher#16} Sending rev doc194 1-c8c16ee37b9d0041b91beafe4587497a8ee75665 (seq #94) [10/10]
2019-07-22 18:00:11.536070-0700 xctest[59729:373987] CouchbaseLite Network Verbose: {Connection#9} Finished receiving RES #83
2019-07-22 18:00:11.536164-0700 xctest[59729:374003] CouchbaseLite Network Verbose: {BLIPIO#14} ...Wrote 7 bytes to WebSocket (writeable=1)
2019-07-22 18:00:11.536273-0700 xctest[59729:374004] CouchbaseLite Network Debug: {LoopbackWS#12} RECEIVED: 550100bd 2b8e9b
2019-07-22 18:00:11.536376-0700 xctest[59729:373964] CouchbaseLite Replicator Verbose: {pusher#16} Reading document 'doc194' #1-c8c16ee37b9d0041b91beafe4587497a8ee75665
2019-07-22 18:00:11.536468-0700 xctest[59729:373987] CouchbaseLite Network Verbose: {BLIPIO#13} Received frame: RES #84 ----, length 5
2019-07-22 18:00:11.536604-0700 xctest[59729:374003] CouchbaseLite Network Verbose: {BLIPIO#14} Sending RES #86
2019-07-22 18:00:11.536704-0700 xctest[59729:373987] CouchbaseLite Network Verbose: {Connection#9} Receiving RES #84
2019-07-22 18:00:11.536809-0700 xctest[59729:373964] CouchbaseLite Replicator Verbose: {pusher#16} Transmitting 'rev' message with 'doc194' #1-c8c16ee37b9d0041b91beafe4587497a8ee75665
2019-07-22 18:00:11.536915-0700 xctest[59729:374003] CouchbaseLite Network Verbose: {BLIPIO#14} Sending frame: RES #86 ----, bytes 0--4
2019-07-22 18:00:11.537028-0700 xctest[59729:373987] CouchbaseLite Network Verbose: {Connection#9} Finished receiving RES #84
2019-07-22 18:00:11.537137-0700 xctest[59729:373964] CouchbaseLite Replicator Info: {pusher#16} activityLevel=busy: pendingResponseCount=19, caughtUp=1, changeLists=0, revsInFlight=10, blobsInFlight=0, awaitingReply=2070, revsToSend=306, pushingDocs=325, pendingSequences=0
2019-07-22 18:00:11.537250-0700 xctest[59729:374003] CouchbaseLite Network Verbose: {BLIPIO#14} Finished sending RES #86
2019-07-22 18:00:11.537351-0700 xctest[59729:374003] CouchbaseLite Network Verbose: {BLIPIO#14} ...Wrote 7 bytes to WebSocket (writeable=1)
2019-07-22 18:00:11.537473-0700 xctest[59729:373987] CouchbaseLite Network Verbose: {BLIPIO#13} Sending 'rev' REQ #96 Z
2019-07-22 18:00:11.537563-0700 xctest[59729:373964] CouchbaseLite Replicator Debug: {pusher#16} Transmitted 'rev' doc185 #1-c8c16ee37b9d0041b91beafe4587497a8ee75665 (seq #85)
2019-07-22 18:00:11.537661-0700 xctest[59729:374004] CouchbaseLite Network Debug: {LoopbackWS#11} SEND: 560100b5 628ecf
2019-07-22 18:00:11.537792-0700 xctest[59729:374003] CouchbaseLite Network Verbose: {BLIPIO#14} Sending RES #87
2019-07-22 18:00:11.537868-0700 xctest[59729:373987] CouchbaseLite Network Verbose: {BLIPIO#13} Sending frame: REQ #96 ---C, bytes 0--15
2019-07-22 18:00:11.537978-0700 xctest[59729:373964] CouchbaseLite Replicator Verbose: {pusher#16} Sending rev doc195 1-c8c16ee37b9d0041b91beafe4587497a8ee75665 (seq #95) [10/10]
2019-07-22 18:00:11.538079-0700 xctest[59729:373989] CouchbaseLite Network Debug: {LoopbackWS#12} RECEIVED: 560100b5 628ecf
2019-07-22 18:00:11.538172-0700 xctest[59729:374003] CouchbaseLite Network Verbose: {BLIPIO#14} Sending frame: RES #87 ----, bytes 0--4
2019-07-22 18:00:11.538271-0700 xctest[59729:373987] CouchbaseLite Network Verbose: {BLIPIO#13} Finished sending REQ #96 Z
2019-07-22 18:00:11.538370-0700 xctest[59729:373964] CouchbaseLite Replicator Verbose: {pusher#16} Reading document 'doc195' #1-c8c16ee37b9d0041b91beafe4587497a8ee75665
2019-07-22 18:00:11.538464-0700 xctest[59729:373989] CouchbaseLite Network Debug: {LoopbackWS#12} SEND: 6008c2ea 4bf2db3e 9683b3ed 03000dc4 8218
2019-07-22 18:00:11.538571-0700 xctest[59729:374003] CouchbaseLite Network Verbose: {BLIPIO#14} Finished sending RES #87
2019-07-22 18:00:11.538670-0700 xctest[59729:374003] CouchbaseLite Network Verbose: {BLIPIO#14} ...Wrote 7 bytes to WebSocket (writeable=1)
