2019-07-22 18:00:10.955951-0700 xctest[59729:373964] CouchbaseLite Replicator Verbose: {pusher#16} Transmitting 'rev' message with 'doc129' #1-c8c16ee37b9d0041b91beafe4587497a8ee75665
2019-07-22 18:00:10.956102-0700 xctest[59729:374003] CouchbaseLite Replicator Verbose: {IncomingBlob#32} Finished receiving blob sha1-qDJGTAqLun7gBtQRZma9L7+PYYA= (12 bytes)
2019-07-22 18:00:10.956201-0700 xctest[59729:373990] CouchbaseLite Network Verbose: {BLIPIO#14} Received frame: REQ #28 ---C, length 16
2019-07-22 18:00:10.956337-0700 xctest[59729:373988] CouchbaseLite Database Verbose: {DB#55} begin transaction
2019-07-22 18:00:10.956451-0700 xctest[59729:373987] CouchbaseLite Replicator Verbose: {Repl#8} progress +12/+0, 0 docs -- now 1196 / 56992, 8 docs
2019-07-22 18:00:10.956566-0700 xctest[59729:374004] CouchbaseLite Network Verbose: {BLIPIO#13} Sending 'rev' REQ #29 Z
2019-07-22 18:00:10.956702-0700 xctest[59729:373964] CouchbaseLite Replicator Info: {pusher#16} activityLevel=busy: pendingResponseCount=29, caughtUp=1, changeLists=0, revsInFlight=10, blobsInFlight=7, awaitingReply=4352, revsToSend=371, pushingDocs=400, pendingSequences=0
2019-07-22 18:00:10.956801-0700 xctest[59729:373990] CouchbaseLite Network Verbose: {Connection#7} Receiving 'rev' REQ #28 Z
2019-07-22 18:00:10.956932-0700 xctest[59729:373964] CouchbaseLite Replicator Verbose: {pusher#16} Sending blob sha1-qDJGTAqLun7gBtQRZma9L7+PYYA= (length=12, compress=1)
2019-07-22 18:00:10.957036-0700 xctest[59729:374003] CouchbaseLite Replicator Verbose: {IncomingBlob#32} Closing; [0 open]
2019-07-22 18:00:10.957202-0700 xctest[59729:374004] CouchbaseLite Network Verbose: {BLIPIO#13} Sending frame: REQ #29 ---C, bytes 0--15
2019-07-22 18:00:10.957337-0700 xctest[59729:373988] CouchbaseLite Database Verbose: {DB#55} Saved 'doc121' rev #1-c8c16ee37b9d0041b91beafe4587497a8ee75665 as seq 10
2019-07-22 18:00:10.957462-0700 xctest[59729:373987] CouchbaseLite Replicator Info: {Repl#8} activityLevel=busy: connectionState=2
2019-07-22 18:00:10.957563-0700 xctest[59729:373987] CouchbaseLite Replicator Info: {Repl#8} pushStatus=stopped, pullStatus=busy, progress=1196/56992
2019-07-22 18:00:10.957668-0700 xctest[59729:373964] CouchbaseLite Replicator Info: {pusher#16} activityLevel=busy: pendingResponseCount=29, caughtUp=1, changeLists=0, revsInFlight=10, blobsInFlight=8, awaitingReply=4352, revsToSend=371, pushingDocs=400, pendingSequences=0
2019-07-22 18:00:10.957802-0700 xctest[59729:374003] CouchbaseLite Replicator Verbose: {IncomingBlob#32} progress +12/+0, 0 docs -- now 12 / 12, 0 docs
2019-07-22 18:00:10.957895-0700 xctest[59729:374003] CouchbaseLite Replicator Verbose: {IncomingBlob#32} now idle
2019-07-22 18:00:10.958002-0700 xctest[59729:373968] CouchbaseLite Network Debug: {LoopbackWS#12} SEND: 1d08c2ea 4bf21b5c 4683b3c1 0500b41d 3d5a
2019-07-22 18:00:10.958112-0700 xctest[59729:373988] CouchbaseLite Replicator Verbose: {Inserter#54} {'doc121' #1-c8c16ee37b9d0041b91beafe4587497a8ee75665 <- } seq 10
2019-07-22 18:00:10.958236-0700 xctest[59729:373990] CouchbaseLite Network Verbose: {Connection#7} Finished receiving 'rev' REQ #28 Z
2019-07-22 18:00:10.958352-0700 xctest[59729:373964] CouchbaseLite Replicator Verbose: {pusher#16} Sending blob sha1-qDJGTAqLun7gBtQRZma9L7+PYYA= (length=12, compress=1)
2019-07-22 18:00:10.958478-0700 xctest[59729:374004] CouchbaseLite Network Verbose: {BLIPIO#13} Finished sending REQ #29 Z
2019-07-22 18:00:10.958621-0700 xctest[59729:374003] CouchbaseLite Replicator Verbose: {IncomingBlob#33} Opened writer [1 open; max 1]
2019-07-22 18:00:10.958734-0700 xctest[59729:373987] CouchbaseLite Network Debug: {LoopbackWS#11} RECEIVED: 1d08c2ea 4bf21b5c 4683b3c1 0500b41d 3d5a
2019-07-22 18:00:10.958844-0700 xctest[59729:373968] CouchbaseLite Replicator Info: {Puller#15} activityLevel=busy: pendingResponseCount=0, _caughtUp=1, _pendingRevMessages=376, _activeIncomingRevs=15
2019-07-22 18:00:10.958959-0700 xctest[59729:373964] CouchbaseLite Replicator Info: {pusher#16} activityLevel=busy: pendingResponseCount=29, caughtUp=1, changeLists=0, revsInFlight=10, blobsInFlight=9, awaitingReply=4352, revsToSend=371, pushingDocs=400, pendingSequences=0
2019-07-22 18:00:10.959061-0700 xctest[59729:373988] CouchbaseLite Database Verbose: {DB#55} Saved 'doc122' rev #1-c8c16ee37b9d0041b91beafe4587497a8ee75665 as seq 11
2019-07-22 18:00:10.959180-0700 xctest[59729:374004] CouchbaseLite Network Verbose: {BLIPIO#13} ...Wrote 18 bytes to WebSocket (writeable=1)
2019-07-22 18:00:10.959293-0700 xctest[59729:374003] CouchbaseLite Replicator Verbose: {IncomingBlob#33} Finished receiving blob sha1-qDJGTAqLun7gBtQRZma9L7+PYYA= (12 bytes)
2019-07-22 18:00:10.959435-0700 xctest[59729:374005] CouchbaseLite Network Verbose: {BLIPIO#14} Received frame: REQ #29 ---C, length 16
2019-07-22 18:00:10.959645-0700 xctest[59729:373968] CouchbaseLite Replicator Info: {Puller#15} activityLevel=busy: pendingResponseCount=0, _caughtUp=1, _pendingRevMessages=375, _activeIncomingRevs=16
2019-07-22 18:00:10.959764-0700 xctest[59729:373964] CouchbaseLite Replicator Verbose: {pusher#16} Sending blob sha1-qDJGTAqLun7gBtQRZma9L7+PYYA= (length=12, compress=1)
2019-07-22 18:00:10.959879-0700 xctest[59729:373988] CouchbaseLite Replicator Verbose: {Inserter#54} {'doc122' #1-c8c16ee37b9d0041b91beafe4587497a8ee75665 <- } seq 11
2019-07-22 18:00:10.960017-0700 xctest[59729:374004] CouchbaseLite Network Verbose: {BLIPIO#13} Sending 'rev' REQ #30 Z
2019-07-22 18:00:10.960140-0700 xctest[59729:374005] CouchbaseLite Network Verbose: {Connection#7} Receiving 'rev' REQ #29 Z
2019-07-22 18:00:10.960290-0700 xctest[59729:374003] CouchbaseLite Replicator Verbose: {IncomingBlob#33} Closing; [0 open]
2019-07-22 18:00:10.960407-0700 xctest[59729:373964] CouchbaseLite Replicator Info: {pusher#16} activityLevel=busy: pendingResponseCount=29, caughtUp=1, changeLists=0, revsInFlight=10, blobsInFlight=10, awaitingReply=4352, revsToSend=371, pushingDocs=400, pendingSequences=0
2019-07-22 18:00:10.960510-0700 xctest[59729:373968] CouchbaseLite Replicator Info: {Puller#15} activityLevel=busy: pendingResponseCount=0, _caughtUp=1, _pendingRevMessages=375, _activeIncomingRevs=15
2019-07-22 18:00:10.960625-0700 xctest[59729:374004] CouchbaseLite Network Verbose: {BLIPIO#13} Sending frame: REQ #30 ---C, bytes 0--15
2019-07-22 18:00:10.960739-0700 xctest[59729:374003] CouchbaseLite Replicator Verbose: {IncomingBlob#33} progress +12/+0, 0 docs -- now 12 / 12, 0 docs
2019-07-22 18:00:10.960851-0700 xctest[59729:374005] CouchbaseLite Network Verbose: {Connection#7} Finished receiving 'rev' REQ #29 Z
2019-07-22 18:00:10.960965-0700 xctest[59729:373988] CouchbaseLite Database Verbose: {DB#55} Saved 'doc123' rev #1-c8c16ee37b9d0041b91beafe4587497a8ee75665 as seq 12
2019-07-22 18:00:10.961082-0700 xctest[59729:373964] CouchbaseLite Replicator Verbose: {pusher#16} Sending blob sha1-qDJGTAqLun7gBtQRZma9L7+PYYA= (length=12, compress=1)
2019-07-22 18:00:10.961208-0700 xctest[59729:374004] CouchbaseLite Network Verbose: {BLIPIO#13} Finished sending REQ #30 Z
2019-07-22 18:00:10.961329-0700 xctest[59729:373968] CouchbaseLite Network Debug: {LoopbackWS#12} SEND: 1e08c2ea 4bf2db58 4683b38d 050008d8 13db
2019-07-22 18:00:10.961445-0700 xctest[59729:374003] CouchbaseLite Replicator Verbose: {IncomingBlob#33} now idle
2019-07-22 18:00:10.961576-0700 xctest[59729:373987] CouchbaseLite Replicator Info: {Puller#15} activityLevel=busy: pendingResponseCount=0, _caughtUp=1, _pendingRevMessages=374, _activeIncomingRevs=16
2019-07-22 18:00:10.961698-0700 xctest[59729:373988] CouchbaseLite Replicator Verbose: {Inserter#54} {'doc123' #1-c8c16ee37b9d0041b91beafe4587497a8ee75665 <- } seq 12
2019-07-22 18:00:10.961806-0700 xctest[59729:373964] CouchbaseLite Replicator Info: {pusher#16} activityLevel=busy: pendingResponseCount=29, caughtUp=1, changeLists=0, revsInFlight=10, blobsInFlight=11, awaitingReply=4352, revsToSend=371, pushingDocs=400, pendingSequences=0
2019-07-22 18:00:10.961919-0700 xctest[59729:374004] CouchbaseLite Network Verbose: {BLIPIO#13} ...Wrote 18 bytes to WebSocket (writeable=1)
2019-07-22 18:00:10.962033-0700 xctest[59729:374005] CouchbaseLite Network Debug: {LoopbackWS#11} RECEIVED: 1e08c2ea 4bf2db58 4683b38d 050008d8 13db
2019-07-22 18:00:10.962158-0700 xctest[59729:374003] CouchbaseLite Replicator Debug: {IncomingBlob#29} destructing (0x61300009fec0); actorName='blob->file:////var/folders/pd/n3rd9nkx3tn4qvvvwh_2xd_40000gq/T/CouchbaseLite-EE/testdb.cblite2/'
2019-07-22 18:00:10.962272-0700 xctest[59729:373987] CouchbaseLite Replicator Info: {Puller#15} activityLevel=busy: pendingResponseCount=0, _caughtUp=1, _pendingRevMessages=374, _activeIncomingRevs=15
2019-07-22 18:00:10.962378-0700 xctest[59729:373964] CouchbaseLite Replicator Verbose: {pusher#16} Sending blob sha1-qDJGTAqLun7gBtQRZma9L7+PYYA= (length=12, compress=1)
2019-07-22 18:00:10.962489-0700 xctest[59729:374004] CouchbaseLite Network Verbose: {BLIPIO#13} Sending 'rev' REQ #31 Z
2019-07-22 18:00:10.962582-0700 xctest[59729:373988] CouchbaseLite Database Verbose: {DB#55} Saved 'doc124' rev #1-c8c16ee37b9d0041b91beafe4587497a8ee75665 as seq 13
2019-07-22 18:00:10.962694-0700 xctest[59729:373968] CouchbaseLite Network Verbose: {BLIPIO#14} Received frame: REQ #30 ---C, length 16
2019-07-22 18:00:10.962816-0700 xctest[59729:373964] CouchbaseLite Replicator Info: {pusher#16} activityLevel=busy: pendingResponseCount=29, caughtUp=1, changeLists=0, revsInFlight=10, blobsInFlight=12, awaitingReply=4352, revsToSend=371, pushingDocs=400, pendingSequences=0
2019-07-22 18:00:10.962906-0700 xctest[59729:374004] CouchbaseLite Network Verbose: {BLIPIO#13} Sending frame: REQ #31 ---C, bytes 0--15
2019-07-22 18:00:10.963034-0700 xctest[59729:373988] CouchbaseLite Replicator Verbose: {Inserter#54} {'doc124' #1-c8c16ee37b9d0041b91beafe4587497a8ee75665 <- } seq 13
2019-07-22 18:00:10.963135-0700 xctest[59729:374003] CouchbaseLite Replicator Verbose: {IncomingRev#28} All blobs received, now inserting revision
2019-07-22 18:00:10.963237-0700 xctest[59729:373968] CouchbaseLite Network Verbose: {Connection#7} Receiving 'rev' REQ #30 Z
2019-07-22 18:00:10.963380-0700 xctest[59729:373964] CouchbaseLite Replicator Verbose: {pusher#16} Sending blob sha1-qDJGTAqLun7gBtQRZma9L7+PYYA= (length=12, compress=1)
2019-07-22 18:00:10.963512-0700 xctest[59729:374004] CouchbaseLite Network Verbose: {BLIPIO#13} Finished sending REQ #31 Z
2019-07-22 18:00:10.963653-0700 xctest[59729:373987] CouchbaseLite Network Debug: {LoopbackWS#12} SEND: 1f08c2ea 4bf29b55 4683b359 0500f351 8f96
2019-07-22 18:00:10.963748-0700 xctest[59729:374005] CouchbaseLite Replicator Info: {Puller#15} activityLevel=busy: pendingResponseCount=0, _caughtUp=1, _pendingRevMessages=374, _activeIncomingRevs=14
2019-07-22 18:00:10.963837-0700 xctest[59729:373968] CouchbaseLite Network Verbose: {Connection#7} Finished receiving 'rev' REQ #30 Z
2019-07-22 18:00:10.963942-0700 xctest[59729:374003] CouchbaseLite Replicator Verbose: {IncomingBlob#35} Opened writer [1 open; max 1]
2019-07-22 18:00:10.964045-0700 xctest[59729:373988] CouchbaseLite Database Verbose: {DB#55} Saved 'doc15' rev #1-c8c16ee37b9d0041b91beafe4587497a8ee75665 as seq 14
2019-07-22 18:00:10.966890-0700 xctest[59729:373964] CouchbaseLite Replicator Info: {pusher#16} activityLevel=busy: pendingResponseCount=29, caughtUp=1, changeLists=0, revsInFlight=10, blobsInFlight=13, awaitingReply=4352, revsToSend=371, pushingDocs=400, pendingSequences=0
2019-07-22 18:00:10.967059-0700 xctest[59729:374004] CouchbaseLite Network Verbose: {BLIPIO#13} ...Wrote 18 bytes to WebSocket (writeable=1)
2019-07-22 18:00:10.967233-0700 xctest[59729:373990] CouchbaseLite Network Debug: {LoopbackWS#11} RECEIVED: 1f08c2ea 4bf29b55 4683b359 0500f351 8f96
2019-07-22 18:00:10.967369-0700 xctest[59729:374005] CouchbaseLite Replicator Verbose: {Puller#15} progress +12/+0, 0 docs -- now 1208 / 56992, 8 docs
2019-07-22 18:00:10.967524-0700 xctest[59729:374005] CouchbaseLite Replicator Info: {Puller#15} activityLevel=busy: pendingResponseCount=0, _caughtUp=1, _pendingRevMessages=374, _activeIncomingRevs=14
2019-07-22 18:00:10.967644-0700 xctest[59729:373988] CouchbaseLite Replicator Verbose: {Inserter#54} {'doc15' #1-c8c16ee37b9d0041b91beafe4587497a8ee75665 <- } seq 14
2019-07-22 18:00:10.967813-0700 xctest[59729:373988] CouchbaseLite Database Verbose: {DB#55} commit transaction
2019-07-22 18:00:10.967996-0700 xctest[59729:374004] CouchbaseLite Network Verbose: {BLIPIO#13} Sending 'rev' REQ #32 Z
2019-07-22 18:00:10.968152-0700 xctest[59729:373987] CouchbaseLite Network Verbose: {BLIPIO#14} Received frame: REQ #31 ---C, length 16
2019-07-22 18:00:10.968271-0700 xctest[59729:374003] CouchbaseLite Replicator Verbose: {IncomingBlob#35} Finished receiving blob sha1-qDJGTAqLun7gBtQRZma9L7+PYYA= (12 bytes)
2019-07-22 18:00:10.968394-0700 xctest[59729:373990] CouchbaseLite Replicator Info: {Repl#8} pushStatus=stopped, pullStatus=busy, progress=1208/56992
2019-07-22 18:00:10.968555-0700 xctest[59729:373990] CouchbaseLite Replicator Verbose: {Repl#8} progress +12/+0, 0 docs -- now 1208 / 56992, 8 docs
2019-07-22 18:00:10.968651-0700 xctest[59729:373990] CouchbaseLite Replicator Info: {Repl#8} activityLevel=busy: connectionState=2
2019-07-22 18:00:10.968750-0700 xctest[59729:373990] CouchbaseLite Replicator Info: {Repl#8} pushStatus=stopped, pullStatus=busy, progress=1208/56992
2019-07-22 18:00:10.968872-0700 xctest[59729:374004] CouchbaseLite Network Verbose: {BLIPIO#13} Sending frame: REQ #32 ---C, bytes 0--15
2019-07-22 18:00:10.969030-0700 xctest[59729:373987] CouchbaseLite Network Verbose: {Connection#7} Receiving 'rev' REQ #31 Z
2019-07-22 18:00:10.969145-0700 xctest[59729:374005] CouchbaseLite Replicator Info: {Puller#15} activityLevel=busy: pendingResponseCount=0, _caughtUp=1, _pendingRevMessages=373, _activeIncomingRevs=15
2019-07-22 18:00:10.969286-0700 xctest[59729:373964] CouchbaseLite Replicator Debug: {pusher#16} Transmitted 'rev' doc120 #1-c8c16ee37b9d0041b91beafe4587497a8ee75665 (seq #20)
2019-07-22 18:00:10.969404-0700 xctest[59729:373988] CouchbaseLite Replicator Info: {Inserter#54} Inserted 5 revs in 12.35ms ( 405/sec) of which 99.9% was commit
2019-07-22 18:00:10.969514-0700 xctest[59729:374003] CouchbaseLite Replicator Verbose: {IncomingBlob#35} Closing; [0 open]
2019-07-22 18:00:10.969647-0700 xctest[59729:374004] CouchbaseLite Network Verbose: {BLIPIO#13} Finished sending REQ #32 Z
2019-07-22 18:00:10.969748-0700 xctest[59729:373990] CouchbaseLite Network Debug: {LoopbackWS#12} SEND: 2008c2ea 4bf29b55 4683b359 05002428 70a0
2019-07-22 18:00:10.969853-0700 xctest[59729:373987] CouchbaseLite Network Verbose: {Connection#7} Finished receiving 'rev' REQ #31 Z
2019-07-22 18:00:10.969976-0700 xctest[59729:374005] CouchbaseLite Replicator Info: {Puller#15} activityLevel=busy: pendingResponseCount=0, _caughtUp=1, _pendingRevMessages=373, _activeIncomingRevs=14
2019-07-22 18:00:10.970079-0700 xctest[59729:373964] CouchbaseLite Replicator Verbose: {pusher#16} Sending rev doc130 1-c8c16ee37b9d0041b91beafe4587497a8ee75665 (seq #30) [10/10]
2019-07-22 18:00:10.970182-0700 xctest[59729:373988] CouchbaseLite Replicator Verbose: {Inserter#54} now busy
2019-07-22 18:00:10.970298-0700 xctest[59729:374003] CouchbaseLite Replicator Verbose: {IncomingBlob#35} progress +12/+0, 0 docs -- now 12 / 12, 0 docs
2019-07-22 18:00:10.970395-0700 xctest[59729:374003] CouchbaseLite Replicator Verbose: {IncomingBlob#35} now idle
2019-07-22 18:00:10.970520-0700 xctest[59729:373968] CouchbaseLite Network Debug: {LoopbackWS#11} RECEIVED: 2008c2ea 4bf29b55 4683b359 05002428 70a0
2019-07-22 18:00:10.970626-0700 xctest[59729:374005] CouchbaseLite Replicator Info: {Puller#15} activityLevel=busy: pendingResponseCount=0, _caughtUp=1, _pendingRevMessages=372, _activeIncomingRevs=15
2019-07-22 18:00:10.970736-0700 xctest[59729:373964] CouchbaseLite Replicator Verbose: {pusher#16} Reading document 'doc130' #1-c8c16ee37b9d0041b91beafe4587497a8ee75665
2019-07-22 18:00:10.970840-0700 xctest[59729:373990] CouchbaseLite Replicator Info: {Repl#8} pushStatus=stopped, pullStatus=busy, progress=1208/56992
2019-07-22 18:00:10.970949-0700 xctest[59729:374004] CouchbaseLite Network Verbose: {BLIPIO#13} ...Wrote 18 bytes to WebSocket (writeable=1)
2019-07-22 18:00:10.971072-0700 xctest[59729:374003] CouchbaseLite Replicator Debug: {IncomingBlob#32} destructing (0x613000050840); actorName='blob->file:////var/folders/pd/n3rd9nkx3tn4qvvvwh_2xd_40000gq/T/CouchbaseLite-EE/testdb.cblite2/'
2019-07-22 18:00:10.971174-0700 xctest[59729:373988] CouchbaseLite Network Verbose: {BLIPIO#14} Received frame: REQ #32 ---C, length 16
2019-07-22 18:00:10.971292-0700 xctest[59729:373990] CouchbaseLite Replicator Info: {Repl#8} activityLevel=busy: connectionState=2
2019-07-22 18:00:10.971390-0700 xctest[59729:373990] CouchbaseLite Replicator Info: {Repl#8} pushStatus=stopped, pullStatus=busy, progress=1208/56992
2019-07-22 18:00:10.971501-0700 xctest[59729:373964] CouchbaseLite Replicator Verbose: {pusher#16} Transmitting 'rev' message with 'doc130' #1-c8c16ee37b9d0041b91beafe4587497a8ee75665
2019-07-22 18:00:10.971638-0700 xctest[59729:373988] CouchbaseLite Network Verbose: {Connection#7} Receiving 'rev' REQ #32 Z
2019-07-22 18:00:10.971761-0700 xctest[59729:374004] CouchbaseLite Network Verbose: {BLIPIO#13} Sending RES #12 Z
2019-07-22 18:00:10.971897-0700 xctest[59729:374003] CouchbaseLite Replicator Verbose: {IncomingRev#30} All blobs received, now inserting revision
2019-07-22 18:00:10.972028-0700 xctest[59729:373964] CouchbaseLite Replicator Info: {pusher#16} activityLevel=busy: pendingResponseCount=30, caughtUp=1, changeLists=0, revsInFlight=10, blobsInFlight=13, awaitingReply=4582, revsToSend=370, pushingDocs=400, pendingSequences=0
2019-07-22 18:00:10.972139-0700 xctest[59729:373988] CouchbaseLite Network Verbose: {Connection#7} Finished receiving 'rev' REQ #32 Z
2019-07-22 18:00:10.972242-0700 xctest[59729:374004] CouchbaseLite Network Verbose: {BLIPIO#13} Sending frame: RES #12 ---C, bytes 0--15
2019-07-22 18:00:10.972376-0700 xctest[59729:373990] CouchbaseLite Replicator Verbose: {Puller#15} progress +12/+0, 0 docs -- now 1220 / 56992, 8 docs
2019-07-22 18:00:10.972516-0700 xctest[59729:373990] CouchbaseLite Replicator Info: {Puller#15} activityLevel=busy: pendingResponseCount=0, _caughtUp=1, _pendingRevMessages=372, _activeIncomingRevs=15
2019-07-22 18:00:10.972650-0700 xctest[59729:373964] CouchbaseLite Replicator Info: {pusher#16} activityLevel=busy: pendingResponseCount=30, caughtUp=1, changeLists=0, revsInFlight=10, blobsInFlight=12, awaitingReply=4582, revsToSend=370, pushingDocs=400, pendingSequences=0
2019-07-22 18:00:10.972763-0700 xctest[59729:374004] CouchbaseLite Network Verbose: {BLIPIO#13} Finished sending RES #12 Z
2019-07-22 18:00:10.972861-0700 xctest[59729:374005] CouchbaseLite Network Debug: {LoopbackWS#12} SEND: 0c096200 000000ff ff422e8a 00001819 6d62
2019-07-22 18:00:10.972967-0700 xctest[59729:374003] CouchbaseLite Replicator Verbose: {IncomingRev#20} Received revision 'doc125' #1-c8c16ee37b9d0041b91beafe4587497a8ee75665 (seq '25')
2019-07-22 18:00:10.973088-0700 xctest[59729:373988] CouchbaseLite Replicator Info: {Repl#8} pushStatus=stopped, pullStatus=busy, progress=1220/56992
2019-07-22 18:00:10.973210-0700 xctest[59729:373988] CouchbaseLite Replicator Verbose: {Repl#8} progress +12/+0, 0 docs -- now 1220 / 56992, 8 docs
2019-07-22 18:00:10.973314-0700 xctest[59729:373964] CouchbaseLite Replicator Info: {pusher#16} activityLevel=busy: pendingResponseCount=30, caughtUp=1, changeLists=0, revsInFlight=10, blobsInFlight=11, awaitingReply=4582, revsToSend=370, pushingDocs=400, pendingSequences=0
2019-07-22 18:00:10.973429-0700 xctest[59729:374004] CouchbaseLite Network Verbose: {BLIPIO#13} ...Wrote 18 bytes to WebSocket (writeable=1)
2019-07-22 18:00:10.973612-0700 xctest[59729:374003] CouchbaseLite Replicator Verbose: {IncomingRev#51} Received revision 'doc126' #1-c8c16ee37b9d0041b91beafe4587497a8ee75665 (seq '26')
2019-07-22 18:00:10.973743-0700 xctest[59729:373990] CouchbaseLite Replicator Info: {Puller#15} activityLevel=busy: pendingResponseCount=0, _caughtUp=1, _pendingRevMessages=371, _activeIncomingRevs=16
2019-07-22 18:00:10.973915-0700 xctest[59729:373988] CouchbaseLite Replicator Info: {Repl#8} activityLevel=busy: connectionState=2
2019-07-22 18:00:10.974051-0700 xctest[59729:373964] CouchbaseLite Replicator Verbose: {pusher#16} Sending blob sha1-qDJGTAqLun7gBtQRZma9L7+PYYA= (length=12, compress=1)
2019-07-22 18:00:10.974157-0700 xctest[59729:373968] CouchbaseLite Network Debug: {LoopbackWS#11} RECEIVED: 0c096200 000000ff ff422e8a 00001819 6d62
2019-07-22 18:00:10.974265-0700 xctest[59729:374004] CouchbaseLite Network Verbose: {BLIPIO#13} Sending RES #13 Z
2019-07-22 18:00:10.974381-0700 xctest[59729:373990] CouchbaseLite Replicator Info: {Puller#15} activityLevel=busy: pendingResponseCount=0, _caughtUp=1, _pendingRevMessages=371, _activeIncomingRevs=16
2019-07-22 18:00:10.974497-0700 xctest[59729:373988] CouchbaseLite Replicator Info: {Repl#8} pushStatus=stopped, pullStatus=busy, progress=1220/56992
2019-07-22 18:00:10.974631-0700 xctest[59729:374003] CouchbaseLite Replicator Debug: {IncomingBlob#33} destructing (0x613000050a00); actorName='blob->file:////var/folders/pd/n3rd9nkx3tn4qvvvwh_2xd_40000gq/T/CouchbaseLite-EE/testdb.cblite2/'
2019-07-22 18:00:10.974743-0700 xctest[59729:373964] CouchbaseLite Replicator Info: {pusher#16} activityLevel=busy: pendingResponseCount=30, caughtUp=1, changeLists=0, revsInFlight=10, blobsInFlight=12, awaitingReply=4582, revsToSend=370, pushingDocs=400, pendingSequences=0
2019-07-22 18:00:10.974851-0700 xctest[59729:374005] CouchbaseLite Network Verbose: {BLIPIO#14} Received frame: RES #12 ---C, length 16
2019-07-22 18:00:10.974979-0700 xctest[59729:374004] CouchbaseLite Network Verbose: {BLIPIO#13} Sending frame: RES #13 ---C, bytes 0--14
2019-07-22 18:00:10.975081-0700 xctest[59729:373990] CouchbaseLite Replicator Info: {Puller#15} activityLevel=busy: pendingResponseCount=0, _caughtUp=1, _pendingRevMessages=371, _activeIncomingRevs=16
2019-07-22 18:00:10.975197-0700 xctest[59729:373964] CouchbaseLite Replicator Verbose: {pusher#16} Completed rev doc117 #1-c8c16ee37b9d0041b91beafe4587497a8ee75665 (seq #17)
2019-07-22 18:00:10.975316-0700 xctest[59729:374005] CouchbaseLite Network Verbose: {Connection#7} Receiving RES #12 Z
2019-07-22 18:00:10.975433-0700 xctest[59729:374004] CouchbaseLite Network Verbose: {BLIPIO#13} Finished sending RES #13 Z
2019-07-22 18:00:10.975534-0700 xctest[59729:374004] CouchbaseLite Network Verbose: {BLIPIO#13} ...Wrote 17 bytes to WebSocket (writeable=1)
2019-07-22 18:00:10.975632-0700 xctest[59729:374003] CouchbaseLite Replicator Verbose: {IncomingRev#31} All blobs received, now inserting revision
2019-07-22 18:00:10.975742-0700 xctest[59729:373964] CouchbaseLite Replicator Debug: {pusher#16} Done pushing 'doc117' 1-c8c16ee37b9d0041b91beafe4587497a8ee75665
2019-07-22 18:00:10.975879-0700 xctest[59729:373964] CouchbaseLite Replicator Verbose: {pusher#16} progress +0/+0, 1 docs -- now 0 / 56800, 1 docs
2019-07-22 18:00:10.975971-0700 xctest[59729:373964] CouchbaseLite Replicator Info: {pusher#16} activityLevel=busy: pendingResponseCount=29, caughtUp=1, changeLists=0, revsInFlight=10, blobsInFlight=12, awaitingReply=4352, revsToSend=370, pushingDocs=399, pendingSequences=0
2019-07-22 18:00:10.976075-0700 xctest[59729:374004] CouchbaseLite Network Verbose: {BLIPIO#13} Sending RES #14 Z
2019-07-22 18:00:10.976191-0700 xctest[59729:373990] CouchbaseLite Replicator Verbose: {Puller#15} progress +12/+0, 0 docs -- now 1232 / 56992, 8 docs
2019-07-22 18:00:10.976280-0700 xctest[59729:373990] CouchbaseLite Replicator Info: {Puller#15} activityLevel=busy: pendingResponseCount=0, _caughtUp=1, _pendingRevMessages=371, _activeIncomingRevs=16
2019-07-22 18:00:10.976391-0700 xctest[59729:374005] CouchbaseLite Network Verbose: {Connection#7} Finished receiving RES #12 Z
2019-07-22 18:00:10.976496-0700 xctest[59729:373988] CouchbaseLite Network Debug: {LoopbackWS#12} SEND: 0d096200 000000ff ff42e600 006c3e76 ed
2019-07-22 18:00:10.976603-0700 xctest[59729:373968] CouchbaseLite Replicator Info: {repl#10} pushStatus=busy, pullStatus=busy, progress=0/56800
2019-07-22 18:00:10.976705-0700 xctest[59729:373968] CouchbaseLite Replicator Verbose: {repl#10} progress +0/+0, 1 docs -- now 0 / 56800, 1 docs
2019-07-22 18:00:10.976797-0700 xctest[59729:374004] CouchbaseLite Network Verbose: {BLIPIO#13} Sending frame: RES #14 ---C, bytes 0--14
2019-07-22 18:00:10.976956-0700 xctest[59729:374003] CouchbaseLite Replicator Verbose: {IncomingRev#18} Received revision 'doc127' #1-c8c16ee37b9d0041b91beafe4587497a8ee75665 (seq '27')
2019-07-22 18:00:10.977086-0700 xctest[59729:373987] CouchbaseLite Replicator Info: {Repl#8} pushStatus=stopped, pullStatus=busy, progress=1232/56992
2019-07-22 18:00:10.977222-0700 xctest[59729:373987] CouchbaseLite Replicator Verbose: {Repl#8} progress +12/+0, 0 docs -- now 1232 / 56992, 8 docs
2019-07-22 18:00:10.977362-0700 xctest[59729:373964] CouchbaseLite Replicator Verbose: {pusher#16} Completed rev doc11 #1-c8c16ee37b9d0041b91beafe4587497a8ee75665 (seq #1)
2019-07-22 18:00:10.977478-0700 xctest[59729:373968] CouchbaseLite Replicator Info: {repl#10} activityLevel=busy: connectionState=2
2019-07-22 18:00:10.977585-0700 xctest[59729:373968] CouchbaseLite Replicator Info: {repl#10} pushStatus=busy, pullStatus=busy, progress=0/56800
2019-07-22 18:00:10.977751-0700 xctest[59729:373988] CouchbaseLite Network Debug: {LoopbackWS#12} SEND: 0e096200 000000ff ff42e600 00c6ab70 8b
2019-07-22 18:00:10.977859-0700 xctest[59729:374005] CouchbaseLite Network Debug: {LoopbackWS#11} RECEIVED: 0d096200 000000ff ff42e600 006c3e76 ed
2019-07-22 18:00:10.978013-0700 xctest[59729:373987] CouchbaseLite Replicator Info: {Repl#8} activityLevel=busy: connectionState=2
2019-07-22 18:00:10.978112-0700 xctest[59729:373987] CouchbaseLite Replicator Info: {Repl#8} pushStatus=stopped, pullStatus=busy, progress=1232/56992
2019-07-22 18:00:10.978214-0700 xctest[59729:373990] CouchbaseLite Replicator Info: {Puller#15} activityLevel=busy: pendingResponseCount=0, _caughtUp=1, _pendingRevMessages=371, _activeIncomingRevs=16
2019-07-22 18:00:10.978362-0700 xctest[59729:374004] CouchbaseLite Network Verbose: {BLIPIO#13} Finished sending RES #14 Z
2019-07-22 18:00:10.978471-0700 xctest[59729:373989] CouchbaseLite Network Verbose: {BLIPIO#14} Sending RES #24
2019-07-22 18:00:10.978583-0700 xctest[59729:374003] CouchbaseLite Replicator Verbose: {IncomingRev#50} Received revision 'doc128' #1-c8c16ee37b9d0041b91beafe4587497a8ee75665 (seq '28')
2019-07-22 18:00:10.978691-0700 xctest[59729:374005] CouchbaseLite Network Debug: {LoopbackWS#11} RECEIVED: 0e096200 000000ff ff42e600 00c6ab70 8b
2019-07-22 18:00:10.978806-0700 xctest[59729:373964] CouchbaseLite Replicator Debug: {pusher#16} Done pushing 'doc11' 1-c8c16ee37b9d0041b91beafe4587497a8ee75665
2019-07-22 18:00:10.978920-0700 xctest[59729:373990] CouchbaseLite Replicator Verbose: {Puller#15} Checkpoint now at 5
2019-07-22 18:00:10.979060-0700 xctest[59729:374004] CouchbaseLite Network Verbose: {BLIPIO#13} ...Wrote 17 bytes to WebSocket (writeable=1)
2019-07-22 18:00:10.979165-0700 xctest[59729:373989] CouchbaseLite Network Verbose: {BLIPIO#14} Sending frame: RES #24 ----, bytes 0--4
2019-07-22 18:00:10.979288-0700 xctest[59729:373964] CouchbaseLite Replicator Verbose: {pusher#16} progress +0/+0, 1 docs -- now 0 / 56800, 2 docs
2019-07-22 18:00:10.979397-0700 xctest[59729:373964] CouchbaseLite Replicator Info: {pusher#16} activityLevel=busy: pendingResponseCount=28, caughtUp=1, changeLists=0, revsInFlight=10, blobsInFlight=12, awaitingReply=4124, revsToSend=370, pushingDocs=398, pendingSequences=0
2019-07-22 18:00:10.979487-0700 xctest[59729:374004] CouchbaseLite Network Verbose: {BLIPIO#13} Sending RES #15 Z
2019-07-22 18:00:10.979599-0700 xctest[59729:374003] CouchbaseLite Replicator Debug: {IncomingBlob#35} destructing (0x6130000b01c0); actorName='blob->file:////var/folders/pd/n3rd9nkx3tn4qvvvwh_2xd_40000gq/T/CouchbaseLite-EE/testdb.cblite2/'
2019-07-22 18:00:10.979723-0700 xctest[59729:373989] CouchbaseLite Network Verbose: {BLIPIO#14} Finished sending RES #24
2019-07-22 18:00:10.979826-0700 xctest[59729:373989] CouchbaseLite Network Verbose: {BLIPIO#14} ...Wrote 7 bytes to WebSocket (writeable=1)
2019-07-22 18:00:10.979955-0700 xctest[59729:373990] CouchbaseLite Replicator Verbose: {Puller#15} progress +710/+0, 5 docs -- now 1942 / 56992, 13 docs
2019-07-22 18:00:10.980058-0700 xctest[59729:373988] CouchbaseLite Replicator Info: {repl#10} pushStatus=busy, pullStatus=busy, progress=0/56800
2019-07-22 18:00:10.980149-0700 xctest[59729:373988] CouchbaseLite Replicator Verbose: {repl#10} progress +0/+0, 1 docs -- now 0 / 56800, 2 docs
2019-07-22 18:00:10.980250-0700 xctest[59729:374004] CouchbaseLite Network Verbose: {BLIPIO#13} Sending frame: RES #15 ---C, bytes 0--14
2019-07-22 18:00:10.980396-0700 xctest[59729:373987] CouchbaseLite Network Debug: {LoopbackWS#11} SEND: 180100e8 06d204
2019-07-22 18:00:10.980494-0700 xctest[59729:373989] CouchbaseLite Network Verbose: {BLIPIO#14} Sending RES #25
2019-07-22 18:00:10.980583-0700 xctest[59729:373990] CouchbaseLite Replicator Info: {Puller#15} activityLevel=busy: pendingResponseCount=0, _caughtUp=1, _pendingRevMessages=371, _activeIncomingRevs=16
2019-07-22 18:00:10.980682-0700 xctest[59729:373964] CouchbaseLite Replicator Verbose: {pusher#16} Completed rev doc118 #1-c8c16ee37b9d0041b91beafe4587497a8ee75665 (seq #18)
2019-07-22 18:00:10.980789-0700 xctest[59729:373988] CouchbaseLite Replicator Info: {repl#10} activityLevel=busy: connectionState=2
2019-07-22 18:00:10.980880-0700 xctest[59729:373988] CouchbaseLite Replicator Info: {repl#10} pushStatus=busy, pullStatus=busy, progress=0/56800
2019-07-22 18:00:10.983485-0700 xctest[59729:374003] CouchbaseLite Replicator Verbose: {IncomingRev#34} All blobs received, now inserting revision
2019-07-22 18:00:10.983626-0700 xctest[59729:373965] CouchbaseLite Network Debug: {LoopbackWS#12} SEND: 0f096200 000000ff ff42e600 0091ba17 e6
2019-07-22 18:00:10.983757-0700 xctest[59729:373989] CouchbaseLite Network Verbose: {BLIPIO#14} Sending frame: RES #25 ----, bytes 0--4
2019-07-22 18:00:10.983879-0700 xctest[59729:373990] CouchbaseLite Replicator Info: {Puller#15} activityLevel=busy: pendingResponseCount=0, _caughtUp=1, _pendingRevMessages=371, _activeIncomingRevs=16
2019-07-22 18:00:10.984017-0700 xctest[59729:373987] CouchbaseLite Replicator Info: {Repl#8} pushStatus=stopped, pullStatus=busy, progress=1942/56992
2019-07-22 18:00:10.984124-0700 xctest[59729:373987] CouchbaseLite Replicator Verbose: {Repl#8} progress +710/+0, 5 docs -- now 1942 / 56992, 13 docs
2019-07-22 18:00:10.984231-0700 xctest[59729:374004] CouchbaseLite Network Verbose: {BLIPIO#13} Finished sending RES #15 Z
2019-07-22 18:00:11.019717-0700 xctest[59729:374004] CouchbaseLite Network Verbose: {BLIPIO#13} ...Wrote 17 bytes to WebSocket (writeable=1)
2019-07-22 18:00:11.019945-0700 xctest[59729:373965] CouchbaseLite Network Debug: {LoopbackWS#12} RECEIVED: 180100e8 06d204
2019-07-22 18:00:11.020140-0700 xctest[59729:373988] CouchbaseLite Network Debug: {LoopbackWS#11} RECEIVED: 0f096200 000000ff ff42e600 0091ba17 e6
2019-07-22 18:00:11.020306-0700 xctest[59729:373988] CouchbaseLite Network Debug: {LoopbackWS#11} SEND: 190100d5 872d46
2019-07-22 18:00:11.020519-0700 xctest[59729:373990] CouchbaseLite Replicator Info: {Puller#15} activityLevel=busy: pendingResponseCount=0, _caughtUp=1, _pendingRevMessages=371, _activeIncomingRevs=16
2019-07-22 18:00:11.020634-0700 xctest[59729:373990] CouchbaseLite Replicator Info: {Puller#15} activityLevel=busy: pendingResponseCount=0, _caughtUp=1, _pendingRevMessages=371, _activeIncomingRevs=16
2019-07-22 18:00:11.020772-0700 xctest[59729:373990] CouchbaseLite Replicator Info: {Puller#15} activityLevel=busy: pendingResponseCount=0, _caughtUp=1, _pendingRevMessages=371, _activeIncomingRevs=16
2019-07-22 18:00:11.020969-0700 xctest[59729:373990] CouchbaseLite Replicator Info: {Puller#15} activityLevel=busy: pendingResponseCount=0, _caughtUp=1, _pendingRevMessages=371, _activeIncomingRevs=16
2019-07-22 18:00:11.021080-0700 xctest[59729:373990] CouchbaseLite Replicator Info: {Puller#15} activityLevel=busy: pendingResponseCount=0, _caughtUp=1, _pendingRevMessages=371, _activeIncomingRevs=16
2019-07-22 18:00:11.021227-0700 xctest[59729:373990] CouchbaseLite Replicator Verbose: {Puller#15} progress +12/+0, 0 docs -- now 1954 / 56992, 13 docs
2019-07-22 18:00:11.021341-0700 xctest[59729:373990] CouchbaseLite Replicator Info: {Puller#15} activityLevel=busy: pendingResponseCount=0, _caughtUp=1, _pendingRevMessages=371, _activeIncomingRevs=16
2019-07-22 18:00:11.021470-0700 xctest[59729:373989] CouchbaseLite Network Verbose: {BLIPIO#14} Finished sending RES #25
2019-07-22 18:00:11.021611-0700 xctest[59729:373989] CouchbaseLite Network Verbose: {BLIPIO#14} ...Wrote 7 bytes to WebSocket (writeable=1)
2019-07-22 18:00:11.021818-0700 xctest[59729:374005] CouchbaseLite Replicator Verbose: {Inserter#54} Inserting 8 revs:
2019-07-22 18:00:11.021934-0700 xctest[59729:374005] CouchbaseLite Database Verbose: {DB#55} begin transaction
2019-07-22 18:00:11.022069-0700 xctest[59729:373987] CouchbaseLite Replicator Info: {Repl#8} activityLevel=busy: connectionState=2
2019-07-22 18:00:11.022203-0700 xctest[59729:373987] CouchbaseLite Replicator Info: {Repl#8} pushStatus=stopped, pullStatus=busy, progress=1942/56992
2019-07-22 18:00:11.022391-0700 xctest[59729:374003] CouchbaseLite Replicator Verbose: {IncomingRev#56}==> litecore::repl::IncomingRev ->file:////var/folders/pd/n3rd9nkx3tn4qvvvwh_2xd_40000gq/T/CouchbaseLite-EE/testdb.cblite2/ @0x6130000935b0
2019-07-22 18:00:11.022501-0700 xctest[59729:374003] CouchbaseLite Replicator Verbose: {IncomingRev#56} Received revision 'doc129' #1-c8c16ee37b9d0041b91beafe4587497a8ee75665 (seq '29')
2019-07-22 18:00:11.022671-0700 xctest[59729:373988] CouchbaseLite Network Debug: {LoopbackWS#12} RECEIVED: 190100d5 872d46
2019-07-22 18:00:11.022849-0700 xctest[59729:373989] CouchbaseLite Network Verbose: {BLIPIO#14} Sending RES #26
2019-07-22 18:00:11.022963-0700 xctest[59729:373964] CouchbaseLite Replicator Debug: {pusher#16} Done pushing 'doc118' 1-c8c16ee37b9d0041b91beafe4587497a8ee75665
2019-07-22 18:00:11.023090-0700 xctest[59729:373968] CouchbaseLite Replicator Info: {repl#10} activityLevel=busy: connectionState=2
2019-07-22 18:00:11.023257-0700 xctest[59729:373968] CouchbaseLite Replicator Info: {repl#10} pushStatus=busy, pullStatus=busy, progress=0/56800
2019-07-22 18:00:11.023375-0700 xctest[59729:373990] CouchbaseLite Replicator Info: CBLReplicator[<- DB[otherdb]] is busy, progress 1942/56992, error: (null)
2019-07-22 18:00:11.023407-0700 xctest[59729:374004] CouchbaseLite Network Verbose: {BLIPIO#13} Sending RES #16 Z
2019-07-22 18:00:11.023561-0700 xctest[59729:374005] CouchbaseLite Database Verbose: {DB#55} Saved 'doc16' rev #1-c8c16ee37b9d0041b91beafe4587497a8ee75665 as seq 15
2019-07-22 18:00:11.023678-0700 xctest[59729:374005] CouchbaseLite Replicator Verbose: {Inserter#54} {'doc16' #1-c8c16ee37b9d0041b91beafe4587497a8ee75665 <- } seq 15
2019-07-22 18:00:11.023854-0700 xctest[59729:373964] CouchbaseLite Replicator Verbose: {pusher#16} progress +0/+0, 1 docs -- now 0 / 56800, 3 docs
2019-07-22 18:00:11.023979-0700 xctest[59729:373964] CouchbaseLite Replicator Info: {pusher#16} activityLevel=busy: pendingResponseCount=27, caughtUp=1, changeLists=0, revsInFlight=10, blobsInFlight=12, awaitingReply=3894, revsToSend=370, pushingDocs=397, pendingSequences=0
2019-07-22 18:00:11.024099-0700 xctest[59729:373988] CouchbaseLite Replicator Info: {Puller#15} activityLevel=busy: pendingResponseCount=0, _caughtUp=1, _pendingRevMessages=371, _activeIncomingRevs=16
2019-07-22 18:00:11.024263-0700 xctest[59729:373988] CouchbaseLite Replicator Info: {Puller#15} activityLevel=busy: pendingResponseCount=0, _caughtUp=1, _pendingRevMessages=371, _activeIncomingRevs=15
2019-07-22 18:00:11.024357-0700 xctest[59729:373990] CouchbaseLite Replicator Info: CBLReplicator[<- DB[otherdb]] is busy, progress 1942/56992, error: (null)
2019-07-22 18:00:11.024374-0700 xctest[59729:374004] CouchbaseLite Network Verbose: {BLIPIO#13} Sending frame: RES #16 ---C, bytes 0--14
2019-07-22 18:00:11.024497-0700 xctest[59729:373989] CouchbaseLite Network Verbose: {BLIPIO#14} Sending frame: RES #26 ----, bytes 0--4
2019-07-22 18:00:11.024670-0700 xctest[59729:373987] CouchbaseLite Replicator Info: {Repl#8} activityLevel=busy: connectionState=2
2019-07-22 18:00:11.024784-0700 xctest[59729:373987] CouchbaseLite Replicator Info: {Repl#8} pushStatus=stopped, pullStatus=busy, progress=1942/56992
2019-07-22 18:00:11.024887-0700 xctest[59729:373964] CouchbaseLite Replicator Verbose: {pusher#16} Completed rev doc12 #1-c8c16ee37b9d0041b91beafe4587497a8ee75665 (seq #2)
2019-07-22 18:00:11.025005-0700 xctest[59729:374003] CouchbaseLite Replicator Verbose: {IncomingBlob#37} Opened writer [1 open; max 1]
2019-07-22 18:00:11.025124-0700 xctest[59729:374005] CouchbaseLite Database Verbose: {DB#55} Saved 'doc17' rev #1-c8c16ee37b9d0041b91beafe4587497a8ee75665 as seq 16
2019-07-22 18:00:11.025225-0700 xctest[59729:374004] CouchbaseLite Network Verbose: {BLIPIO#13} Finished sending RES #16 Z
2019-07-22 18:00:11.025325-0700 xctest[59729:373988] CouchbaseLite Network Debug: {LoopbackWS#12} SEND: 10096200 000000ff ff42e600 00b01fae 7b
2019-07-22 18:00:11.025432-0700 xctest[59729:373989] CouchbaseLite Network Verbose: {BLIPIO#14} Finished sending RES #26
2019-07-22 18:00:11.025523-0700 xctest[59729:373990] CouchbaseLite Network Debug: {LoopbackWS#11} SEND: 1a01004d 688c05
2019-07-22 18:00:11.025629-0700 xctest[59729:373965] CouchbaseLite Replicator Info: {repl#10} pushStatus=busy, pullStatus=busy, progress=0/56800
2019-07-22 18:00:11.025734-0700 xctest[59729:373965] CouchbaseLite Replicator Verbose: {repl#10} progress +0/+0, 1 docs -- now 0 / 56800, 3 docs
2019-07-22 18:00:11.025829-0700 xctest[59729:373964] CouchbaseLite Replicator Debug: {pusher#16} Done pushing 'doc12' 1-c8c16ee37b9d0041b91beafe4587497a8ee75665
2019-07-22 18:00:11.025942-0700 xctest[59729:374003] CouchbaseLite Replicator Verbose: {IncomingBlob#37} Finished receiving blob sha1-qDJGTAqLun7gBtQRZma9L7+PYYA= (12 bytes)
2019-07-22 18:00:11.026056-0700 xctest[59729:374005] CouchbaseLite Replicator Verbose: {Inserter#54} {'doc17' #1-c8c16ee37b9d0041b91beafe4587497a8ee75665 <- } seq 16
2019-07-22 18:00:11.026179-0700 xctest[59729:374004] CouchbaseLite Network Verbose: {BLIPIO#13} ...Wrote 17 bytes to WebSocket (writeable=1)
2019-07-22 18:00:11.026294-0700 xctest[59729:373989] CouchbaseLite Network Verbose: {BLIPIO#14} ...Wrote 7 bytes to WebSocket (writeable=1)
2019-07-22 18:00:11.026434-0700 xctest[59729:374003] CouchbaseLite Replicator Verbose: {IncomingBlob#37} Closing; [0 open]
2019-07-22 18:00:11.026540-0700 xctest[59729:374003] CouchbaseLite Replicator Verbose: {IncomingBlob#37} progress +12/+0, 0 docs -- now 12 / 12, 0 docs
2019-07-22 18:00:11.026627-0700 xctest[59729:374003] CouchbaseLite Replicator Verbose: {IncomingBlob#37} now idle
2019-07-22 18:00:11.026728-0700 xctest[59729:373965] CouchbaseLite Replicator Info: {repl#10} activityLevel=busy: connectionState=2
2019-07-22 18:00:11.026840-0700 xctest[59729:373965] CouchbaseLite Replicator Info: {repl#10} pushStatus=busy, pullStatus=busy, progress=0/56800
2019-07-22 18:00:11.026931-0700 xctest[59729:373968] CouchbaseLite Replicator Info: {Puller#15} activityLevel=busy: pendingResponseCount=0, _caughtUp=1, _pendingRevMessages=371, _activeIncomingRevs=14
2019-07-22 18:00:11.027057-0700 xctest[59729:374004] CouchbaseLite Network Verbose: {BLIPIO#13} Sending RES #17 Z
2019-07-22 18:00:11.027188-0700 xctest[59729:373988] CouchbaseLite Network Debug: {LoopbackWS#12} RECEIVED: 1a01004d 688c05
2019-07-22 18:00:11.027316-0700 xctest[59729:373989] CouchbaseLite Network Verbose: {BLIPIO#14} Sending RES #27
2019-07-22 18:00:11.027424-0700 xctest[59729:373990] CouchbaseLite Network Debug: {LoopbackWS#11} RECEIVED: 10096200 000000ff ff42e600 00b01fae 7b
2019-07-22 18:00:11.027530-0700 xctest[59729:374005] CouchbaseLite Database Verbose: {DB#55} Saved 'doc125' rev #1-c8c16ee37b9d0041b91beafe4587497a8ee75665 as seq 17
2019-07-22 18:00:11.027642-0700 xctest[59729:373987] CouchbaseLite Replicator Info: {Repl#8} pushStatus=stopped, pullStatus=busy, progress=1954/56992
2019-07-22 18:00:11.027740-0700 xctest[59729:373987] CouchbaseLite Replicator Verbose: {Repl#8} progress +12/+0, 0 docs -- now 1954 / 56992, 13 docs
2019-07-22 18:00:11.027827-0700 xctest[59729:373987] CouchbaseLite Replicator Info: {Repl#8} activityLevel=busy: connectionState=2
2019-07-22 18:00:11.027910-0700 xctest[59729:373987] CouchbaseLite Replicator Info: {Repl#8} pushStatus=stopped, pullStatus=busy, progress=1954/56992
2019-07-22 18:00:11.028018-0700 xctest[59729:373989] CouchbaseLite Network Verbose: {BLIPIO#14} Sending frame: RES #27 ----, bytes 0--4
2019-07-22 18:00:11.028122-0700 xctest[59729:374005] CouchbaseLite Replicator Verbose: {Inserter#54} {'doc125' #1-c8c16ee37b9d0041b91beafe4587497a8ee75665 <- } seq 17
2019-07-22 18:00:11.028230-0700 xctest[59729:374003] CouchbaseLite Replicator Debug: {IncomingBlob#37} destructing (0x6130000b0540); actorName='blob->file:////var/folders/pd/n3rd9nkx3tn4qvvvwh_2xd_40000gq/T/CouchbaseLite-EE/testdb.cblite2/'
2019-07-22 18:00:11.028327-0700 xctest[59729:373964] CouchbaseLite Replicator Verbose: {pusher#16} progress +0/+0, 1 docs -- now 0 / 56800, 4 docs
2019-07-22 18:00:11.028431-0700 xctest[59729:373964] CouchbaseLite Replicator Info: {pusher#16} activityLevel=busy: pendingResponseCount=26, caughtUp=1, changeLists=0, revsInFlight=10, blobsInFlight=12, awaitingReply=3666, revsToSend=370, pushingDocs=396, pendingSequences=0
2019-07-22 18:00:11.028539-0700 xctest[59729:373987] CouchbaseLite Network Debug: {LoopbackWS#11} SEND: 1b0100a2 25738e
2019-07-22 18:00:11.028685-0700 xctest[59729:373989] CouchbaseLite Network Verbose: {BLIPIO#14} Finished sending RES #27
2019-07-22 18:00:11.028867-0700 xctest[59729:373990] CouchbaseLite Replicator Info: {Puller#15} activityLevel=busy: pendingResponseCount=0, _caughtUp=1, _pendingRevMessages=371, _activeIncomingRevs=13
2019-07-22 18:00:11.029016-0700 xctest[59729:374004] CouchbaseLite Network Verbose: {BLIPIO#13} Sending frame: RES #17 ---C, bytes 0--14
2019-07-22 18:00:11.029151-0700 xctest[59729:373964] CouchbaseLite Replicator Debug: {pusher#16} Transmitted 'rev' doc121 #1-c8c16ee37b9d0041b91beafe4587497a8ee75665 (seq #21)
2019-07-22 18:00:11.029268-0700 xctest[59729:373968] CouchbaseLite Replicator Info: {repl#10} pushStatus=busy, pullStatus=busy, progress=0/56800
2019-07-22 18:00:11.029380-0700 xctest[59729:373968] CouchbaseLite Replicator Verbose: {repl#10} progress +0/+0, 1 docs -- now 0 / 56800, 4 docs
2019-07-22 18:00:11.029554-0700 xctest[59729:374007] CouchbaseLite Network Debug: {LoopbackWS#12} RECEIVED: 1b0100a2 25738e
2019-07-22 18:00:11.029712-0700 xctest[59729:373989] CouchbaseLite Network Verbose: {BLIPIO#14} ...Wrote 7 bytes to WebSocket (writeable=1)
2019-07-22 18:00:11.029814-0700 xctest[59729:374003] CouchbaseLite Replicator Verbose: {IncomingRev#36} All blobs received, now inserting revision
2019-07-22 18:00:11.029922-0700 xctest[59729:374004] CouchbaseLite Network Verbose: {BLIPIO#13} Finished sending RES #17 Z
2019-07-22 18:00:11.030015-0700 xctest[59729:374004] CouchbaseLite Network Verbose: {BLIPIO#13} ...Wrote 17 bytes to WebSocket (writeable=1)
2019-07-22 18:00:11.030106-0700 xctest[59729:374005] CouchbaseLite Database Verbose: {DB#55} Saved 'doc126' rev #1-c8c16ee37b9d0041b91beafe4587497a8ee75665 as seq 18
2019-07-22 18:00:11.030222-0700 xctest[59729:373968] CouchbaseLite Replicator Info: {repl#10} activityLevel=busy: connectionState=2
2019-07-22 18:00:11.030304-0700 xctest[59729:373968] CouchbaseLite Replicator Info: {repl#10} pushStatus=busy, pullStatus=busy, progress=0/56800
2019-07-22 18:00:11.030394-0700 xctest[59729:373989] CouchbaseLite Network Verbose: {BLIPIO#14} Sending RES #8
2019-07-22 18:00:11.030501-0700 xctest[59729:373990] CouchbaseLite Replicator Verbose: {Puller#15} progress +12/+0, 0 docs -- now 1966 / 56992, 13 docs
2019-07-22 18:00:11.030599-0700 xctest[59729:373964] CouchbaseLite Replicator Verbose: {pusher#16} Sending rev doc131 1-c8c16ee37b9d0041b91beafe4587497a8ee75665 (seq #31) [10/10]
2019-07-22 18:00:11.039667-0700 xctest[59729:374004] CouchbaseLite Network Verbose: {BLIPIO#13} Sending 'rev' REQ #33 Z
2019-07-22 18:00:11.039937-0700 xctest[59729:374005] CouchbaseLite Replicator Verbose: {Inserter#54} {'doc126' #1-c8c16ee37b9d0041b91beafe4587497a8ee75665 <- } seq 18
2019-07-22 18:00:11.040168-0700 xctest[59729:374007] CouchbaseLite Network Debug: {LoopbackWS#12} SEND: 11096200 000000ff ff42e600 002aac50 59
2019-07-22 18:00:11.040382-0700 xctest[59729:373989] CouchbaseLite Network Verbose: {BLIPIO#14} Sending frame: RES #8 ----, bytes 0--4
2019-07-22 18:00:11.040604-0700 xctest[59729:373990] CouchbaseLite Replicator Info: {Puller#15} activityLevel=busy: pendingResponseCount=0, _caughtUp=1, _pendingRevMessages=371, _activeIncomingRevs=13
2019-07-22 18:00:11.040800-0700 xctest[59729:374005] CouchbaseLite Database Verbose: {DB#55} Saved 'doc18' rev #1-c8c16ee37b9d0041b91beafe4587497a8ee75665 as seq 19
2019-07-22 18:00:11.041010-0700 xctest[59729:374005] CouchbaseLite Replicator Verbose: {Inserter#54} {'doc18' #1-c8c16ee37b9d0041b91beafe4587497a8ee75665 <- } seq 19
2019-07-22 18:00:11.041142-0700 xctest[59729:373968] CouchbaseLite Network Debug: {LoopbackWS#11} RECEIVED: 11096200 000000ff ff42e600 002aac50 59
2019-07-22 18:00:11.041378-0700 xctest[59729:373989] CouchbaseLite Network Verbose: {BLIPIO#14} Finished sending RES #8
2019-07-22 18:00:11.041545-0700 xctest[59729:373989] CouchbaseLite Network Verbose: {BLIPIO#14} ...Wrote 7 bytes to WebSocket (writeable=1)
2019-07-22 18:00:11.041713-0700 xctest[59729:373989] CouchbaseLite Network Verbose: {BLIPIO#14} Received frame: RES #13 ---C, length 15
2019-07-22 18:00:11.041910-0700 xctest[59729:374007] CouchbaseLite Replicator Info: {Repl#8} pushStatus=stopped, pullStatus=busy, progress=1966/56992
2019-07-22 18:00:11.042033-0700 xctest[59729:374007] CouchbaseLite Replicator Verbose: {Repl#8} progress +12/+0, 0 docs -- now 1966 / 56992, 13 docs
2019-07-22 18:00:11.042186-0700 xctest[59729:373968] CouchbaseLite Network Debug: {LoopbackWS#11} SEND: 080100d8 a064d9
2019-07-22 18:00:11.042405-0700 xctest[59729:373990] CouchbaseLite Replicator Info: {Puller#15} activityLevel=busy: pendingResponseCount=0, _caughtUp=1, _pendingRevMessages=371, _activeIncomingRevs=12
2019-07-22 18:00:11.042533-0700 xctest[59729:373990] CouchbaseLite Replicator Info: {Puller#15} activityLevel=busy: pendingResponseCount=0, _caughtUp=1, _pendingRevMessages=371, _activeIncomingRevs=11
2019-07-22 18:00:11.042732-0700 xctest[59729:373964] CouchbaseLite Replicator Verbose: {pusher#16} Reading document 'doc131' #1-c8c16ee37b9d0041b91beafe4587497a8ee75665
2019-07-22 18:00:11.042899-0700 xctest[59729:373989] CouchbaseLite Network Verbose: {Connection#7} Receiving RES #13 Z
2019-07-22 18:00:11.043047-0700 xctest[59729:374004] CouchbaseLite Network Verbose: {BLIPIO#13} Sending frame: REQ #33 ---C, bytes 0--16
2019-07-22 18:00:11.043234-0700 xctest[59729:373964] CouchbaseLite Replicator Verbose: {pusher#16} Transmitting 'rev' message with 'doc131' #1-c8c16ee37b9d0041b91beafe4587497a8ee75665
2019-07-22 18:00:11.043360-0700 xctest[59729:373968] CouchbaseLite Network Debug: {LoopbackWS#12} RECEIVED: 080100d8 a064d9
2019-07-22 18:00:11.043605-0700 xctest[59729:374005] CouchbaseLite Database Verbose: {DB#55} Saved 'doc127' rev #1-c8c16ee37b9d0041b91beafe4587497a8ee75665 as seq 20
2019-07-22 18:00:11.043747-0700 xctest[59729:373989] CouchbaseLite Network Verbose: {Connection#7} Finished receiving RES #13 Z
2019-07-22 18:00:11.043933-0700 xctest[59729:374007] CouchbaseLite Replicator Info: {Repl#8} activityLevel=busy: connectionState=2
2019-07-22 18:00:11.044065-0700 xctest[59729:374007] CouchbaseLite Replicator Info: {Repl#8} pushStatus=stopped, pullStatus=busy, progress=1966/56992
2019-07-22 18:00:11.044196-0700 xctest[59729:373964] CouchbaseLite Replicator Info: {pusher#16} activityLevel=busy: pendingResponseCount=27, caughtUp=1, changeLists=0, revsInFlight=10, blobsInFlight=12, awaitingReply=3896, revsToSend=369, pushingDocs=396, pendingSequences=0
2019-07-22 18:00:11.044315-0700 xctest[59729:373968] CouchbaseLite Network Debug: {LoopbackWS#12} SEND: 2108c216 66c6e437 d28c0767 230d0070 3391f2
2019-07-22 18:00:11.044462-0700 xctest[59729:374005] CouchbaseLite Replicator Verbose: {Inserter#54} {'doc127' #1-c8c16ee37b9d0041b91beafe4587497a8ee75665 <- } seq 20
2019-07-22 18:00:11.044617-0700 xctest[59729:373989] CouchbaseLite Network Verbose: {BLIPIO#14} Received frame: RES #14 ---C, length 15
2019-07-22 18:00:11.044885-0700 xctest[59729:374004] CouchbaseLite Network Verbose: {BLIPIO#13} Finished sending REQ #33 Z
2019-07-22 18:00:11.045092-0700 xctest[59729:373990] CouchbaseLite Replicator Verbose: {IncomingBlob#40} Opened writer [1 open; max 1]
2019-07-22 18:00:11.045262-0700 xctest[59729:373964] CouchbaseLite Replicator Verbose: {pusher#16} Completed rev doc119 #1-c8c16ee37b9d0041b91beafe4587497a8ee75665 (seq #19)
2019-07-22 18:00:11.045416-0700 xctest[59729:374007] CouchbaseLite Network Debug: {LoopbackWS#11} RECEIVED: 2108c216 66c6e437 d28c0767 230d0070 3391f2
2019-07-22 18:00:11.045551-0700 xctest[59729:373968] CouchbaseLite Replicator Info: {Puller#15} activityLevel=busy: pendingResponseCount=0, _caughtUp=1, _pendingRevMessages=371, _activeIncomingRevs=10
