2019-07-22 18:00:11.538762-0700 xctest[59729:373987] CouchbaseLite Network Verbose: {BLIPIO#13} ...Wrote 18 bytes to WebSocket (writeable=1)
2019-07-22 18:00:11.538859-0700 xctest[59729:373964] CouchbaseLite Replicator Verbose: {pusher#16} Transmitting 'rev' message with 'doc195' #1-c8c16ee37b9d0041b91beafe4587497a8ee75665
2019-07-22 18:00:11.538951-0700 xctest[59729:374004] CouchbaseLite Network Debug: {LoopbackWS#11} SEND: 570100d9 6c5222
2019-07-22 18:00:11.539052-0700 xctest[59729:374003] CouchbaseLite Network Verbose: {BLIPIO#14} Sending RES #88
2019-07-22 18:00:11.539137-0700 xctest[59729:373987] CouchbaseLite Network Verbose: {BLIPIO#13} Received frame: RES #85 ----, length 5
2019-07-22 18:00:11.539249-0700 xctest[59729:373964] CouchbaseLite Replicator Info: {pusher#16} activityLevel=busy: pendingResponseCount=20, caughtUp=1, changeLists=0, revsInFlight=10, blobsInFlight=0, awaitingReply=2300, revsToSend=305, pushingDocs=325, pendingSequences=0
2019-07-22 18:00:11.539369-0700 xctest[59729:373989] CouchbaseLite Network Debug: {LoopbackWS#12} RECEIVED: 570100d9 6c5222
2019-07-22 18:00:11.539480-0700 xctest[59729:374004] CouchbaseLite Network Debug: {LoopbackWS#11} RECEIVED: 6008c2ea 4bf2db3e 9683b3ed 03000dc4 8218
2019-07-22 18:00:11.539580-0700 xctest[59729:374003] CouchbaseLite Network Verbose: {BLIPIO#14} Sending frame: RES #88 ----, bytes 0--4
2019-07-22 18:00:11.539712-0700 xctest[59729:373987] CouchbaseLite Network Verbose: {Connection#9} Receiving RES #85
2019-07-22 18:00:11.539812-0700 xctest[59729:373964] CouchbaseLite Replicator Debug: {pusher#16} Transmitted 'rev' doc186 #1-c8c16ee37b9d0041b91beafe4587497a8ee75665 (seq #86)
2019-07-22 18:00:11.539940-0700 xctest[59729:374003] CouchbaseLite Network Verbose: {BLIPIO#14} Finished sending RES #88
2019-07-22 18:00:11.540034-0700 xctest[59729:374003] CouchbaseLite Network Verbose: {BLIPIO#14} ...Wrote 7 bytes to WebSocket (writeable=1)
2019-07-22 18:00:11.540125-0700 xctest[59729:373987] CouchbaseLite Network Verbose: {Connection#9} Finished receiving RES #85
2019-07-22 18:00:11.540227-0700 xctest[59729:373964] CouchbaseLite Replicator Verbose: {pusher#16} Sending rev doc196 1-c8c16ee37b9d0041b91beafe4587497a8ee75665 (seq #96) [10/10]
2019-07-22 18:00:11.540331-0700 xctest[59729:374004] CouchbaseLite Network Debug: {LoopbackWS#11} SEND: 58010007 bbc23b
2019-07-22 18:00:11.540440-0700 xctest[59729:374003] CouchbaseLite Network Verbose: {BLIPIO#14} Sending RES #89
2019-07-22 18:00:11.540547-0700 xctest[59729:373987] CouchbaseLite Network Verbose: {BLIPIO#13} Received frame: RES #86 ----, length 5
2019-07-22 18:00:11.540643-0700 xctest[59729:373964] CouchbaseLite Replicator Verbose: {pusher#16} Reading document 'doc196' #1-c8c16ee37b9d0041b91beafe4587497a8ee75665
2019-07-22 18:00:11.540760-0700 xctest[59729:373989] CouchbaseLite Network Debug: {LoopbackWS#12} RECEIVED: 58010007 bbc23b
2019-07-22 18:00:11.540883-0700 xctest[59729:374003] CouchbaseLite Network Verbose: {BLIPIO#14} Sending frame: RES #89 ----, bytes 0--4
2019-07-22 18:00:11.540985-0700 xctest[59729:373987] CouchbaseLite Network Verbose: {Connection#9} Receiving RES #86
2019-07-22 18:00:11.541104-0700 xctest[59729:373964] CouchbaseLite Replicator Verbose: {pusher#16} Transmitting 'rev' message with 'doc196' #1-c8c16ee37b9d0041b91beafe4587497a8ee75665
2019-07-22 18:00:11.541230-0700 xctest[59729:374003] CouchbaseLite Network Verbose: {BLIPIO#14} Finished sending RES #89
2019-07-22 18:00:11.541348-0700 xctest[59729:374003] CouchbaseLite Network Verbose: {BLIPIO#14} ...Wrote 7 bytes to WebSocket (writeable=1)
2019-07-22 18:00:11.541440-0700 xctest[59729:373987] CouchbaseLite Network Verbose: {Connection#9} Finished receiving RES #86
2019-07-22 18:00:11.541562-0700 xctest[59729:373964] CouchbaseLite Replicator Info: {pusher#16} activityLevel=busy: pendingResponseCount=21, caughtUp=1, changeLists=0, revsInFlight=10, blobsInFlight=0, awaitingReply=2530, revsToSend=304, pushingDocs=325, pendingSequences=0
2019-07-22 18:00:11.541661-0700 xctest[59729:373989] CouchbaseLite Network Debug: {LoopbackWS#11} SEND: 59010063 0ebd6b
2019-07-22 18:00:11.541746-0700 xctest[59729:374003] CouchbaseLite Network Verbose: {BLIPIO#14} Received frame: REQ #93 ---C, length 17
2019-07-22 18:00:11.541853-0700 xctest[59729:373987] CouchbaseLite Network Verbose: {BLIPIO#13} Sending 'rev' REQ #97 Z
2019-07-22 18:00:11.541976-0700 xctest[59729:373964] CouchbaseLite Replicator Debug: {pusher#16} Transmitted 'rev' doc187 #1-c8c16ee37b9d0041b91beafe4587497a8ee75665 (seq #87)
2019-07-22 18:00:11.542066-0700 xctest[59729:373964] CouchbaseLite Replicator Verbose: {pusher#16} Sending rev doc197 1-c8c16ee37b9d0041b91beafe4587497a8ee75665 (seq #97) [10/10]
2019-07-22 18:00:11.542177-0700 xctest[59729:374003] CouchbaseLite Network Verbose: {Connection#7} Receiving 'rev' REQ #93 Z
2019-07-22 18:00:11.542275-0700 xctest[59729:373987] CouchbaseLite Network Verbose: {BLIPIO#13} Sending frame: REQ #97 ---C, bytes 0--15
2019-07-22 18:00:11.542365-0700 xctest[59729:374004] CouchbaseLite Network Debug: {LoopbackWS#12} RECEIVED: 59010063 0ebd6b
2019-07-22 18:00:11.542463-0700 xctest[59729:373964] CouchbaseLite Replicator Verbose: {pusher#16} Reading document 'doc197' #1-c8c16ee37b9d0041b91beafe4587497a8ee75665
2019-07-22 18:00:11.542547-0700 xctest[59729:374003] CouchbaseLite Network Verbose: {Connection#7} Finished receiving 'rev' REQ #93 Z
2019-07-22 18:00:11.542656-0700 xctest[59729:373987] CouchbaseLite Network Verbose: {BLIPIO#13} Finished sending REQ #97 Z
2019-07-22 18:00:11.542770-0700 xctest[59729:374004] CouchbaseLite Network Debug: {LoopbackWS#12} SEND: 6108c2ea 4bf2db3e 9683b3ed 03009250 9328
2019-07-22 18:00:11.542858-0700 xctest[59729:374003] CouchbaseLite Network Verbose: {BLIPIO#14} Received frame: REQ #94 ---C, length 16
2019-07-22 18:00:11.542974-0700 xctest[59729:373989] CouchbaseLite Replicator Info: {Puller#15} activityLevel=busy: pendingResponseCount=0, _caughtUp=1, _pendingRevMessages=310, _activeIncomingRevs=1
2019-07-22 18:00:11.543084-0700 xctest[59729:373964] CouchbaseLite Replicator Verbose: {pusher#16} Transmitting 'rev' message with 'doc197' #1-c8c16ee37b9d0041b91beafe4587497a8ee75665
2019-07-22 18:00:11.543179-0700 xctest[59729:374007] CouchbaseLite Replicator Verbose: {IncomingRev#34} Received revision 'doc190' #1-c8c16ee37b9d0041b91beafe4587497a8ee75665 (seq '90')
2019-07-22 18:00:11.543289-0700 xctest[59729:373987] CouchbaseLite Network Verbose: {BLIPIO#13} ...Wrote 18 bytes to WebSocket (writeable=1)
2019-07-22 18:00:11.543414-0700 xctest[59729:373968] CouchbaseLite Network Debug: {LoopbackWS#11} RECEIVED: 6108c2ea 4bf2db3e 9683b3ed 03009250 9328
2019-07-22 18:00:11.543547-0700 xctest[59729:374003] CouchbaseLite Network Verbose: {Connection#7} Receiving 'rev' REQ #94 Z
2019-07-22 18:00:11.543668-0700 xctest[59729:373964] CouchbaseLite Replicator Info: {pusher#16} activityLevel=busy: pendingResponseCount=22, caughtUp=1, changeLists=0, revsInFlight=10, blobsInFlight=0, awaitingReply=2760, revsToSend=303, pushingDocs=325, pendingSequences=0
2019-07-22 18:00:11.543795-0700 xctest[59729:373987] CouchbaseLite Network Verbose: {BLIPIO#13} Sending 'rev' REQ #98 Z
2019-07-22 18:00:11.543890-0700 xctest[59729:374003] CouchbaseLite Network Verbose: {Connection#7} Finished receiving 'rev' REQ #94 Z
2019-07-22 18:00:11.544020-0700 xctest[59729:373968] CouchbaseLite Replicator Info: {Puller#15} activityLevel=busy: pendingResponseCount=0, _caughtUp=1, _pendingRevMessages=310, _activeIncomingRevs=1
2019-07-22 18:00:11.544129-0700 xctest[59729:373964] CouchbaseLite Replicator Debug: {pusher#16} Transmitted 'rev' doc188 #1-c8c16ee37b9d0041b91beafe4587497a8ee75665 (seq #88)
2019-07-22 18:00:11.544258-0700 xctest[59729:373987] CouchbaseLite Network Verbose: {BLIPIO#13} Sending frame: REQ #98 ---C, bytes 0--15
2019-07-22 18:00:11.544377-0700 xctest[59729:374003] CouchbaseLite Network Verbose: {BLIPIO#14} Received frame: REQ #95 ---C, length 16
2019-07-22 18:00:11.544491-0700 xctest[59729:373968] CouchbaseLite Replicator Info: {Puller#15} activityLevel=busy: pendingResponseCount=0, _caughtUp=1, _pendingRevMessages=309, _activeIncomingRevs=2
2019-07-22 18:00:11.544609-0700 xctest[59729:374007] CouchbaseLite Replicator Verbose: {IncomingRev#44} Received revision 'doc191' #1-c8c16ee37b9d0041b91beafe4587497a8ee75665 (seq '91')
2019-07-22 18:00:11.544714-0700 xctest[59729:373964] CouchbaseLite Replicator Verbose: {pusher#16} Sending rev doc198 1-c8c16ee37b9d0041b91beafe4587497a8ee75665 (seq #98) [10/10]
2019-07-22 18:00:11.544809-0700 xctest[59729:373987] CouchbaseLite Network Verbose: {BLIPIO#13} Finished sending REQ #98 Z
2019-07-22 18:00:11.544920-0700 xctest[59729:373989] CouchbaseLite Network Debug: {LoopbackWS#12} SEND: 6208c2ea 4bf2db3e 9683b3ed 0300ab51 aca2
2019-07-22 18:00:11.545031-0700 xctest[59729:374003] CouchbaseLite Network Verbose: {Connection#7} Receiving 'rev' REQ #95 Z
2019-07-22 18:00:11.545158-0700 xctest[59729:373964] CouchbaseLite Replicator Verbose: {pusher#16} Reading document 'doc198' #1-c8c16ee37b9d0041b91beafe4587497a8ee75665
2019-07-22 18:00:11.545250-0700 xctest[59729:373987] CouchbaseLite Network Verbose: {BLIPIO#13} ...Wrote 18 bytes to WebSocket (writeable=1)
2019-07-22 18:00:11.545366-0700 xctest[59729:373968] CouchbaseLite Network Debug: {LoopbackWS#11} RECEIVED: 6208c2ea 4bf2db3e 9683b3ed 0300ab51 aca2
2019-07-22 18:00:11.545480-0700 xctest[59729:373989] CouchbaseLite Replicator Info: {Puller#15} activityLevel=busy: pendingResponseCount=0, _caughtUp=1, _pendingRevMessages=309, _activeIncomingRevs=2
2019-07-22 18:00:11.545604-0700 xctest[59729:374003] CouchbaseLite Network Verbose: {Connection#7} Finished receiving 'rev' REQ #95 Z
2019-07-22 18:00:11.545773-0700 xctest[59729:373987] CouchbaseLite Network Verbose: {BLIPIO#13} Received frame: RES #87 ----, length 5
2019-07-22 18:00:11.545866-0700 xctest[59729:373964] CouchbaseLite Replicator Verbose: {pusher#16} Transmitting 'rev' message with 'doc198' #1-c8c16ee37b9d0041b91beafe4587497a8ee75665
2019-07-22 18:00:11.545954-0700 xctest[59729:374003] CouchbaseLite Network Verbose: {BLIPIO#14} Received frame: REQ #96 ---C, length 16
2019-07-22 18:00:11.546056-0700 xctest[59729:373989] CouchbaseLite Replicator Info: {Puller#15} activityLevel=busy: pendingResponseCount=0, _caughtUp=1, _pendingRevMessages=308, _activeIncomingRevs=3
2019-07-22 18:00:11.546152-0700 xctest[59729:374007] CouchbaseLite Replicator Verbose: {IncomingRev#46} Received revision 'doc192' #1-c8c16ee37b9d0041b91beafe4587497a8ee75665 (seq '92')
2019-07-22 18:00:11.546278-0700 xctest[59729:373987] CouchbaseLite Network Verbose: {Connection#9} Receiving RES #87
2019-07-22 18:00:11.546392-0700 xctest[59729:373964] CouchbaseLite Replicator Info: {pusher#16} activityLevel=busy: pendingResponseCount=23, caughtUp=1, changeLists=0, revsInFlight=10, blobsInFlight=0, awaitingReply=2990, revsToSend=302, pushingDocs=325, pendingSequences=0
2019-07-22 18:00:11.546485-0700 xctest[59729:374003] CouchbaseLite Network Verbose: {Connection#7} Receiving 'rev' REQ #96 Z
2019-07-22 18:00:11.546590-0700 xctest[59729:373987] CouchbaseLite Network Verbose: {Connection#9} Finished receiving RES #87
2019-07-22 18:00:11.546703-0700 xctest[59729:373964] CouchbaseLite Replicator Debug: {pusher#16} Transmitted 'rev' doc189 #1-c8c16ee37b9d0041b91beafe4587497a8ee75665 (seq #89)
2019-07-22 18:00:11.546800-0700 xctest[59729:374003] CouchbaseLite Network Verbose: {Connection#7} Finished receiving 'rev' REQ #96 Z
2019-07-22 18:00:11.546928-0700 xctest[59729:373989] CouchbaseLite Replicator Info: {Puller#15} activityLevel=busy: pendingResponseCount=0, _caughtUp=1, _pendingRevMessages=308, _activeIncomingRevs=3
2019-07-22 18:00:11.547019-0700 xctest[59729:373987] CouchbaseLite Network Verbose: {BLIPIO#13} Received frame: RES #88 ----, length 5
2019-07-22 18:00:11.547129-0700 xctest[59729:373964] CouchbaseLite Replicator Verbose: {pusher#16} Sending rev doc199 1-c8c16ee37b9d0041b91beafe4587497a8ee75665 (seq #99) [10/10]
2019-07-22 18:00:11.547226-0700 xctest[59729:374003] CouchbaseLite Network Verbose: {BLIPIO#14} Sending RES #90
2019-07-22 18:00:11.547310-0700 xctest[59729:373989] CouchbaseLite Replicator Info: {Puller#15} activityLevel=busy: pendingResponseCount=0, _caughtUp=1, _pendingRevMessages=307, _activeIncomingRevs=4
2019-07-22 18:00:11.547404-0700 xctest[59729:374007] CouchbaseLite Replicator Verbose: {IncomingRev#48} Received revision 'doc193' #1-c8c16ee37b9d0041b91beafe4587497a8ee75665 (seq '93')
2019-07-22 18:00:11.547509-0700 xctest[59729:373987] CouchbaseLite Network Verbose: {Connection#9} Receiving RES #88
2019-07-22 18:00:11.547594-0700 xctest[59729:373964] CouchbaseLite Replicator Verbose: {pusher#16} Reading document 'doc199' #1-c8c16ee37b9d0041b91beafe4587497a8ee75665
2019-07-22 18:00:11.547698-0700 xctest[59729:374003] CouchbaseLite Network Verbose: {BLIPIO#14} Sending frame: RES #90 ----, bytes 0--4
2019-07-22 18:00:11.547778-0700 xctest[59729:373987] CouchbaseLite Network Verbose: {Connection#9} Finished receiving RES #88
2019-07-22 18:00:11.547910-0700 xctest[59729:374003] CouchbaseLite Network Verbose: {BLIPIO#14} Finished sending RES #90
2019-07-22 18:00:11.548004-0700 xctest[59729:374003] CouchbaseLite Network Verbose: {BLIPIO#14} ...Wrote 7 bytes to WebSocket (writeable=1)
2019-07-22 18:00:11.548093-0700 xctest[59729:373968] CouchbaseLite Replicator Info: {Puller#15} activityLevel=busy: pendingResponseCount=0, _caughtUp=1, _pendingRevMessages=307, _activeIncomingRevs=4
2019-07-22 18:00:11.548207-0700 xctest[59729:373964] CouchbaseLite Replicator Verbose: {pusher#16} Transmitting 'rev' message with 'doc199' #1-c8c16ee37b9d0041b91beafe4587497a8ee75665
2019-07-22 18:00:11.548310-0700 xctest[59729:373987] CouchbaseLite Network Verbose: {BLIPIO#13} Received frame: RES #89 ----, length 5
2019-07-22 18:00:11.548394-0700 xctest[59729:373989] CouchbaseLite Network Debug: {LoopbackWS#11} SEND: 5a010008 0159e0
2019-07-22 18:00:11.548499-0700 xctest[59729:374003] CouchbaseLite Network Verbose: {BLIPIO#14} Sending RES #91
2019-07-22 18:00:11.548640-0700 xctest[59729:373964] CouchbaseLite Replicator Info: {pusher#16} activityLevel=busy: pendingResponseCount=24, caughtUp=1, changeLists=0, revsInFlight=10, blobsInFlight=0, awaitingReply=3220, revsToSend=301, pushingDocs=325, pendingSequences=0
2019-07-22 18:00:11.548730-0700 xctest[59729:373987] CouchbaseLite Network Verbose: {Connection#9} Receiving RES #89
2019-07-22 18:00:11.548824-0700 xctest[59729:373968] CouchbaseLite Network Debug: {LoopbackWS#12} RECEIVED: 5a010008 0159e0
2019-07-22 18:00:11.548929-0700 xctest[59729:374003] CouchbaseLite Network Verbose: {BLIPIO#14} Sending frame: RES #91 ----, bytes 0--4
2019-07-22 18:00:11.549027-0700 xctest[59729:373964] CouchbaseLite Replicator Debug: {pusher#16} Transmitted 'rev' doc190 #1-c8c16ee37b9d0041b91beafe4587497a8ee75665 (seq #90)
2019-07-22 18:00:11.549139-0700 xctest[59729:373987] CouchbaseLite Network Verbose: {Connection#9} Finished receiving RES #89
2019-07-22 18:00:11.549221-0700 xctest[59729:374003] CouchbaseLite Network Verbose: {BLIPIO#14} Finished sending RES #91
2019-07-22 18:00:11.549311-0700 xctest[59729:374003] CouchbaseLite Network Verbose: {BLIPIO#14} ...Wrote 7 bytes to WebSocket (writeable=1)
2019-07-22 18:00:11.549395-0700 xctest[59729:373964] CouchbaseLite Replicator Verbose: {pusher#16} Sending rev doc1100 1-c8c16ee37b9d0041b91beafe4587497a8ee75665 (seq #100) [10/10]
2019-07-22 18:00:11.549504-0700 xctest[59729:373987] CouchbaseLite Network Verbose: {BLIPIO#13} Sending 'rev' REQ #99 Z
2019-07-22 18:00:11.549608-0700 xctest[59729:373968] CouchbaseLite Network Debug: {LoopbackWS#11} SEND: 5b010072 000cac
2019-07-22 18:00:11.549692-0700 xctest[59729:374003] CouchbaseLite Network Verbose: {BLIPIO#14} Sending RES #92
2019-07-22 18:00:11.549774-0700 xctest[59729:373964] CouchbaseLite Replicator Verbose: {pusher#16} Reading document 'doc1100' #1-c8c16ee37b9d0041b91beafe4587497a8ee75665
2019-07-22 18:00:11.549889-0700 xctest[59729:373987] CouchbaseLite Network Verbose: {BLIPIO#13} Sending frame: REQ #99 ---C, bytes 0--15
2019-07-22 18:00:11.549980-0700 xctest[59729:373989] CouchbaseLite Network Debug: {LoopbackWS#12} RECEIVED: 5b010072 000cac
2019-07-22 18:00:11.550082-0700 xctest[59729:374003] CouchbaseLite Network Verbose: {BLIPIO#14} Sending frame: RES #92 ----, bytes 0--4
2019-07-22 18:00:11.550174-0700 xctest[59729:373987] CouchbaseLite Network Verbose: {BLIPIO#13} Finished sending REQ #99 Z
2019-07-22 18:00:11.550283-0700 xctest[59729:373964] CouchbaseLite Replicator Verbose: {pusher#16} Transmitting 'rev' message with 'doc1100' #1-c8c16ee37b9d0041b91beafe4587497a8ee75665
2019-07-22 18:00:11.550376-0700 xctest[59729:373989] CouchbaseLite Network Debug: {LoopbackWS#12} SEND: 6308c2ea 4bf2db3e 9683b3ed 0300a042 ae73
2019-07-22 18:00:11.550461-0700 xctest[59729:374003] CouchbaseLite Network Verbose: {BLIPIO#14} Finished sending RES #92
2019-07-22 18:00:11.550579-0700 xctest[59729:374003] CouchbaseLite Network Verbose: {BLIPIO#14} ...Wrote 7 bytes to WebSocket (writeable=1)
2019-07-22 18:00:11.550665-0700 xctest[59729:373987] CouchbaseLite Network Verbose: {BLIPIO#13} ...Wrote 18 bytes to WebSocket (writeable=1)
2019-07-22 18:00:11.550755-0700 xctest[59729:373964] CouchbaseLite Replicator Info: {pusher#16} activityLevel=busy: pendingResponseCount=25, caughtUp=1, changeLists=0, revsInFlight=10, blobsInFlight=0, awaitingReply=3450, revsToSend=300, pushingDocs=325, pendingSequences=0
2019-07-22 18:00:11.550850-0700 xctest[59729:373968] CouchbaseLite Network Debug: {LoopbackWS#11} SEND: 5c01000d 100042
2019-07-22 18:00:11.550944-0700 xctest[59729:374003] CouchbaseLite Network Verbose: {BLIPIO#14} Received frame: REQ #97 ---C, length 16
2019-07-22 18:00:11.551057-0700 xctest[59729:373987] CouchbaseLite Network Verbose: {BLIPIO#13} Sending 'rev' REQ #100 Z
2019-07-22 18:00:11.551146-0700 xctest[59729:373964] CouchbaseLite Replicator Verbose: {pusher#16} Completed rev doc176 #1-c8c16ee37b9d0041b91beafe4587497a8ee75665 (seq #76)
2019-07-22 18:00:11.551242-0700 xctest[59729:373989] CouchbaseLite Network Debug: {LoopbackWS#12} RECEIVED: 5c01000d 100042
2019-07-22 18:00:11.551329-0700 xctest[59729:373968] CouchbaseLite Network Debug: {LoopbackWS#11} RECEIVED: 6308c2ea 4bf2db3e 9683b3ed 0300a042 ae73
2019-07-22 18:00:11.551415-0700 xctest[59729:374003] CouchbaseLite Network Verbose: {Connection#7} Receiving 'rev' REQ #97 Z
2019-07-22 18:00:11.551515-0700 xctest[59729:373987] CouchbaseLite Network Verbose: {BLIPIO#13} Sending frame: REQ #100 ---C, bytes 0--15
2019-07-22 18:00:11.551631-0700 xctest[59729:373964] CouchbaseLite Replicator Debug: {pusher#16} Done pushing 'doc176' 1-c8c16ee37b9d0041b91beafe4587497a8ee75665
2019-07-22 18:00:11.551717-0700 xctest[59729:374003] CouchbaseLite Network Verbose: {Connection#7} Finished receiving 'rev' REQ #97 Z
2019-07-22 18:00:11.551806-0700 xctest[59729:373987] CouchbaseLite Network Verbose: {BLIPIO#13} Finished sending REQ #100 Z
2019-07-22 18:00:11.551905-0700 xctest[59729:373968] CouchbaseLite Network Debug: {LoopbackWS#12} SEND: 6408c2ea 4bf2db3e 9683b3ed 0300d468 bcf9
2019-07-22 18:00:11.552004-0700 xctest[59729:373964] CouchbaseLite Replicator Verbose: {pusher#16} progress +0/+0, 1 docs -- now 0 / 56800, 76 docs
2019-07-22 18:00:11.552094-0700 xctest[59729:373964] CouchbaseLite Replicator Info: {pusher#16} activityLevel=busy: pendingResponseCount=24, caughtUp=1, changeLists=0, revsInFlight=10, blobsInFlight=0, awaitingReply=3220, revsToSend=300, pushingDocs=324, pendingSequences=0
2019-07-22 18:00:11.552199-0700 xctest[59729:373989] CouchbaseLite Replicator Info: {Puller#15} activityLevel=busy: pendingResponseCount=0, _caughtUp=1, _pendingRevMessages=306, _activeIncomingRevs=5
2019-07-22 18:00:11.552297-0700 xctest[59729:374007] CouchbaseLite Replicator Verbose: {IncomingRev#38} Received revision 'doc194' #1-c8c16ee37b9d0041b91beafe4587497a8ee75665 (seq '94')
2019-07-22 18:00:11.552389-0700 xctest[59729:373987] CouchbaseLite Network Verbose: {BLIPIO#13} ...Wrote 18 bytes to WebSocket (writeable=1)
2019-07-22 18:00:11.552497-0700 xctest[59729:374004] CouchbaseLite Network Debug: {LoopbackWS#11} RECEIVED: 6408c2ea 4bf2db3e 9683b3ed 0300d468 bcf9
2019-07-22 18:00:11.552637-0700 xctest[59729:374003] CouchbaseLite Network Verbose: {BLIPIO#14} Received frame: REQ #98 ---C, length 16
2019-07-22 18:00:11.552752-0700 xctest[59729:373968] CouchbaseLite Replicator Info: {repl#10} pushStatus=busy, pullStatus=busy, progress=0/56800
2019-07-22 18:00:11.552834-0700 xctest[59729:373968] CouchbaseLite Replicator Verbose: {repl#10} progress +0/+0, 1 docs -- now 0 / 56800, 76 docs
2019-07-22 18:00:11.552924-0700 xctest[59729:373987] CouchbaseLite Network Verbose: {BLIPIO#13} Sending 'rev' REQ #101 Z
2019-07-22 18:00:11.553039-0700 xctest[59729:374003] CouchbaseLite Network Verbose: {Connection#7} Receiving 'rev' REQ #98 Z
2019-07-22 18:00:11.553127-0700 xctest[59729:373964] CouchbaseLite Replicator Verbose: {pusher#16} Completed rev doc177 #1-c8c16ee37b9d0041b91beafe4587497a8ee75665 (seq #77)
2019-07-22 18:00:11.553236-0700 xctest[59729:374004] CouchbaseLite Replicator Info: {Puller#15} activityLevel=busy: pendingResponseCount=0, _caughtUp=1, _pendingRevMessages=306, _activeIncomingRevs=5
2019-07-22 18:00:11.553320-0700 xctest[59729:373968] CouchbaseLite Replicator Info: {repl#10} activityLevel=busy: connectionState=2
2019-07-22 18:00:11.553407-0700 xctest[59729:373968] CouchbaseLite Replicator Info: {repl#10} pushStatus=busy, pullStatus=busy, progress=0/56800
2019-07-22 18:00:11.553492-0700 xctest[59729:374003] CouchbaseLite Network Verbose: {Connection#7} Finished receiving 'rev' REQ #98 Z
2019-07-22 18:00:11.553587-0700 xctest[59729:373964] CouchbaseLite Replicator Debug: {pusher#16} Done pushing 'doc177' 1-c8c16ee37b9d0041b91beafe4587497a8ee75665
2019-07-22 18:00:11.553697-0700 xctest[59729:373987] CouchbaseLite Network Verbose: {BLIPIO#13} Sending frame: REQ #101 ---C, bytes 0--15
2019-07-22 18:00:11.553794-0700 xctest[59729:374003] CouchbaseLite Network Verbose: {BLIPIO#14} Received frame: REQ #99 ---C, length 16
2019-07-22 18:00:11.553888-0700 xctest[59729:373968] CouchbaseLite Replicator Info: {Puller#15} activityLevel=busy: pendingResponseCount=0, _caughtUp=1, _pendingRevMessages=305, _activeIncomingRevs=6
2019-07-22 18:00:11.554009-0700 xctest[59729:374007] CouchbaseLite Replicator Verbose: {IncomingRev#18} Received revision 'doc195' #1-c8c16ee37b9d0041b91beafe4587497a8ee75665 (seq '95')
2019-07-22 18:00:11.554094-0700 xctest[59729:373964] CouchbaseLite Replicator Verbose: {pusher#16} progress +0/+0, 1 docs -- now 0 / 56800, 77 docs
2019-07-22 18:00:11.554187-0700 xctest[59729:373964] CouchbaseLite Replicator Info: {pusher#16} activityLevel=busy: pendingResponseCount=23, caughtUp=1, changeLists=0, revsInFlight=10, blobsInFlight=0, awaitingReply=2990, revsToSend=300, pushingDocs=323, pendingSequences=0
2019-07-22 18:00:11.554283-0700 xctest[59729:374004] CouchbaseLite Network Debug: {LoopbackWS#12} SEND: 6508c2ea 4bf2db3e 9683b3ed 0300bf5a 3592
2019-07-22 18:00:11.554386-0700 xctest[59729:374003] CouchbaseLite Network Verbose: {Connection#7} Receiving 'rev' REQ #99 Z
2019-07-22 18:00:11.554476-0700 xctest[59729:373987] CouchbaseLite Network Verbose: {BLIPIO#13} Finished sending REQ #101 Z
2019-07-22 18:00:11.554578-0700 xctest[59729:373964] CouchbaseLite Replicator Debug: {pusher#16} Transmitted 'rev' doc191 #1-c8c16ee37b9d0041b91beafe4587497a8ee75665 (seq #91)
2019-07-22 18:00:11.554659-0700 xctest[59729:373968] CouchbaseLite Replicator Info: {repl#10} pushStatus=busy, pullStatus=busy, progress=0/56800
2019-07-22 18:00:11.554739-0700 xctest[59729:373968] CouchbaseLite Replicator Verbose: {repl#10} progress +0/+0, 1 docs -- now 0 / 56800, 77 docs
2019-07-22 18:00:11.554804-0700 xctest[59729:373968] CouchbaseLite Replicator Info: {repl#10} activityLevel=busy: connectionState=2
2019-07-22 18:00:11.554881-0700 xctest[59729:373968] CouchbaseLite Replicator Info: {repl#10} pushStatus=busy, pullStatus=busy, progress=0/56800
2019-07-22 18:00:11.554976-0700 xctest[59729:373987] CouchbaseLite Network Verbose: {BLIPIO#13} ...Wrote 18 bytes to WebSocket (writeable=1)
2019-07-22 18:00:11.555063-0700 xctest[59729:373964] CouchbaseLite Replicator Verbose: {pusher#16} Sending rev doc1101 1-c8c16ee37b9d0041b91beafe4587497a8ee75665 (seq #101) [10/10]
2019-07-22 18:00:11.555169-0700 xctest[59729:373989] CouchbaseLite Network Debug: {LoopbackWS#11} RECEIVED: 6508c2ea 4bf2db3e 9683b3ed 0300bf5a 3592
2019-07-22 18:00:11.555268-0700 xctest[59729:374003] CouchbaseLite Network Verbose: {Connection#7} Finished receiving 'rev' REQ #99 Z
2019-07-22 18:00:11.555376-0700 xctest[59729:374004] CouchbaseLite Replicator Info: {Puller#15} activityLevel=busy: pendingResponseCount=0, _caughtUp=1, _pendingRevMessages=305, _activeIncomingRevs=6
2019-07-22 18:00:11.555471-0700 xctest[59729:373987] CouchbaseLite Network Verbose: {BLIPIO#13} Sending 'rev' REQ #102 Z
2019-07-22 18:00:11.555576-0700 xctest[59729:373964] CouchbaseLite Replicator Verbose: {pusher#16} Reading document 'doc1101' #1-c8c16ee37b9d0041b91beafe4587497a8ee75665
2019-07-22 18:00:11.555688-0700 xctest[59729:374003] CouchbaseLite Network Verbose: {BLIPIO#14} Received frame: REQ #100 ---C, length 16
2019-07-22 18:00:11.555799-0700 xctest[59729:374004] CouchbaseLite Replicator Info: {Puller#15} activityLevel=busy: pendingResponseCount=0, _caughtUp=1, _pendingRevMessages=304, _activeIncomingRevs=7
2019-07-22 18:00:11.555902-0700 xctest[59729:373989] CouchbaseLite Replicator Verbose: {IncomingRev#20} Received revision 'doc196' #1-c8c16ee37b9d0041b91beafe4587497a8ee75665 (seq '96')
2019-07-22 18:00:11.556026-0700 xctest[59729:373987] CouchbaseLite Network Verbose: {BLIPIO#13} Sending frame: REQ #102 ---C, bytes 0--15
2019-07-22 18:00:11.556163-0700 xctest[59729:374003] CouchbaseLite Network Verbose: {Connection#7} Receiving 'rev' REQ #100 Z
2019-07-22 18:00:11.556262-0700 xctest[59729:373964] CouchbaseLite Replicator Verbose: {pusher#16} Transmitting 'rev' message with 'doc1101' #1-c8c16ee37b9d0041b91beafe4587497a8ee75665
2019-07-22 18:00:11.556424-0700 xctest[59729:373987] CouchbaseLite Network Verbose: {BLIPIO#13} Finished sending REQ #102 Z
2019-07-22 18:00:11.556533-0700 xctest[59729:374004] CouchbaseLite Network Debug: {LoopbackWS#12} SEND: 6608c2ea 4b0a8e6a 1c9c6d1f 00004407 5bd5
2019-07-22 18:00:11.556637-0700 xctest[59729:374003] CouchbaseLite Network Verbose: {Connection#7} Finished receiving 'rev' REQ #100 Z
2019-07-22 18:00:11.556742-0700 xctest[59729:373968] CouchbaseLite Replicator Info: {Puller#15} activityLevel=busy: pendingResponseCount=0, _caughtUp=1, _pendingRevMessages=304, _activeIncomingRevs=7
2019-07-22 18:00:11.556825-0700 xctest[59729:373964] CouchbaseLite Replicator Info: {pusher#16} activityLevel=busy: pendingResponseCount=24, caughtUp=1, changeLists=0, revsInFlight=10, blobsInFlight=0, awaitingReply=3220, revsToSend=299, pushingDocs=323, pendingSequences=0
2019-07-22 18:00:11.556918-0700 xctest[59729:373987] CouchbaseLite Network Verbose: {BLIPIO#13} ...Wrote 18 bytes to WebSocket (writeable=1)
2019-07-22 18:00:11.557023-0700 xctest[59729:373989] CouchbaseLite Network Debug: {LoopbackWS#11} RECEIVED: 6608c2ea 4b0a8e6a 1c9c6d1f 00004407 5bd5
2019-07-22 18:00:11.557120-0700 xctest[59729:374003] CouchbaseLite Network Verbose: {BLIPIO#14} Received frame: REQ #101 ---C, length 16
2019-07-22 18:00:11.557218-0700 xctest[59729:373968] CouchbaseLite Replicator Info: {Puller#15} activityLevel=busy: pendingResponseCount=0, _caughtUp=1, _pendingRevMessages=303, _activeIncomingRevs=8
2019-07-22 18:00:11.557300-0700 xctest[59729:374004] CouchbaseLite Replicator Verbose: {IncomingRev#42} Received revision 'doc197' #1-c8c16ee37b9d0041b91beafe4587497a8ee75665 (seq '97')
2019-07-22 18:00:11.557410-0700 xctest[59729:373964] CouchbaseLite Replicator Verbose: {pusher#16} Completed rev doc178 #1-c8c16ee37b9d0041b91beafe4587497a8ee75665 (seq #78)
2019-07-22 18:00:11.557513-0700 xctest[59729:373987] CouchbaseLite Network Verbose: {BLIPIO#13} Received frame: RES #90 ----, length 5
2019-07-22 18:00:11.557608-0700 xctest[59729:374003] CouchbaseLite Network Verbose: {Connection#7} Receiving 'rev' REQ #101 Z
2019-07-22 18:00:11.557748-0700 xctest[59729:373964] CouchbaseLite Replicator Debug: {pusher#16} Done pushing 'doc178' 1-c8c16ee37b9d0041b91beafe4587497a8ee75665
2019-07-22 18:00:11.557912-0700 xctest[59729:373987] CouchbaseLite Network Verbose: {Connection#9} Receiving RES #90
2019-07-22 18:00:11.557998-0700 xctest[59729:374003] CouchbaseLite Network Verbose: {Connection#7} Finished receiving 'rev' REQ #101 Z
2019-07-22 18:00:11.558092-0700 xctest[59729:373968] CouchbaseLite Replicator Info: {Puller#15} activityLevel=busy: pendingResponseCount=0, _caughtUp=1, _pendingRevMessages=303, _activeIncomingRevs=8
2019-07-22 18:00:11.558196-0700 xctest[59729:373964] CouchbaseLite Replicator Verbose: {pusher#16} progress +0/+0, 1 docs -- now 0 / 56800, 78 docs
2019-07-22 18:00:11.558295-0700 xctest[59729:373987] CouchbaseLite Network Verbose: {Connection#9} Finished receiving RES #90
2019-07-22 18:00:11.558397-0700 xctest[59729:374003] CouchbaseLite Network Verbose: {BLIPIO#14} Received frame: REQ #102 ---C, length 16
2019-07-22 18:00:11.558481-0700 xctest[59729:373968] CouchbaseLite Replicator Info: {Puller#15} activityLevel=busy: pendingResponseCount=0, _caughtUp=1, _pendingRevMessages=302, _activeIncomingRevs=9
2019-07-22 18:00:11.558574-0700 xctest[59729:374004] CouchbaseLite Replicator Verbose: {IncomingRev#36} Received revision 'doc198' #1-c8c16ee37b9d0041b91beafe4587497a8ee75665 (seq '98')
2019-07-22 18:00:11.558675-0700 xctest[59729:373964] CouchbaseLite Replicator Info: {pusher#16} activityLevel=busy: pendingResponseCount=23, caughtUp=1, changeLists=0, revsInFlight=10, blobsInFlight=0, awaitingReply=2990, revsToSend=299, pushingDocs=322, pendingSequences=0
2019-07-22 18:00:11.558769-0700 xctest[59729:373987] CouchbaseLite Network Verbose: {BLIPIO#13} Received frame: RES #91 ----, length 5
2019-07-22 18:00:11.558868-0700 xctest[59729:374003] CouchbaseLite Network Verbose: {Connection#7} Receiving 'rev' REQ #102 Z
2019-07-22 18:00:11.559009-0700 xctest[59729:373968] CouchbaseLite Replicator Info: {repl#10} pushStatus=busy, pullStatus=busy, progress=0/56800
2019-07-22 18:00:11.559105-0700 xctest[59729:373968] CouchbaseLite Replicator Verbose: {repl#10} progress +0/+0, 1 docs -- now 0 / 56800, 78 docs
2019-07-22 18:00:11.559206-0700 xctest[59729:373987] CouchbaseLite Network Verbose: {Connection#9} Receiving RES #91
2019-07-22 18:00:11.559305-0700 xctest[59729:374003] CouchbaseLite Network Verbose: {Connection#7} Finished receiving 'rev' REQ #102 Z
2019-07-22 18:00:11.559422-0700 xctest[59729:373989] CouchbaseLite Replicator Info: {Puller#15} activityLevel=busy: pendingResponseCount=0, _caughtUp=1, _pendingRevMessages=302, _activeIncomingRevs=9
2019-07-22 18:00:11.559520-0700 xctest[59729:373964] CouchbaseLite Replicator Verbose: {pusher#16} Completed rev doc179 #1-c8c16ee37b9d0041b91beafe4587497a8ee75665 (seq #79)
2019-07-22 18:00:11.559618-0700 xctest[59729:373968] CouchbaseLite Replicator Info: {repl#10} activityLevel=busy: connectionState=2
2019-07-22 18:00:11.559710-0700 xctest[59729:373968] CouchbaseLite Replicator Info: {repl#10} pushStatus=busy, pullStatus=busy, progress=0/56800
2019-07-22 18:00:11.559803-0700 xctest[59729:373989] CouchbaseLite Replicator Info: {Puller#15} activityLevel=busy: pendingResponseCount=0, _caughtUp=1, _pendingRevMessages=301, _activeIncomingRevs=10
2019-07-22 18:00:11.559901-0700 xctest[59729:374004] CouchbaseLite Replicator Verbose: {IncomingRev#50} Received revision 'doc199' #1-c8c16ee37b9d0041b91beafe4587497a8ee75665 (seq '99')
2019-07-22 18:00:11.560012-0700 xctest[59729:373964] CouchbaseLite Replicator Debug: {pusher#16} Done pushing 'doc179' 1-c8c16ee37b9d0041b91beafe4587497a8ee75665
2019-07-22 18:00:11.560106-0700 xctest[59729:373987] CouchbaseLite Network Verbose: {Connection#9} Finished receiving RES #91
2019-07-22 18:00:11.560209-0700 xctest[59729:373964] CouchbaseLite Replicator Verbose: {pusher#16} progress +0/+0, 1 docs -- now 0 / 56800, 79 docs
2019-07-22 18:00:11.560318-0700 xctest[59729:373964] CouchbaseLite Replicator Info: {pusher#16} activityLevel=busy: pendingResponseCount=22, caughtUp=1, changeLists=0, revsInFlight=10, blobsInFlight=0, awaitingReply=2760, revsToSend=299, pushingDocs=321, pendingSequences=0
2019-07-22 18:00:11.560421-0700 xctest[59729:373987] CouchbaseLite Network Verbose: {BLIPIO#13} Received frame: RES #92 ----, length 5
2019-07-22 18:00:11.560517-0700 xctest[59729:373989] CouchbaseLite Replicator Info: {Puller#15} activityLevel=busy: pendingResponseCount=0, _caughtUp=1, _pendingRevMessages=301, _activeIncomingRevs=10
2019-07-22 18:00:11.560607-0700 xctest[59729:373964] CouchbaseLite Replicator Debug: {pusher#16} Transmitted 'rev' doc192 #1-c8c16ee37b9d0041b91beafe4587497a8ee75665 (seq #92)
2019-07-22 18:00:11.560706-0700 xctest[59729:374004] CouchbaseLite Replicator Info: {repl#10} pushStatus=busy, pullStatus=busy, progress=0/56800
2019-07-22 18:00:11.560800-0700 xctest[59729:374004] CouchbaseLite Replicator Verbose: {repl#10} progress +0/+0, 1 docs -- now 0 / 56800, 79 docs
2019-07-22 18:00:11.560892-0700 xctest[59729:373964] CouchbaseLite Replicator Verbose: {pusher#16} Sending rev doc1102 1-c8c16ee37b9d0041b91beafe4587497a8ee75665 (seq #102) [10/10]
2019-07-22 18:00:11.560986-0700 xctest[59729:373987] CouchbaseLite Network Verbose: {Connection#9} Receiving RES #92
2019-07-22 18:00:11.561103-0700 xctest[59729:374004] CouchbaseLite Replicator Info: {repl#10} activityLevel=busy: connectionState=2
2019-07-22 18:00:11.561199-0700 xctest[59729:374004] CouchbaseLite Replicator Info: {repl#10} pushStatus=busy, pullStatus=busy, progress=0/56800
2019-07-22 18:00:11.561331-0700 xctest[59729:373987] CouchbaseLite Network Verbose: {Connection#9} Finished receiving RES #92
2019-07-22 18:00:11.561425-0700 xctest[59729:373964] CouchbaseLite Replicator Verbose: {pusher#16} Reading document 'doc1102' #1-c8c16ee37b9d0041b91beafe4587497a8ee75665
2019-07-22 18:00:11.561534-0700 xctest[59729:373987] CouchbaseLite Network Verbose: {BLIPIO#13} Sending 'rev' REQ #103 Z
2019-07-22 18:00:11.561683-0700 xctest[59729:373987] CouchbaseLite Network Verbose: {BLIPIO#13} Sending frame: REQ #103 ---C, bytes 0--16
2019-07-22 18:00:11.561793-0700 xctest[59729:373964] CouchbaseLite Replicator Verbose: {pusher#16} Transmitting 'rev' message with 'doc1102' #1-c8c16ee37b9d0041b91beafe4587497a8ee75665
2019-07-22 18:00:11.561897-0700 xctest[59729:373987] CouchbaseLite Network Verbose: {BLIPIO#13} Finished sending REQ #103 Z
2019-07-22 18:00:11.561991-0700 xctest[59729:374004] CouchbaseLite Network Debug: {LoopbackWS#12} SEND: 67080ac6 7a562325 87350ece d60f00e0 b9420d
2019-07-22 18:00:11.562105-0700 xctest[59729:373964] CouchbaseLite Replicator Info: {pusher#16} activityLevel=busy: pendingResponseCount=23, caughtUp=1, changeLists=0, revsInFlight=10, blobsInFlight=0, awaitingReply=2990, revsToSend=298, pushingDocs=321, pendingSequences=0
2019-07-22 18:00:11.562198-0700 xctest[59729:373987] CouchbaseLite Network Verbose: {BLIPIO#13} ...Wrote 19 bytes to WebSocket (writeable=1)
2019-07-22 18:00:11.562293-0700 xctest[59729:373989] CouchbaseLite Network Debug: {LoopbackWS#11} RECEIVED: 67080ac6 7a562325 87350ece d60f00e0 b9420d
2019-07-22 18:00:11.562395-0700 xctest[59729:373964] CouchbaseLite Replicator Verbose: {pusher#16} Completed rev doc180 #1-c8c16ee37b9d0041b91beafe4587497a8ee75665 (seq #80)
2019-07-22 18:00:11.562488-0700 xctest[59729:373987] CouchbaseLite Network Verbose: {BLIPIO#13} Sending 'rev' REQ #104 Z
2019-07-22 18:00:11.562571-0700 xctest[59729:374004] CouchbaseLite Network Verbose: {BLIPIO#14} Received frame: REQ #103 ---C, length 17
2019-07-22 18:00:11.562662-0700 xctest[59729:373964] CouchbaseLite Replicator Debug: {pusher#16} Done pushing 'doc180' 1-c8c16ee37b9d0041b91beafe4587497a8ee75665
2019-07-22 18:00:11.562770-0700 xctest[59729:373987] CouchbaseLite Network Verbose: {BLIPIO#13} Sending frame: REQ #104 ---C, bytes 0--16
2019-07-22 18:00:11.562857-0700 xctest[59729:374004] CouchbaseLite Network Verbose: {Connection#7} Receiving 'rev' REQ #103 Z
2019-07-22 18:00:11.562961-0700 xctest[59729:373964] CouchbaseLite Replicator Verbose: {pusher#16} progress +0/+0, 1 docs -- now 0 / 56800, 80 docs
2019-07-22 18:00:11.563052-0700 xctest[59729:373989] CouchbaseLite Network Debug: {LoopbackWS#12} SEND: 6808c2ee 4f0a8e6b 34189ced 1f00005e fc04e6
2019-07-22 18:00:11.563170-0700 xctest[59729:373987] CouchbaseLite Network Verbose: {BLIPIO#13} Finished sending REQ #104 Z
2019-07-22 18:00:11.563270-0700 xctest[59729:374004] CouchbaseLite Network Verbose: {Connection#7} Finished receiving 'rev' REQ #103 Z
2019-07-22 18:00:11.563360-0700 xctest[59729:373964] CouchbaseLite Replicator Info: {pusher#16} activityLevel=busy: pendingResponseCount=22, caughtUp=1, changeLists=0, revsInFlight=10, blobsInFlight=0, awaitingReply=2760, revsToSend=298, pushingDocs=320, pendingSequences=0
2019-07-22 18:00:11.563467-0700 xctest[59729:373968] CouchbaseLite Network Debug: {LoopbackWS#11} RECEIVED: 6808c2ee 4f0a8e6b 34189ced 1f00005e fc04e6
2019-07-22 18:00:11.563566-0700 xctest[59729:373987] CouchbaseLite Network Verbose: {BLIPIO#13} ...Wrote 19 bytes to WebSocket (writeable=1)
2019-07-22 18:00:11.563657-0700 xctest[59729:373989] CouchbaseLite Replicator Info: {Puller#15} activityLevel=busy: pendingResponseCount=0, _caughtUp=1, _pendingRevMessages=300, _activeIncomingRevs=11
2019-07-22 18:00:11.563769-0700 xctest[59729:374004] CouchbaseLite Replicator Verbose: {IncomingRev#51} Received revision 'doc1100' #1-c8c16ee37b9d0041b91beafe4587497a8ee75665 (seq '100')
2019-07-22 18:00:11.563883-0700 xctest[59729:373964] CouchbaseLite Replicator Verbose: {pusher#16} Completed rev doc181 #1-c8c16ee37b9d0041b91beafe4587497a8ee75665 (seq #81)
2019-07-22 18:00:11.563989-0700 xctest[59729:374003] CouchbaseLite Replicator Info: {repl#10} pushStatus=busy, pullStatus=busy, progress=0/56800
2019-07-22 18:00:11.564079-0700 xctest[59729:374003] CouchbaseLite Replicator Verbose: {repl#10} progress +0/+0, 1 docs -- now 0 / 56800, 80 docs
2019-07-22 18:00:11.564184-0700 xctest[59729:373987] CouchbaseLite Network Verbose: {BLIPIO#13} Sending 'rev' REQ #105 Z
2019-07-22 18:00:11.564284-0700 xctest[59729:373968] CouchbaseLite Replicator Verbose: {Inserter#54} Inserting 10 revs:
2019-07-22 18:00:11.564392-0700 xctest[59729:373964] CouchbaseLite Replicator Debug: {pusher#16} Done pushing 'doc181' 1-c8c16ee37b9d0041b91beafe4587497a8ee75665
2019-07-22 18:00:11.564471-0700 xctest[59729:373964] CouchbaseLite Replicator Verbose: {pusher#16} progress +0/+0, 1 docs -- now 0 / 56800, 81 docs
2019-07-22 18:00:11.564544-0700 xctest[59729:373964] CouchbaseLite Replicator Info: {pusher#16} activityLevel=busy: pendingResponseCount=21, caughtUp=1, changeLists=0, revsInFlight=10, blobsInFlight=0, awaitingReply=2530, revsToSend=298, pushingDocs=319, pendingSequences=0
2019-07-22 18:00:11.564626-0700 xctest[59729:373989] CouchbaseLite Replicator Info: {Puller#15} activityLevel=busy: pendingResponseCount=0, _caughtUp=1, _pendingRevMessages=300, _activeIncomingRevs=11
2019-07-22 18:00:11.564726-0700 xctest[59729:373987] CouchbaseLite Network Verbose: {BLIPIO#13} Sending frame: REQ #105 ---C, bytes 0--16
2019-07-22 18:00:11.564826-0700 xctest[59729:373968] CouchbaseLite Database Verbose: {DB#55} begin transaction
2019-07-22 18:00:11.564919-0700 xctest[59729:374007] CouchbaseLite Network Verbose: {BLIPIO#14} Received frame: REQ #104 ---C, length 17
2019-07-22 18:00:11.565092-0700 xctest[59729:374003] CouchbaseLite Replicator Info: {repl#10} activityLevel=busy: connectionState=2
2019-07-22 18:00:11.565222-0700 xctest[59729:374003] CouchbaseLite Replicator Info: {repl#10} pushStatus=busy, pullStatus=busy, progress=0/56800
2019-07-22 18:00:11.565305-0700 xctest[59729:373987] CouchbaseLite Network Verbose: {BLIPIO#13} Finished sending REQ #105 Z
2019-07-22 18:00:11.565402-0700 xctest[59729:373989] CouchbaseLite Network Debug: {LoopbackWS#12} SEND: 6908c2ee 4f0a0e6c 34189c2d 2000007d c30126
2019-07-22 18:00:11.565506-0700 xctest[59729:374007] CouchbaseLite Network Verbose: {Connection#7} Receiving 'rev' REQ #104 Z
2019-07-22 18:00:11.565602-0700 xctest[59729:373964] CouchbaseLite Replicator Debug: {pusher#16} Transmitted 'rev' doc193 #1-c8c16ee37b9d0041b91beafe4587497a8ee75665 (seq #93)
2019-07-22 18:00:11.565701-0700 xctest[59729:373964] CouchbaseLite Replicator Verbose: {pusher#16} Sending rev doc1103 1-c8c16ee37b9d0041b91beafe4587497a8ee75665 (seq #103) [10/10]
2019-07-22 18:00:11.565798-0700 xctest[59729:373968] CouchbaseLite Database Verbose: {DB#55} Saved 'doc190' rev #1-c8c16ee37b9d0041b91beafe4587497a8ee75665 as seq 91
2019-07-22 18:00:11.565917-0700 xctest[59729:373987] CouchbaseLite Network Verbose: {BLIPIO#13} ...Wrote 19 bytes to WebSocket (writeable=1)
2019-07-22 18:00:11.566043-0700 xctest[59729:374004] CouchbaseLite Network Debug: {LoopbackWS#11} RECEIVED: 6908c2ee 4f0a0e6c 34189c2d 2000007d c30126
2019-07-22 18:00:11.566163-0700 xctest[59729:374007] CouchbaseLite Network Verbose: {Connection#7} Finished receiving 'rev' REQ #104 Z
2019-07-22 18:00:11.566285-0700 xctest[59729:374003] CouchbaseLite Replicator Info: {repl#10} pushStatus=busy, pullStatus=busy, progress=0/56800
2019-07-22 18:00:11.566395-0700 xctest[59729:373964] CouchbaseLite Replicator Verbose: {pusher#16} Reading document 'doc1103' #1-c8c16ee37b9d0041b91beafe4587497a8ee75665
2019-07-22 18:00:11.566509-0700 xctest[59729:373968] CouchbaseLite Replicator Verbose: {Inserter#54} {'doc190' #1-c8c16ee37b9d0041b91beafe4587497a8ee75665 <- } seq 91
2019-07-22 18:00:11.566671-0700 xctest[59729:374007] CouchbaseLite Network Verbose: {BLIPIO#14} Received frame: REQ #105 ---C, length 17
2019-07-22 18:00:11.566759-0700 xctest[59729:374004] CouchbaseLite Replicator Info: {Puller#15} activityLevel=busy: pendingResponseCount=0, _caughtUp=1, _pendingRevMessages=299, _activeIncomingRevs=12
2019-07-22 18:00:11.566874-0700 xctest[59729:373989] CouchbaseLite Replicator Verbose: {IncomingRev#56} Received revision 'doc1101' #1-c8c16ee37b9d0041b91beafe4587497a8ee75665 (seq '101')
2019-07-22 18:00:11.566983-0700 xctest[59729:374003] CouchbaseLite Replicator Verbose: {repl#10} progress +0/+0, 1 docs -- now 0 / 56800, 81 docs
2019-07-22 18:00:11.567074-0700 xctest[59729:373964] CouchbaseLite Replicator Verbose: {pusher#16} Transmitting 'rev' message with 'doc1103' #1-c8c16ee37b9d0041b91beafe4587497a8ee75665
2019-07-22 18:00:11.567189-0700 xctest[59729:374007] CouchbaseLite Network Verbose: {Connection#7} Receiving 'rev' REQ #105 Z
2019-07-22 18:00:11.567325-0700 xctest[59729:374004] CouchbaseLite Replicator Info: {Puller#15} activityLevel=busy: pendingResponseCount=0, _caughtUp=1, _pendingRevMessages=299, _activeIncomingRevs=11
2019-07-22 18:00:11.567431-0700 xctest[59729:373968] CouchbaseLite Database Verbose: {DB#55} Saved 'doc191' rev #1-c8c16ee37b9d0041b91beafe4587497a8ee75665 as seq 92
2019-07-22 18:00:11.567529-0700 xctest[59729:374003] CouchbaseLite Replicator Info: {repl#10} activityLevel=busy: connectionState=2
2019-07-22 18:00:11.567606-0700 xctest[59729:374003] CouchbaseLite Replicator Info: {repl#10} pushStatus=busy, pullStatus=busy, progress=0/56800
2019-07-22 18:00:11.567707-0700 xctest[59729:373987] CouchbaseLite Network Verbose: {BLIPIO#13} Sending 'rev' REQ #106 Z
2019-07-22 18:00:11.567806-0700 xctest[59729:374007] CouchbaseLite Network Verbose: {Connection#7} Finished receiving 'rev' REQ #105 Z
2019-07-22 18:00:11.567904-0700 xctest[59729:374004] CouchbaseLite Replicator Info: {Puller#15} activityLevel=busy: pendingResponseCount=0, _caughtUp=1, _pendingRevMessages=299, _activeIncomingRevs=11
2019-07-22 18:00:11.568009-0700 xctest[59729:373968] CouchbaseLite Replicator Verbose: {Inserter#54} {'doc191' #1-c8c16ee37b9d0041b91beafe4587497a8ee75665 <- } seq 92
2019-07-22 18:00:11.568108-0700 xctest[59729:373964] CouchbaseLite Replicator Info: {pusher#16} activityLevel=busy: pendingResponseCount=22, caughtUp=1, changeLists=0, revsInFlight=10, blobsInFlight=0, awaitingReply=2760, revsToSend=297, pushingDocs=319, pendingSequences=0
2019-07-22 18:00:11.568212-0700 xctest[59729:373987] CouchbaseLite Network Verbose: {BLIPIO#13} Sending frame: REQ #106 ---C, bytes 0--16
2019-07-22 18:00:11.568333-0700 xctest[59729:374004] CouchbaseLite Replicator Info: {Puller#15} activityLevel=busy: pendingResponseCount=0, _caughtUp=1, _pendingRevMessages=298, _activeIncomingRevs=12
2019-07-22 18:00:11.568425-0700 xctest[59729:374003] CouchbaseLite Replicator Verbose: {IncomingRev#39} Received revision 'doc1102' #1-c8c16ee37b9d0041b91beafe4587497a8ee75665 (seq '102')
2019-07-22 18:00:11.568526-0700 xctest[59729:373964] CouchbaseLite Replicator Verbose: {pusher#16} Completed rev doc182 #1-c8c16ee37b9d0041b91beafe4587497a8ee75665 (seq #82)
2019-07-22 18:00:11.568650-0700 xctest[59729:373968] CouchbaseLite Database Verbose: {DB#55} Saved 'doc192' rev #1-c8c16ee37b9d0041b91beafe4587497a8ee75665 as seq 93
2019-07-22 18:00:11.568760-0700 xctest[59729:373987] CouchbaseLite Network Verbose: {BLIPIO#13} Finished sending REQ #106 Z
2019-07-22 18:00:11.568862-0700 xctest[59729:374007] CouchbaseLite Network Debug: {LoopbackWS#12} SEND: 6a08c2ee 4f0a8e6c 34189c6d 20000047 1b493f
2019-07-22 18:00:11.568955-0700 xctest[59729:374004] CouchbaseLite Replicator Info: {Puller#15} activityLevel=busy: pendingResponseCount=0, _caughtUp=1, _pendingRevMessages=298, _activeIncomingRevs=11
2019-07-22 18:00:11.569053-0700 xctest[59729:373964] CouchbaseLite Replicator Debug: {pusher#16} Done pushing 'doc182' 1-c8c16ee37b9d0041b91beafe4587497a8ee75665
2019-07-22 18:00:11.569147-0700 xctest[59729:373968] CouchbaseLite Replicator Verbose: {Inserter#54} {'doc192' #1-c8c16ee37b9d0041b91beafe4587497a8ee75665 <- } seq 93
2019-07-22 18:00:11.569233-0700 xctest[59729:373987] CouchbaseLite Network Verbose: {BLIPIO#13} ...Wrote 19 bytes to WebSocket (writeable=1)
2019-07-22 18:00:11.569348-0700 xctest[59729:374003] CouchbaseLite Network Debug: {LoopbackWS#11} RECEIVED: 6a08c2ee 4f0a8e6c 34189c6d 20000047 1b493f
2019-07-22 18:00:11.569474-0700 xctest[59729:374004] CouchbaseLite Replicator Info: {Puller#15} activityLevel=busy: pendingResponseCount=0, _caughtUp=1, _pendingRevMessages=298, _activeIncomingRevs=11
2019-07-22 18:00:11.569577-0700 xctest[59729:373964] CouchbaseLite Replicator Verbose: {pusher#16} progress +0/+0, 1 docs -- now 0 / 56800, 82 docs
2019-07-22 18:00:11.569680-0700 xctest[59729:373964] CouchbaseLite Replicator Info: {pusher#16} activityLevel=busy: pendingResponseCount=21, caughtUp=1, changeLists=0, revsInFlight=10, blobsInFlight=0, awaitingReply=2530, revsToSend=297, pushingDocs=318, pendingSequences=0
2019-07-22 18:00:11.569772-0700 xctest[59729:373968] CouchbaseLite Database Verbose: {DB#55} Saved 'doc193' rev #1-c8c16ee37b9d0041b91beafe4587497a8ee75665 as seq 94
2019-07-22 18:00:11.569888-0700 xctest[59729:374004] CouchbaseLite Replicator Info: {Puller#15} activityLevel=busy: pendingResponseCount=0, _caughtUp=1, _pendingRevMessages=298, _activeIncomingRevs=10
2019-07-22 18:00:11.569995-0700 xctest[59729:373987] CouchbaseLite Network Verbose: {BLIPIO#14} Received frame: REQ #106 ---C, length 17
2019-07-22 18:00:11.570084-0700 xctest[59729:374003] CouchbaseLite Replicator Info: {repl#10} pushStatus=busy, pullStatus=busy, progress=0/56800
2019-07-22 18:00:11.570173-0700 xctest[59729:374003] CouchbaseLite Replicator Verbose: {repl#10} progress +0/+0, 1 docs -- now 0 / 56800, 82 docs
2019-07-22 18:00:11.570255-0700 xctest[59729:374003] CouchbaseLite Replicator Info: {repl#10} activityLevel=busy: connectionState=2
2019-07-22 18:00:11.570329-0700 xctest[59729:374003] CouchbaseLite Replicator Info: {repl#10} pushStatus=busy, pullStatus=busy, progress=0/56800
2019-07-22 18:00:11.570411-0700 xctest[59729:373964] CouchbaseLite Replicator Verbose: {pusher#16} Completed rev doc183 #1-c8c16ee37b9d0041b91beafe4587497a8ee75665 (seq #83)
2019-07-22 18:00:11.570495-0700 xctest[59729:373968] CouchbaseLite Replicator Verbose: {Inserter#54} {'doc193' #1-c8c16ee37b9d0041b91beafe4587497a8ee75665 <- } seq 94
2019-07-22 18:00:11.570590-0700 xctest[59729:373987] CouchbaseLite Network Verbose: {Connection#7} Receiving 'rev' REQ #106 Z
2019-07-22 18:00:11.570701-0700 xctest[59729:373964] CouchbaseLite Replicator Debug: {pusher#16} Done pushing 'doc183' 1-c8c16ee37b9d0041b91beafe4587497a8ee75665
2019-07-22 18:00:11.570785-0700 xctest[59729:374003] CouchbaseLite Replicator Info: {Puller#15} activityLevel=busy: pendingResponseCount=0, _caughtUp=1, _pendingRevMessages=298, _activeIncomingRevs=9
2019-07-22 18:00:11.570889-0700 xctest[59729:373987] CouchbaseLite Network Verbose: {Connection#7} Finished receiving 'rev' REQ #106 Z
2019-07-22 18:00:11.570997-0700 xctest[59729:373964] CouchbaseLite Replicator Verbose: {pusher#16} progress +0/+0, 1 docs -- now 0 / 56800, 83 docs
2019-07-22 18:00:11.571083-0700 xctest[59729:373964] CouchbaseLite Replicator Info: {pusher#16} activityLevel=busy: pendingResponseCount=20, caughtUp=1, changeLists=0, revsInFlight=10, blobsInFlight=0, awaitingReply=2300, revsToSend=297, pushingDocs=317, pendingSequences=0
2019-07-22 18:00:11.571189-0700 xctest[59729:374003] CouchbaseLite Replicator Info: {Puller#15} activityLevel=busy: pendingResponseCount=0, _caughtUp=1, _pendingRevMessages=297, _activeIncomingRevs=10
2019-07-22 18:00:11.571288-0700 xctest[59729:373987] CouchbaseLite Replicator Verbose: {IncomingRev#31} Received revision 'doc1103' #1-c8c16ee37b9d0041b91beafe4587497a8ee75665 (seq '103')
2019-07-22 18:00:11.571400-0700 xctest[59729:373968] CouchbaseLite Database Verbose: {DB#55} Saved 'doc194' rev #1-c8c16ee37b9d0041b91beafe4587497a8ee75665 as seq 95
