2019-07-22 18:00:12.081449-0700 xctest[59729:373964] CouchbaseLite Replicator Info: {pusher#16} activityLevel=busy: pendingResponseCount=21, caughtUp=1, changeLists=0, revsInFlight=10, blobsInFlight=0, awaitingReply=2552, revsToSend=219, pushingDocs=240, pendingSequences=0
2019-07-22 18:00:12.081559-0700 xctest[59729:373964] CouchbaseLite Replicator Verbose: {pusher#16} Completed rev doc1161 #1-c8c16ee37b9d0041b91beafe4587497a8ee75665 (seq #161)
2019-07-22 18:00:12.081645-0700 xctest[59729:373965] CouchbaseLite Network Verbose: {BLIPIO#14} Sending RES #174
2019-07-22 18:00:12.081743-0700 xctest[59729:374003] CouchbaseLite Network Verbose: {BLIPIO#13} Sending frame: REQ #180 ---C, bytes 0--15
2019-07-22 18:00:12.081835-0700 xctest[59729:374005] CouchbaseLite Replicator Info: {Puller#15} activityLevel=busy: pendingResponseCount=0, _caughtUp=1, _pendingRevMessages=226, _activeIncomingRevs=3
2019-07-22 18:00:12.081923-0700 xctest[59729:373968] CouchbaseLite Replicator Info: {repl#10} pushStatus=busy, pullStatus=busy, progress=0/56800
2019-07-22 18:00:12.082013-0700 xctest[59729:373968] CouchbaseLite Replicator Verbose: {repl#10} progress +0/+0, 1 docs -- now 0 / 56800, 160 docs
2019-07-22 18:00:12.082086-0700 xctest[59729:373968] CouchbaseLite Replicator Info: {repl#10} activityLevel=busy: connectionState=2
2019-07-22 18:00:12.082154-0700 xctest[59729:373968] CouchbaseLite Replicator Info: {repl#10} pushStatus=busy, pullStatus=busy, progress=0/56800
2019-07-22 18:00:12.082248-0700 xctest[59729:374007] CouchbaseLite Network Debug: {LoopbackWS#12} SEND: b40108c2 ee4f0ada 4383f4cc 69000001 eb26d1
2019-07-22 18:00:12.082346-0700 xctest[59729:374005] CouchbaseLite Replicator Info: {Puller#15} activityLevel=busy: pendingResponseCount=0, _caughtUp=1, _pendingRevMessages=226, _activeIncomingRevs=3
2019-07-22 18:00:12.082443-0700 xctest[59729:373964] CouchbaseLite Replicator Debug: {pusher#16} Done pushing 'doc1161' 1-c8c16ee37b9d0041b91beafe4587497a8ee75665
2019-07-22 18:00:12.082519-0700 xctest[59729:373964] CouchbaseLite Replicator Verbose: {pusher#16} progress +0/+0, 1 docs -- now 0 / 56800, 161 docs
2019-07-22 18:00:12.082587-0700 xctest[59729:373964] CouchbaseLite Replicator Info: {pusher#16} activityLevel=busy: pendingResponseCount=20, caughtUp=1, changeLists=0, revsInFlight=10, blobsInFlight=0, awaitingReply=2320, revsToSend=219, pushingDocs=239, pendingSequences=0
2019-07-22 18:00:12.082676-0700 xctest[59729:374007] CouchbaseLite Network Debug: {LoopbackWS#11} RECEIVED: b40108c2 ee4f0ada 4383f4cc 69000001 eb26d1
2019-07-22 18:00:12.082763-0700 xctest[59729:374005] CouchbaseLite Replicator Info: {Puller#15} activityLevel=busy: pendingResponseCount=0, _caughtUp=1, _pendingRevMessages=226, _activeIncomingRevs=3
2019-07-22 18:00:12.082863-0700 xctest[59729:373965] CouchbaseLite Network Verbose: {BLIPIO#14} Sending frame: RES #174 ----, bytes 0--4
2019-07-22 18:00:12.082949-0700 xctest[59729:374003] CouchbaseLite Network Verbose: {BLIPIO#13} Finished sending REQ #180 Z
2019-07-22 18:00:12.083042-0700 xctest[59729:373968] CouchbaseLite Replicator Info: {repl#10} pushStatus=busy, pullStatus=busy, progress=0/56800
2019-07-22 18:00:12.083129-0700 xctest[59729:373968] CouchbaseLite Replicator Verbose: {repl#10} progress +0/+0, 1 docs -- now 0 / 56800, 161 docs
2019-07-22 18:00:12.083199-0700 xctest[59729:373968] CouchbaseLite Replicator Info: {repl#10} activityLevel=busy: connectionState=2
2019-07-22 18:00:12.083267-0700 xctest[59729:373968] CouchbaseLite Replicator Info: {repl#10} pushStatus=busy, pullStatus=busy, progress=0/56800
2019-07-22 18:00:12.083356-0700 xctest[59729:374003] CouchbaseLite Network Verbose: {BLIPIO#13} ...Wrote 19 bytes to WebSocket (writeable=1)
2019-07-22 18:00:12.083446-0700 xctest[59729:373964] CouchbaseLite Replicator Verbose: {pusher#16} Completed rev doc1162 #1-c8c16ee37b9d0041b91beafe4587497a8ee75665 (seq #162)
2019-07-22 18:00:12.083537-0700 xctest[59729:373965] CouchbaseLite Network Verbose: {BLIPIO#14} Finished sending RES #174
2019-07-22 18:00:12.083624-0700 xctest[59729:373965] CouchbaseLite Network Verbose: {BLIPIO#14} ...Wrote 8 bytes to WebSocket (writeable=1)
2019-07-22 18:00:12.083703-0700 xctest[59729:374003] CouchbaseLite Network Verbose: {BLIPIO#13} Sending 'rev' REQ #181 Z
2019-07-22 18:00:12.083789-0700 xctest[59729:373964] CouchbaseLite Replicator Debug: {pusher#16} Done pushing 'doc1162' 1-c8c16ee37b9d0041b91beafe4587497a8ee75665
2019-07-22 18:00:12.083869-0700 xctest[59729:373964] CouchbaseLite Replicator Verbose: {pusher#16} progress +0/+0, 1 docs -- now 0 / 56800, 162 docs
2019-07-22 18:00:12.083939-0700 xctest[59729:373964] CouchbaseLite Replicator Info: {pusher#16} activityLevel=busy: pendingResponseCount=19, caughtUp=1, changeLists=0, revsInFlight=10, blobsInFlight=0, awaitingReply=2088, revsToSend=219, pushingDocs=238, pendingSequences=0
2019-07-22 18:00:12.084024-0700 xctest[59729:374003] CouchbaseLite Network Verbose: {BLIPIO#13} Sending frame: REQ #181 ---C, bytes 0--15
2019-07-22 18:00:12.084111-0700 xctest[59729:374005] CouchbaseLite Network Debug: {LoopbackWS#11} SEND: ae010100 070abd49
2019-07-22 18:00:12.084200-0700 xctest[59729:373965] CouchbaseLite Network Verbose: {BLIPIO#14} Received frame: REQ #178 ---C, length 16
2019-07-22 18:00:12.084291-0700 xctest[59729:373968] CouchbaseLite Replicator Info: {repl#10} pushStatus=busy, pullStatus=busy, progress=0/56800
2019-07-22 18:00:12.084385-0700 xctest[59729:373968] CouchbaseLite Replicator Verbose: {repl#10} progress +0/+0, 1 docs -- now 0 / 56800, 162 docs
2019-07-22 18:00:12.084465-0700 xctest[59729:374003] CouchbaseLite Network Verbose: {BLIPIO#13} Finished sending REQ #181 Z
2019-07-22 18:00:12.084551-0700 xctest[59729:374007] CouchbaseLite Network Debug: {LoopbackWS#12} SEND: b50108c2 ee4f0ada 4383f4d4 690000d2 d15ec3
2019-07-22 18:00:12.084648-0700 xctest[59729:373965] CouchbaseLite Network Verbose: {Connection#7} Receiving 'rev' REQ #178 Z
2019-07-22 18:00:12.084740-0700 xctest[59729:373964] CouchbaseLite Replicator Debug: {pusher#16} Transmitted 'rev' doc1172 #1-c8c16ee37b9d0041b91beafe4587497a8ee75665 (seq #172)
2019-07-22 18:00:12.084830-0700 xctest[59729:373968] CouchbaseLite Replicator Info: {repl#10} activityLevel=busy: connectionState=2
2019-07-22 18:00:12.084904-0700 xctest[59729:373968] CouchbaseLite Replicator Info: {repl#10} pushStatus=busy, pullStatus=busy, progress=0/56800
2019-07-22 18:00:12.085007-0700 xctest[59729:374007] CouchbaseLite Network Debug: {LoopbackWS#12} RECEIVED: ae010100 070abd49
2019-07-22 18:00:12.085091-0700 xctest[59729:374005] CouchbaseLite Network Debug: {LoopbackWS#11} RECEIVED: b50108c2 ee4f0ada 4383f4d4 690000d2 d15ec3
2019-07-22 18:00:12.085174-0700 xctest[59729:373965] CouchbaseLite Network Verbose: {Connection#7} Finished receiving 'rev' REQ #178 Z
2019-07-22 18:00:12.085270-0700 xctest[59729:373964] CouchbaseLite Replicator Verbose: {pusher#16} Sending rev doc1182 1-c8c16ee37b9d0041b91beafe4587497a8ee75665 (seq #182) [10/10]
2019-07-22 18:00:12.085355-0700 xctest[59729:374007] CouchbaseLite Replicator Verbose: {IncomingRev#30} Received revision 'doc1175' #1-c8c16ee37b9d0041b91beafe4587497a8ee75665 (seq '175')
2019-07-22 18:00:12.085443-0700 xctest[59729:373965] CouchbaseLite Network Verbose: {BLIPIO#14} Received frame: REQ #179 ---C, length 16
2019-07-22 18:00:12.085545-0700 xctest[59729:374005] CouchbaseLite Replicator Info: {Puller#15} activityLevel=busy: pendingResponseCount=0, _caughtUp=1, _pendingRevMessages=225, _activeIncomingRevs=4
2019-07-22 18:00:12.085652-0700 xctest[59729:374003] CouchbaseLite Network Verbose: {BLIPIO#13} ...Wrote 19 bytes to WebSocket (writeable=1)
2019-07-22 18:00:12.085742-0700 xctest[59729:373964] CouchbaseLite Replicator Verbose: {pusher#16} Reading document 'doc1182' #1-c8c16ee37b9d0041b91beafe4587497a8ee75665
2019-07-22 18:00:12.085851-0700 xctest[59729:373965] CouchbaseLite Network Verbose: {Connection#7} Receiving 'rev' REQ #179 Z
2019-07-22 18:00:12.085963-0700 xctest[59729:374003] CouchbaseLite Network Verbose: {BLIPIO#13} Sending 'rev' REQ #182 Z
2019-07-22 18:00:12.086104-0700 xctest[59729:374007] CouchbaseLite Replicator Info: {Puller#15} activityLevel=busy: pendingResponseCount=0, _caughtUp=1, _pendingRevMessages=225, _activeIncomingRevs=4
2019-07-22 18:00:12.086206-0700 xctest[59729:373965] CouchbaseLite Network Verbose: {Connection#7} Finished receiving 'rev' REQ #179 Z
2019-07-22 18:00:12.086296-0700 xctest[59729:373964] CouchbaseLite Replicator Verbose: {pusher#16} Transmitting 'rev' message with 'doc1182' #1-c8c16ee37b9d0041b91beafe4587497a8ee75665
2019-07-22 18:00:12.086415-0700 xctest[59729:374005] CouchbaseLite Replicator Verbose: {IncomingRev#50} Received revision 'doc1176' #1-c8c16ee37b9d0041b91beafe4587497a8ee75665 (seq '176')
2019-07-22 18:00:12.086510-0700 xctest[59729:373965] CouchbaseLite Network Verbose: {BLIPIO#14} Received frame: REQ #180 ---C, length 16
2019-07-22 18:00:12.086607-0700 xctest[59729:374007] CouchbaseLite Replicator Info: {Puller#15} activityLevel=busy: pendingResponseCount=0, _caughtUp=1, _pendingRevMessages=224, _activeIncomingRevs=5
2019-07-22 18:00:12.086702-0700 xctest[59729:374003] CouchbaseLite Network Verbose: {BLIPIO#13} Sending frame: REQ #182 ---C, bytes 0--15
2019-07-22 18:00:12.086790-0700 xctest[59729:373964] CouchbaseLite Replicator Info: {pusher#16} activityLevel=busy: pendingResponseCount=20, caughtUp=1, changeLists=0, revsInFlight=10, blobsInFlight=0, awaitingReply=2320, revsToSend=218, pushingDocs=238, pendingSequences=0
2019-07-22 18:00:12.086895-0700 xctest[59729:373965] CouchbaseLite Network Verbose: {Connection#7} Receiving 'rev' REQ #180 Z
2019-07-22 18:00:12.086980-0700 xctest[59729:374003] CouchbaseLite Network Verbose: {BLIPIO#13} Finished sending REQ #182 Z
2019-07-22 18:00:12.087072-0700 xctest[59729:374007] CouchbaseLite Network Debug: {LoopbackWS#12} SEND: b60108c2 ee4f0ada 4383f4dc 6900005a 777961
2019-07-22 18:00:12.087193-0700 xctest[59729:373964] CouchbaseLite Replicator Debug: {pusher#16} Transmitted 'rev' doc1173 #1-c8c16ee37b9d0041b91beafe4587497a8ee75665 (seq #173)
2019-07-22 18:00:12.087285-0700 xctest[59729:373968] CouchbaseLite Replicator Info: {Puller#15} activityLevel=busy: pendingResponseCount=0, _caughtUp=1, _pendingRevMessages=224, _activeIncomingRevs=5
2019-07-22 18:00:12.087379-0700 xctest[59729:373965] CouchbaseLite Network Verbose: {Connection#7} Finished receiving 'rev' REQ #180 Z
2019-07-22 18:00:12.087479-0700 xctest[59729:374003] CouchbaseLite Network Verbose: {BLIPIO#13} ...Wrote 19 bytes to WebSocket (writeable=1)
2019-07-22 18:00:12.087577-0700 xctest[59729:374005] CouchbaseLite Network Debug: {LoopbackWS#11} RECEIVED: b60108c2 ee4f0ada 4383f4dc 6900005a 777961
2019-07-22 18:00:12.087660-0700 xctest[59729:373964] CouchbaseLite Replicator Verbose: {pusher#16} Sending rev doc1183 1-c8c16ee37b9d0041b91beafe4587497a8ee75665 (seq #183) [10/10]
2019-07-22 18:00:12.087757-0700 xctest[59729:373965] CouchbaseLite Network Verbose: {BLIPIO#14} Received frame: REQ #181 ---C, length 16
2019-07-22 18:00:12.087851-0700 xctest[59729:373968] CouchbaseLite Replicator Info: {Puller#15} activityLevel=busy: pendingResponseCount=0, _caughtUp=1, _pendingRevMessages=223, _activeIncomingRevs=6
2019-07-22 18:00:12.087935-0700 xctest[59729:374007] CouchbaseLite Replicator Verbose: {IncomingRev#42} Received revision 'doc1177' #1-c8c16ee37b9d0041b91beafe4587497a8ee75665 (seq '177')
2019-07-22 18:00:12.088032-0700 xctest[59729:374003] CouchbaseLite Network Verbose: {BLIPIO#13} Sending 'rev' REQ #183 Z
2019-07-22 18:00:12.088141-0700 xctest[59729:373964] CouchbaseLite Replicator Verbose: {pusher#16} Reading document 'doc1183' #1-c8c16ee37b9d0041b91beafe4587497a8ee75665
2019-07-22 18:00:12.088224-0700 xctest[59729:373965] CouchbaseLite Network Verbose: {Connection#7} Receiving 'rev' REQ #181 Z
2019-07-22 18:00:12.088315-0700 xctest[59729:374003] CouchbaseLite Network Verbose: {BLIPIO#13} Sending frame: REQ #183 ---C, bytes 0--16
2019-07-22 18:00:12.088425-0700 xctest[59729:373965] CouchbaseLite Network Verbose: {Connection#7} Finished receiving 'rev' REQ #181 Z
2019-07-22 18:00:12.088555-0700 xctest[59729:374003] CouchbaseLite Network Verbose: {BLIPIO#13} Finished sending REQ #183 Z
2019-07-22 18:00:12.088642-0700 xctest[59729:373968] CouchbaseLite Network Debug: {LoopbackWS#12} SEND: b70108c2 ea4f0a0e 9e361ca4 274f0300 89a3ef2e
2019-07-22 18:00:12.088762-0700 xctest[59729:373964] CouchbaseLite Replicator Verbose: {pusher#16} Transmitting 'rev' message with 'doc1183' #1-c8c16ee37b9d0041b91beafe4587497a8ee75665
2019-07-22 18:00:12.088878-0700 xctest[59729:374005] CouchbaseLite Replicator Info: {Puller#15} activityLevel=busy: pendingResponseCount=0, _caughtUp=1, _pendingRevMessages=223, _activeIncomingRevs=6
2019-07-22 18:00:12.088973-0700 xctest[59729:373965] CouchbaseLite Network Verbose: {BLIPIO#14} Received frame: REQ #182 ---C, length 16
2019-07-22 18:00:12.089071-0700 xctest[59729:374003] CouchbaseLite Network Verbose: {BLIPIO#13} ...Wrote 20 bytes to WebSocket (writeable=1)
2019-07-22 18:00:12.089155-0700 xctest[59729:374003] CouchbaseLite Network Verbose: {BLIPIO#13} Received frame: RES #171 ----, length 5
2019-07-22 18:00:12.089231-0700 xctest[59729:373964] CouchbaseLite Replicator Info: {pusher#16} activityLevel=busy: pendingResponseCount=21, caughtUp=1, changeLists=0, revsInFlight=10, blobsInFlight=0, awaitingReply=2552, revsToSend=217, pushingDocs=238, pendingSequences=0
2019-07-22 18:00:12.089325-0700 xctest[59729:374005] CouchbaseLite Replicator Info: {Puller#15} activityLevel=busy: pendingResponseCount=0, _caughtUp=1, _pendingRevMessages=222, _activeIncomingRevs=7
2019-07-22 18:00:12.089411-0700 xctest[59729:373968] CouchbaseLite Replicator Verbose: {IncomingRev#51} Received revision 'doc1178' #1-c8c16ee37b9d0041b91beafe4587497a8ee75665 (seq '178')
2019-07-22 18:00:12.089512-0700 xctest[59729:373965] CouchbaseLite Network Verbose: {Connection#7} Receiving 'rev' REQ #182 Z
2019-07-22 18:00:12.089602-0700 xctest[59729:374007] CouchbaseLite Network Debug: {LoopbackWS#11} RECEIVED: b70108c2 ea4f0a0e 9e361ca4 274f0300 89a3ef2e
2019-07-22 18:00:12.089705-0700 xctest[59729:374003] CouchbaseLite Network Verbose: {Connection#9} Receiving RES #171
2019-07-22 18:00:12.089810-0700 xctest[59729:373964] CouchbaseLite Replicator Debug: {pusher#16} Transmitted 'rev' doc1174 #1-c8c16ee37b9d0041b91beafe4587497a8ee75665 (seq #174)
2019-07-22 18:00:12.089921-0700 xctest[59729:373965] CouchbaseLite Network Verbose: {Connection#7} Finished receiving 'rev' REQ #182 Z
2019-07-22 18:00:12.090001-0700 xctest[59729:374003] CouchbaseLite Network Verbose: {Connection#9} Finished receiving RES #171
2019-07-22 18:00:12.090096-0700 xctest[59729:373964] CouchbaseLite Replicator Verbose: {pusher#16} Sending rev doc1184 1-c8c16ee37b9d0041b91beafe4587497a8ee75665 (seq #184) [10/10]
2019-07-22 18:00:12.090189-0700 xctest[59729:374007] CouchbaseLite Replicator Info: {Puller#15} activityLevel=busy: pendingResponseCount=0, _caughtUp=1, _pendingRevMessages=222, _activeIncomingRevs=7
2019-07-22 18:00:12.090277-0700 xctest[59729:373965] CouchbaseLite Network Verbose: {BLIPIO#14} Received frame: REQ #183 ---C, length 17
2019-07-22 18:00:12.090362-0700 xctest[59729:374003] CouchbaseLite Network Verbose: {BLIPIO#13} Received frame: RES #172 ----, length 5
2019-07-22 18:00:12.090449-0700 xctest[59729:373964] CouchbaseLite Replicator Verbose: {pusher#16} Reading document 'doc1184' #1-c8c16ee37b9d0041b91beafe4587497a8ee75665
2019-07-22 18:00:12.090534-0700 xctest[59729:374007] CouchbaseLite Replicator Info: {Puller#15} activityLevel=busy: pendingResponseCount=0, _caughtUp=1, _pendingRevMessages=221, _activeIncomingRevs=8
2019-07-22 18:00:12.090622-0700 xctest[59729:373968] CouchbaseLite Replicator Verbose: {IncomingRev#36} Received revision 'doc1179' #1-c8c16ee37b9d0041b91beafe4587497a8ee75665 (seq '179')
2019-07-22 18:00:12.090720-0700 xctest[59729:373965] CouchbaseLite Network Verbose: {Connection#7} Receiving 'rev' REQ #183 Z
2019-07-22 18:00:12.090818-0700 xctest[59729:374003] CouchbaseLite Network Verbose: {Connection#9} Receiving RES #172
2019-07-22 18:00:12.090923-0700 xctest[59729:373964] CouchbaseLite Replicator Verbose: {pusher#16} Transmitting 'rev' message with 'doc1184' #1-c8c16ee37b9d0041b91beafe4587497a8ee75665
2019-07-22 18:00:12.091008-0700 xctest[59729:373965] CouchbaseLite Network Verbose: {Connection#7} Finished receiving 'rev' REQ #183 Z
2019-07-22 18:00:12.091120-0700 xctest[59729:374003] CouchbaseLite Network Verbose: {Connection#9} Finished receiving RES #172
2019-07-22 18:00:12.091207-0700 xctest[59729:373964] CouchbaseLite Replicator Info: {pusher#16} activityLevel=busy: pendingResponseCount=22, caughtUp=1, changeLists=0, revsInFlight=10, blobsInFlight=0, awaitingReply=2784, revsToSend=216, pushingDocs=238, pendingSequences=0
2019-07-22 18:00:12.091295-0700 xctest[59729:374007] CouchbaseLite Replicator Info: {Puller#15} activityLevel=busy: pendingResponseCount=0, _caughtUp=1, _pendingRevMessages=221, _activeIncomingRevs=8
2019-07-22 18:00:12.091378-0700 xctest[59729:374003] CouchbaseLite Network Verbose: {BLIPIO#13} Received frame: RES #173 ----, length 5
2019-07-22 18:00:12.091477-0700 xctest[59729:373964] CouchbaseLite Replicator Verbose: {pusher#16} Completed rev doc1163 #1-c8c16ee37b9d0041b91beafe4587497a8ee75665 (seq #163)
2019-07-22 18:00:12.091570-0700 xctest[59729:374007] CouchbaseLite Replicator Info: {Puller#15} activityLevel=busy: pendingResponseCount=0, _caughtUp=1, _pendingRevMessages=220, _activeIncomingRevs=9
2019-07-22 18:00:12.091655-0700 xctest[59729:374005] CouchbaseLite Replicator Verbose: {IncomingRev#20} Received revision 'doc1180' #1-c8c16ee37b9d0041b91beafe4587497a8ee75665 (seq '180')
2019-07-22 18:00:12.091769-0700 xctest[59729:374003] CouchbaseLite Network Verbose: {Connection#9} Receiving RES #173
2019-07-22 18:00:12.091882-0700 xctest[59729:373964] CouchbaseLite Replicator Debug: {pusher#16} Done pushing 'doc1163' 1-c8c16ee37b9d0041b91beafe4587497a8ee75665
2019-07-22 18:00:12.091983-0700 xctest[59729:373964] CouchbaseLite Replicator Verbose: {pusher#16} progress +0/+0, 1 docs -- now 0 / 56800, 163 docs
2019-07-22 18:00:12.092106-0700 xctest[59729:373964] CouchbaseLite Replicator Info: {pusher#16} activityLevel=busy: pendingResponseCount=21, caughtUp=1, changeLists=0, revsInFlight=10, blobsInFlight=0, awaitingReply=2552, revsToSend=216, pushingDocs=237, pendingSequences=0
2019-07-22 18:00:12.092198-0700 xctest[59729:374003] CouchbaseLite Network Verbose: {Connection#9} Finished receiving RES #173
2019-07-22 18:00:12.092315-0700 xctest[59729:373964] CouchbaseLite Replicator Verbose: {pusher#16} Completed rev doc1164 #1-c8c16ee37b9d0041b91beafe4587497a8ee75665 (seq #164)
2019-07-22 18:00:12.092424-0700 xctest[59729:374007] CouchbaseLite Replicator Info: {repl#10} pushStatus=busy, pullStatus=busy, progress=0/56800
2019-07-22 18:00:12.092510-0700 xctest[59729:374007] CouchbaseLite Replicator Verbose: {repl#10} progress +0/+0, 1 docs -- now 0 / 56800, 163 docs
2019-07-22 18:00:12.092584-0700 xctest[59729:374007] CouchbaseLite Replicator Info: {repl#10} activityLevel=busy: connectionState=2
2019-07-22 18:00:12.092663-0700 xctest[59729:374007] CouchbaseLite Replicator Info: {repl#10} pushStatus=busy, pullStatus=busy, progress=0/56800
2019-07-22 18:00:12.092748-0700 xctest[59729:373965] CouchbaseLite Replicator Info: {Puller#15} activityLevel=busy: pendingResponseCount=0, _caughtUp=1, _pendingRevMessages=220, _activeIncomingRevs=9
2019-07-22 18:00:12.092853-0700 xctest[59729:374003] CouchbaseLite Network Verbose: {BLIPIO#13} Received frame: RES #174 ----, length 5
2019-07-22 18:00:12.092953-0700 xctest[59729:373964] CouchbaseLite Replicator Debug: {pusher#16} Done pushing 'doc1164' 1-c8c16ee37b9d0041b91beafe4587497a8ee75665
2019-07-22 18:00:12.093050-0700 xctest[59729:374003] CouchbaseLite Network Verbose: {Connection#9} Receiving RES #174
2019-07-22 18:00:12.093147-0700 xctest[59729:373964] CouchbaseLite Replicator Verbose: {pusher#16} progress +0/+0, 1 docs -- now 0 / 56800, 164 docs
2019-07-22 18:00:12.093237-0700 xctest[59729:373964] CouchbaseLite Replicator Info: {pusher#16} activityLevel=busy: pendingResponseCount=20, caughtUp=1, changeLists=0, revsInFlight=10, blobsInFlight=0, awaitingReply=2320, revsToSend=216, pushingDocs=236, pendingSequences=0
2019-07-22 18:00:12.093360-0700 xctest[59729:374003] CouchbaseLite Network Verbose: {Connection#9} Finished receiving RES #174
2019-07-22 18:00:12.093456-0700 xctest[59729:373965] CouchbaseLite Replicator Info: {repl#10} pushStatus=busy, pullStatus=busy, progress=0/56800
2019-07-22 18:00:12.093557-0700 xctest[59729:373965] CouchbaseLite Replicator Verbose: {repl#10} progress +0/+0, 1 docs -- now 0 / 56800, 164 docs
2019-07-22 18:00:12.093631-0700 xctest[59729:373965] CouchbaseLite Replicator Info: {repl#10} activityLevel=busy: connectionState=2
2019-07-22 18:00:12.093712-0700 xctest[59729:373965] CouchbaseLite Replicator Info: {repl#10} pushStatus=busy, pullStatus=busy, progress=0/56800
2019-07-22 18:00:12.093799-0700 xctest[59729:374003] CouchbaseLite Network Verbose: {BLIPIO#13} Sending 'rev' REQ #184 Z
2019-07-22 18:00:12.093904-0700 xctest[59729:373964] CouchbaseLite Replicator Verbose: {pusher#16} Completed rev doc1165 #1-c8c16ee37b9d0041b91beafe4587497a8ee75665 (seq #165)
2019-07-22 18:00:12.094013-0700 xctest[59729:374003] CouchbaseLite Network Verbose: {BLIPIO#13} Sending frame: REQ #184 ---C, bytes 0--15
2019-07-22 18:00:12.094117-0700 xctest[59729:373964] CouchbaseLite Replicator Debug: {pusher#16} Done pushing 'doc1165' 1-c8c16ee37b9d0041b91beafe4587497a8ee75665
2019-07-22 18:00:12.094222-0700 xctest[59729:374003] CouchbaseLite Network Verbose: {BLIPIO#13} Finished sending REQ #184 Z
2019-07-22 18:00:12.094322-0700 xctest[59729:373965] CouchbaseLite Network Debug: {LoopbackWS#12} SEND: b80108c2 ee4f0ada 4383f4ec 690000f4 f96c5c
2019-07-22 18:00:12.094423-0700 xctest[59729:373964] CouchbaseLite Replicator Verbose: {pusher#16} progress +0/+0, 1 docs -- now 0 / 56800, 165 docs
2019-07-22 18:00:12.094519-0700 xctest[59729:373964] CouchbaseLite Replicator Info: {pusher#16} activityLevel=busy: pendingResponseCount=19, caughtUp=1, changeLists=0, revsInFlight=10, blobsInFlight=0, awaitingReply=2088, revsToSend=216, pushingDocs=235, pendingSequences=0
2019-07-22 18:00:12.094610-0700 xctest[59729:374007] CouchbaseLite Network Debug: {LoopbackWS#11} RECEIVED: b80108c2 ee4f0ada 4383f4ec 690000f4 f96c5c
2019-07-22 18:00:12.094717-0700 xctest[59729:374003] CouchbaseLite Network Verbose: {BLIPIO#13} ...Wrote 19 bytes to WebSocket (writeable=1)
2019-07-22 18:00:12.094826-0700 xctest[59729:373965] CouchbaseLite Replicator Info: {repl#10} pushStatus=busy, pullStatus=busy, progress=0/56800
2019-07-22 18:00:12.094917-0700 xctest[59729:373965] CouchbaseLite Replicator Verbose: {repl#10} progress +0/+0, 1 docs -- now 0 / 56800, 165 docs
2019-07-22 18:00:12.095019-0700 xctest[59729:374005] CouchbaseLite Network Verbose: {BLIPIO#14} Received frame: REQ #184 ---C, length 16
2019-07-22 18:00:12.095099-0700 xctest[59729:374003] CouchbaseLite Network Verbose: {BLIPIO#13} Sending 'rev' REQ #185 Z
2019-07-22 18:00:12.095208-0700 xctest[59729:373964] CouchbaseLite Replicator Verbose: {pusher#16} Completed rev doc1166 #1-c8c16ee37b9d0041b91beafe4587497a8ee75665 (seq #166)
2019-07-22 18:00:12.095296-0700 xctest[59729:373965] CouchbaseLite Replicator Info: {repl#10} activityLevel=busy: connectionState=2
2019-07-22 18:00:12.095376-0700 xctest[59729:373965] CouchbaseLite Replicator Info: {repl#10} pushStatus=busy, pullStatus=busy, progress=0/56800
2019-07-22 18:00:12.095451-0700 xctest[59729:374003] CouchbaseLite Network Verbose: {BLIPIO#13} Sending frame: REQ #185 ---C, bytes 0--15
2019-07-22 18:00:12.095541-0700 xctest[59729:373964] CouchbaseLite Replicator Debug: {pusher#16} Done pushing 'doc1166' 1-c8c16ee37b9d0041b91beafe4587497a8ee75665
2019-07-22 18:00:12.095628-0700 xctest[59729:373964] CouchbaseLite Replicator Verbose: {pusher#16} progress +0/+0, 1 docs -- now 0 / 56800, 166 docs
2019-07-22 18:00:12.095718-0700 xctest[59729:373964] CouchbaseLite Replicator Info: {pusher#16} activityLevel=busy: pendingResponseCount=18, caughtUp=1, changeLists=0, revsInFlight=10, blobsInFlight=0, awaitingReply=1856, revsToSend=216, pushingDocs=234, pendingSequences=0
2019-07-22 18:00:12.095813-0700 xctest[59729:373965] CouchbaseLite Network Debug: {LoopbackWS#12} SEND: b90108c2 ee4f0ada 4383f4f4 69000059 fc245e
2019-07-22 18:00:12.095900-0700 xctest[59729:374005] CouchbaseLite Network Verbose: {Connection#7} Receiving 'rev' REQ #184 Z
2019-07-22 18:00:12.095988-0700 xctest[59729:374003] CouchbaseLite Network Verbose: {BLIPIO#13} Finished sending REQ #185 Z
2019-07-22 18:00:12.096072-0700 xctest[59729:373964] CouchbaseLite Replicator Verbose: {pusher#16} Completed rev doc1167 #1-c8c16ee37b9d0041b91beafe4587497a8ee75665 (seq #167)
2019-07-22 18:00:12.096162-0700 xctest[59729:374007] CouchbaseLite Replicator Info: {repl#10} pushStatus=busy, pullStatus=busy, progress=0/56800
2019-07-22 18:00:12.096244-0700 xctest[59729:374007] CouchbaseLite Replicator Verbose: {repl#10} progress +0/+0, 1 docs -- now 0 / 56800, 166 docs
2019-07-22 18:00:12.096313-0700 xctest[59729:374007] CouchbaseLite Replicator Info: {repl#10} activityLevel=busy: connectionState=2
2019-07-22 18:00:12.096377-0700 xctest[59729:374007] CouchbaseLite Replicator Info: {repl#10} pushStatus=busy, pullStatus=busy, progress=0/56800
2019-07-22 18:00:12.096467-0700 xctest[59729:373964] CouchbaseLite Replicator Debug: {pusher#16} Done pushing 'doc1167' 1-c8c16ee37b9d0041b91beafe4587497a8ee75665
2019-07-22 18:00:12.096554-0700 xctest[59729:373968] CouchbaseLite Network Debug: {LoopbackWS#11} RECEIVED: b90108c2 ee4f0ada 4383f4f4 69000059 fc245e
2019-07-22 18:00:12.096647-0700 xctest[59729:374005] CouchbaseLite Network Verbose: {Connection#7} Finished receiving 'rev' REQ #184 Z
2019-07-22 18:00:12.096742-0700 xctest[59729:374003] CouchbaseLite Network Verbose: {BLIPIO#13} ...Wrote 19 bytes to WebSocket (writeable=1)
2019-07-22 18:00:12.096841-0700 xctest[59729:373964] CouchbaseLite Replicator Verbose: {pusher#16} progress +0/+0, 1 docs -- now 0 / 56800, 167 docs
2019-07-22 18:00:12.096921-0700 xctest[59729:373964] CouchbaseLite Replicator Info: {pusher#16} activityLevel=busy: pendingResponseCount=17, caughtUp=1, changeLists=0, revsInFlight=10, blobsInFlight=0, awaitingReply=1624, revsToSend=216, pushingDocs=233, pendingSequences=0
2019-07-22 18:00:12.097006-0700 xctest[59729:373968] CouchbaseLite Replicator Info: {Puller#15} activityLevel=busy: pendingResponseCount=0, _caughtUp=1, _pendingRevMessages=219, _activeIncomingRevs=10
2019-07-22 18:00:12.097105-0700 xctest[59729:374007] CouchbaseLite Replicator Verbose: {IncomingRev#46} Received revision 'doc1181' #1-c8c16ee37b9d0041b91beafe4587497a8ee75665 (seq '181')
2019-07-22 18:00:12.097192-0700 xctest[59729:374003] CouchbaseLite Network Verbose: {BLIPIO#13} Sending 'rev' REQ #186 Z
2019-07-22 18:00:12.097305-0700 xctest[59729:374005] CouchbaseLite Network Verbose: {BLIPIO#14} Received frame: REQ #185 ---C, length 16
2019-07-22 18:00:12.097467-0700 xctest[59729:373965] CouchbaseLite Replicator Info: {repl#10} pushStatus=busy, pullStatus=busy, progress=0/56800
2019-07-22 18:00:12.097585-0700 xctest[59729:373965] CouchbaseLite Replicator Verbose: {repl#10} progress +0/+0, 1 docs -- now 0 / 56800, 167 docs
2019-07-22 18:00:12.097668-0700 xctest[59729:373965] CouchbaseLite Replicator Info: {repl#10} activityLevel=busy: connectionState=2
2019-07-22 18:00:12.097753-0700 xctest[59729:373965] CouchbaseLite Replicator Info: {repl#10} pushStatus=busy, pullStatus=busy, progress=0/56800
2019-07-22 18:00:12.097836-0700 xctest[59729:373964] CouchbaseLite Replicator Debug: {pusher#16} Transmitted 'rev' doc1175 #1-c8c16ee37b9d0041b91beafe4587497a8ee75665 (seq #175)
2019-07-22 18:00:12.097945-0700 xctest[59729:374003] CouchbaseLite Network Verbose: {BLIPIO#13} Sending frame: REQ #186 ---C, bytes 0--15
2019-07-22 18:00:12.098058-0700 xctest[59729:373968] CouchbaseLite Replicator Info: {Puller#15} activityLevel=busy: pendingResponseCount=0, _caughtUp=1, _pendingRevMessages=219, _activeIncomingRevs=10
2019-07-22 18:00:12.098170-0700 xctest[59729:374005] CouchbaseLite Network Verbose: {Connection#7} Receiving 'rev' REQ #185 Z
2019-07-22 18:00:12.098289-0700 xctest[59729:373964] CouchbaseLite Replicator Verbose: {pusher#16} Sending rev doc1185 1-c8c16ee37b9d0041b91beafe4587497a8ee75665 (seq #185) [10/10]
2019-07-22 18:00:12.098386-0700 xctest[59729:374007] CouchbaseLite Replicator Verbose: {Inserter#54} Inserting 10 revs:
2019-07-22 18:00:12.098492-0700 xctest[59729:374003] CouchbaseLite Network Verbose: {BLIPIO#13} Finished sending REQ #186 Z
2019-07-22 18:00:12.098595-0700 xctest[59729:373965] CouchbaseLite Network Debug: {LoopbackWS#12} SEND: ba0108c2 ee4f0ada 4383f4fc 69000053 941875
2019-07-22 18:00:12.098694-0700 xctest[59729:374005] CouchbaseLite Network Verbose: {Connection#7} Finished receiving 'rev' REQ #185 Z
2019-07-22 18:00:12.098800-0700 xctest[59729:373964] CouchbaseLite Replicator Verbose: {pusher#16} Reading document 'doc1185' #1-c8c16ee37b9d0041b91beafe4587497a8ee75665
2019-07-22 18:00:12.098895-0700 xctest[59729:374007] CouchbaseLite Database Verbose: {DB#55} begin transaction
2019-07-22 18:00:12.099027-0700 xctest[59729:374003] CouchbaseLite Network Verbose: {BLIPIO#13} ...Wrote 19 bytes to WebSocket (writeable=1)
2019-07-22 18:00:12.099120-0700 xctest[59729:373968] CouchbaseLite Network Debug: {LoopbackWS#11} RECEIVED: ba0108c2 ee4f0ada 4383f4fc 69000053 941875
2019-07-22 18:00:12.099251-0700 xctest[59729:373965] CouchbaseLite Replicator Info: {Puller#15} activityLevel=busy: pendingResponseCount=0, _caughtUp=1, _pendingRevMessages=218, _activeIncomingRevs=11
2019-07-22 18:00:12.099359-0700 xctest[59729:374004] CouchbaseLite Replicator Verbose: {IncomingRev#56} Received revision 'doc1182' #1-c8c16ee37b9d0041b91beafe4587497a8ee75665 (seq '182')
2019-07-22 18:00:12.099478-0700 xctest[59729:373964] CouchbaseLite Replicator Verbose: {pusher#16} Transmitting 'rev' message with 'doc1185' #1-c8c16ee37b9d0041b91beafe4587497a8ee75665
2019-07-22 18:00:12.099601-0700 xctest[59729:374003] CouchbaseLite Network Verbose: {BLIPIO#13} Sending 'rev' REQ #187 Z
2019-07-22 18:00:12.099722-0700 xctest[59729:374005] CouchbaseLite Network Verbose: {BLIPIO#14} Received frame: REQ #186 ---C, length 16
2019-07-22 18:00:12.099853-0700 xctest[59729:374007] CouchbaseLite Database Verbose: {DB#55} Saved 'doc1172' rev #1-c8c16ee37b9d0041b91beafe4587497a8ee75665 as seq 173
2019-07-22 18:00:12.099958-0700 xctest[59729:373964] CouchbaseLite Replicator Info: {pusher#16} activityLevel=busy: pendingResponseCount=18, caughtUp=1, changeLists=0, revsInFlight=10, blobsInFlight=0, awaitingReply=1856, revsToSend=215, pushingDocs=233, pendingSequences=0
2019-07-22 18:00:12.100063-0700 xctest[59729:374003] CouchbaseLite Network Verbose: {BLIPIO#13} Sending frame: REQ #187 ---C, bytes 0--15
2019-07-22 18:00:12.100177-0700 xctest[59729:374005] CouchbaseLite Network Verbose: {Connection#7} Receiving 'rev' REQ #186 Z
2019-07-22 18:00:12.100271-0700 xctest[59729:373965] CouchbaseLite Replicator Info: {Puller#15} activityLevel=busy: pendingResponseCount=0, _caughtUp=1, _pendingRevMessages=218, _activeIncomingRevs=11
2019-07-22 18:00:12.100395-0700 xctest[59729:374007] CouchbaseLite Replicator Verbose: {Inserter#54} {'doc1172' #1-c8c16ee37b9d0041b91beafe4587497a8ee75665 <- } seq 173
2019-07-22 18:00:12.100536-0700 xctest[59729:373964] CouchbaseLite Replicator Debug: {pusher#16} Transmitted 'rev' doc1176 #1-c8c16ee37b9d0041b91beafe4587497a8ee75665 (seq #176)
2019-07-22 18:00:12.100630-0700 xctest[59729:374003] CouchbaseLite Network Verbose: {BLIPIO#13} Finished sending REQ #187 Z
2019-07-22 18:00:12.100752-0700 xctest[59729:374004] CouchbaseLite Network Debug: {LoopbackWS#12} SEND: bb0108c2 ee4f0ada 4383f404 6a000080 b51ff2
2019-07-22 18:00:12.100849-0700 xctest[59729:374005] CouchbaseLite Network Verbose: {Connection#7} Finished receiving 'rev' REQ #186 Z
2019-07-22 18:00:12.100962-0700 xctest[59729:373965] CouchbaseLite Replicator Info: {Puller#15} activityLevel=busy: pendingResponseCount=0, _caughtUp=1, _pendingRevMessages=218, _activeIncomingRevs=10
2019-07-22 18:00:12.101085-0700 xctest[59729:373964] CouchbaseLite Replicator Verbose: {pusher#16} Sending rev doc1186 1-c8c16ee37b9d0041b91beafe4587497a8ee75665 (seq #186) [10/10]
2019-07-22 18:00:12.101183-0700 xctest[59729:374003] CouchbaseLite Network Verbose: {BLIPIO#13} ...Wrote 19 bytes to WebSocket (writeable=1)
2019-07-22 18:00:12.101284-0700 xctest[59729:374007] CouchbaseLite Database Verbose: {DB#55} Saved 'doc1173' rev #1-c8c16ee37b9d0041b91beafe4587497a8ee75665 as seq 174
2019-07-22 18:00:12.101382-0700 xctest[59729:374004] CouchbaseLite Network Debug: {LoopbackWS#11} RECEIVED: bb0108c2 ee4f0ada 4383f404 6a000080 b51ff2
2019-07-22 18:00:12.101491-0700 xctest[59729:373965] CouchbaseLite Replicator Info: {Puller#15} activityLevel=busy: pendingResponseCount=0, _caughtUp=1, _pendingRevMessages=217, _activeIncomingRevs=11
2019-07-22 18:00:12.101601-0700 xctest[59729:373968] CouchbaseLite Replicator Verbose: {IncomingRev#39} Received revision 'doc1183' #1-c8c16ee37b9d0041b91beafe4587497a8ee75665 (seq '183')
2019-07-22 18:00:12.101699-0700 xctest[59729:373964] CouchbaseLite Replicator Verbose: {pusher#16} Reading document 'doc1186' #1-c8c16ee37b9d0041b91beafe4587497a8ee75665
2019-07-22 18:00:12.101815-0700 xctest[59729:374003] CouchbaseLite Network Verbose: {BLIPIO#13} Sending 'rev' REQ #188 Z
2019-07-22 18:00:12.101922-0700 xctest[59729:374007] CouchbaseLite Replicator Verbose: {Inserter#54} {'doc1173' #1-c8c16ee37b9d0041b91beafe4587497a8ee75665 <- } seq 174
2019-07-22 18:00:12.102043-0700 xctest[59729:374005] CouchbaseLite Network Verbose: {BLIPIO#14} Received frame: REQ #187 ---C, length 16
2019-07-22 18:00:12.102151-0700 xctest[59729:374003] CouchbaseLite Network Verbose: {BLIPIO#13} Sending frame: REQ #188 ---C, bytes 0--15
2019-07-22 18:00:12.102258-0700 xctest[59729:373964] CouchbaseLite Replicator Verbose: {pusher#16} Transmitting 'rev' message with 'doc1186' #1-c8c16ee37b9d0041b91beafe4587497a8ee75665
2019-07-22 18:00:12.102366-0700 xctest[59729:373965] CouchbaseLite Replicator Info: {Puller#15} activityLevel=busy: pendingResponseCount=0, _caughtUp=1, _pendingRevMessages=217, _activeIncomingRevs=10
2019-07-22 18:00:12.102457-0700 xctest[59729:374005] CouchbaseLite Network Verbose: {Connection#7} Receiving 'rev' REQ #187 Z
2019-07-22 18:00:12.102547-0700 xctest[59729:374003] CouchbaseLite Network Verbose: {BLIPIO#13} Finished sending REQ #188 Z
2019-07-22 18:00:12.102635-0700 xctest[59729:374004] CouchbaseLite Network Debug: {LoopbackWS#12} SEND: bc0108c2 ee4f0ada 4383f40c 6a000096 0592c6
2019-07-22 18:00:12.146686-0700 xctest[59729:374007] CouchbaseLite Database Verbose: {DB#55} Saved 'doc1174' rev #1-c8c16ee37b9d0041b91beafe4587497a8ee75665 as seq 175
2019-07-22 18:00:12.146893-0700 xctest[59729:373964] CouchbaseLite Replicator Info: {pusher#16} activityLevel=busy: pendingResponseCount=19, caughtUp=1, changeLists=0, revsInFlight=10, blobsInFlight=0, awaitingReply=2088, revsToSend=214, pushingDocs=233, pendingSequences=0
2019-07-22 18:00:12.147015-0700 xctest[59729:373964] CouchbaseLite Replicator Debug: {pusher#16} Transmitted 'rev' doc1177 #1-c8c16ee37b9d0041b91beafe4587497a8ee75665 (seq #177)
2019-07-22 18:00:12.147140-0700 xctest[59729:373964] CouchbaseLite Replicator Verbose: {pusher#16} Sending rev doc1187 1-c8c16ee37b9d0041b91beafe4587497a8ee75665 (seq #187) [10/10]
2019-07-22 18:00:12.147224-0700 xctest[59729:373964] CouchbaseLite Replicator Verbose: {pusher#16} Reading document 'doc1187' #1-c8c16ee37b9d0041b91beafe4587497a8ee75665
2019-07-22 18:00:12.147376-0700 xctest[59729:374004] CouchbaseLite Network Debug: {LoopbackWS#11} RECEIVED: bc0108c2 ee4f0ada 4383f40c 6a000096 0592c6
2019-07-22 18:00:12.147513-0700 xctest[59729:374007] CouchbaseLite Replicator Verbose: {Inserter#54} {'doc1174' #1-c8c16ee37b9d0041b91beafe4587497a8ee75665 <- } seq 175
2019-07-22 18:00:12.147655-0700 xctest[59729:373965] CouchbaseLite Replicator Info: {Puller#15} activityLevel=busy: pendingResponseCount=0, _caughtUp=1, _pendingRevMessages=217, _activeIncomingRevs=10
2019-07-22 18:00:12.147757-0700 xctest[59729:373965] CouchbaseLite Replicator Info: {Puller#15} activityLevel=busy: pendingResponseCount=0, _caughtUp=1, _pendingRevMessages=217, _activeIncomingRevs=9
2019-07-22 18:00:12.147881-0700 xctest[59729:374003] CouchbaseLite Network Verbose: {BLIPIO#13} ...Wrote 19 bytes to WebSocket (writeable=1)
2019-07-22 18:00:12.147992-0700 xctest[59729:374007] CouchbaseLite Database Verbose: {DB#55} Saved 'doc1175' rev #1-c8c16ee37b9d0041b91beafe4587497a8ee75665 as seq 176
2019-07-22 18:00:12.148108-0700 xctest[59729:374007] CouchbaseLite Replicator Verbose: {Inserter#54} {'doc1175' #1-c8c16ee37b9d0041b91beafe4587497a8ee75665 <- } seq 176
2019-07-22 18:00:12.148214-0700 xctest[59729:373964] CouchbaseLite Replicator Verbose: {pusher#16} Transmitting 'rev' message with 'doc1187' #1-c8c16ee37b9d0041b91beafe4587497a8ee75665
2019-07-22 18:00:12.148396-0700 xctest[59729:374003] CouchbaseLite Network Verbose: {BLIPIO#13} Sending 'rev' REQ #189 Z
2019-07-22 18:00:12.148534-0700 xctest[59729:374005] CouchbaseLite Network Verbose: {Connection#7} Finished receiving 'rev' REQ #187 Z
2019-07-22 18:00:12.148645-0700 xctest[59729:373965] CouchbaseLite Replicator Info: {Puller#15} activityLevel=busy: pendingResponseCount=0, _caughtUp=1, _pendingRevMessages=217, _activeIncomingRevs=8
2019-07-22 18:00:12.148785-0700 xctest[59729:373964] CouchbaseLite Replicator Info: {pusher#16} activityLevel=busy: pendingResponseCount=20, caughtUp=1, changeLists=0, revsInFlight=10, blobsInFlight=0, awaitingReply=2320, revsToSend=213, pushingDocs=233, pendingSequences=0
2019-07-22 18:00:12.148887-0700 xctest[59729:373964] CouchbaseLite Replicator Debug: {pusher#16} Transmitted 'rev' doc1178 #1-c8c16ee37b9d0041b91beafe4587497a8ee75665 (seq #178)
2019-07-22 18:00:12.149017-0700 xctest[59729:374003] CouchbaseLite Network Verbose: {BLIPIO#13} Sending frame: REQ #189 ---C, bytes 0--15
2019-07-22 18:00:12.149194-0700 xctest[59729:374005] CouchbaseLite Network Verbose: {BLIPIO#14} Received frame: REQ #188 ---C, length 16
2019-07-22 18:00:12.149331-0700 xctest[59729:373965] CouchbaseLite Replicator Info: {Puller#15} activityLevel=busy: pendingResponseCount=0, _caughtUp=1, _pendingRevMessages=216, _activeIncomingRevs=9
2019-07-22 18:00:12.149443-0700 xctest[59729:374004] CouchbaseLite Replicator Verbose: {IncomingRev#31} Received revision 'doc1184' #1-c8c16ee37b9d0041b91beafe4587497a8ee75665 (seq '184')
2019-07-22 18:00:12.149589-0700 xctest[59729:374007] CouchbaseLite Database Verbose: {DB#55} Saved 'doc1176' rev #1-c8c16ee37b9d0041b91beafe4587497a8ee75665 as seq 177
2019-07-22 18:00:12.149697-0700 xctest[59729:373964] CouchbaseLite Replicator Verbose: {pusher#16} Sending rev doc1188 1-c8c16ee37b9d0041b91beafe4587497a8ee75665 (seq #188) [10/10]
2019-07-22 18:00:12.149815-0700 xctest[59729:374003] CouchbaseLite Network Verbose: {BLIPIO#13} Finished sending REQ #189 Z
2019-07-22 18:00:12.149941-0700 xctest[59729:373968] CouchbaseLite Network Debug: {LoopbackWS#12} SEND: bd0108c2 ee4f0ada 4383f414 6a0000ad 36784b
2019-07-22 18:00:12.150063-0700 xctest[59729:374005] CouchbaseLite Network Verbose: {Connection#7} Receiving 'rev' REQ #188 Z
2019-07-22 18:00:12.150196-0700 xctest[59729:374007] CouchbaseLite Replicator Verbose: {Inserter#54} {'doc1176' #1-c8c16ee37b9d0041b91beafe4587497a8ee75665 <- } seq 177
2019-07-22 18:00:12.150344-0700 xctest[59729:373964] CouchbaseLite Replicator Verbose: {pusher#16} Reading document 'doc1188' #1-c8c16ee37b9d0041b91beafe4587497a8ee75665
2019-07-22 18:00:12.150471-0700 xctest[59729:374003] CouchbaseLite Network Verbose: {BLIPIO#13} ...Wrote 19 bytes to WebSocket (writeable=1)
2019-07-22 18:00:12.150648-0700 xctest[59729:373965] CouchbaseLite Network Debug: {LoopbackWS#11} RECEIVED: bd0108c2 ee4f0ada 4383f414 6a0000ad 36784b
2019-07-22 18:00:12.150760-0700 xctest[59729:374005] CouchbaseLite Network Verbose: {Connection#7} Finished receiving 'rev' REQ #188 Z
2019-07-22 18:00:12.150895-0700 xctest[59729:373968] CouchbaseLite Replicator Info: {Puller#15} activityLevel=busy: pendingResponseCount=0, _caughtUp=1, _pendingRevMessages=216, _activeIncomingRevs=9
2019-07-22 18:00:12.150988-0700 xctest[59729:374003] CouchbaseLite Network Verbose: {BLIPIO#13} Sending 'rev' REQ #190 Z
2019-07-22 18:00:12.151098-0700 xctest[59729:374007] CouchbaseLite Database Verbose: {DB#55} Saved 'doc1177' rev #1-c8c16ee37b9d0041b91beafe4587497a8ee75665 as seq 178
2019-07-22 18:00:12.151228-0700 xctest[59729:374007] CouchbaseLite Replicator Verbose: {Inserter#54} {'doc1177' #1-c8c16ee37b9d0041b91beafe4587497a8ee75665 <- } seq 178
2019-07-22 18:00:12.151345-0700 xctest[59729:374005] CouchbaseLite Network Verbose: {BLIPIO#14} Received frame: REQ #189 ---C, length 16
2019-07-22 18:00:12.151505-0700 xctest[59729:373968] CouchbaseLite Replicator Info: {Puller#15} activityLevel=busy: pendingResponseCount=0, _caughtUp=1, _pendingRevMessages=216, _activeIncomingRevs=8
2019-07-22 18:00:12.151616-0700 xctest[59729:373968] CouchbaseLite Replicator Info: {Puller#15} activityLevel=busy: pendingResponseCount=0, _caughtUp=1, _pendingRevMessages=215, _activeIncomingRevs=9
2019-07-22 18:00:12.151737-0700 xctest[59729:373964] CouchbaseLite Replicator Verbose: {pusher#16} Transmitting 'rev' message with 'doc1188' #1-c8c16ee37b9d0041b91beafe4587497a8ee75665
2019-07-22 18:00:12.151878-0700 xctest[59729:374005] CouchbaseLite Network Verbose: {Connection#7} Receiving 'rev' REQ #189 Z
2019-07-22 18:00:12.152014-0700 xctest[59729:374003] CouchbaseLite Network Verbose: {BLIPIO#13} Sending frame: REQ #190 ---C, bytes 0--15
2019-07-22 18:00:12.152216-0700 xctest[59729:373965] CouchbaseLite Replicator Verbose: {IncomingRev#44} Received revision 'doc1185' #1-c8c16ee37b9d0041b91beafe4587497a8ee75665 (seq '185')
2019-07-22 18:00:12.152343-0700 xctest[59729:373968] CouchbaseLite Replicator Info: {Puller#15} activityLevel=busy: pendingResponseCount=0, _caughtUp=1, _pendingRevMessages=215, _activeIncomingRevs=8
2019-07-22 18:00:12.152461-0700 xctest[59729:374007] CouchbaseLite Database Verbose: {DB#55} Saved 'doc1178' rev #1-c8c16ee37b9d0041b91beafe4587497a8ee75665 as seq 179
2019-07-22 18:00:12.152616-0700 xctest[59729:373964] CouchbaseLite Replicator Info: {pusher#16} activityLevel=busy: pendingResponseCount=21, caughtUp=1, changeLists=0, revsInFlight=10, blobsInFlight=0, awaitingReply=2552, revsToSend=212, pushingDocs=233, pendingSequences=0
2019-07-22 18:00:12.152725-0700 xctest[59729:373964] CouchbaseLite Replicator Debug: {pusher#16} Transmitted 'rev' doc1179 #1-c8c16ee37b9d0041b91beafe4587497a8ee75665 (seq #179)
2019-07-22 18:00:12.152891-0700 xctest[59729:373964] CouchbaseLite Replicator Verbose: {pusher#16} Sending rev doc1189 1-c8c16ee37b9d0041b91beafe4587497a8ee75665 (seq #189) [10/10]
2019-07-22 18:00:12.153050-0700 xctest[59729:374004] CouchbaseLite Network Debug: {LoopbackWS#12} SEND: be0108c2 ee4f0ada 4383f41c 6a00002d 531d29
2019-07-22 18:00:12.153226-0700 xctest[59729:374007] CouchbaseLite Replicator Verbose: {Inserter#54} {'doc1178' #1-c8c16ee37b9d0041b91beafe4587497a8ee75665 <- } seq 179
2019-07-22 18:00:12.153386-0700 xctest[59729:374005] CouchbaseLite Network Verbose: {Connection#7} Finished receiving 'rev' REQ #189 Z
2019-07-22 18:00:12.153538-0700 xctest[59729:374003] CouchbaseLite Network Verbose: {BLIPIO#13} Finished sending REQ #190 Z
2019-07-22 18:00:12.153691-0700 xctest[59729:373964] CouchbaseLite Replicator Verbose: {pusher#16} Reading document 'doc1189' #1-c8c16ee37b9d0041b91beafe4587497a8ee75665
2019-07-22 18:00:12.153851-0700 xctest[59729:373968] CouchbaseLite Replicator Info: {Puller#15} activityLevel=busy: pendingResponseCount=0, _caughtUp=1, _pendingRevMessages=215, _activeIncomingRevs=8
2019-07-22 18:00:12.153982-0700 xctest[59729:373965] CouchbaseLite Network Debug: {LoopbackWS#11} RECEIVED: be0108c2 ee4f0ada 4383f41c 6a00002d 531d29
2019-07-22 18:00:12.154117-0700 xctest[59729:374003] CouchbaseLite Network Verbose: {BLIPIO#13} ...Wrote 19 bytes to WebSocket (writeable=1)
2019-07-22 18:00:12.154259-0700 xctest[59729:374007] CouchbaseLite Database Verbose: {DB#55} Saved 'doc1179' rev #1-c8c16ee37b9d0041b91beafe4587497a8ee75665 as seq 180
2019-07-22 18:00:12.154376-0700 xctest[59729:373968] CouchbaseLite Replicator Info: {Puller#15} activityLevel=busy: pendingResponseCount=0, _caughtUp=1, _pendingRevMessages=215, _activeIncomingRevs=7
2019-07-22 18:00:12.154632-0700 xctest[59729:373964] CouchbaseLite Replicator Verbose: {pusher#16} Transmitting 'rev' message with 'doc1189' #1-c8c16ee37b9d0041b91beafe4587497a8ee75665
2019-07-22 18:00:12.154771-0700 xctest[59729:374004] CouchbaseLite Network Verbose: {BLIPIO#14} Received frame: REQ #190 ---C, length 16
2019-07-22 18:00:12.154897-0700 xctest[59729:374003] CouchbaseLite Network Verbose: {BLIPIO#13} Sending 'rev' REQ #191 Z
2019-07-22 18:00:12.154994-0700 xctest[59729:374007] CouchbaseLite Replicator Verbose: {Inserter#54} {'doc1179' #1-c8c16ee37b9d0041b91beafe4587497a8ee75665 <- } seq 180
2019-07-22 18:00:12.155141-0700 xctest[59729:373968] CouchbaseLite Replicator Info: {Puller#15} activityLevel=busy: pendingResponseCount=0, _caughtUp=1, _pendingRevMessages=214, _activeIncomingRevs=8
2019-07-22 18:00:12.155249-0700 xctest[59729:373968] CouchbaseLite Replicator Info: {Puller#15} activityLevel=busy: pendingResponseCount=0, _caughtUp=1, _pendingRevMessages=214, _activeIncomingRevs=7
2019-07-22 18:00:12.155397-0700 xctest[59729:373964] CouchbaseLite Replicator Info: {pusher#16} activityLevel=busy: pendingResponseCount=22, caughtUp=1, changeLists=0, revsInFlight=10, blobsInFlight=0, awaitingReply=2784, revsToSend=211, pushingDocs=233, pendingSequences=0
2019-07-22 18:00:12.155547-0700 xctest[59729:373964] CouchbaseLite Replicator Debug: {pusher#16} Transmitted 'rev' doc1180 #1-c8c16ee37b9d0041b91beafe4587497a8ee75665 (seq #180)
2019-07-22 18:00:12.155667-0700 xctest[59729:374007] CouchbaseLite Database Verbose: {DB#55} Saved 'doc1180' rev #1-c8c16ee37b9d0041b91beafe4587497a8ee75665 as seq 181
2019-07-22 18:00:12.155805-0700 xctest[59729:373965] CouchbaseLite Replicator Verbose: {IncomingRev#34} Received revision 'doc1186' #1-c8c16ee37b9d0041b91beafe4587497a8ee75665 (seq '186')
2019-07-22 18:00:12.155977-0700 xctest[59729:374004] CouchbaseLite Network Verbose: {Connection#7} Receiving 'rev' REQ #190 Z
2019-07-22 18:00:12.156116-0700 xctest[59729:374003] CouchbaseLite Network Verbose: {BLIPIO#13} Sending frame: REQ #191 ---C, bytes 0--15
2019-07-22 18:00:12.156222-0700 xctest[59729:373964] CouchbaseLite Replicator Verbose: {pusher#16} Sending rev doc1190 1-c8c16ee37b9d0041b91beafe4587497a8ee75665 (seq #190) [10/10]
2019-07-22 18:00:12.156369-0700 xctest[59729:373964] CouchbaseLite Replicator Verbose: {pusher#16} Reading document 'doc1190' #1-c8c16ee37b9d0041b91beafe4587497a8ee75665
2019-07-22 18:00:12.156497-0700 xctest[59729:374004] CouchbaseLite Network Verbose: {Connection#7} Finished receiving 'rev' REQ #190 Z
2019-07-22 18:00:12.156629-0700 xctest[59729:374003] CouchbaseLite Network Verbose: {BLIPIO#13} Finished sending REQ #191 Z
2019-07-22 18:00:12.156808-0700 xctest[59729:373968] CouchbaseLite Network Debug: {LoopbackWS#12} SEND: bf0108c2 ee4f0ada 4383f424 6a00008e 41b2ff
2019-07-22 18:00:12.156960-0700 xctest[59729:374007] CouchbaseLite Replicator Verbose: {Inserter#54} {'doc1180' #1-c8c16ee37b9d0041b91beafe4587497a8ee75665 <- } seq 181
2019-07-22 18:00:12.157087-0700 xctest[59729:374005] CouchbaseLite Replicator Info: {Puller#15} activityLevel=busy: pendingResponseCount=0, _caughtUp=1, _pendingRevMessages=213, _activeIncomingRevs=8
2019-07-22 18:00:12.157191-0700 xctest[59729:373965] CouchbaseLite Replicator Verbose: {IncomingRev#28} Received revision 'doc1187' #1-c8c16ee37b9d0041b91beafe4587497a8ee75665 (seq '187')
2019-07-22 18:00:12.157350-0700 xctest[59729:373964] CouchbaseLite Replicator Verbose: {pusher#16} Transmitting 'rev' message with 'doc1190' #1-c8c16ee37b9d0041b91beafe4587497a8ee75665
2019-07-22 18:00:12.157489-0700 xctest[59729:374003] CouchbaseLite Network Verbose: {BLIPIO#13} ...Wrote 19 bytes to WebSocket (writeable=1)
2019-07-22 18:00:12.157595-0700 xctest[59729:374004] CouchbaseLite Network Debug: {LoopbackWS#11} RECEIVED: bf0108c2 ee4f0ada 4383f424 6a00008e 41b2ff
2019-07-22 18:00:12.157712-0700 xctest[59729:374005] CouchbaseLite Replicator Info: {Puller#15} activityLevel=busy: pendingResponseCount=0, _caughtUp=1, _pendingRevMessages=213, _activeIncomingRevs=8
2019-07-22 18:00:12.157800-0700 xctest[59729:374005] CouchbaseLite Replicator Info: {Puller#15} activityLevel=busy: pendingResponseCount=0, _caughtUp=1, _pendingRevMessages=213, _activeIncomingRevs=7
2019-07-22 18:00:12.157932-0700 xctest[59729:373964] CouchbaseLite Replicator Info: {pusher#16} activityLevel=busy: pendingResponseCount=23, caughtUp=1, changeLists=0, revsInFlight=10, blobsInFlight=0, awaitingReply=3016, revsToSend=210, pushingDocs=233, pendingSequences=0
2019-07-22 18:00:12.158032-0700 xctest[59729:373964] CouchbaseLite Replicator Verbose: {pusher#16} Completed rev doc1168 #1-c8c16ee37b9d0041b91beafe4587497a8ee75665 (seq #168)
2019-07-22 18:00:12.158148-0700 xctest[59729:373968] CouchbaseLite Network Verbose: {BLIPIO#14} Received frame: REQ #191 ---C, length 16
2019-07-22 18:00:12.158280-0700 xctest[59729:374007] CouchbaseLite Database Verbose: {DB#55} Saved 'doc1181' rev #1-c8c16ee37b9d0041b91beafe4587497a8ee75665 as seq 182
