2019-07-22 18:00:11.783965-0700 xctest[59729:373965] CouchbaseLite Network Verbose: {BLIPIO#14} Sending RES #127
2019-07-22 18:00:11.784063-0700 xctest[59729:374004] CouchbaseLite Replicator Info: {Puller#15} activityLevel=busy: pendingResponseCount=0, _caughtUp=1, _pendingRevMessages=271, _activeIncomingRevs=0
2019-07-22 18:00:11.784142-0700 xctest[59729:374005] CouchbaseLite Network Verbose: {Connection#9} Receiving RES #125
2019-07-22 18:00:11.784247-0700 xctest[59729:373964] CouchbaseLite Replicator Verbose: {pusher#16} Completed rev doc1114 #1-c8c16ee37b9d0041b91beafe4587497a8ee75665 (seq #114)
2019-07-22 18:00:11.784349-0700 xctest[59729:373965] CouchbaseLite Network Verbose: {BLIPIO#14} Sending frame: RES #127 ----, bytes 0--4
2019-07-22 18:00:11.784444-0700 xctest[59729:374005] CouchbaseLite Network Verbose: {Connection#9} Finished receiving RES #125
2019-07-22 18:00:11.784559-0700 xctest[59729:373964] CouchbaseLite Replicator Debug: {pusher#16} Done pushing 'doc1114' 1-c8c16ee37b9d0041b91beafe4587497a8ee75665
2019-07-22 18:00:11.784684-0700 xctest[59729:373965] CouchbaseLite Network Verbose: {BLIPIO#14} Finished sending RES #127
2019-07-22 18:00:11.784774-0700 xctest[59729:373965] CouchbaseLite Network Verbose: {BLIPIO#14} ...Wrote 7 bytes to WebSocket (writeable=1)
2019-07-22 18:00:11.784851-0700 xctest[59729:374005] CouchbaseLite Network Verbose: {BLIPIO#13} Sending 'rev' REQ #135 Z
2019-07-22 18:00:11.784960-0700 xctest[59729:373964] CouchbaseLite Replicator Verbose: {pusher#16} progress +0/+0, 1 docs -- now 0 / 56800, 114 docs
2019-07-22 18:00:11.785042-0700 xctest[59729:373964] CouchbaseLite Replicator Info: {pusher#16} activityLevel=busy: pendingResponseCount=18, caughtUp=1, changeLists=0, revsInFlight=10, blobsInFlight=0, awaitingReply=1856, revsToSend=268, pushingDocs=286, pendingSequences=0
2019-07-22 18:00:11.785146-0700 xctest[59729:373965] CouchbaseLite Network Verbose: {BLIPIO#14} Sending RES #128
2019-07-22 18:00:11.785224-0700 xctest[59729:374005] CouchbaseLite Network Verbose: {BLIPIO#13} Sending frame: REQ #135 ---C, bytes 0--15
2019-07-22 18:00:11.785331-0700 xctest[59729:374004] CouchbaseLite Network Debug: {LoopbackWS#11} SEND: 7f010013 a241ed
2019-07-22 18:00:11.785433-0700 xctest[59729:373964] CouchbaseLite Replicator Verbose: {pusher#16} Completed rev doc1115 #1-c8c16ee37b9d0041b91beafe4587497a8ee75665 (seq #115)
2019-07-22 18:00:11.785524-0700 xctest[59729:373987] CouchbaseLite Replicator Info: {repl#10} pushStatus=busy, pullStatus=busy, progress=0/56800
2019-07-22 18:00:11.785607-0700 xctest[59729:373987] CouchbaseLite Replicator Verbose: {repl#10} progress +0/+0, 1 docs -- now 0 / 56800, 114 docs
2019-07-22 18:00:11.785678-0700 xctest[59729:373987] CouchbaseLite Replicator Info: {repl#10} activityLevel=busy: connectionState=2
2019-07-22 18:00:11.785745-0700 xctest[59729:373987] CouchbaseLite Replicator Info: {repl#10} pushStatus=busy, pullStatus=busy, progress=0/56800
2019-07-22 18:00:11.785820-0700 xctest[59729:373964] CouchbaseLite Replicator Debug: {pusher#16} Done pushing 'doc1115' 1-c8c16ee37b9d0041b91beafe4587497a8ee75665
2019-07-22 18:00:11.785912-0700 xctest[59729:373965] CouchbaseLite Network Verbose: {BLIPIO#14} Sending frame: RES #128 ----, bytes 0--4
2019-07-22 18:00:11.786000-0700 xctest[59729:374005] CouchbaseLite Network Verbose: {BLIPIO#13} Finished sending REQ #135 Z
2019-07-22 18:00:11.786098-0700 xctest[59729:374003] CouchbaseLite Network Debug: {LoopbackWS#12} SEND: 870108c2 ee4f0ada 4383f464 6800001e d88a42
2019-07-22 18:00:11.786191-0700 xctest[59729:373964] CouchbaseLite Replicator Verbose: {pusher#16} progress +0/+0, 1 docs -- now 0 / 56800, 115 docs
2019-07-22 18:00:11.786267-0700 xctest[59729:373964] CouchbaseLite Replicator Info: {pusher#16} activityLevel=busy: pendingResponseCount=17, caughtUp=1, changeLists=0, revsInFlight=10, blobsInFlight=0, awaitingReply=1624, revsToSend=268, pushingDocs=285, pendingSequences=0
2019-07-22 18:00:11.786352-0700 xctest[59729:373987] CouchbaseLite Network Debug: {LoopbackWS#11} SEND: 80010100 0caad309
2019-07-22 18:00:11.786443-0700 xctest[59729:374005] CouchbaseLite Network Verbose: {BLIPIO#13} ...Wrote 19 bytes to WebSocket (writeable=1)
2019-07-22 18:00:11.786532-0700 xctest[59729:374003] CouchbaseLite Network Debug: {LoopbackWS#12} RECEIVED: 7f010013 a241ed
2019-07-22 18:00:11.786622-0700 xctest[59729:373965] CouchbaseLite Network Verbose: {BLIPIO#14} Finished sending RES #128
2019-07-22 18:00:11.786729-0700 xctest[59729:373965] CouchbaseLite Network Verbose: {BLIPIO#14} ...Wrote 8 bytes to WebSocket (writeable=1)
2019-07-22 18:00:11.786815-0700 xctest[59729:374004] CouchbaseLite Replicator Info: {repl#10} pushStatus=busy, pullStatus=busy, progress=0/56800
2019-07-22 18:00:11.786891-0700 xctest[59729:374004] CouchbaseLite Replicator Verbose: {repl#10} progress +0/+0, 1 docs -- now 0 / 56800, 115 docs
2019-07-22 18:00:11.786959-0700 xctest[59729:374004] CouchbaseLite Replicator Info: {repl#10} activityLevel=busy: connectionState=2
2019-07-22 18:00:11.787040-0700 xctest[59729:374004] CouchbaseLite Replicator Info: {repl#10} pushStatus=busy, pullStatus=busy, progress=0/56800
2019-07-22 18:00:11.787116-0700 xctest[59729:373964] CouchbaseLite Replicator Debug: {pusher#16} Transmitted 'rev' doc1123 #1-c8c16ee37b9d0041b91beafe4587497a8ee75665 (seq #123)
2019-07-22 18:00:11.787211-0700 xctest[59729:373965] CouchbaseLite Network Verbose: {BLIPIO#14} Received frame: REQ #133 ---C, length 17
2019-07-22 18:00:11.787303-0700 xctest[59729:373987] CouchbaseLite Network Debug: {LoopbackWS#11} RECEIVED: 870108c2 ee4f0ada 4383f464 6800001e d88a42
2019-07-22 18:00:11.787386-0700 xctest[59729:374005] CouchbaseLite Network Verbose: {BLIPIO#13} Received frame: RES #126 ----, length 5
2019-07-22 18:00:11.787489-0700 xctest[59729:374003] CouchbaseLite Network Debug: {LoopbackWS#12} RECEIVED: 80010100 0caad309
2019-07-22 18:00:11.787581-0700 xctest[59729:373964] CouchbaseLite Replicator Verbose: {pusher#16} Sending rev doc1133 1-c8c16ee37b9d0041b91beafe4587497a8ee75665 (seq #133) [10/10]
2019-07-22 18:00:11.787671-0700 xctest[59729:373965] CouchbaseLite Network Verbose: {Connection#7} Receiving 'rev' REQ #133 Z
2019-07-22 18:00:11.787762-0700 xctest[59729:374005] CouchbaseLite Network Verbose: {Connection#9} Receiving RES #126
2019-07-22 18:00:11.787854-0700 xctest[59729:373964] CouchbaseLite Replicator Verbose: {pusher#16} Reading document 'doc1133' #1-c8c16ee37b9d0041b91beafe4587497a8ee75665
2019-07-22 18:00:11.787948-0700 xctest[59729:373965] CouchbaseLite Network Verbose: {Connection#7} Finished receiving 'rev' REQ #133 Z
2019-07-22 18:00:11.788036-0700 xctest[59729:374005] CouchbaseLite Network Verbose: {Connection#9} Finished receiving RES #126
2019-07-22 18:00:11.788176-0700 xctest[59729:373965] CouchbaseLite Network Verbose: {BLIPIO#14} Received frame: REQ #134 ---C, length 16
2019-07-22 18:00:11.788262-0700 xctest[59729:374003] CouchbaseLite Replicator Info: {Puller#15} activityLevel=busy: pendingResponseCount=0, _caughtUp=1, _pendingRevMessages=270, _activeIncomingRevs=1
2019-07-22 18:00:11.788355-0700 xctest[59729:373987] CouchbaseLite Replicator Verbose: {IncomingRev#31} Received revision 'doc1130' #1-c8c16ee37b9d0041b91beafe4587497a8ee75665 (seq '130')
2019-07-22 18:00:11.788447-0700 xctest[59729:374005] CouchbaseLite Network Verbose: {BLIPIO#13} Received frame: RES #127 ----, length 5
2019-07-22 18:00:11.788545-0700 xctest[59729:373964] CouchbaseLite Replicator Verbose: {pusher#16} Transmitting 'rev' message with 'doc1133' #1-c8c16ee37b9d0041b91beafe4587497a8ee75665
2019-07-22 18:00:11.788648-0700 xctest[59729:373965] CouchbaseLite Network Verbose: {Connection#7} Receiving 'rev' REQ #134 Z
2019-07-22 18:00:11.788752-0700 xctest[59729:374005] CouchbaseLite Network Verbose: {Connection#9} Receiving RES #127
2019-07-22 18:00:11.788853-0700 xctest[59729:373964] CouchbaseLite Replicator Info: {pusher#16} activityLevel=busy: pendingResponseCount=18, caughtUp=1, changeLists=0, revsInFlight=10, blobsInFlight=0, awaitingReply=1856, revsToSend=267, pushingDocs=285, pendingSequences=0
2019-07-22 18:00:11.788949-0700 xctest[59729:373965] CouchbaseLite Network Verbose: {Connection#7} Finished receiving 'rev' REQ #134 Z
2019-07-22 18:00:11.789038-0700 xctest[59729:374005] CouchbaseLite Network Verbose: {Connection#9} Finished receiving RES #127
2019-07-22 18:00:11.789138-0700 xctest[59729:374003] CouchbaseLite Replicator Info: {Puller#15} activityLevel=busy: pendingResponseCount=0, _caughtUp=1, _pendingRevMessages=270, _activeIncomingRevs=1
2019-07-22 18:00:11.789241-0700 xctest[59729:373964] CouchbaseLite Replicator Verbose: {pusher#16} Completed rev doc1116 #1-c8c16ee37b9d0041b91beafe4587497a8ee75665 (seq #116)
2019-07-22 18:00:11.789367-0700 xctest[59729:373965] CouchbaseLite Network Verbose: {BLIPIO#14} Sending RES #129
2019-07-22 18:00:11.789462-0700 xctest[59729:374005] CouchbaseLite Network Verbose: {BLIPIO#13} Received frame: RES #128 ----, length 5
2019-07-22 18:00:11.789570-0700 xctest[59729:374003] CouchbaseLite Replicator Info: {Puller#15} activityLevel=busy: pendingResponseCount=0, _caughtUp=1, _pendingRevMessages=269, _activeIncomingRevs=2
2019-07-22 18:00:11.789668-0700 xctest[59729:373987] CouchbaseLite Replicator Verbose: {IncomingRev#39} Received revision 'doc1131' #1-c8c16ee37b9d0041b91beafe4587497a8ee75665 (seq '131')
2019-07-22 18:00:11.789766-0700 xctest[59729:373964] CouchbaseLite Replicator Debug: {pusher#16} Done pushing 'doc1116' 1-c8c16ee37b9d0041b91beafe4587497a8ee75665
2019-07-22 18:00:11.789865-0700 xctest[59729:373965] CouchbaseLite Network Verbose: {BLIPIO#14} Sending frame: RES #129 ----, bytes 0--4
2019-07-22 18:00:11.789980-0700 xctest[59729:374005] CouchbaseLite Network Verbose: {Connection#9} Receiving RES #128
2019-07-22 18:00:11.790076-0700 xctest[59729:373964] CouchbaseLite Replicator Verbose: {pusher#16} progress +0/+0, 1 docs -- now 0 / 56800, 116 docs
2019-07-22 18:00:11.790192-0700 xctest[59729:373965] CouchbaseLite Network Verbose: {BLIPIO#14} Finished sending RES #129
2019-07-22 18:00:11.790310-0700 xctest[59729:374003] CouchbaseLite Network Debug: {LoopbackWS#11} SEND: 81010100 abd2fdfa
2019-07-22 18:00:11.790414-0700 xctest[59729:374005] CouchbaseLite Network Verbose: {Connection#9} Finished receiving RES #128
2019-07-22 18:00:11.790527-0700 xctest[59729:373964] CouchbaseLite Replicator Info: {pusher#16} activityLevel=busy: pendingResponseCount=17, caughtUp=1, changeLists=0, revsInFlight=10, blobsInFlight=0, awaitingReply=1624, revsToSend=267, pushingDocs=284, pendingSequences=0
2019-07-22 18:00:11.790620-0700 xctest[59729:373965] CouchbaseLite Network Verbose: {BLIPIO#14} ...Wrote 8 bytes to WebSocket (writeable=1)
2019-07-22 18:00:11.790734-0700 xctest[59729:374004] CouchbaseLite Replicator Info: {Puller#15} activityLevel=busy: pendingResponseCount=0, _caughtUp=1, _pendingRevMessages=269, _activeIncomingRevs=2
2019-07-22 18:00:11.790827-0700 xctest[59729:373987] CouchbaseLite Network Debug: {LoopbackWS#12} RECEIVED: 81010100 abd2fdfa
2019-07-22 18:00:11.790914-0700 xctest[59729:374005] CouchbaseLite Network Verbose: {BLIPIO#13} Sending 'rev' REQ #136 Z
2019-07-22 18:00:11.791001-0700 xctest[59729:374003] CouchbaseLite Replicator Info: {repl#10} pushStatus=busy, pullStatus=busy, progress=0/56800
2019-07-22 18:00:11.791093-0700 xctest[59729:374003] CouchbaseLite Replicator Verbose: {repl#10} progress +0/+0, 1 docs -- now 0 / 56800, 116 docs
2019-07-22 18:00:11.791165-0700 xctest[59729:374003] CouchbaseLite Replicator Info: {repl#10} activityLevel=busy: connectionState=2
2019-07-22 18:00:11.791238-0700 xctest[59729:374003] CouchbaseLite Replicator Info: {repl#10} pushStatus=busy, pullStatus=busy, progress=0/56800
2019-07-22 18:00:11.791318-0700 xctest[59729:373964] CouchbaseLite Replicator Verbose: {pusher#16} Completed rev doc1117 #1-c8c16ee37b9d0041b91beafe4587497a8ee75665 (seq #117)
2019-07-22 18:00:11.791405-0700 xctest[59729:373965] CouchbaseLite Network Verbose: {BLIPIO#14} Sending RES #130
2019-07-22 18:00:11.791512-0700 xctest[59729:374005] CouchbaseLite Network Verbose: {BLIPIO#13} Sending frame: REQ #136 ---C, bytes 0--15
2019-07-22 18:00:11.791603-0700 xctest[59729:373964] CouchbaseLite Replicator Debug: {pusher#16} Done pushing 'doc1117' 1-c8c16ee37b9d0041b91beafe4587497a8ee75665
2019-07-22 18:00:11.791680-0700 xctest[59729:373964] CouchbaseLite Replicator Verbose: {pusher#16} progress +0/+0, 1 docs -- now 0 / 56800, 117 docs
2019-07-22 18:00:11.791749-0700 xctest[59729:373964] CouchbaseLite Replicator Info: {pusher#16} activityLevel=busy: pendingResponseCount=16, caughtUp=1, changeLists=0, revsInFlight=10, blobsInFlight=0, awaitingReply=1392, revsToSend=267, pushingDocs=283, pendingSequences=0
2019-07-22 18:00:11.791835-0700 xctest[59729:374003] CouchbaseLite Network Debug: {LoopbackWS#12} SEND: 880108c2 ee4f4aae 381b9ced 2100008b c5d72b
2019-07-22 18:00:11.791927-0700 xctest[59729:373965] CouchbaseLite Network Verbose: {BLIPIO#14} Sending frame: RES #130 ----, bytes 0--4
2019-07-22 18:00:11.792019-0700 xctest[59729:374005] CouchbaseLite Network Verbose: {BLIPIO#13} Finished sending REQ #136 Z
2019-07-22 18:00:11.792109-0700 xctest[59729:373964] CouchbaseLite Replicator Debug: {pusher#16} Transmitted 'rev' doc1124 #1-c8c16ee37b9d0041b91beafe4587497a8ee75665 (seq #124)
2019-07-22 18:00:11.792196-0700 xctest[59729:373987] CouchbaseLite Replicator Info: {repl#10} pushStatus=busy, pullStatus=busy, progress=0/56800
2019-07-22 18:00:11.792272-0700 xctest[59729:373987] CouchbaseLite Replicator Verbose: {repl#10} progress +0/+0, 1 docs -- now 0 / 56800, 117 docs
2019-07-22 18:00:11.792338-0700 xctest[59729:373987] CouchbaseLite Replicator Info: {repl#10} activityLevel=busy: connectionState=2
2019-07-22 18:00:11.792404-0700 xctest[59729:373987] CouchbaseLite Replicator Info: {repl#10} pushStatus=busy, pullStatus=busy, progress=0/56800
2019-07-22 18:00:11.792504-0700 xctest[59729:373964] CouchbaseLite Replicator Verbose: {pusher#16} Sending rev doc1134 1-c8c16ee37b9d0041b91beafe4587497a8ee75665 (seq #134) [10/10]
2019-07-22 18:00:11.792592-0700 xctest[59729:374003] CouchbaseLite Network Debug: {LoopbackWS#11} RECEIVED: 880108c2 ee4f4aae 381b9ced 2100008b c5d72b
2019-07-22 18:00:11.792670-0700 xctest[59729:373965] CouchbaseLite Network Verbose: {BLIPIO#14} Finished sending RES #130
2019-07-22 18:00:11.792756-0700 xctest[59729:374005] CouchbaseLite Network Verbose: {BLIPIO#13} ...Wrote 19 bytes to WebSocket (writeable=1)
2019-07-22 18:00:11.792839-0700 xctest[59729:373964] CouchbaseLite Replicator Verbose: {pusher#16} Reading document 'doc1134' #1-c8c16ee37b9d0041b91beafe4587497a8ee75665
2019-07-22 18:00:11.792929-0700 xctest[59729:374003] CouchbaseLite Network Debug: {LoopbackWS#11} SEND: 82010100 8fc12672
2019-07-22 18:00:11.793031-0700 xctest[59729:373965] CouchbaseLite Network Verbose: {BLIPIO#14} ...Wrote 8 bytes to WebSocket (writeable=1)
2019-07-22 18:00:11.793121-0700 xctest[59729:374005] CouchbaseLite Network Verbose: {BLIPIO#13} Received frame: RES #129 ----, length 5
2019-07-22 18:00:11.793233-0700 xctest[59729:373987] CouchbaseLite Network Debug: {LoopbackWS#12} RECEIVED: 82010100 8fc12672
2019-07-22 18:00:11.793320-0700 xctest[59729:373965] CouchbaseLite Network Verbose: {BLIPIO#14} Sending RES #131
2019-07-22 18:00:11.793408-0700 xctest[59729:373964] CouchbaseLite Replicator Verbose: {pusher#16} Transmitting 'rev' message with 'doc1134' #1-c8c16ee37b9d0041b91beafe4587497a8ee75665
2019-07-22 18:00:11.793494-0700 xctest[59729:374005] CouchbaseLite Network Verbose: {Connection#9} Receiving RES #129
2019-07-22 18:00:11.793585-0700 xctest[59729:373965] CouchbaseLite Network Verbose: {BLIPIO#14} Sending frame: RES #131 ----, bytes 0--4
2019-07-22 18:00:11.793678-0700 xctest[59729:373964] CouchbaseLite Replicator Info: {pusher#16} activityLevel=busy: pendingResponseCount=17, caughtUp=1, changeLists=0, revsInFlight=10, blobsInFlight=0, awaitingReply=1624, revsToSend=266, pushingDocs=283, pendingSequences=0
2019-07-22 18:00:11.793784-0700 xctest[59729:374005] CouchbaseLite Network Verbose: {Connection#9} Finished receiving RES #129
2019-07-22 18:00:11.793873-0700 xctest[59729:373965] CouchbaseLite Network Verbose: {BLIPIO#14} Finished sending RES #131
2019-07-22 18:00:11.793955-0700 xctest[59729:373965] CouchbaseLite Network Verbose: {BLIPIO#14} ...Wrote 8 bytes to WebSocket (writeable=1)
2019-07-22 18:00:11.794035-0700 xctest[59729:373964] CouchbaseLite Replicator Verbose: {pusher#16} Completed rev doc1118 #1-c8c16ee37b9d0041b91beafe4587497a8ee75665 (seq #118)
2019-07-22 18:00:11.794122-0700 xctest[59729:374005] CouchbaseLite Network Verbose: {BLIPIO#13} Received frame: RES #130 ----, length 5
2019-07-22 18:00:11.794218-0700 xctest[59729:373987] CouchbaseLite Network Debug: {LoopbackWS#11} SEND: 83010100 6c863ebb
2019-07-22 18:00:11.794311-0700 xctest[59729:373965] CouchbaseLite Network Verbose: {BLIPIO#14} Sending RES #132
2019-07-22 18:00:11.794411-0700 xctest[59729:373964] CouchbaseLite Replicator Debug: {pusher#16} Done pushing 'doc1118' 1-c8c16ee37b9d0041b91beafe4587497a8ee75665
2019-07-22 18:00:11.794499-0700 xctest[59729:373964] CouchbaseLite Replicator Verbose: {pusher#16} progress +0/+0, 1 docs -- now 0 / 56800, 118 docs
2019-07-22 18:00:11.794572-0700 xctest[59729:373964] CouchbaseLite Replicator Info: {pusher#16} activityLevel=busy: pendingResponseCount=16, caughtUp=1, changeLists=0, revsInFlight=10, blobsInFlight=0, awaitingReply=1392, revsToSend=266, pushingDocs=282, pendingSequences=0
2019-07-22 18:00:11.794664-0700 xctest[59729:373965] CouchbaseLite Network Verbose: {BLIPIO#14} Sending frame: RES #132 ----, bytes 0--4
2019-07-22 18:00:11.794753-0700 xctest[59729:374005] CouchbaseLite Network Verbose: {Connection#9} Receiving RES #130
2019-07-22 18:00:11.794864-0700 xctest[59729:374003] CouchbaseLite Network Debug: {LoopbackWS#12} RECEIVED: 83010100 6c863ebb
2019-07-22 18:00:11.794955-0700 xctest[59729:373987] CouchbaseLite Replicator Info: {repl#10} pushStatus=busy, pullStatus=busy, progress=0/56800
2019-07-22 18:00:11.795037-0700 xctest[59729:373987] CouchbaseLite Replicator Verbose: {repl#10} progress +0/+0, 1 docs -- now 0 / 56800, 118 docs
2019-07-22 18:00:11.795102-0700 xctest[59729:373987] CouchbaseLite Replicator Info: {repl#10} activityLevel=busy: connectionState=2
2019-07-22 18:00:11.795168-0700 xctest[59729:373987] CouchbaseLite Replicator Info: {repl#10} pushStatus=busy, pullStatus=busy, progress=0/56800
2019-07-22 18:00:11.795241-0700 xctest[59729:374005] CouchbaseLite Network Verbose: {Connection#9} Finished receiving RES #130
2019-07-22 18:00:11.795354-0700 xctest[59729:373964] CouchbaseLite Replicator Debug: {pusher#16} Transmitted 'rev' doc1125 #1-c8c16ee37b9d0041b91beafe4587497a8ee75665 (seq #125)
2019-07-22 18:00:11.795439-0700 xctest[59729:373964] CouchbaseLite Replicator Verbose: {pusher#16} Sending rev doc1135 1-c8c16ee37b9d0041b91beafe4587497a8ee75665 (seq #135) [10/10]
2019-07-22 18:00:11.795520-0700 xctest[59729:374004] CouchbaseLite Network Debug: {LoopbackWS#11} SEND: 84010100 8edd03b7
2019-07-22 18:00:11.795608-0700 xctest[59729:374005] CouchbaseLite Network Verbose: {BLIPIO#13} Sending 'rev' REQ #137 Z
2019-07-22 18:00:11.795696-0700 xctest[59729:373965] CouchbaseLite Network Verbose: {BLIPIO#14} Finished sending RES #132
2019-07-22 18:00:11.795781-0700 xctest[59729:373965] CouchbaseLite Network Verbose: {BLIPIO#14} ...Wrote 8 bytes to WebSocket (writeable=1)
2019-07-22 18:00:11.795857-0700 xctest[59729:374004] CouchbaseLite Network Debug: {LoopbackWS#12} RECEIVED: 84010100 8edd03b7
2019-07-22 18:00:11.795946-0700 xctest[59729:374005] CouchbaseLite Network Verbose: {BLIPIO#13} Sending frame: REQ #137 ---C, bytes 0--15
2019-07-22 18:00:11.796032-0700 xctest[59729:373964] CouchbaseLite Replicator Verbose: {pusher#16} Reading document 'doc1135' #1-c8c16ee37b9d0041b91beafe4587497a8ee75665
2019-07-22 18:00:11.796155-0700 xctest[59729:373965] CouchbaseLite Network Verbose: {BLIPIO#14} Received frame: REQ #135 ---C, length 16
2019-07-22 18:00:11.796258-0700 xctest[59729:374005] CouchbaseLite Network Verbose: {BLIPIO#13} Finished sending REQ #137 Z
2019-07-22 18:00:11.796365-0700 xctest[59729:374004] CouchbaseLite Network Debug: {LoopbackWS#12} SEND: 890108c2 ee4f0ada 4383f474 68000033 3b3253
2019-07-22 18:00:11.796508-0700 xctest[59729:373965] CouchbaseLite Network Verbose: {Connection#7} Receiving 'rev' REQ #135 Z
2019-07-22 18:00:11.796602-0700 xctest[59729:374005] CouchbaseLite Network Verbose: {BLIPIO#13} ...Wrote 19 bytes to WebSocket (writeable=1)
2019-07-22 18:00:11.796708-0700 xctest[59729:373964] CouchbaseLite Replicator Verbose: {pusher#16} Transmitting 'rev' message with 'doc1135' #1-c8c16ee37b9d0041b91beafe4587497a8ee75665
2019-07-22 18:00:11.796801-0700 xctest[59729:373987] CouchbaseLite Network Debug: {LoopbackWS#11} RECEIVED: 890108c2 ee4f0ada 4383f474 68000033 3b3253
2019-07-22 18:00:11.796880-0700 xctest[59729:373965] CouchbaseLite Network Verbose: {Connection#7} Finished receiving 'rev' REQ #135 Z
2019-07-22 18:00:11.796967-0700 xctest[59729:374005] CouchbaseLite Network Verbose: {BLIPIO#13} Received frame: RES #131 ----, length 5
2019-07-22 18:00:11.797059-0700 xctest[59729:373964] CouchbaseLite Replicator Info: {pusher#16} activityLevel=busy: pendingResponseCount=17, caughtUp=1, changeLists=0, revsInFlight=10, blobsInFlight=0, awaitingReply=1624, revsToSend=265, pushingDocs=282, pendingSequences=0
2019-07-22 18:00:11.797148-0700 xctest[59729:373965] CouchbaseLite Network Verbose: {BLIPIO#14} Received frame: REQ #136 ---C, length 16
2019-07-22 18:00:11.797250-0700 xctest[59729:373987] CouchbaseLite Replicator Info: {Puller#15} activityLevel=busy: pendingResponseCount=0, _caughtUp=1, _pendingRevMessages=268, _activeIncomingRevs=3
2019-07-22 18:00:11.797344-0700 xctest[59729:374003] CouchbaseLite Replicator Verbose: {IncomingRev#56} Received revision 'doc1132' #1-c8c16ee37b9d0041b91beafe4587497a8ee75665 (seq '132')
2019-07-22 18:00:11.797432-0700 xctest[59729:374005] CouchbaseLite Network Verbose: {Connection#9} Receiving RES #131
2019-07-22 18:00:11.797536-0700 xctest[59729:373964] CouchbaseLite Replicator Debug: {pusher#16} Transmitted 'rev' doc1126 #1-c8c16ee37b9d0041b91beafe4587497a8ee75665 (seq #126)
2019-07-22 18:00:11.797646-0700 xctest[59729:373965] CouchbaseLite Network Verbose: {Connection#7} Receiving 'rev' REQ #136 Z
2019-07-22 18:00:11.797725-0700 xctest[59729:374005] CouchbaseLite Network Verbose: {Connection#9} Finished receiving RES #131
2019-07-22 18:00:11.797834-0700 xctest[59729:373964] CouchbaseLite Replicator Verbose: {pusher#16} Sending rev doc1136 1-c8c16ee37b9d0041b91beafe4587497a8ee75665 (seq #136) [10/10]
2019-07-22 18:00:11.797917-0700 xctest[59729:373965] CouchbaseLite Network Verbose: {Connection#7} Finished receiving 'rev' REQ #136 Z
2019-07-22 18:00:11.798000-0700 xctest[59729:374005] CouchbaseLite Network Verbose: {BLIPIO#13} Received frame: RES #132 ----, length 5
2019-07-22 18:00:11.798105-0700 xctest[59729:373987] CouchbaseLite Replicator Info: {Puller#15} activityLevel=busy: pendingResponseCount=0, _caughtUp=1, _pendingRevMessages=268, _activeIncomingRevs=3
2019-07-22 18:00:11.798194-0700 xctest[59729:373964] CouchbaseLite Replicator Verbose: {pusher#16} Reading document 'doc1136' #1-c8c16ee37b9d0041b91beafe4587497a8ee75665
2019-07-22 18:00:11.798302-0700 xctest[59729:373965] CouchbaseLite Network Verbose: {BLIPIO#14} Received frame: REQ #137 ---C, length 16
2019-07-22 18:00:11.798406-0700 xctest[59729:374005] CouchbaseLite Network Verbose: {Connection#9} Receiving RES #132
2019-07-22 18:00:11.798498-0700 xctest[59729:373987] CouchbaseLite Replicator Info: {Puller#15} activityLevel=busy: pendingResponseCount=0, _caughtUp=1, _pendingRevMessages=267, _activeIncomingRevs=4
2019-07-22 18:00:11.798622-0700 xctest[59729:374003] CouchbaseLite Replicator Verbose: {IncomingRev#51} Received revision 'doc1133' #1-c8c16ee37b9d0041b91beafe4587497a8ee75665 (seq '133')
2019-07-22 18:00:11.798701-0700 xctest[59729:373965] CouchbaseLite Network Verbose: {Connection#7} Receiving 'rev' REQ #137 Z
2019-07-22 18:00:11.798786-0700 xctest[59729:373964] CouchbaseLite Replicator Verbose: {pusher#16} Transmitting 'rev' message with 'doc1136' #1-c8c16ee37b9d0041b91beafe4587497a8ee75665
2019-07-22 18:00:11.798895-0700 xctest[59729:374005] CouchbaseLite Network Verbose: {Connection#9} Finished receiving RES #132
2019-07-22 18:00:11.798994-0700 xctest[59729:373965] CouchbaseLite Network Verbose: {Connection#7} Finished receiving 'rev' REQ #137 Z
2019-07-22 18:00:11.799082-0700 xctest[59729:373964] CouchbaseLite Replicator Info: {pusher#16} activityLevel=busy: pendingResponseCount=18, caughtUp=1, changeLists=0, revsInFlight=10, blobsInFlight=0, awaitingReply=1856, revsToSend=264, pushingDocs=282, pendingSequences=0
2019-07-22 18:00:11.799178-0700 xctest[59729:374003] CouchbaseLite Replicator Verbose: {IncomingRev#20} Received revision 'doc1134' #1-c8c16ee37b9d0041b91beafe4587497a8ee75665 (seq '134')
2019-07-22 18:00:11.799282-0700 xctest[59729:373965] CouchbaseLite Replicator Info: {Puller#15} activityLevel=busy: pendingResponseCount=0, _caughtUp=1, _pendingRevMessages=266, _activeIncomingRevs=5
2019-07-22 18:00:11.799358-0700 xctest[59729:374005] CouchbaseLite Network Verbose: {BLIPIO#13} Sending 'rev' REQ #138 Z
2019-07-22 18:00:11.799475-0700 xctest[59729:373964] CouchbaseLite Replicator Debug: {pusher#16} Transmitted 'rev' doc1127 #1-c8c16ee37b9d0041b91beafe4587497a8ee75665 (seq #127)
2019-07-22 18:00:11.799579-0700 xctest[59729:373965] CouchbaseLite Replicator Info: {Puller#15} activityLevel=busy: pendingResponseCount=0, _caughtUp=1, _pendingRevMessages=266, _activeIncomingRevs=5
2019-07-22 18:00:11.799666-0700 xctest[59729:374005] CouchbaseLite Network Verbose: {BLIPIO#13} Sending frame: REQ #138 ---C, bytes 0--15
2019-07-22 18:00:11.799753-0700 xctest[59729:373964] CouchbaseLite Replicator Verbose: {pusher#16} Sending rev doc1137 1-c8c16ee37b9d0041b91beafe4587497a8ee75665 (seq #137) [10/10]
2019-07-22 18:00:11.799833-0700 xctest[59729:373965] CouchbaseLite Replicator Info: {Puller#15} activityLevel=busy: pendingResponseCount=0, _caughtUp=1, _pendingRevMessages=266, _activeIncomingRevs=5
2019-07-22 18:00:11.799915-0700 xctest[59729:374005] CouchbaseLite Network Verbose: {BLIPIO#13} Finished sending REQ #138 Z
2019-07-22 18:00:11.800004-0700 xctest[59729:374003] CouchbaseLite Network Debug: {LoopbackWS#12} SEND: 8a0108c2 ee4f0ada 4383f47c 680000f4 8937d4
2019-07-22 18:00:11.800103-0700 xctest[59729:373964] CouchbaseLite Replicator Verbose: {pusher#16} Reading document 'doc1137' #1-c8c16ee37b9d0041b91beafe4587497a8ee75665
2019-07-22 18:00:11.800188-0700 xctest[59729:374005] CouchbaseLite Network Verbose: {BLIPIO#13} ...Wrote 19 bytes to WebSocket (writeable=1)
2019-07-22 18:00:11.800274-0700 xctest[59729:373965] CouchbaseLite Network Debug: {LoopbackWS#11} RECEIVED: 8a0108c2 ee4f0ada 4383f47c 680000f4 8937d4
2019-07-22 18:00:11.800363-0700 xctest[59729:374005] CouchbaseLite Network Verbose: {BLIPIO#13} Sending 'rev' REQ #139 Z
2019-07-22 18:00:11.800463-0700 xctest[59729:374003] CouchbaseLite Network Verbose: {BLIPIO#14} Received frame: REQ #138 ---C, length 16
2019-07-22 18:00:11.800547-0700 xctest[59729:373964] CouchbaseLite Replicator Verbose: {pusher#16} Transmitting 'rev' message with 'doc1137' #1-c8c16ee37b9d0041b91beafe4587497a8ee75665
2019-07-22 18:00:11.800631-0700 xctest[59729:374005] CouchbaseLite Network Verbose: {BLIPIO#13} Sending frame: REQ #139 ---C, bytes 0--15
2019-07-22 18:00:11.800713-0700 xctest[59729:374003] CouchbaseLite Network Verbose: {Connection#7} Receiving 'rev' REQ #138 Z
2019-07-22 18:00:11.800796-0700 xctest[59729:373964] CouchbaseLite Replicator Info: {pusher#16} activityLevel=busy: pendingResponseCount=19, caughtUp=1, changeLists=0, revsInFlight=10, blobsInFlight=0, awaitingReply=2088, revsToSend=263, pushingDocs=282, pendingSequences=0
2019-07-22 18:00:11.800879-0700 xctest[59729:374005] CouchbaseLite Network Verbose: {BLIPIO#13} Finished sending REQ #139 Z
2019-07-22 18:00:11.800961-0700 xctest[59729:373965] CouchbaseLite Network Debug: {LoopbackWS#12} SEND: 8b0108c2 ee4f0ada 4383f484 6800000f 38102c
2019-07-22 18:00:11.801036-0700 xctest[59729:374003] CouchbaseLite Network Verbose: {Connection#7} Finished receiving 'rev' REQ #138 Z
2019-07-22 18:00:11.801126-0700 xctest[59729:373964] CouchbaseLite Replicator Debug: {pusher#16} Transmitted 'rev' doc1128 #1-c8c16ee37b9d0041b91beafe4587497a8ee75665 (seq #128)
2019-07-22 18:00:11.801225-0700 xctest[59729:374005] CouchbaseLite Network Verbose: {BLIPIO#13} ...Wrote 19 bytes to WebSocket (writeable=1)
2019-07-22 18:00:11.801310-0700 xctest[59729:373987] CouchbaseLite Network Debug: {LoopbackWS#11} RECEIVED: 8b0108c2 ee4f0ada 4383f484 6800000f 38102c
2019-07-22 18:00:11.801394-0700 xctest[59729:373965] CouchbaseLite Replicator Info: {Puller#15} activityLevel=busy: pendingResponseCount=0, _caughtUp=1, _pendingRevMessages=265, _activeIncomingRevs=6
2019-07-22 18:00:11.801484-0700 xctest[59729:374003] CouchbaseLite Replicator Verbose: {IncomingRev#18} Received revision 'doc1135' #1-c8c16ee37b9d0041b91beafe4587497a8ee75665 (seq '135')
2019-07-22 18:00:11.801568-0700 xctest[59729:373964] CouchbaseLite Replicator Verbose: {pusher#16} Sending rev doc1138 1-c8c16ee37b9d0041b91beafe4587497a8ee75665 (seq #138) [10/10]
2019-07-22 18:00:11.801667-0700 xctest[59729:374005] CouchbaseLite Network Verbose: {BLIPIO#13} Sending 'rev' REQ #140 Z
2019-07-22 18:00:11.801763-0700 xctest[59729:373987] CouchbaseLite Network Verbose: {BLIPIO#14} Received frame: REQ #139 ---C, length 16
2019-07-22 18:00:11.801937-0700 xctest[59729:373964] CouchbaseLite Replicator Verbose: {pusher#16} Reading document 'doc1138' #1-c8c16ee37b9d0041b91beafe4587497a8ee75665
2019-07-22 18:00:11.802062-0700 xctest[59729:374005] CouchbaseLite Network Verbose: {BLIPIO#13} Sending frame: REQ #140 ---C, bytes 0--15
2019-07-22 18:00:11.802186-0700 xctest[59729:373987] CouchbaseLite Network Verbose: {Connection#7} Receiving 'rev' REQ #139 Z
2019-07-22 18:00:11.802301-0700 xctest[59729:374003] CouchbaseLite Replicator Info: {Puller#15} activityLevel=busy: pendingResponseCount=0, _caughtUp=1, _pendingRevMessages=265, _activeIncomingRevs=6
2019-07-22 18:00:11.802398-0700 xctest[59729:374005] CouchbaseLite Network Verbose: {BLIPIO#13} Finished sending REQ #140 Z
2019-07-22 18:00:11.802487-0700 xctest[59729:373965] CouchbaseLite Network Debug: {LoopbackWS#12} SEND: 8c0108c2 ee4f0ada 4383f48c 68000038 3125fb
2019-07-22 18:00:11.802594-0700 xctest[59729:373964] CouchbaseLite Replicator Verbose: {pusher#16} Transmitting 'rev' message with 'doc1138' #1-c8c16ee37b9d0041b91beafe4587497a8ee75665
2019-07-22 18:00:11.802695-0700 xctest[59729:373987] CouchbaseLite Network Verbose: {Connection#7} Finished receiving 'rev' REQ #139 Z
2019-07-22 18:00:11.802787-0700 xctest[59729:374005] CouchbaseLite Network Verbose: {BLIPIO#13} ...Wrote 19 bytes to WebSocket (writeable=1)
2019-07-22 18:00:11.802883-0700 xctest[59729:373965] CouchbaseLite Network Debug: {LoopbackWS#11} RECEIVED: 8c0108c2 ee4f0ada 4383f48c 68000038 3125fb
2019-07-22 18:00:11.802981-0700 xctest[59729:373964] CouchbaseLite Replicator Info: {pusher#16} activityLevel=busy: pendingResponseCount=20, caughtUp=1, changeLists=0, revsInFlight=10, blobsInFlight=0, awaitingReply=2320, revsToSend=262, pushingDocs=282, pendingSequences=0
2019-07-22 18:00:11.803070-0700 xctest[59729:374003] CouchbaseLite Replicator Info: {Puller#15} activityLevel=busy: pendingResponseCount=0, _caughtUp=1, _pendingRevMessages=264, _activeIncomingRevs=7
2019-07-22 18:00:11.803157-0700 xctest[59729:374004] CouchbaseLite Replicator Verbose: {IncomingRev#38} Received revision 'doc1136' #1-c8c16ee37b9d0041b91beafe4587497a8ee75665 (seq '136')
2019-07-22 18:00:11.803243-0700 xctest[59729:374005] CouchbaseLite Network Verbose: {BLIPIO#13} Sending 'rev' REQ #141 Z
2019-07-22 18:00:11.803357-0700 xctest[59729:374005] CouchbaseLite Network Verbose: {BLIPIO#13} Sending frame: REQ #141 ---C, bytes 0--15
2019-07-22 18:00:11.803452-0700 xctest[59729:373964] CouchbaseLite Replicator Debug: {pusher#16} Transmitted 'rev' doc1129 #1-c8c16ee37b9d0041b91beafe4587497a8ee75665 (seq #129)
2019-07-22 18:00:11.803571-0700 xctest[59729:373987] CouchbaseLite Network Verbose: {BLIPIO#14} Received frame: REQ #140 ---C, length 16
2019-07-22 18:00:11.803687-0700 xctest[59729:374005] CouchbaseLite Network Verbose: {BLIPIO#13} Finished sending REQ #141 Z
2019-07-22 18:00:11.803799-0700 xctest[59729:374003] CouchbaseLite Network Debug: {LoopbackWS#12} SEND: 8d0108c2 ee4f0ada 4383f494 680000f2 7fb77f
2019-07-22 18:00:11.803900-0700 xctest[59729:373964] CouchbaseLite Replicator Verbose: {pusher#16} Sending rev doc1139 1-c8c16ee37b9d0041b91beafe4587497a8ee75665 (seq #139) [10/10]
2019-07-22 18:00:11.804001-0700 xctest[59729:373965] CouchbaseLite Replicator Info: {Puller#15} activityLevel=busy: pendingResponseCount=0, _caughtUp=1, _pendingRevMessages=264, _activeIncomingRevs=7
2019-07-22 18:00:11.804102-0700 xctest[59729:373987] CouchbaseLite Network Verbose: {Connection#7} Receiving 'rev' REQ #140 Z
2019-07-22 18:00:11.804192-0700 xctest[59729:374005] CouchbaseLite Network Verbose: {BLIPIO#13} ...Wrote 19 bytes to WebSocket (writeable=1)
2019-07-22 18:00:11.804281-0700 xctest[59729:374003] CouchbaseLite Network Debug: {LoopbackWS#11} RECEIVED: 8d0108c2 ee4f0ada 4383f494 680000f2 7fb77f
2019-07-22 18:00:11.804364-0700 xctest[59729:373964] CouchbaseLite Replicator Verbose: {pusher#16} Reading document 'doc1139' #1-c8c16ee37b9d0041b91beafe4587497a8ee75665
2019-07-22 18:00:11.804458-0700 xctest[59729:373987] CouchbaseLite Network Verbose: {Connection#7} Finished receiving 'rev' REQ #140 Z
2019-07-22 18:00:11.804609-0700 xctest[59729:374003] CouchbaseLite Replicator Info: {Puller#15} activityLevel=busy: pendingResponseCount=0, _caughtUp=1, _pendingRevMessages=263, _activeIncomingRevs=8
2019-07-22 18:00:11.804704-0700 xctest[59729:373987] CouchbaseLite Network Verbose: {BLIPIO#14} Received frame: REQ #141 ---C, length 16
2019-07-22 18:00:11.804818-0700 xctest[59729:374005] CouchbaseLite Replicator Verbose: {IncomingRev#48} Received revision 'doc1137' #1-c8c16ee37b9d0041b91beafe4587497a8ee75665 (seq '137')
2019-07-22 18:00:11.804909-0700 xctest[59729:373964] CouchbaseLite Replicator Verbose: {pusher#16} Transmitting 'rev' message with 'doc1139' #1-c8c16ee37b9d0041b91beafe4587497a8ee75665
2019-07-22 18:00:11.805031-0700 xctest[59729:373987] CouchbaseLite Network Verbose: {Connection#7} Receiving 'rev' REQ #141 Z
2019-07-22 18:00:11.805158-0700 xctest[59729:373964] CouchbaseLite Replicator Info: {pusher#16} activityLevel=busy: pendingResponseCount=21, caughtUp=1, changeLists=0, revsInFlight=10, blobsInFlight=0, awaitingReply=2552, revsToSend=261, pushingDocs=282, pendingSequences=0
2019-07-22 18:00:11.805277-0700 xctest[59729:374003] CouchbaseLite Network Verbose: {BLIPIO#13} Sending 'rev' REQ #142 Z
2019-07-22 18:00:11.805382-0700 xctest[59729:373987] CouchbaseLite Network Verbose: {Connection#7} Finished receiving 'rev' REQ #141 Z
2019-07-22 18:00:11.805501-0700 xctest[59729:373964] CouchbaseLite Replicator Debug: {pusher#16} Transmitted 'rev' doc1130 #1-c8c16ee37b9d0041b91beafe4587497a8ee75665 (seq #130)
2019-07-22 18:00:11.805594-0700 xctest[59729:374003] CouchbaseLite Network Verbose: {BLIPIO#13} Sending frame: REQ #142 ---C, bytes 0--15
2019-07-22 18:00:11.805692-0700 xctest[59729:374005] CouchbaseLite Replicator Info: {Puller#15} activityLevel=busy: pendingResponseCount=0, _caughtUp=1, _pendingRevMessages=263, _activeIncomingRevs=8
2019-07-22 18:00:11.805786-0700 xctest[59729:373964] CouchbaseLite Replicator Verbose: {pusher#16} Sending rev doc1140 1-c8c16ee37b9d0041b91beafe4587497a8ee75665 (seq #140) [10/10]
2019-07-22 18:00:11.805886-0700 xctest[59729:374003] CouchbaseLite Network Verbose: {BLIPIO#13} Finished sending REQ #142 Z
2019-07-22 18:00:11.805996-0700 xctest[59729:373965] CouchbaseLite Network Debug: {LoopbackWS#12} SEND: 8e0108c2 ee4f0ada 4383f49c 68000009 54d77c
2019-07-22 18:00:11.806104-0700 xctest[59729:374005] CouchbaseLite Replicator Info: {Puller#15} activityLevel=busy: pendingResponseCount=0, _caughtUp=1, _pendingRevMessages=262, _activeIncomingRevs=9
2019-07-22 18:00:11.806201-0700 xctest[59729:373987] CouchbaseLite Replicator Verbose: {IncomingRev#46} Received revision 'doc1138' #1-c8c16ee37b9d0041b91beafe4587497a8ee75665 (seq '138')
2019-07-22 18:00:11.806301-0700 xctest[59729:373964] CouchbaseLite Replicator Verbose: {pusher#16} Reading document 'doc1140' #1-c8c16ee37b9d0041b91beafe4587497a8ee75665
2019-07-22 18:00:11.806420-0700 xctest[59729:374003] CouchbaseLite Network Verbose: {BLIPIO#13} ...Wrote 19 bytes to WebSocket (writeable=1)
2019-07-22 18:00:11.808964-0700 xctest[59729:374004] CouchbaseLite Network Debug: {LoopbackWS#11} RECEIVED: 8e0108c2 ee4f0ada 4383f49c 68000009 54d77c
2019-07-22 18:00:11.809108-0700 xctest[59729:373964] CouchbaseLite Replicator Verbose: {pusher#16} Transmitting 'rev' message with 'doc1140' #1-c8c16ee37b9d0041b91beafe4587497a8ee75665
2019-07-22 18:00:11.809265-0700 xctest[59729:374003] CouchbaseLite Replicator Info: {Puller#15} activityLevel=busy: pendingResponseCount=0, _caughtUp=1, _pendingRevMessages=262, _activeIncomingRevs=9
2019-07-22 18:00:11.809525-0700 xctest[59729:373987] CouchbaseLite Network Verbose: {BLIPIO#14} Received frame: REQ #142 ---C, length 16
2019-07-22 18:00:11.809672-0700 xctest[59729:374004] CouchbaseLite Network Verbose: {BLIPIO#13} Sending 'rev' REQ #143 Z
2019-07-22 18:00:11.809800-0700 xctest[59729:373964] CouchbaseLite Replicator Info: {pusher#16} activityLevel=busy: pendingResponseCount=22, caughtUp=1, changeLists=0, revsInFlight=10, blobsInFlight=0, awaitingReply=2784, revsToSend=260, pushingDocs=282, pendingSequences=0
2019-07-22 18:00:11.809919-0700 xctest[59729:373987] CouchbaseLite Network Verbose: {Connection#7} Receiving 'rev' REQ #142 Z
2019-07-22 18:00:11.810023-0700 xctest[59729:374004] CouchbaseLite Network Verbose: {BLIPIO#13} Sending frame: REQ #143 ---C, bytes 0--16
2019-07-22 18:00:11.810137-0700 xctest[59729:374004] CouchbaseLite Network Verbose: {BLIPIO#13} Finished sending REQ #143 Z
2019-07-22 18:00:11.810245-0700 xctest[59729:373987] CouchbaseLite Network Verbose: {Connection#7} Finished receiving 'rev' REQ #142 Z
2019-07-22 18:00:11.810374-0700 xctest[59729:373964] CouchbaseLite Replicator Debug: {pusher#16} Transmitted 'rev' doc1131 #1-c8c16ee37b9d0041b91beafe4587497a8ee75665 (seq #131)
2019-07-22 18:00:11.810471-0700 xctest[59729:373964] CouchbaseLite Replicator Verbose: {pusher#16} Sending rev doc1141 1-c8c16ee37b9d0041b91beafe4587497a8ee75665 (seq #141) [10/10]
2019-07-22 18:00:11.810590-0700 xctest[59729:374004] CouchbaseLite Network Verbose: {BLIPIO#13} ...Wrote 20 bytes to WebSocket (writeable=1)
2019-07-22 18:00:11.810683-0700 xctest[59729:374005] CouchbaseLite Replicator Info: {Puller#15} activityLevel=busy: pendingResponseCount=0, _caughtUp=1, _pendingRevMessages=261, _activeIncomingRevs=10
2019-07-22 18:00:11.810781-0700 xctest[59729:373987] CouchbaseLite Replicator Verbose: {IncomingRev#36} Received revision 'doc1139' #1-c8c16ee37b9d0041b91beafe4587497a8ee75665 (seq '139')
2019-07-22 18:00:11.810878-0700 xctest[59729:374003] CouchbaseLite Network Debug: {LoopbackWS#12} SEND: 8f0108c2 ea4f0a0e 8a361ca4 27450300 bdb49188
2019-07-22 18:00:11.811005-0700 xctest[59729:373964] CouchbaseLite Replicator Verbose: {pusher#16} Reading document 'doc1141' #1-c8c16ee37b9d0041b91beafe4587497a8ee75665
2019-07-22 18:00:11.811089-0700 xctest[59729:374005] CouchbaseLite Network Debug: {LoopbackWS#11} RECEIVED: 8f0108c2 ea4f0a0e 8a361ca4 27450300 bdb49188
2019-07-22 18:00:11.811250-0700 xctest[59729:374005] CouchbaseLite Network Verbose: {BLIPIO#14} Received frame: REQ #143 ---C, length 17
2019-07-22 18:00:11.811369-0700 xctest[59729:373964] CouchbaseLite Replicator Verbose: {pusher#16} Transmitting 'rev' message with 'doc1141' #1-c8c16ee37b9d0041b91beafe4587497a8ee75665
2019-07-22 18:00:11.811502-0700 xctest[59729:374005] CouchbaseLite Network Verbose: {Connection#7} Receiving 'rev' REQ #143 Z
2019-07-22 18:00:11.811598-0700 xctest[59729:374003] CouchbaseLite Replicator Info: {Puller#15} activityLevel=busy: pendingResponseCount=0, _caughtUp=1, _pendingRevMessages=261, _activeIncomingRevs=10
2019-07-22 18:00:11.811723-0700 xctest[59729:373987] CouchbaseLite Network Verbose: {BLIPIO#13} Sending 'rev' REQ #144 Z
2019-07-22 18:00:11.811842-0700 xctest[59729:373987] CouchbaseLite Network Verbose: {BLIPIO#13} Sending frame: REQ #144 ---C, bytes 0--15
2019-07-22 18:00:11.811928-0700 xctest[59729:374005] CouchbaseLite Network Verbose: {Connection#7} Finished receiving 'rev' REQ #143 Z
2019-07-22 18:00:11.812055-0700 xctest[59729:373964] CouchbaseLite Replicator Info: {pusher#16} activityLevel=busy: pendingResponseCount=23, caughtUp=1, changeLists=0, revsInFlight=10, blobsInFlight=0, awaitingReply=3016, revsToSend=259, pushingDocs=282, pendingSequences=0
2019-07-22 18:00:11.812164-0700 xctest[59729:373987] CouchbaseLite Network Verbose: {BLIPIO#13} Finished sending REQ #144 Z
2019-07-22 18:00:11.812270-0700 xctest[59729:374003] CouchbaseLite Network Debug: {LoopbackWS#12} SEND: 900108c2 ee4f0ada 4383f4ac 680000f2 651d66
2019-07-22 18:00:11.812380-0700 xctest[59729:374004] CouchbaseLite Replicator Info: {Puller#15} activityLevel=busy: pendingResponseCount=0, _caughtUp=1, _pendingRevMessages=260, _activeIncomingRevs=11
2019-07-22 18:00:11.812518-0700 xctest[59729:374005] CouchbaseLite Replicator Verbose: {IncomingRev#42} Received revision 'doc1140' #1-c8c16ee37b9d0041b91beafe4587497a8ee75665 (seq '140')
2019-07-22 18:00:11.812615-0700 xctest[59729:373964] CouchbaseLite Replicator Verbose: {pusher#16} Completed rev doc1119 #1-c8c16ee37b9d0041b91beafe4587497a8ee75665 (seq #119)
2019-07-22 18:00:11.812709-0700 xctest[59729:373987] CouchbaseLite Network Verbose: {BLIPIO#13} ...Wrote 19 bytes to WebSocket (writeable=1)
2019-07-22 18:00:11.812829-0700 xctest[59729:373965] CouchbaseLite Network Debug: {LoopbackWS#11} RECEIVED: 900108c2 ee4f0ada 4383f4ac 680000f2 651d66
2019-07-22 18:00:11.812925-0700 xctest[59729:373964] CouchbaseLite Replicator Debug: {pusher#16} Done pushing 'doc1119' 1-c8c16ee37b9d0041b91beafe4587497a8ee75665
2019-07-22 18:00:11.813028-0700 xctest[59729:374003] CouchbaseLite Replicator Verbose: {Inserter#54} Inserting 10 revs:
2019-07-22 18:00:11.813140-0700 xctest[59729:373987] CouchbaseLite Network Verbose: {BLIPIO#14} Received frame: REQ #144 ---C, length 16
2019-07-22 18:00:11.813231-0700 xctest[59729:373964] CouchbaseLite Replicator Verbose: {pusher#16} progress +0/+0, 1 docs -- now 0 / 56800, 119 docs
2019-07-22 18:00:11.813315-0700 xctest[59729:373964] CouchbaseLite Replicator Info: {pusher#16} activityLevel=busy: pendingResponseCount=22, caughtUp=1, changeLists=0, revsInFlight=10, blobsInFlight=0, awaitingReply=2784, revsToSend=259, pushingDocs=281, pendingSequences=0
2019-07-22 18:00:11.813407-0700 xctest[59729:374003] CouchbaseLite Database Verbose: {DB#55} begin transaction
2019-07-22 18:00:11.813489-0700 xctest[59729:373987] CouchbaseLite Network Verbose: {Connection#7} Receiving 'rev' REQ #144 Z
2019-07-22 18:00:11.813610-0700 xctest[59729:373965] CouchbaseLite Replicator Info: {Puller#15} activityLevel=busy: pendingResponseCount=0, _caughtUp=1, _pendingRevMessages=260, _activeIncomingRevs=11
2019-07-22 18:00:11.813706-0700 xctest[59729:374005] CouchbaseLite Replicator Info: {repl#10} pushStatus=busy, pullStatus=busy, progress=0/56800
2019-07-22 18:00:11.813810-0700 xctest[59729:374005] CouchbaseLite Replicator Verbose: {repl#10} progress +0/+0, 1 docs -- now 0 / 56800, 119 docs
2019-07-22 18:00:11.813884-0700 xctest[59729:374005] CouchbaseLite Replicator Info: {repl#10} activityLevel=busy: connectionState=2
2019-07-22 18:00:11.813958-0700 xctest[59729:374005] CouchbaseLite Replicator Info: {repl#10} pushStatus=busy, pullStatus=busy, progress=0/56800
2019-07-22 18:00:11.814039-0700 xctest[59729:374003] CouchbaseLite Database Verbose: {DB#55} Saved 'doc1130' rev #1-c8c16ee37b9d0041b91beafe4587497a8ee75665 as seq 131
2019-07-22 18:00:11.814133-0700 xctest[59729:373987] CouchbaseLite Network Verbose: {Connection#7} Finished receiving 'rev' REQ #144 Z
2019-07-22 18:00:11.814232-0700 xctest[59729:373964] CouchbaseLite Replicator Verbose: {pusher#16} Completed rev doc1120 #1-c8c16ee37b9d0041b91beafe4587497a8ee75665 (seq #120)
2019-07-22 18:00:11.814333-0700 xctest[59729:374003] CouchbaseLite Replicator Verbose: {Inserter#54} {'doc1130' #1-c8c16ee37b9d0041b91beafe4587497a8ee75665 <- } seq 131
2019-07-22 18:00:11.814423-0700 xctest[59729:374005] CouchbaseLite Replicator Info: {Puller#15} activityLevel=busy: pendingResponseCount=0, _caughtUp=1, _pendingRevMessages=259, _activeIncomingRevs=12
2019-07-22 18:00:11.814551-0700 xctest[59729:373987] CouchbaseLite Replicator Verbose: {IncomingRev#50} Received revision 'doc1141' #1-c8c16ee37b9d0041b91beafe4587497a8ee75665 (seq '141')
2019-07-22 18:00:11.814662-0700 xctest[59729:373964] CouchbaseLite Replicator Debug: {pusher#16} Done pushing 'doc1120' 1-c8c16ee37b9d0041b91beafe4587497a8ee75665
2019-07-22 18:00:11.814757-0700 xctest[59729:374005] CouchbaseLite Replicator Info: {Puller#15} activityLevel=busy: pendingResponseCount=0, _caughtUp=1, _pendingRevMessages=259, _activeIncomingRevs=11
2019-07-22 18:00:11.814873-0700 xctest[59729:373964] CouchbaseLite Replicator Verbose: {pusher#16} progress +0/+0, 1 docs -- now 0 / 56800, 120 docs
2019-07-22 18:00:11.814963-0700 xctest[59729:373964] CouchbaseLite Replicator Info: {pusher#16} activityLevel=busy: pendingResponseCount=21, caughtUp=1, changeLists=0, revsInFlight=10, blobsInFlight=0, awaitingReply=2552, revsToSend=259, pushingDocs=280, pendingSequences=0
2019-07-22 18:00:11.815068-0700 xctest[59729:374003] CouchbaseLite Database Verbose: {DB#55} Saved 'doc1131' rev #1-c8c16ee37b9d0041b91beafe4587497a8ee75665 as seq 132
2019-07-22 18:00:11.815161-0700 xctest[59729:374005] CouchbaseLite Replicator Info: {repl#10} pushStatus=busy, pullStatus=busy, progress=0/56800
2019-07-22 18:00:11.815264-0700 xctest[59729:374005] CouchbaseLite Replicator Verbose: {repl#10} progress +0/+0, 1 docs -- now 0 / 56800, 120 docs
2019-07-22 18:00:11.815345-0700 xctest[59729:373965] CouchbaseLite Replicator Info: {Puller#15} activityLevel=busy: pendingResponseCount=0, _caughtUp=1, _pendingRevMessages=259, _activeIncomingRevs=11
2019-07-22 18:00:11.815436-0700 xctest[59729:374003] CouchbaseLite Replicator Verbose: {Inserter#54} {'doc1131' #1-c8c16ee37b9d0041b91beafe4587497a8ee75665 <- } seq 132
2019-07-22 18:00:11.815530-0700 xctest[59729:373964] CouchbaseLite Replicator Verbose: {pusher#16} Completed rev doc1121 #1-c8c16ee37b9d0041b91beafe4587497a8ee75665 (seq #121)
2019-07-22 18:00:11.815630-0700 xctest[59729:374005] CouchbaseLite Replicator Info: {repl#10} activityLevel=busy: connectionState=2
2019-07-22 18:00:11.815744-0700 xctest[59729:373965] CouchbaseLite Replicator Info: {Puller#15} activityLevel=busy: pendingResponseCount=0, _caughtUp=1, _pendingRevMessages=259, _activeIncomingRevs=10
2019-07-22 18:00:11.815826-0700 xctest[59729:373964] CouchbaseLite Replicator Debug: {pusher#16} Done pushing 'doc1121' 1-c8c16ee37b9d0041b91beafe4587497a8ee75665
2019-07-22 18:00:11.815913-0700 xctest[59729:374005] CouchbaseLite Replicator Info: {repl#10} pushStatus=busy, pullStatus=busy, progress=0/56800
2019-07-22 18:00:11.816003-0700 xctest[59729:374003] CouchbaseLite Database Verbose: {DB#55} Saved 'doc1132' rev #1-c8c16ee37b9d0041b91beafe4587497a8ee75665 as seq 133
2019-07-22 18:00:11.816090-0700 xctest[59729:373964] CouchbaseLite Replicator Verbose: {pusher#16} progress +0/+0, 1 docs -- now 0 / 56800, 121 docs
2019-07-22 18:00:11.816170-0700 xctest[59729:373964] CouchbaseLite Replicator Info: {pusher#16} activityLevel=busy: pendingResponseCount=20, caughtUp=1, changeLists=0, revsInFlight=10, blobsInFlight=0, awaitingReply=2320, revsToSend=259, pushingDocs=279, pendingSequences=0
2019-07-22 18:00:11.816266-0700 xctest[59729:374003] CouchbaseLite Replicator Verbose: {Inserter#54} {'doc1132' #1-c8c16ee37b9d0041b91beafe4587497a8ee75665 <- } seq 133
2019-07-22 18:00:11.816350-0700 xctest[59729:374005] CouchbaseLite Replicator Info: {repl#10} pushStatus=busy, pullStatus=busy, progress=0/56800
2019-07-22 18:00:11.816440-0700 xctest[59729:374005] CouchbaseLite Replicator Verbose: {repl#10} progress +0/+0, 1 docs -- now 0 / 56800, 121 docs
2019-07-22 18:00:11.816534-0700 xctest[59729:374005] CouchbaseLite Replicator Info: {repl#10} activityLevel=busy: connectionState=2
2019-07-22 18:00:11.816622-0700 xctest[59729:374005] CouchbaseLite Replicator Info: {repl#10} pushStatus=busy, pullStatus=busy, progress=0/56800
2019-07-22 18:00:11.816707-0700 xctest[59729:373965] CouchbaseLite Replicator Info: {Puller#15} activityLevel=busy: pendingResponseCount=0, _caughtUp=1, _pendingRevMessages=259, _activeIncomingRevs=9
2019-07-22 18:00:11.816803-0700 xctest[59729:373964] CouchbaseLite Replicator Verbose: {pusher#16} Completed rev doc1122 #1-c8c16ee37b9d0041b91beafe4587497a8ee75665 (seq #122)
2019-07-22 18:00:11.816903-0700 xctest[59729:374003] CouchbaseLite Database Verbose: {DB#55} Saved 'doc1133' rev #1-c8c16ee37b9d0041b91beafe4587497a8ee75665 as seq 134
2019-07-22 18:00:11.816995-0700 xctest[59729:373964] CouchbaseLite Replicator Debug: {pusher#16} Done pushing 'doc1122' 1-c8c16ee37b9d0041b91beafe4587497a8ee75665
2019-07-22 18:00:11.817091-0700 xctest[59729:374003] CouchbaseLite Replicator Verbose: {Inserter#54} {'doc1133' #1-c8c16ee37b9d0041b91beafe4587497a8ee75665 <- } seq 134
2019-07-22 18:00:11.817176-0700 xctest[59729:373964] CouchbaseLite Replicator Verbose: {pusher#16} progress +0/+0, 1 docs -- now 0 / 56800, 122 docs
