2019-07-22 18:00:11.817271-0700 xctest[59729:373964] CouchbaseLite Replicator Info: {pusher#16} activityLevel=busy: pendingResponseCount=19, caughtUp=1, changeLists=0, revsInFlight=10, blobsInFlight=0, awaitingReply=2088, revsToSend=259, pushingDocs=278, pendingSequences=0
2019-07-22 18:00:11.817390-0700 xctest[59729:373965] CouchbaseLite Replicator Info: {Puller#15} activityLevel=busy: pendingResponseCount=0, _caughtUp=1, _pendingRevMessages=259, _activeIncomingRevs=8
2019-07-22 18:00:11.817481-0700 xctest[59729:374005] CouchbaseLite Replicator Info: {repl#10} pushStatus=busy, pullStatus=busy, progress=0/56800
2019-07-22 18:00:11.817580-0700 xctest[59729:374005] CouchbaseLite Replicator Verbose: {repl#10} progress +0/+0, 1 docs -- now 0 / 56800, 122 docs
2019-07-22 18:00:11.817657-0700 xctest[59729:374003] CouchbaseLite Database Verbose: {DB#55} Saved 'doc1134' rev #1-c8c16ee37b9d0041b91beafe4587497a8ee75665 as seq 135
2019-07-22 18:00:11.817745-0700 xctest[59729:373964] CouchbaseLite Replicator Debug: {pusher#16} Transmitted 'rev' doc1132 #1-c8c16ee37b9d0041b91beafe4587497a8ee75665 (seq #132)
2019-07-22 18:00:11.817829-0700 xctest[59729:374005] CouchbaseLite Replicator Info: {repl#10} activityLevel=busy: connectionState=2
2019-07-22 18:00:11.817912-0700 xctest[59729:374005] CouchbaseLite Replicator Info: {repl#10} pushStatus=busy, pullStatus=busy, progress=0/56800
2019-07-22 18:00:11.818003-0700 xctest[59729:373964] CouchbaseLite Replicator Verbose: {pusher#16} Sending rev doc1142 1-c8c16ee37b9d0041b91beafe4587497a8ee75665 (seq #142) [10/10]
2019-07-22 18:00:11.818093-0700 xctest[59729:374003] CouchbaseLite Replicator Verbose: {Inserter#54} {'doc1134' #1-c8c16ee37b9d0041b91beafe4587497a8ee75665 <- } seq 135
2019-07-22 18:00:11.818215-0700 xctest[59729:373964] CouchbaseLite Replicator Verbose: {pusher#16} Reading document 'doc1142' #1-c8c16ee37b9d0041b91beafe4587497a8ee75665
2019-07-22 18:00:11.818309-0700 xctest[59729:374005] CouchbaseLite Replicator Info: {Puller#15} activityLevel=busy: pendingResponseCount=0, _caughtUp=1, _pendingRevMessages=259, _activeIncomingRevs=7
2019-07-22 18:00:11.818487-0700 xctest[59729:374003] CouchbaseLite Database Verbose: {DB#55} Saved 'doc1135' rev #1-c8c16ee37b9d0041b91beafe4587497a8ee75665 as seq 136
2019-07-22 18:00:11.818595-0700 xctest[59729:373964] CouchbaseLite Replicator Verbose: {pusher#16} Transmitting 'rev' message with 'doc1142' #1-c8c16ee37b9d0041b91beafe4587497a8ee75665
2019-07-22 18:00:11.818685-0700 xctest[59729:374003] CouchbaseLite Replicator Verbose: {Inserter#54} {'doc1135' #1-c8c16ee37b9d0041b91beafe4587497a8ee75665 <- } seq 136
2019-07-22 18:00:11.818788-0700 xctest[59729:374005] CouchbaseLite Network Verbose: {BLIPIO#13} Sending 'rev' REQ #145 Z
2019-07-22 18:00:11.818879-0700 xctest[59729:373964] CouchbaseLite Replicator Info: {pusher#16} activityLevel=busy: pendingResponseCount=20, caughtUp=1, changeLists=0, revsInFlight=10, blobsInFlight=0, awaitingReply=2320, revsToSend=258, pushingDocs=278, pendingSequences=0
2019-07-22 18:00:11.819017-0700 xctest[59729:373965] CouchbaseLite Replicator Info: {Puller#15} activityLevel=busy: pendingResponseCount=0, _caughtUp=1, _pendingRevMessages=259, _activeIncomingRevs=6
2019-07-22 18:00:11.819112-0700 xctest[59729:374005] CouchbaseLite Network Verbose: {BLIPIO#13} Sending frame: REQ #145 ---C, bytes 0--15
2019-07-22 18:00:11.819231-0700 xctest[59729:373964] CouchbaseLite Replicator Verbose: {pusher#16} Completed rev doc1123 #1-c8c16ee37b9d0041b91beafe4587497a8ee75665 (seq #123)
2019-07-22 18:00:11.819325-0700 xctest[59729:374003] CouchbaseLite Database Verbose: {DB#55} Saved 'doc1136' rev #1-c8c16ee37b9d0041b91beafe4587497a8ee75665 as seq 137
2019-07-22 18:00:11.819425-0700 xctest[59729:374005] CouchbaseLite Network Verbose: {BLIPIO#13} Finished sending REQ #145 Z
2019-07-22 18:00:11.819510-0700 xctest[59729:373965] CouchbaseLite Network Debug: {LoopbackWS#12} SEND: 910108c2 ee4f0ada 4383f4b4 68000087 d89b7f
2019-07-22 18:00:11.819604-0700 xctest[59729:373964] CouchbaseLite Replicator Debug: {pusher#16} Done pushing 'doc1123' 1-c8c16ee37b9d0041b91beafe4587497a8ee75665
2019-07-22 18:00:11.819685-0700 xctest[59729:374003] CouchbaseLite Replicator Verbose: {Inserter#54} {'doc1136' #1-c8c16ee37b9d0041b91beafe4587497a8ee75665 <- } seq 137
2019-07-22 18:00:11.819770-0700 xctest[59729:374005] CouchbaseLite Network Verbose: {BLIPIO#13} ...Wrote 19 bytes to WebSocket (writeable=1)
2019-07-22 18:00:11.819872-0700 xctest[59729:373987] CouchbaseLite Network Debug: {LoopbackWS#11} RECEIVED: 910108c2 ee4f0ada 4383f4b4 68000087 d89b7f
2019-07-22 18:00:11.819972-0700 xctest[59729:373964] CouchbaseLite Replicator Verbose: {pusher#16} progress +0/+0, 1 docs -- now 0 / 56800, 123 docs
2019-07-22 18:00:11.820057-0700 xctest[59729:373964] CouchbaseLite Replicator Info: {pusher#16} activityLevel=busy: pendingResponseCount=19, caughtUp=1, changeLists=0, revsInFlight=10, blobsInFlight=0, awaitingReply=2088, revsToSend=258, pushingDocs=277, pendingSequences=0
2019-07-22 18:00:11.820138-0700 xctest[59729:374005] CouchbaseLite Network Verbose: {BLIPIO#14} Received frame: REQ #145 ---C, length 16
2019-07-22 18:00:11.820229-0700 xctest[59729:374003] CouchbaseLite Database Verbose: {DB#55} Saved 'doc1137' rev #1-c8c16ee37b9d0041b91beafe4587497a8ee75665 as seq 138
2019-07-22 18:00:11.820331-0700 xctest[59729:373965] CouchbaseLite Replicator Info: {Puller#15} activityLevel=busy: pendingResponseCount=0, _caughtUp=1, _pendingRevMessages=259, _activeIncomingRevs=5
2019-07-22 18:00:11.820421-0700 xctest[59729:373987] CouchbaseLite Replicator Info: {repl#10} pushStatus=busy, pullStatus=busy, progress=0/56800
2019-07-22 18:00:11.820502-0700 xctest[59729:373987] CouchbaseLite Replicator Verbose: {repl#10} progress +0/+0, 1 docs -- now 0 / 56800, 123 docs
2019-07-22 18:00:11.820571-0700 xctest[59729:373987] CouchbaseLite Replicator Info: {repl#10} activityLevel=busy: connectionState=2
2019-07-22 18:00:11.820635-0700 xctest[59729:373987] CouchbaseLite Replicator Info: {repl#10} pushStatus=busy, pullStatus=busy, progress=0/56800
2019-07-22 18:00:11.820745-0700 xctest[59729:373964] CouchbaseLite Replicator Verbose: {pusher#16} Completed rev doc1124 #1-c8c16ee37b9d0041b91beafe4587497a8ee75665 (seq #124)
2019-07-22 18:00:11.820837-0700 xctest[59729:374005] CouchbaseLite Network Verbose: {Connection#7} Receiving 'rev' REQ #145 Z
2019-07-22 18:00:11.820928-0700 xctest[59729:374003] CouchbaseLite Replicator Verbose: {Inserter#54} {'doc1137' #1-c8c16ee37b9d0041b91beafe4587497a8ee75665 <- } seq 138
2019-07-22 18:00:11.821015-0700 xctest[59729:373964] CouchbaseLite Replicator Debug: {pusher#16} Done pushing 'doc1124' 1-c8c16ee37b9d0041b91beafe4587497a8ee75665
2019-07-22 18:00:11.821104-0700 xctest[59729:374005] CouchbaseLite Network Verbose: {Connection#7} Finished receiving 'rev' REQ #145 Z
2019-07-22 18:00:11.821226-0700 xctest[59729:373987] CouchbaseLite Replicator Info: {Puller#15} activityLevel=busy: pendingResponseCount=0, _caughtUp=1, _pendingRevMessages=259, _activeIncomingRevs=4
2019-07-22 18:00:11.821365-0700 xctest[59729:373964] CouchbaseLite Replicator Verbose: {pusher#16} progress +0/+0, 1 docs -- now 0 / 56800, 124 docs
2019-07-22 18:00:11.821466-0700 xctest[59729:374003] CouchbaseLite Database Verbose: {DB#55} Saved 'doc1138' rev #1-c8c16ee37b9d0041b91beafe4587497a8ee75665 as seq 139
2019-07-22 18:00:11.821553-0700 xctest[59729:373987] CouchbaseLite Replicator Info: {Puller#15} activityLevel=busy: pendingResponseCount=0, _caughtUp=1, _pendingRevMessages=258, _activeIncomingRevs=5
2019-07-22 18:00:11.821644-0700 xctest[59729:373965] CouchbaseLite Replicator Verbose: {IncomingRev#30} Received revision 'doc1142' #1-c8c16ee37b9d0041b91beafe4587497a8ee75665 (seq '142')
2019-07-22 18:00:11.821727-0700 xctest[59729:373964] CouchbaseLite Replicator Info: {pusher#16} activityLevel=busy: pendingResponseCount=18, caughtUp=1, changeLists=0, revsInFlight=10, blobsInFlight=0, awaitingReply=1856, revsToSend=258, pushingDocs=276, pendingSequences=0
2019-07-22 18:00:11.821844-0700 xctest[59729:374003] CouchbaseLite Replicator Verbose: {Inserter#54} {'doc1138' #1-c8c16ee37b9d0041b91beafe4587497a8ee75665 <- } seq 139
2019-07-22 18:00:11.821946-0700 xctest[59729:373987] CouchbaseLite Replicator Info: {repl#10} pushStatus=busy, pullStatus=busy, progress=0/56800
2019-07-22 18:00:11.822023-0700 xctest[59729:373987] CouchbaseLite Replicator Verbose: {repl#10} progress +0/+0, 1 docs -- now 0 / 56800, 124 docs
2019-07-22 18:00:11.822118-0700 xctest[59729:374005] CouchbaseLite Replicator Info: {Puller#15} activityLevel=busy: pendingResponseCount=0, _caughtUp=1, _pendingRevMessages=258, _activeIncomingRevs=4
2019-07-22 18:00:11.822214-0700 xctest[59729:374005] CouchbaseLite Replicator Info: {Puller#15} activityLevel=busy: pendingResponseCount=0, _caughtUp=1, _pendingRevMessages=258, _activeIncomingRevs=4
2019-07-22 18:00:11.822291-0700 xctest[59729:373987] CouchbaseLite Replicator Info: {repl#10} activityLevel=busy: connectionState=2
2019-07-22 18:00:11.822372-0700 xctest[59729:373987] CouchbaseLite Replicator Info: {repl#10} pushStatus=busy, pullStatus=busy, progress=0/56800
2019-07-22 18:00:11.822449-0700 xctest[59729:374003] CouchbaseLite Database Verbose: {DB#55} Saved 'doc1139' rev #1-c8c16ee37b9d0041b91beafe4587497a8ee75665 as seq 140
2019-07-22 18:00:11.822569-0700 xctest[59729:373964] CouchbaseLite Replicator Verbose: {pusher#16} Completed rev doc1125 #1-c8c16ee37b9d0041b91beafe4587497a8ee75665 (seq #125)
2019-07-22 18:00:11.822659-0700 xctest[59729:373964] CouchbaseLite Replicator Debug: {pusher#16} Done pushing 'doc1125' 1-c8c16ee37b9d0041b91beafe4587497a8ee75665
2019-07-22 18:00:11.822754-0700 xctest[59729:374003] CouchbaseLite Replicator Verbose: {Inserter#54} {'doc1139' #1-c8c16ee37b9d0041b91beafe4587497a8ee75665 <- } seq 140
2019-07-22 18:00:11.822842-0700 xctest[59729:373964] CouchbaseLite Replicator Verbose: {pusher#16} progress +0/+0, 1 docs -- now 0 / 56800, 125 docs
2019-07-22 18:00:11.822921-0700 xctest[59729:374003] CouchbaseLite Database Verbose: {DB#55} commit transaction
2019-07-22 18:00:11.823017-0700 xctest[59729:373987] CouchbaseLite Replicator Info: {Puller#15} activityLevel=busy: pendingResponseCount=0, _caughtUp=1, _pendingRevMessages=258, _activeIncomingRevs=3
2019-07-22 18:00:11.823133-0700 xctest[59729:373964] CouchbaseLite Replicator Info: {pusher#16} activityLevel=busy: pendingResponseCount=17, caughtUp=1, changeLists=0, revsInFlight=10, blobsInFlight=0, awaitingReply=1624, revsToSend=258, pushingDocs=275, pendingSequences=0
2019-07-22 18:00:11.823244-0700 xctest[59729:373987] CouchbaseLite Replicator Info: {repl#10} pushStatus=busy, pullStatus=busy, progress=0/56800
2019-07-22 18:00:11.823327-0700 xctest[59729:373987] CouchbaseLite Replicator Verbose: {repl#10} progress +0/+0, 1 docs -- now 0 / 56800, 125 docs
2019-07-22 18:00:11.823402-0700 xctest[59729:373987] CouchbaseLite Replicator Info: {repl#10} activityLevel=busy: connectionState=2
2019-07-22 18:00:11.823469-0700 xctest[59729:373987] CouchbaseLite Replicator Info: {repl#10} pushStatus=busy, pullStatus=busy, progress=0/56800
2019-07-22 18:00:11.823577-0700 xctest[59729:374004] CouchbaseLite Replicator Verbose: {Puller#15} Checkpoint now at 130
2019-07-22 18:00:11.823666-0700 xctest[59729:373964] CouchbaseLite Replicator Debug: {pusher#16} Transmitted 'rev' doc1133 #1-c8c16ee37b9d0041b91beafe4587497a8ee75665 (seq #133)
2019-07-22 18:00:11.823750-0700 xctest[59729:374003] CouchbaseLite Replicator Info: {Inserter#54} Inserted 10 revs in 10.11ms ( 989/sec) of which 99.7% was commit
2019-07-22 18:00:11.823865-0700 xctest[59729:374003] CouchbaseLite Replicator Verbose: {Inserter#54} now busy
2019-07-22 18:00:11.823954-0700 xctest[59729:374004] CouchbaseLite Replicator Verbose: {Puller#15} progress +142/+0, 1 docs -- now 18652 / 56992, 130 docs
2019-07-22 18:00:11.824035-0700 xctest[59729:374004] CouchbaseLite Replicator Info: {Puller#15} activityLevel=busy: pendingResponseCount=0, _caughtUp=1, _pendingRevMessages=258, _activeIncomingRevs=3
2019-07-22 18:00:11.824117-0700 xctest[59729:373965] CouchbaseLite Network Verbose: {BLIPIO#14} Sending RES #133
2019-07-22 18:00:11.824202-0700 xctest[59729:374005] CouchbaseLite Replicator Info: {Repl#8} pushStatus=stopped, pullStatus=busy, progress=18510/56992
2019-07-22 18:00:11.824271-0700 xctest[59729:374005] CouchbaseLite Replicator Info: {Repl#8} activityLevel=busy: connectionState=2
2019-07-22 18:00:11.824345-0700 xctest[59729:374005] CouchbaseLite Replicator Info: {Repl#8} pushStatus=stopped, pullStatus=busy, progress=18510/56992
2019-07-22 18:00:11.824416-0700 xctest[59729:373965] CouchbaseLite Network Verbose: {BLIPIO#14} Sending frame: RES #133 ----, bytes 0--4
2019-07-22 18:00:11.824512-0700 xctest[59729:373964] CouchbaseLite Replicator Verbose: {pusher#16} Sending rev doc1143 1-c8c16ee37b9d0041b91beafe4587497a8ee75665 (seq #143) [10/10]
2019-07-22 18:00:11.824601-0700 xctest[59729:374004] CouchbaseLite Replicator Info: {Puller#15} activityLevel=busy: pendingResponseCount=0, _caughtUp=1, _pendingRevMessages=258, _activeIncomingRevs=3
2019-07-22 18:00:11.824687-0700 xctest[59729:374005] CouchbaseLite Replicator Info: {Repl#8} pushStatus=stopped, pullStatus=busy, progress=18652/56992
2019-07-22 18:00:11.824783-0700 xctest[59729:374005] CouchbaseLite Replicator Verbose: {Repl#8} progress +142/+0, 1 docs -- now 18652 / 56992, 130 docs
2019-07-22 18:00:11.824860-0700 xctest[59729:374003] CouchbaseLite Network Debug: {LoopbackWS#11} SEND: 85010100 878914a1
2019-07-22 18:00:11.824950-0700 xctest[59729:373964] CouchbaseLite Replicator Verbose: {pusher#16} Reading document 'doc1143' #1-c8c16ee37b9d0041b91beafe4587497a8ee75665
2019-07-22 18:00:11.825045-0700 xctest[59729:374004] CouchbaseLite Replicator Verbose: {Puller#15} Checkpoint now at 139
2019-07-22 18:00:11.825133-0700 xctest[59729:373965] CouchbaseLite Network Verbose: {BLIPIO#14} Finished sending RES #133
2019-07-22 18:00:11.825227-0700 xctest[59729:374005] CouchbaseLite Replicator Info: {Repl#8} activityLevel=busy: connectionState=2
2019-07-22 18:00:11.825306-0700 xctest[59729:374005] CouchbaseLite Replicator Info: {Repl#8} pushStatus=stopped, pullStatus=busy, progress=18652/56992
2019-07-22 18:00:11.825381-0700 xctest[59729:374004] CouchbaseLite Replicator Verbose: {Puller#15} progress +1278/+0, 9 docs -- now 19930 / 56992, 139 docs
2019-07-22 18:00:11.825463-0700 xctest[59729:374004] CouchbaseLite Replicator Info: {Puller#15} activityLevel=busy: pendingResponseCount=0, _caughtUp=1, _pendingRevMessages=258, _activeIncomingRevs=3
2019-07-22 18:00:11.825545-0700 xctest[59729:373964] CouchbaseLite Replicator Verbose: {pusher#16} Transmitting 'rev' message with 'doc1143' #1-c8c16ee37b9d0041b91beafe4587497a8ee75665
2019-07-22 18:00:11.825635-0700 xctest[59729:373987] CouchbaseLite Network Debug: {LoopbackWS#12} RECEIVED: 85010100 878914a1
2019-07-22 18:00:11.825717-0700 xctest[59729:373965] CouchbaseLite Network Verbose: {BLIPIO#14} ...Wrote 8 bytes to WebSocket (writeable=1)
2019-07-22 18:00:11.825796-0700 xctest[59729:374004] CouchbaseLite Replicator Info: {Puller#15} activityLevel=busy: pendingResponseCount=0, _caughtUp=1, _pendingRevMessages=258, _activeIncomingRevs=3
2019-07-22 18:00:11.825893-0700 xctest[59729:374005] CouchbaseLite Replicator Info: {Repl#8} pushStatus=stopped, pullStatus=busy, progress=19930/56992
2019-07-22 18:00:11.826010-0700 xctest[59729:374005] CouchbaseLite Replicator Verbose: {Repl#8} progress +1278/+0, 9 docs -- now 19930 / 56992, 139 docs
2019-07-22 18:00:11.826075-0700 xctest[59729:374005] CouchbaseLite Replicator Info: {Repl#8} activityLevel=busy: connectionState=2
2019-07-22 18:00:11.826137-0700 xctest[59729:374005] CouchbaseLite Replicator Info: {Repl#8} pushStatus=stopped, pullStatus=busy, progress=19930/56992
2019-07-22 18:00:11.826220-0700 xctest[59729:374004] CouchbaseLite Replicator Info: {Puller#15} activityLevel=busy: pendingResponseCount=0, _caughtUp=1, _pendingRevMessages=258, _activeIncomingRevs=3
2019-07-22 18:00:11.826305-0700 xctest[59729:374003] CouchbaseLite Network Verbose: {BLIPIO#13} Sending 'rev' REQ #146 Z
2019-07-22 18:00:11.826393-0700 xctest[59729:373964] CouchbaseLite Replicator Info: {pusher#16} activityLevel=busy: pendingResponseCount=18, caughtUp=1, changeLists=0, revsInFlight=10, blobsInFlight=0, awaitingReply=1856, revsToSend=257, pushingDocs=275, pendingSequences=0
2019-07-22 18:00:11.826468-0700 xctest[59729:373965] CouchbaseLite Network Verbose: {BLIPIO#14} Sending RES #134
2019-07-22 18:00:11.826548-0700 xctest[59729:374004] CouchbaseLite Replicator Info: {Puller#15} activityLevel=busy: pendingResponseCount=0, _caughtUp=1, _pendingRevMessages=258, _activeIncomingRevs=3
2019-07-22 18:00:11.826629-0700 xctest[59729:374003] CouchbaseLite Network Verbose: {BLIPIO#13} Sending frame: REQ #146 ---C, bytes 0--15
2019-07-22 18:00:11.826726-0700 xctest[59729:373964] CouchbaseLite Replicator Verbose: {pusher#16} Completed rev doc1126 #1-c8c16ee37b9d0041b91beafe4587497a8ee75665 (seq #126)
2019-07-22 18:00:11.826804-0700 xctest[59729:373965] CouchbaseLite Network Verbose: {BLIPIO#14} Sending frame: RES #134 ----, bytes 0--4
2019-07-22 18:00:11.826884-0700 xctest[59729:374004] CouchbaseLite Replicator Info: {Puller#15} activityLevel=busy: pendingResponseCount=0, _caughtUp=1, _pendingRevMessages=258, _activeIncomingRevs=3
2019-07-22 18:00:11.826965-0700 xctest[59729:374003] CouchbaseLite Network Verbose: {BLIPIO#13} Finished sending REQ #146 Z
2019-07-22 18:00:11.827048-0700 xctest[59729:374005] CouchbaseLite Network Debug: {LoopbackWS#12} SEND: 920108c2 ee4f0ada 4383f4bc 68000027 40124c
2019-07-22 18:00:11.827135-0700 xctest[59729:373964] CouchbaseLite Replicator Debug: {pusher#16} Done pushing 'doc1126' 1-c8c16ee37b9d0041b91beafe4587497a8ee75665
2019-07-22 18:00:11.827206-0700 xctest[59729:373964] CouchbaseLite Replicator Verbose: {pusher#16} progress +0/+0, 1 docs -- now 0 / 56800, 126 docs
2019-07-22 18:00:11.827271-0700 xctest[59729:373964] CouchbaseLite Replicator Info: {pusher#16} activityLevel=busy: pendingResponseCount=17, caughtUp=1, changeLists=0, revsInFlight=10, blobsInFlight=0, awaitingReply=1624, revsToSend=257, pushingDocs=274, pendingSequences=0
2019-07-22 18:00:11.827348-0700 xctest[59729:374004] CouchbaseLite Replicator Info: {Puller#15} activityLevel=busy: pendingResponseCount=0, _caughtUp=1, _pendingRevMessages=258, _activeIncomingRevs=3
2019-07-22 18:00:11.827431-0700 xctest[59729:374003] CouchbaseLite Network Verbose: {BLIPIO#13} ...Wrote 19 bytes to WebSocket (writeable=1)
2019-07-22 18:00:11.827525-0700 xctest[59729:373965] CouchbaseLite Network Verbose: {BLIPIO#14} Finished sending RES #134
2019-07-22 18:00:11.827599-0700 xctest[59729:373965] CouchbaseLite Network Verbose: {BLIPIO#14} ...Wrote 8 bytes to WebSocket (writeable=1)
2019-07-22 18:00:11.827680-0700 xctest[59729:373964] CouchbaseLite Replicator Verbose: {pusher#16} Completed rev doc1127 #1-c8c16ee37b9d0041b91beafe4587497a8ee75665 (seq #127)
2019-07-22 18:00:11.827767-0700 xctest[59729:373964] CouchbaseLite Replicator Debug: {pusher#16} Done pushing 'doc1127' 1-c8c16ee37b9d0041b91beafe4587497a8ee75665
2019-07-22 18:00:11.827844-0700 xctest[59729:374004] CouchbaseLite Replicator Info: {Puller#15} activityLevel=busy: pendingResponseCount=0, _caughtUp=1, _pendingRevMessages=258, _activeIncomingRevs=3
2019-07-22 18:00:11.827923-0700 xctest[59729:374004] CouchbaseLite Replicator Info: {Puller#15} activityLevel=busy: pendingResponseCount=0, _caughtUp=1, _pendingRevMessages=258, _activeIncomingRevs=3
2019-07-22 18:00:11.827997-0700 xctest[59729:373987] CouchbaseLite Network Debug: {LoopbackWS#11} SEND: 86010100 7354f5e7
2019-07-22 18:00:11.828085-0700 xctest[59729:373965] CouchbaseLite Network Verbose: {BLIPIO#14} Sending RES #135
2019-07-22 18:00:11.828168-0700 xctest[59729:374005] CouchbaseLite Replicator Info: {repl#10} pushStatus=busy, pullStatus=busy, progress=0/56800
2019-07-22 18:00:11.828252-0700 xctest[59729:374005] CouchbaseLite Replicator Verbose: {repl#10} progress +0/+0, 1 docs -- now 0 / 56800, 126 docs
2019-07-22 18:00:11.828318-0700 xctest[59729:374005] CouchbaseLite Replicator Info: {repl#10} activityLevel=busy: connectionState=2
2019-07-22 18:00:11.828385-0700 xctest[59729:374005] CouchbaseLite Replicator Info: {repl#10} pushStatus=busy, pullStatus=busy, progress=0/56800
2019-07-22 18:00:11.828457-0700 xctest[59729:373968] CouchbaseLite Network Debug: {LoopbackWS#12} RECEIVED: 86010100 7354f5e7
2019-07-22 18:00:11.828555-0700 xctest[59729:373987] CouchbaseLite Network Debug: {LoopbackWS#11} RECEIVED: 920108c2 ee4f0ada 4383f4bc 68000027 40124c
2019-07-22 18:00:11.828633-0700 xctest[59729:373965] CouchbaseLite Network Verbose: {BLIPIO#14} Sending frame: RES #135 ----, bytes 0--4
2019-07-22 18:00:11.828717-0700 xctest[59729:373964] CouchbaseLite Replicator Verbose: {pusher#16} progress +0/+0, 1 docs -- now 0 / 56800, 127 docs
2019-07-22 18:00:11.828795-0700 xctest[59729:374003] CouchbaseLite Network Verbose: {BLIPIO#13} Received frame: RES #133 ----, length 5
2019-07-22 18:00:11.828879-0700 xctest[59729:374004] CouchbaseLite Replicator Info: {Puller#15} activityLevel=busy: pendingResponseCount=0, _caughtUp=1, _pendingRevMessages=258, _activeIncomingRevs=3
2019-07-22 18:00:11.828954-0700 xctest[59729:373965] CouchbaseLite Network Verbose: {BLIPIO#14} Finished sending RES #135
2019-07-22 18:00:11.829022-0700 xctest[59729:373965] CouchbaseLite Network Verbose: {BLIPIO#14} ...Wrote 8 bytes to WebSocket (writeable=1)
2019-07-22 18:00:11.829097-0700 xctest[59729:373964] CouchbaseLite Replicator Info: {pusher#16} activityLevel=busy: pendingResponseCount=16, caughtUp=1, changeLists=0, revsInFlight=10, blobsInFlight=0, awaitingReply=1392, revsToSend=257, pushingDocs=273, pendingSequences=0
2019-07-22 18:00:11.829193-0700 xctest[59729:373964] CouchbaseLite Replicator Debug: {pusher#16} Transmitted 'rev' doc1134 #1-c8c16ee37b9d0041b91beafe4587497a8ee75665 (seq #134)
2019-07-22 18:00:11.829272-0700 xctest[59729:374004] CouchbaseLite Replicator Info: {Puller#15} activityLevel=busy: pendingResponseCount=0, _caughtUp=1, _pendingRevMessages=258, _activeIncomingRevs=3
2019-07-22 18:00:11.829356-0700 xctest[59729:373987] CouchbaseLite Network Debug: {LoopbackWS#11} SEND: 87010100 ec1fcca3
2019-07-22 18:00:11.829443-0700 xctest[59729:373965] CouchbaseLite Network Verbose: {BLIPIO#14} Sending RES #136
2019-07-22 18:00:11.829550-0700 xctest[59729:374003] CouchbaseLite Network Verbose: {Connection#9} Receiving RES #133
2019-07-22 18:00:11.829653-0700 xctest[59729:373968] CouchbaseLite Replicator Info: {repl#10} pushStatus=busy, pullStatus=busy, progress=0/56800
2019-07-22 18:00:11.829736-0700 xctest[59729:373968] CouchbaseLite Replicator Verbose: {repl#10} progress +0/+0, 1 docs -- now 0 / 56800, 127 docs
2019-07-22 18:00:11.829854-0700 xctest[59729:373968] CouchbaseLite Replicator Info: {repl#10} activityLevel=busy: connectionState=2
2019-07-22 18:00:11.829923-0700 xctest[59729:373968] CouchbaseLite Replicator Info: {repl#10} pushStatus=busy, pullStatus=busy, progress=0/56800
2019-07-22 18:00:11.829991-0700 xctest[59729:374003] CouchbaseLite Network Verbose: {Connection#9} Finished receiving RES #133
2019-07-22 18:00:11.830076-0700 xctest[59729:373964] CouchbaseLite Replicator Verbose: {pusher#16} Sending rev doc1144 1-c8c16ee37b9d0041b91beafe4587497a8ee75665 (seq #144) [10/10]
2019-07-22 18:00:11.830159-0700 xctest[59729:374004] CouchbaseLite Network Debug: {LoopbackWS#12} RECEIVED: 87010100 ec1fcca3
2019-07-22 18:00:11.830241-0700 xctest[59729:373965] CouchbaseLite Network Verbose: {BLIPIO#14} Sending frame: RES #136 ----, bytes 0--4
2019-07-22 18:00:11.830336-0700 xctest[59729:374003] CouchbaseLite Network Verbose: {BLIPIO#13} Received frame: RES #134 ----, length 5
2019-07-22 18:00:11.830435-0700 xctest[59729:373964] CouchbaseLite Replicator Verbose: {pusher#16} Reading document 'doc1144' #1-c8c16ee37b9d0041b91beafe4587497a8ee75665
2019-07-22 18:00:11.830542-0700 xctest[59729:373965] CouchbaseLite Network Verbose: {BLIPIO#14} Finished sending RES #136
2019-07-22 18:00:11.830654-0700 xctest[59729:373965] CouchbaseLite Network Verbose: {BLIPIO#14} ...Wrote 8 bytes to WebSocket (writeable=1)
2019-07-22 18:00:11.830774-0700 xctest[59729:373965] CouchbaseLite Network Verbose: {BLIPIO#14} Sending RES #137
2019-07-22 18:00:11.830853-0700 xctest[59729:374004] CouchbaseLite Network Debug: {LoopbackWS#11} SEND: 88010100 9d310213
2019-07-22 18:00:11.830935-0700 xctest[59729:373964] CouchbaseLite Replicator Verbose: {pusher#16} Transmitting 'rev' message with 'doc1144' #1-c8c16ee37b9d0041b91beafe4587497a8ee75665
2019-07-22 18:00:11.831042-0700 xctest[59729:374003] CouchbaseLite Network Verbose: {Connection#9} Receiving RES #134
2019-07-22 18:00:11.831130-0700 xctest[59729:373965] CouchbaseLite Network Verbose: {BLIPIO#14} Sending frame: RES #137 ----, bytes 0--4
2019-07-22 18:00:11.831236-0700 xctest[59729:373968] CouchbaseLite Network Debug: {LoopbackWS#12} RECEIVED: 88010100 9d310213
2019-07-22 18:00:11.831352-0700 xctest[59729:373964] CouchbaseLite Replicator Info: {pusher#16} activityLevel=busy: pendingResponseCount=17, caughtUp=1, changeLists=0, revsInFlight=10, blobsInFlight=0, awaitingReply=1624, revsToSend=256, pushingDocs=273, pendingSequences=0
2019-07-22 18:00:11.831441-0700 xctest[59729:374003] CouchbaseLite Network Verbose: {Connection#9} Finished receiving RES #134
2019-07-22 18:00:11.831527-0700 xctest[59729:374004] CouchbaseLite Network Debug: {LoopbackWS#11} SEND: 89010100 56219f51
2019-07-22 18:00:11.831603-0700 xctest[59729:373965] CouchbaseLite Network Verbose: {BLIPIO#14} Finished sending RES #137
2019-07-22 18:00:11.831678-0700 xctest[59729:373965] CouchbaseLite Network Verbose: {BLIPIO#14} ...Wrote 8 bytes to WebSocket (writeable=1)
2019-07-22 18:00:11.831751-0700 xctest[59729:374003] CouchbaseLite Network Verbose: {BLIPIO#13} Received frame: RES #135 ----, length 5
2019-07-22 18:00:11.831830-0700 xctest[59729:373968] CouchbaseLite Network Debug: {LoopbackWS#12} RECEIVED: 89010100 56219f51
2019-07-22 18:00:11.831903-0700 xctest[59729:373964] CouchbaseLite Replicator Verbose: {pusher#16} Completed rev doc1128 #1-c8c16ee37b9d0041b91beafe4587497a8ee75665 (seq #128)
2019-07-22 18:00:11.831985-0700 xctest[59729:373965] CouchbaseLite Network Verbose: {BLIPIO#14} Sending RES #138
2019-07-22 18:00:11.832084-0700 xctest[59729:373965] CouchbaseLite Network Verbose: {BLIPIO#14} Sending frame: RES #138 ----, bytes 0--4
2019-07-22 18:00:11.832166-0700 xctest[59729:373964] CouchbaseLite Replicator Debug: {pusher#16} Done pushing 'doc1128' 1-c8c16ee37b9d0041b91beafe4587497a8ee75665
2019-07-22 18:00:11.832244-0700 xctest[59729:373964] CouchbaseLite Replicator Verbose: {pusher#16} progress +0/+0, 1 docs -- now 0 / 56800, 128 docs
2019-07-22 18:00:11.832310-0700 xctest[59729:373964] CouchbaseLite Replicator Info: {pusher#16} activityLevel=busy: pendingResponseCount=16, caughtUp=1, changeLists=0, revsInFlight=10, blobsInFlight=0, awaitingReply=1392, revsToSend=256, pushingDocs=272, pendingSequences=0
2019-07-22 18:00:11.832381-0700 xctest[59729:373968] CouchbaseLite Network Debug: {LoopbackWS#11} SEND: 8a010100 ce38af70
2019-07-22 18:00:11.832462-0700 xctest[59729:374003] CouchbaseLite Network Verbose: {Connection#9} Receiving RES #135
2019-07-22 18:00:11.832571-0700 xctest[59729:373965] CouchbaseLite Network Verbose: {BLIPIO#14} Finished sending RES #138
2019-07-22 18:00:11.832717-0700 xctest[59729:373965] CouchbaseLite Network Verbose: {BLIPIO#14} ...Wrote 8 bytes to WebSocket (writeable=1)
2019-07-22 18:00:11.832799-0700 xctest[59729:374004] CouchbaseLite Replicator Info: {repl#10} pushStatus=busy, pullStatus=busy, progress=0/56800
2019-07-22 18:00:11.832877-0700 xctest[59729:374004] CouchbaseLite Replicator Verbose: {repl#10} progress +0/+0, 1 docs -- now 0 / 56800, 128 docs
2019-07-22 18:00:11.832941-0700 xctest[59729:374004] CouchbaseLite Replicator Info: {repl#10} activityLevel=busy: connectionState=2
2019-07-22 18:00:11.833006-0700 xctest[59729:374004] CouchbaseLite Replicator Info: {repl#10} pushStatus=busy, pullStatus=busy, progress=0/56800
2019-07-22 18:00:11.833077-0700 xctest[59729:373965] CouchbaseLite Network Verbose: {BLIPIO#14} Sending RES #139
2019-07-22 18:00:11.833179-0700 xctest[59729:373987] CouchbaseLite Network Debug: {LoopbackWS#12} RECEIVED: 8a010100 ce38af70
2019-07-22 18:00:11.833262-0700 xctest[59729:374003] CouchbaseLite Network Verbose: {Connection#9} Finished receiving RES #135
2019-07-22 18:00:11.833350-0700 xctest[59729:373964] CouchbaseLite Replicator Verbose: {pusher#16} Completed rev doc1129 #1-c8c16ee37b9d0041b91beafe4587497a8ee75665 (seq #129)
2019-07-22 18:00:11.833425-0700 xctest[59729:374004] CouchbaseLite Replicator Verbose: {Inserter#54} Inserting 3 revs:
2019-07-22 18:00:11.833516-0700 xctest[59729:373965] CouchbaseLite Network Verbose: {BLIPIO#14} Sending frame: RES #139 ----, bytes 0--4
2019-07-22 18:00:11.833597-0700 xctest[59729:374003] CouchbaseLite Network Verbose: {BLIPIO#13} Received frame: RES #136 ----, length 5
2019-07-22 18:00:11.833676-0700 xctest[59729:373964] CouchbaseLite Replicator Debug: {pusher#16} Done pushing 'doc1129' 1-c8c16ee37b9d0041b91beafe4587497a8ee75665
2019-07-22 18:00:11.833755-0700 xctest[59729:374004] CouchbaseLite Database Verbose: {DB#55} begin transaction
2019-07-22 18:00:11.833836-0700 xctest[59729:373965] CouchbaseLite Network Verbose: {BLIPIO#14} Finished sending RES #139
2019-07-22 18:00:11.833911-0700 xctest[59729:373965] CouchbaseLite Network Verbose: {BLIPIO#14} ...Wrote 8 bytes to WebSocket (writeable=1)
2019-07-22 18:00:11.833994-0700 xctest[59729:374003] CouchbaseLite Network Verbose: {Connection#9} Receiving RES #136
2019-07-22 18:00:11.834106-0700 xctest[59729:373964] CouchbaseLite Replicator Verbose: {pusher#16} progress +0/+0, 1 docs -- now 0 / 56800, 129 docs
2019-07-22 18:00:11.834183-0700 xctest[59729:373964] CouchbaseLite Replicator Info: {pusher#16} activityLevel=busy: pendingResponseCount=15, caughtUp=1, changeLists=0, revsInFlight=10, blobsInFlight=0, awaitingReply=1160, revsToSend=256, pushingDocs=271, pendingSequences=0
2019-07-22 18:00:11.834281-0700 xctest[59729:373965] CouchbaseLite Network Verbose: {BLIPIO#14} Sending RES #140
2019-07-22 18:00:11.834365-0700 xctest[59729:374003] CouchbaseLite Network Verbose: {Connection#9} Finished receiving RES #136
2019-07-22 18:00:11.834447-0700 xctest[59729:373987] CouchbaseLite Network Debug: {LoopbackWS#11} SEND: 8b010100 82c9a61e
2019-07-22 18:00:11.834555-0700 xctest[59729:374004] CouchbaseLite Database Verbose: {DB#55} Saved 'doc1140' rev #1-c8c16ee37b9d0041b91beafe4587497a8ee75665 as seq 141
2019-07-22 18:00:11.834651-0700 xctest[59729:373968] CouchbaseLite Replicator Info: {repl#10} pushStatus=busy, pullStatus=busy, progress=0/56800
2019-07-22 18:00:11.834763-0700 xctest[59729:373968] CouchbaseLite Replicator Verbose: {repl#10} progress +0/+0, 1 docs -- now 0 / 56800, 129 docs
2019-07-22 18:00:11.834866-0700 xctest[59729:373965] CouchbaseLite Network Verbose: {BLIPIO#14} Sending frame: RES #140 ----, bytes 0--4
2019-07-22 18:00:11.834947-0700 xctest[59729:374003] CouchbaseLite Network Verbose: {BLIPIO#13} Sending 'rev' REQ #147 Z
2019-07-22 18:00:11.835029-0700 xctest[59729:374005] CouchbaseLite Network Debug: {LoopbackWS#12} RECEIVED: 8b010100 82c9a61e
2019-07-22 18:00:11.835112-0700 xctest[59729:374004] CouchbaseLite Replicator Verbose: {Inserter#54} {'doc1140' #1-c8c16ee37b9d0041b91beafe4587497a8ee75665 <- } seq 141
2019-07-22 18:00:11.835215-0700 xctest[59729:373964] CouchbaseLite Replicator Debug: {pusher#16} Transmitted 'rev' doc1135 #1-c8c16ee37b9d0041b91beafe4587497a8ee75665 (seq #135)
2019-07-22 18:00:11.835297-0700 xctest[59729:373968] CouchbaseLite Replicator Info: {repl#10} activityLevel=busy: connectionState=2
2019-07-22 18:00:11.835388-0700 xctest[59729:373968] CouchbaseLite Replicator Info: {repl#10} pushStatus=busy, pullStatus=busy, progress=0/56800
2019-07-22 18:00:11.835498-0700 xctest[59729:373987] CouchbaseLite Network Debug: {LoopbackWS#11} SEND: 8c010100 288f1b48
2019-07-22 18:00:11.835598-0700 xctest[59729:374003] CouchbaseLite Network Verbose: {BLIPIO#13} Sending frame: REQ #147 ---C, bytes 0--15
2019-07-22 18:00:11.835681-0700 xctest[59729:374005] CouchbaseLite Replicator Info: {Puller#15} activityLevel=busy: pendingResponseCount=0, _caughtUp=1, _pendingRevMessages=258, _activeIncomingRevs=2
2019-07-22 18:00:11.835781-0700 xctest[59729:373964] CouchbaseLite Replicator Verbose: {pusher#16} Sending rev doc1145 1-c8c16ee37b9d0041b91beafe4587497a8ee75665 (seq #145) [10/10]
2019-07-22 18:00:11.835871-0700 xctest[59729:373965] CouchbaseLite Network Verbose: {BLIPIO#14} Finished sending RES #140
2019-07-22 18:00:11.835951-0700 xctest[59729:373965] CouchbaseLite Network Verbose: {BLIPIO#14} ...Wrote 8 bytes to WebSocket (writeable=1)
2019-07-22 18:00:11.836027-0700 xctest[59729:373987] CouchbaseLite Network Debug: {LoopbackWS#12} RECEIVED: 8c010100 288f1b48
2019-07-22 18:00:11.836106-0700 xctest[59729:374003] CouchbaseLite Network Verbose: {BLIPIO#13} Finished sending REQ #147 Z
2019-07-22 18:00:11.836191-0700 xctest[59729:373964] CouchbaseLite Replicator Verbose: {pusher#16} Reading document 'doc1145' #1-c8c16ee37b9d0041b91beafe4587497a8ee75665
2019-07-22 18:00:11.836274-0700 xctest[59729:374004] CouchbaseLite Database Verbose: {DB#55} Saved 'doc1141' rev #1-c8c16ee37b9d0041b91beafe4587497a8ee75665 as seq 142
2019-07-22 18:00:11.836357-0700 xctest[59729:374004] CouchbaseLite Replicator Verbose: {Inserter#54} {'doc1141' #1-c8c16ee37b9d0041b91beafe4587497a8ee75665 <- } seq 142
2019-07-22 18:00:11.836438-0700 xctest[59729:373987] CouchbaseLite Network Debug: {LoopbackWS#12} SEND: 930108c2 ee4f4a2e 7d1d9ced 21000012 72bcf8
2019-07-22 18:00:11.836555-0700 xctest[59729:374003] CouchbaseLite Network Verbose: {BLIPIO#13} ...Wrote 19 bytes to WebSocket (writeable=1)
2019-07-22 18:00:11.836655-0700 xctest[59729:373965] CouchbaseLite Network Verbose: {BLIPIO#14} Sending RES #141
2019-07-22 18:00:11.836747-0700 xctest[59729:373964] CouchbaseLite Replicator Verbose: {pusher#16} Transmitting 'rev' message with 'doc1145' #1-c8c16ee37b9d0041b91beafe4587497a8ee75665
2019-07-22 18:00:11.836843-0700 xctest[59729:374005] CouchbaseLite Replicator Info: {Puller#15} activityLevel=busy: pendingResponseCount=0, _caughtUp=1, _pendingRevMessages=258, _activeIncomingRevs=1
2019-07-22 18:00:11.836943-0700 xctest[59729:373987] CouchbaseLite Network Debug: {LoopbackWS#11} RECEIVED: 930108c2 ee4f4a2e 7d1d9ced 21000012 72bcf8
2019-07-22 18:00:11.837041-0700 xctest[59729:374003] CouchbaseLite Network Verbose: {BLIPIO#13} Received frame: RES #137 ----, length 5
2019-07-22 18:00:11.837147-0700 xctest[59729:374004] CouchbaseLite Database Verbose: {DB#55} Saved 'doc1142' rev #1-c8c16ee37b9d0041b91beafe4587497a8ee75665 as seq 143
2019-07-22 18:00:11.837232-0700 xctest[59729:373965] CouchbaseLite Network Verbose: {BLIPIO#14} Sending frame: RES #141 ----, bytes 0--4
2019-07-22 18:00:11.837318-0700 xctest[59729:373964] CouchbaseLite Replicator Info: {pusher#16} activityLevel=busy: pendingResponseCount=16, caughtUp=1, changeLists=0, revsInFlight=10, blobsInFlight=0, awaitingReply=1392, revsToSend=255, pushingDocs=271, pendingSequences=0
2019-07-22 18:00:11.837434-0700 xctest[59729:374003] CouchbaseLite Network Verbose: {Connection#9} Receiving RES #137
2019-07-22 18:00:11.837527-0700 xctest[59729:374004] CouchbaseLite Replicator Verbose: {Inserter#54} {'doc1142' #1-c8c16ee37b9d0041b91beafe4587497a8ee75665 <- } seq 143
2019-07-22 18:00:11.837606-0700 xctest[59729:373965] CouchbaseLite Network Verbose: {BLIPIO#14} Finished sending RES #141
2019-07-22 18:00:11.837683-0700 xctest[59729:373965] CouchbaseLite Network Verbose: {BLIPIO#14} ...Wrote 8 bytes to WebSocket (writeable=1)
2019-07-22 18:00:11.837792-0700 xctest[59729:373964] CouchbaseLite Replicator Debug: {pusher#16} Transmitted 'rev' doc1136 #1-c8c16ee37b9d0041b91beafe4587497a8ee75665 (seq #136)
2019-07-22 18:00:11.837881-0700 xctest[59729:373964] CouchbaseLite Replicator Verbose: {pusher#16} Sending rev doc1146 1-c8c16ee37b9d0041b91beafe4587497a8ee75665 (seq #146) [10/10]
2019-07-22 18:00:11.837958-0700 xctest[59729:374004] CouchbaseLite Database Verbose: {DB#55} commit transaction
2019-07-22 18:00:11.838045-0700 xctest[59729:374005] CouchbaseLite Replicator Info: {Puller#15} activityLevel=busy: pendingResponseCount=0, _caughtUp=1, _pendingRevMessages=258, _activeIncomingRevs=0
2019-07-22 18:00:11.838143-0700 xctest[59729:373987] CouchbaseLite Network Debug: {LoopbackWS#11} SEND: 8d010100 aa2da934
2019-07-22 18:00:11.838226-0700 xctest[59729:374004] CouchbaseLite Replicator Info: {Inserter#54} Inserted 3 revs in 4.71ms ( 637/sec) of which 99.7% was commit
2019-07-22 18:00:11.838304-0700 xctest[59729:374004] CouchbaseLite Replicator Verbose: {Inserter#54} now idle
2019-07-22 18:00:11.838381-0700 xctest[59729:374003] CouchbaseLite Network Verbose: {Connection#9} Finished receiving RES #137
2019-07-22 18:00:11.838473-0700 xctest[59729:373964] CouchbaseLite Replicator Verbose: {pusher#16} Reading document 'doc1146' #1-c8c16ee37b9d0041b91beafe4587497a8ee75665
2019-07-22 18:00:11.838562-0700 xctest[59729:373987] CouchbaseLite Network Debug: {LoopbackWS#12} RECEIVED: 8d010100 aa2da934
2019-07-22 18:00:11.838652-0700 xctest[59729:374005] CouchbaseLite Replicator Verbose: {Puller#15} Checkpoint now at 142
2019-07-22 18:00:11.838736-0700 xctest[59729:373964] CouchbaseLite Replicator Verbose: {pusher#16} Transmitting 'rev' message with 'doc1146' #1-c8c16ee37b9d0041b91beafe4587497a8ee75665
2019-07-22 18:00:11.838822-0700 xctest[59729:373968] CouchbaseLite Replicator Info: {repl#10} activityLevel=busy: connectionState=2
2019-07-22 18:00:11.838904-0700 xctest[59729:373968] CouchbaseLite Replicator Info: {repl#10} pushStatus=busy, pullStatus=busy, progress=0/56800
2019-07-22 18:00:11.838981-0700 xctest[59729:374003] CouchbaseLite Network Verbose: {BLIPIO#13} Received frame: RES #138 ----, length 5
2019-07-22 18:00:11.839079-0700 xctest[59729:374005] CouchbaseLite Replicator Verbose: {Puller#15} progress +426/+0, 3 docs -- now 20356 / 56992, 142 docs
2019-07-22 18:00:11.839163-0700 xctest[59729:374005] CouchbaseLite Replicator Info: {Puller#15} activityLevel=busy: pendingResponseCount=0, _caughtUp=1, _pendingRevMessages=258, _activeIncomingRevs=0
2019-07-22 18:00:11.839246-0700 xctest[59729:373964] CouchbaseLite Replicator Info: {pusher#16} activityLevel=busy: pendingResponseCount=17, caughtUp=1, changeLists=0, revsInFlight=10, blobsInFlight=0, awaitingReply=1624, revsToSend=254, pushingDocs=271, pendingSequences=0
2019-07-22 18:00:11.839330-0700 xctest[59729:374007] CouchbaseLite Replicator Info: {Repl#8} pushStatus=stopped, pullStatus=busy, progress=19930/56992
2019-07-22 18:00:11.839448-0700 xctest[59729:374003] CouchbaseLite Network Verbose: {Connection#9} Receiving RES #138
2019-07-22 18:00:11.839547-0700 xctest[59729:373965] CouchbaseLite Network Verbose: {BLIPIO#14} Sending RES #142
2019-07-22 18:00:11.839634-0700 xctest[59729:374005] CouchbaseLite Replicator Info: {Puller#15} activityLevel=busy: pendingResponseCount=0, _caughtUp=1, _pendingRevMessages=258, _activeIncomingRevs=0
2019-07-22 18:00:11.839717-0700 xctest[59729:373964] CouchbaseLite Replicator Debug: {pusher#16} Transmitted 'rev' doc1137 #1-c8c16ee37b9d0041b91beafe4587497a8ee75665 (seq #137)
2019-07-22 18:00:11.839796-0700 xctest[59729:373964] CouchbaseLite Replicator Verbose: {pusher#16} Sending rev doc1147 1-c8c16ee37b9d0041b91beafe4587497a8ee75665 (seq #147) [10/10]
2019-07-22 18:00:11.839874-0700 xctest[59729:374003] CouchbaseLite Network Verbose: {Connection#9} Finished receiving RES #138
2019-07-22 18:00:11.839956-0700 xctest[59729:373965] CouchbaseLite Network Verbose: {BLIPIO#14} Sending frame: RES #142 ----, bytes 0--4
2019-07-22 18:00:11.840050-0700 xctest[59729:374005] CouchbaseLite Replicator Info: {Puller#15} activityLevel=busy: pendingResponseCount=0, _caughtUp=1, _pendingRevMessages=258, _activeIncomingRevs=0
2019-07-22 18:00:11.840127-0700 xctest[59729:374007] CouchbaseLite Replicator Info: {Repl#8} activityLevel=busy: connectionState=2
2019-07-22 18:00:11.840205-0700 xctest[59729:374007] CouchbaseLite Replicator Info: {Repl#8} pushStatus=stopped, pullStatus=busy, progress=19930/56992
2019-07-22 18:00:11.840284-0700 xctest[59729:374003] CouchbaseLite Network Verbose: {BLIPIO#13} Received frame: RES #139 ----, length 5
2019-07-22 18:00:11.840380-0700 xctest[59729:373965] CouchbaseLite Network Verbose: {BLIPIO#14} Finished sending RES #142
2019-07-22 18:00:11.840460-0700 xctest[59729:373965] CouchbaseLite Network Verbose: {BLIPIO#14} ...Wrote 8 bytes to WebSocket (writeable=1)
2019-07-22 18:00:11.840537-0700 xctest[59729:374005] CouchbaseLite Replicator Info: {Puller#15} activityLevel=busy: pendingResponseCount=0, _caughtUp=1, _pendingRevMessages=258, _activeIncomingRevs=0
2019-07-22 18:00:11.840619-0700 xctest[59729:373964] CouchbaseLite Replicator Verbose: {pusher#16} Reading document 'doc1147' #1-c8c16ee37b9d0041b91beafe4587497a8ee75665
2019-07-22 18:00:11.840726-0700 xctest[59729:374007] CouchbaseLite Replicator Info: {Repl#8} activityLevel=busy: connectionState=2
2019-07-22 18:00:11.840810-0700 xctest[59729:374007] CouchbaseLite Replicator Info: {Repl#8} pushStatus=stopped, pullStatus=busy, progress=19930/56992
2019-07-22 18:00:11.840919-0700 xctest[59729:374007] CouchbaseLite Replicator Info: {Repl#8} pushStatus=stopped, pullStatus=busy, progress=20356/56992
2019-07-22 18:00:11.841019-0700 xctest[59729:374007] CouchbaseLite Replicator Verbose: {Repl#8} progress +426/+0, 3 docs -- now 20356 / 56992, 142 docs
2019-07-22 18:00:11.841132-0700 xctest[59729:374007] CouchbaseLite Replicator Info: {Repl#8} activityLevel=busy: connectionState=2
2019-07-22 18:00:11.841214-0700 xctest[59729:374007] CouchbaseLite Replicator Info: {Repl#8} pushStatus=stopped, pullStatus=busy, progress=20356/56992
2019-07-22 18:00:11.841302-0700 xctest[59729:374003] CouchbaseLite Network Verbose: {Connection#9} Receiving RES #139
2019-07-22 18:00:11.841384-0700 xctest[59729:373964] CouchbaseLite Replicator Verbose: {pusher#16} Transmitting 'rev' message with 'doc1147' #1-c8c16ee37b9d0041b91beafe4587497a8ee75665
2019-07-22 18:00:11.841472-0700 xctest[59729:373968] CouchbaseLite Network Debug: {LoopbackWS#11} SEND: 8e010100 f31c3691
2019-07-22 18:00:11.841561-0700 xctest[59729:373965] CouchbaseLite Network Verbose: {BLIPIO#14} Received frame: REQ #146 ---C, length 16
2019-07-22 18:00:11.841646-0700 xctest[59729:373987] CouchbaseLite Replicator Info: CBLReplicator[<- DB[otherdb]] is busy, progress 19930/56992, error: (null)
2019-07-22 18:00:11.841656-0700 xctest[59729:374003] CouchbaseLite Network Verbose: {Connection#9} Finished receiving RES #139
2019-07-22 18:00:11.841753-0700 xctest[59729:373964] CouchbaseLite Replicator Info: {pusher#16} activityLevel=busy: pendingResponseCount=18, caughtUp=1, changeLists=0, revsInFlight=10, blobsInFlight=0, awaitingReply=1856, revsToSend=253, pushingDocs=271, pendingSequences=0
2019-07-22 18:00:11.841859-0700 xctest[59729:373968] CouchbaseLite Network Debug: {LoopbackWS#12} RECEIVED: 8e010100 f31c3691
2019-07-22 18:00:11.841955-0700 xctest[59729:373965] CouchbaseLite Network Verbose: {Connection#7} Receiving 'rev' REQ #146 Z
2019-07-22 18:00:11.842040-0700 xctest[59729:374003] CouchbaseLite Network Verbose: {BLIPIO#13} Received frame: RES #140 ----, length 5
2019-07-22 18:00:11.842122-0700 xctest[59729:373964] CouchbaseLite Replicator Debug: {pusher#16} Transmitted 'rev' doc1138 #1-c8c16ee37b9d0041b91beafe4587497a8ee75665 (seq #138)
2019-07-22 18:00:11.842209-0700 xctest[59729:373964] CouchbaseLite Replicator Verbose: {pusher#16} Sending rev doc1148 1-c8c16ee37b9d0041b91beafe4587497a8ee75665 (seq #148) [10/10]
2019-07-22 18:00:11.842292-0700 xctest[59729:374003] CouchbaseLite Network Verbose: {Connection#9} Receiving RES #140
2019-07-22 18:00:11.842376-0700 xctest[59729:373965] CouchbaseLite Network Verbose: {Connection#7} Finished receiving 'rev' REQ #146 Z
2019-07-22 18:00:11.842460-0700 xctest[59729:373964] CouchbaseLite Replicator Verbose: {pusher#16} Reading document 'doc1148' #1-c8c16ee37b9d0041b91beafe4587497a8ee75665
2019-07-22 18:00:11.842543-0700 xctest[59729:374003] CouchbaseLite Network Verbose: {Connection#9} Finished receiving RES #140
2019-07-22 18:00:11.842665-0700 xctest[59729:373965] CouchbaseLite Network Verbose: {BLIPIO#14} Received frame: REQ #147 ---C, length 16
2019-07-22 18:00:11.842768-0700 xctest[59729:373964] CouchbaseLite Replicator Verbose: {pusher#16} Transmitting 'rev' message with 'doc1148' #1-c8c16ee37b9d0041b91beafe4587497a8ee75665
2019-07-22 18:00:11.842856-0700 xctest[59729:374007] CouchbaseLite Replicator Verbose: {IncomingRev#30} Received revision 'doc1143' #1-c8c16ee37b9d0041b91beafe4587497a8ee75665 (seq '143')
2019-07-22 18:00:11.842944-0700 xctest[59729:374003] CouchbaseLite Network Verbose: {BLIPIO#13} Sending 'rev' REQ #148 Z
2019-07-22 18:00:11.843046-0700 xctest[59729:373968] CouchbaseLite Replicator Info: {Puller#15} activityLevel=busy: pendingResponseCount=0, _caughtUp=1, _pendingRevMessages=257, _activeIncomingRevs=1
2019-07-22 18:00:11.843131-0700 xctest[59729:373965] CouchbaseLite Network Verbose: {Connection#7} Receiving 'rev' REQ #147 Z
2019-07-22 18:00:11.843256-0700 xctest[59729:373964] CouchbaseLite Replicator Info: {pusher#16} activityLevel=busy: pendingResponseCount=19, caughtUp=1, changeLists=0, revsInFlight=10, blobsInFlight=0, awaitingReply=2088, revsToSend=252, pushingDocs=271, pendingSequences=0
2019-07-22 18:00:11.843351-0700 xctest[59729:373964] CouchbaseLite Replicator Debug: {pusher#16} Transmitted 'rev' doc1139 #1-c8c16ee37b9d0041b91beafe4587497a8ee75665 (seq #139)
2019-07-22 18:00:11.843418-0700 xctest[59729:373964] CouchbaseLite Replicator Verbose: {pusher#16} Sending rev doc1149 1-c8c16ee37b9d0041b91beafe4587497a8ee75665 (seq #149) [10/10]
2019-07-22 18:00:11.843481-0700 xctest[59729:373964] CouchbaseLite Replicator Verbose: {pusher#16} Reading document 'doc1149' #1-c8c16ee37b9d0041b91beafe4587497a8ee75665
2019-07-22 18:00:11.843557-0700 xctest[59729:373965] CouchbaseLite Network Verbose: {Connection#7} Finished receiving 'rev' REQ #147 Z
2019-07-22 18:00:11.843692-0700 xctest[59729:373968] CouchbaseLite Replicator Info: {Puller#15} activityLevel=busy: pendingResponseCount=0, _caughtUp=1, _pendingRevMessages=257, _activeIncomingRevs=1
2019-07-22 18:00:11.843817-0700 xctest[59729:373964] CouchbaseLite Replicator Verbose: {pusher#16} Transmitting 'rev' message with 'doc1149' #1-c8c16ee37b9d0041b91beafe4587497a8ee75665
2019-07-22 18:00:11.843928-0700 xctest[59729:373965] CouchbaseLite Network Verbose: {BLIPIO#14} Sending RES #143
2019-07-22 18:00:11.844031-0700 xctest[59729:374003] CouchbaseLite Network Verbose: {BLIPIO#13} Sending frame: REQ #148 ---C, bytes 0--15
2019-07-22 18:00:11.844126-0700 xctest[59729:373968] CouchbaseLite Replicator Info: {Puller#15} activityLevel=busy: pendingResponseCount=0, _caughtUp=1, _pendingRevMessages=256, _activeIncomingRevs=2
2019-07-22 18:00:11.844238-0700 xctest[59729:374007] CouchbaseLite Replicator Verbose: {IncomingRev#50} Received revision 'doc1144' #1-c8c16ee37b9d0041b91beafe4587497a8ee75665 (seq '144')
2019-07-22 18:00:11.844337-0700 xctest[59729:373964] CouchbaseLite Replicator Info: {pusher#16} activityLevel=busy: pendingResponseCount=20, caughtUp=1, changeLists=0, revsInFlight=10, blobsInFlight=0, awaitingReply=2320, revsToSend=251, pushingDocs=271, pendingSequences=0
2019-07-22 18:00:11.844423-0700 xctest[59729:373965] CouchbaseLite Network Verbose: {BLIPIO#14} Sending frame: RES #143 ----, bytes 0--4
2019-07-22 18:00:11.844517-0700 xctest[59729:374003] CouchbaseLite Network Verbose: {BLIPIO#13} Finished sending REQ #148 Z
2019-07-22 18:00:11.844606-0700 xctest[59729:374005] CouchbaseLite Network Debug: {LoopbackWS#12} SEND: 940108c2 ee4f0ada 4383f4cc 68000096 921462
2019-07-22 18:00:11.844725-0700 xctest[59729:373964] CouchbaseLite Replicator Debug: {pusher#16} Transmitted 'rev' doc1140 #1-c8c16ee37b9d0041b91beafe4587497a8ee75665 (seq #140)
2019-07-22 18:00:11.844817-0700 xctest[59729:373964] CouchbaseLite Replicator Verbose: {pusher#16} Sending rev doc1150 1-c8c16ee37b9d0041b91beafe4587497a8ee75665 (seq #150) [10/10]
2019-07-22 18:00:11.844899-0700 xctest[59729:373968] CouchbaseLite Network Debug: {LoopbackWS#11} SEND: 8f010100 55f95069
2019-07-22 18:00:11.844981-0700 xctest[59729:374003] CouchbaseLite Network Verbose: {BLIPIO#13} ...Wrote 19 bytes to WebSocket (writeable=1)
2019-07-22 18:00:11.845065-0700 xctest[59729:374005] CouchbaseLite Replicator Info: {Puller#15} activityLevel=busy: pendingResponseCount=0, _caughtUp=1, _pendingRevMessages=256, _activeIncomingRevs=2
2019-07-22 18:00:11.845153-0700 xctest[59729:373965] CouchbaseLite Network Verbose: {BLIPIO#14} Finished sending RES #143
2019-07-22 18:00:11.845235-0700 xctest[59729:373964] CouchbaseLite Replicator Verbose: {pusher#16} Reading document 'doc1150' #1-c8c16ee37b9d0041b91beafe4587497a8ee75665
2019-07-22 18:00:11.845317-0700 xctest[59729:374007] CouchbaseLite Network Debug: {LoopbackWS#12} RECEIVED: 8f010100 55f95069
2019-07-22 18:00:11.845426-0700 xctest[59729:373968] CouchbaseLite Network Debug: {LoopbackWS#11} RECEIVED: 940108c2 ee4f0ada 4383f4cc 68000096 921462
2019-07-22 18:00:11.845517-0700 xctest[59729:374003] CouchbaseLite Network Verbose: {BLIPIO#13} Received frame: RES #141 ----, length 5
2019-07-22 18:00:11.845602-0700 xctest[59729:373965] CouchbaseLite Network Verbose: {BLIPIO#14} ...Wrote 8 bytes to WebSocket (writeable=1)
2019-07-22 18:00:11.845681-0700 xctest[59729:373964] CouchbaseLite Replicator Verbose: {pusher#16} Transmitting 'rev' message with 'doc1150' #1-c8c16ee37b9d0041b91beafe4587497a8ee75665
