11-05 11:07:31.595 21502 21519 I CouchbaseLite/DATABASE: {DB#1204} Opening database
11-05 11:07:31.603 21502 21519 D CouchbaseLite/DATABASE: {DB#1204} open KVS 'default'
11-05 11:07:31.607 21502 21519 D CouchbaseLite/DATABASE: {DB#1204} open KVS 'info'
11-05 11:07:31.609 21502 21519 V CouchbaseLite/DATABASE: {DB#1204} begin transaction
11-05 11:07:31.610 21502 21519 V CouchbaseLite/DATABASE: {DB#1204} KeyStore(info) set versioning
11-05 11:07:31.610 21502 21519 V CouchbaseLite/DATABASE: {DB#1204} KeyStore(info) set publicUUID
11-05 11:07:31.610 21502 21519 V CouchbaseLite/DATABASE: {DB#1204} KeyStore(info) set privateUUID
11-05 11:07:31.610 21502 21519 V CouchbaseLite/DATABASE: {DB#1204} commit transaction
11-05 11:07:31.611 21502 21519 V CouchbaseLite/DATABASE: {DB#1204} Next expiration time is 0
11-05 11:07:31.611 21502 21519 V CouchbaseLite/DATABASE: No pending doc expirations
11-05 11:07:32.117 21502 21519 V CouchbaseLite/DATABASE: {DB#1202} begin transaction
11-05 11:07:32.122 21502 21519 V CouchbaseLite/DATABASE: {DB#1202} Saved 'doc1' rev #1-5b90fd1948276c02d409967a87339b1517e0c0b6 as seq 1
11-05 11:07:32.123 21502 21519 V CouchbaseLite/DATABASE: {DB#1202} KeyStore(info) set SharedKeys
11-05 11:07:32.123 21502 21519 V CouchbaseLite/DATABASE: {DB#1202} commit transaction
11-05 11:07:32.130 21502 21519 V CouchbaseLite/DATABASE: {DB#1202} begin transaction
11-05 11:07:32.135 21502 21519 V CouchbaseLite/DATABASE: {DB#1202} Saved 'doc1' rev #2-5bcdeab496c12df1f547f965e4aaf4898a50920c as seq 2
11-05 11:07:32.135 21502 21519 V CouchbaseLite/DATABASE: {DB#1202} KeyStore(info) set SharedKeys
11-05 11:07:32.136 21502 21519 V CouchbaseLite/DATABASE: {DB#1202} commit transaction
11-05 11:07:32.140 21502 21519 V CouchbaseLite/DATABASE: {DB#1202} begin transaction
11-05 11:07:32.142 21502 21519 V CouchbaseLite/DATABASE: {DB#1202} Saved 'doc2' rev #1-5b90fd1948276c02d409967a87339b1517e0c0b6 as seq 3
11-05 11:07:32.142 21502 21519 V CouchbaseLite/DATABASE: {DB#1202} commit transaction
11-05 11:07:32.145 21502 21519 V CouchbaseLite/DATABASE: {DB#1202} begin transaction
11-05 11:07:32.147 21502 21519 V CouchbaseLite/DATABASE: {DB#1202} Saved 'doc2' rev #2-76bdaee4027df6ca58a299529e11390e37a2a499 as seq 4
11-05 11:07:32.148 21502 21519 V CouchbaseLite/DATABASE: {DB#1202} KeyStore(info) set SharedKeys
11-05 11:07:32.148 21502 21519 V CouchbaseLite/DATABASE: {DB#1202} commit transaction
11-05 11:07:32.150 21502 21519 V CouchbaseLite/DATABASE: {DB#1204} begin transaction
11-05 11:07:32.153 21502 21519 V CouchbaseLite/DATABASE: {DB#1204} Saved 'doc3' rev #1-5b90fd1948276c02d409967a87339b1517e0c0b6 as seq 1
11-05 11:07:32.154 21502 21519 V CouchbaseLite/DATABASE: {DB#1204} KeyStore(info) set SharedKeys
11-05 11:07:32.155 21502 21519 V CouchbaseLite/DATABASE: {DB#1204} commit transaction
11-05 11:07:32.159 21502 21519 V CouchbaseLite/DATABASE: {DB#1204} begin transaction
11-05 11:07:32.162 21502 21519 V CouchbaseLite/DATABASE: {DB#1204} Saved 'doc3' rev #2-5bcdeab496c12df1f547f965e4aaf4898a50920c as seq 2
11-05 11:07:32.162 21502 21519 V CouchbaseLite/DATABASE: {DB#1204} KeyStore(info) set SharedKeys
11-05 11:07:32.162 21502 21519 V CouchbaseLite/DATABASE: {DB#1204} commit transaction
11-05 11:07:32.164 21502 21519 V CouchbaseLite/DATABASE: {DB#1204} begin transaction
11-05 11:07:32.166 21502 21519 V CouchbaseLite/DATABASE: {DB#1204} Saved 'doc4' rev #1-5b90fd1948276c02d409967a87339b1517e0c0b6 as seq 3
11-05 11:07:32.166 21502 21519 V CouchbaseLite/DATABASE: {DB#1204} commit transaction
11-05 11:07:32.168 21502 21519 V CouchbaseLite/DATABASE: {DB#1204} begin transaction
11-05 11:07:32.170 21502 21519 V CouchbaseLite/DATABASE: {DB#1204} Saved 'doc4' rev #2-76bdaee4027df6ca58a299529e11390e37a2a499 as seq 4
11-05 11:07:32.170 21502 21519 V CouchbaseLite/DATABASE: {DB#1204} KeyStore(info) set SharedKeys
11-05 11:07:32.170 21502 21519 V CouchbaseLite/DATABASE: {DB#1204} commit transaction
11-05 11:07:32.173 21502 21519 I CouchbaseLite/REPLICATOR: Replicator is starting .....
11-05 11:07:32.174 21502 21519 I CouchbaseLite/REPLICATOR: Replicator{@e0b87e8,<->,Database{@2cebe85, name='testdb'},DatabaseEndpoint{database=Database{@ff1d4da, name='otherdb'}}]: Starting
11-05 11:07:32.177 21502 21519 D CouchbaseLite/DATABASE: {N8litecore8DataFile6SharedE#975} adding DataFile 0xd283e660
11-05 11:07:32.177 21502 21519 I CouchbaseLite/DATABASE: {DB#1205}==> N8litecore14SQLiteDataFileE /data/user/0/com.couchbase.lite.test/files/CBLTestDb/testdb.cblite2/db.sqlite3 @0xd283e660
11-05 11:07:32.177 21502 21519 I CouchbaseLite/DATABASE: {DB#1205} Opening database
11-05 11:07:32.181 21502 21519 D CouchbaseLite/DATABASE: {DB#1205} open KVS 'info'
11-05 11:07:32.183 21502 21519 D CouchbaseLite/DATABASE: {N8litecore8DataFile6SharedE#1203} adding DataFile 0xd2889740
11-05 11:07:32.183 21502 21519 I CouchbaseLite/DATABASE: {DB#1206}==> N8litecore14SQLiteDataFileE /data/user/0/com.couchbase.lite.test/files/CBLTestDb/otherdb.cblite2/db.sqlite3 @0xd2889740
11-05 11:07:32.184 21502 21519 I CouchbaseLite/DATABASE: {DB#1206} Opening database
11-05 11:07:32.185 21502 21519 D CouchbaseLite/DATABASE: {DB#1206} open KVS 'info'
11-05 11:07:32.187 21502 21519 I CouchbaseLite/NETWORK: {N8litecore4blip10ConnectionE#1207}==> N8litecore4blip10ConnectionE ->file:////data/user/0/com.couchbase.lite.test/files/CBLTestDb/testdb.cblite2/ @0xe5b2b898
11-05 11:07:32.187 21502 21519 I CouchbaseLite/NETWORK: {N8litecore4blip10ConnectionE#1207} Opening connection...
11-05 11:07:32.190 21502 21519 I CouchbaseLite/REPLICATOR: {Repl#1208}==> N8litecore4repl10ReplicatorE /data/user/0/com.couchbase.lite.test/files/CBLTestDb/testdb.cblite2/ ->file:////data/user/0/com.couchbase.lite.test/files/CBLTestDb/testdb.cblite2/ @0xd1c97348
11-05 11:07:32.190 21502 21519 I CouchbaseLite/REPLICATOR: {Repl#1208} Push=one-shot, Pull=one-shot, Options={{docIDs:["doc1","doc3"], headers:{User-Agent:"CouchbaseLite/2.7.0-SNAPSHOT (Java; Android 9; Pixel 2) EE/debug, Commit/6bf6e1f Core/0.0.0-EE (df1951bf+b3eaf1ad+)"}, noDeltas:1, progress:0}}
11-05 11:07:32.193 21502 21519 I CouchbaseLite/NETWORK: {N8litecore4blip10ConnectionE#1209}==> N8litecore4blip10ConnectionE <-file:////data/user/0/com.couchbase.lite.test/files/CBLTestDb/otherdb.cblite2/ @0xd2c14418
11-05 11:07:32.193 21502 21519 I CouchbaseLite/NETWORK: {N8litecore4blip10ConnectionE#1209} Accepted connection
11-05 11:07:32.196 21502 21519 I CouchbaseLite/REPLICATOR: {repl#1210}==> N8litecore4repl10ReplicatorE /data/user/0/com.couchbase.lite.test/files/CBLTestDb/otherdb.cblite2/ <-file:////data/user/0/com.couchbase.lite.test/files/CBLTestDb/otherdb.cblite2/ @0xd1c97ac8
11-05 11:07:32.196 21502 21519 I CouchbaseLite/REPLICATOR: {repl#1210} Push=passive, Pull=passive, Options={{noDeltas:1, noIncomingConflicts:1}}
11-05 11:07:32.199 21502 21519 I CouchbaseLite/REPLICATOR: Replicator{@e0b87e8,<->,Database{@2cebe85, name='testdb'},DatabaseEndpoint{database=Database{@ff1d4da, name='otherdb'}}] is connecting, progress 0/0, error: null
11-05 11:07:32.200 21502 21519 I CouchbaseLite/REPLICATOR: C4ReplicatorListener.statusChanged, context: Replicator{@e0b87e8,<->,Database{@2cebe85, name='testdb'},DatabaseEndpoint{database=Database{@ff1d4da, name='otherdb'}}], status: C4ReplicatorStatus{level=2, completed=0, total=0, #docs=0, domain=0, code=0, info=0}
11-05 11:07:32.200 21502 21716 I CouchbaseLite/REPLICATOR: {repl#1210} activityLevel=connecting: connectionState=1
11-05 11:07:32.201 21502 21716 D CouchbaseLite/DATABASE: {DB#1205} open KVS 'default'
11-05 11:07:32.201 21502 21655 I CouchbaseLite/REPLICATOR: Replicator{@e0b87e8,<->,Database{@2cebe85, name='testdb'},DatabaseEndpoint{database=Database{@ff1d4da, name='otherdb'}}]: status changed: (0, 0) @C4ReplicatorStatus{level=2, completed=0, total=0, #docs=0, domain=0, code=0, info=0}
11-05 11:07:32.202 21502 21655 W CouchbaseLite/REPLICATOR: Replicator{@e0b87e8,<->,Database{@2cebe85, name='testdb'},DatabaseEndpoint{database=Database{@ff1d4da, name='otherdb'}}]: received unrecognized activity level:
11-05 11:07:32.202 21502 21655 I CouchbaseLite/REPLICATOR: Replicator{@e0b87e8,<->,Database{@2cebe85, name='testdb'},DatabaseEndpoint{database=Database{@ff1d4da, name='otherdb'}}] is connecting, progress 0/0, error: null
11-05 11:07:32.205 21502 21716 V CouchbaseLite/DATABASE: {DB#1205} begin transaction
11-05 11:07:32.207 21502 21716 V CouchbaseLite/DATABASE: {DB#1205} KeyStore(info) set remotes
11-05 11:07:32.208 21502 21716 V CouchbaseLite/DATABASE: {DB#1205} commit transaction
11-05 11:07:32.209 21502 21716 V CouchbaseLite/REPLICATOR: {Repl#1208} Remote-DB ID 1 found for target
11-05 11:07:32.209 21502 21716 V CouchbaseLite/REPLICATOR: {Repl#1208} Checkpoint doc ID = cp-MXATRIdiEhkmmeig5xHOFYG9xAM=
11-05 11:07:32.210 21502 21716 D CouchbaseLite/DATABASE: {DB#1205} open KVS 'checkpoints'
11-05 11:07:32.213 21502 21716 I CouchbaseLite/REPLICATOR: {Repl#1208} No local checkpoint 'cp-MXATRIdiEhkmmeig5xHOFYG9xAM='
11-05 11:07:32.214 21502 21716 I CouchbaseLite/REPLICATOR: {Repl#1208} activityLevel=connecting: connectionState=1
11-05 11:07:32.214 21502 21716 V CouchbaseLite/NETWORK: {LoopbackWS#1211}==> N8litecore9websocket17LoopbackWebSocket6DriverE <-file:////data/user/0/com.couchbase.lite.test/files/CBLTestDb/otherdb.cblite2/ @0xd3cdf3c4
11-05 11:07:32.214 21502 21716 V CouchbaseLite/NETWORK: {LoopbackWS#1211} Connecting to peer...
11-05 11:07:32.215 21502 21716 V CouchbaseLite/NETWORK: {LoopbackWS#1212}==> N8litecore9websocket17LoopbackWebSocket6DriverE ->file:////data/user/0/com.couchbase.lite.test/files/CBLTestDb/testdb.cblite2/ @0xd3cdfac4
11-05 11:07:32.215 21502 21716 V CouchbaseLite/NETWORK: {LoopbackWS#1212} Connecting to peer...
11-05 11:07:32.215 21502 21716 V CouchbaseLite/NETWORK: {LoopbackWS#1211} (Peer is connecting...)
11-05 11:07:32.216 21502 21716 I CouchbaseLite/NETWORK: {LoopbackWS#1211} CONNECTED
11-05 11:07:32.216 21502 21715 V CouchbaseLite/NETWORK: {LoopbackWS#1212} (Peer is connecting...)
11-05 11:07:32.216 21502 21715 I CouchbaseLite/NETWORK: {LoopbackWS#1212} CONNECTED
11-05 11:07:32.217 21502 21715 I CouchbaseLite/NETWORK: {N8litecore4blip10ConnectionE#1207} Connected!
11-05 11:07:32.217 21502 21714 I CouchbaseLite/REPLICATOR: {repl#1210} activityLevel=connecting: connectionState=1
11-05 11:07:32.217 21502 21714 V CouchbaseLite/NETWORK: {N8litecore4blip6BLIPIOE#1213}==> N8litecore4blip6BLIPIOE ->file:////data/user/0/com.couchbase.lite.test/files/CBLTestDb/testdb.cblite2/ @0xd3bffc44
11-05 11:07:32.218 21502 21714 V CouchbaseLite/NETWORK: {N8litecore4blip6BLIPIOE#1213} WebSocket is hungry!
11-05 11:07:32.218 21502 21714 V CouchbaseLite/NETWORK: {N8litecore4blip6BLIPIOE#1213} ...Wrote 0 bytes to WebSocket (writeable=1)
11-05 11:07:32.218 21502 21715 I CouchbaseLite/REPLICATOR: {Repl#1208} activityLevel=connecting: connectionState=1
11-05 11:07:32.218 21502 21715 I CouchbaseLite/REPLICATOR: {Repl#1208} Connected!
11-05 11:07:32.219 21502 21715 V CouchbaseLite/REPLICATOR: {Repl#1208} Requesting remote checkpoint
11-05 11:07:32.219 21502 21716 I CouchbaseLite/NETWORK: {N8litecore4blip10ConnectionE#1209} Connected!
11-05 11:07:32.220 21502 21718 V CouchbaseLite/NETWORK: {N8litecore4blip6BLIPIOE#1213} Sending 'getCheckpoint' REQ #1
11-05 11:07:32.220 21502 21718 V CouchbaseLite/NETWORK: {N8litecore4blip6BLIPIOE#1213} Sending frame: REQ #1 ----, bytes 0--65
11-05 11:07:32.221 21502 21718 V CouchbaseLite/NETWORK: {N8litecore4blip6BLIPIOE#1213} Finished sending REQ #1
11-05 11:07:32.221 21502 21718 V CouchbaseLite/NETWORK: {N8litecore4blip6BLIPIOE#1213} ...Wrote 68 bytes to WebSocket (writeable=1)
11-05 11:07:32.221 21502 21718 I CouchbaseLite/REPLICATOR: {N8litecore4repl6PullerE#1214}==> N8litecore4repl6PullerE ->file:////data/user/0/com.couchbase.lite.test/files/CBLTestDb/testdb.cblite2/ @0xd2ae7248
11-05 11:07:32.222 21502 21718 I CouchbaseLite/REPLICATOR: {N8litecore4repl6PullerE#1214} Starting pull from remote seq
11-05 11:07:32.222 21502 21718 I CouchbaseLite/REPLICATOR: {N8litecore4repl6PullerE#1214} activityLevel=busy: pendingResponseCount=1, _caughtUp=0, _pendingRevMessages=0, _activeIncomingRevs=0
11-05 11:07:32.222 21502 21718 V CouchbaseLite/REPLICATOR: {N8litecore4repl6PullerE#1214} now busy
11-05 11:07:32.223 21502 21718 I CouchbaseLite/REPLICATOR: {repl#1210} Connected!
11-05 11:07:32.223 21502 21718 I CouchbaseLite/REPLICATOR: {repl#1210} activityLevel=busy: connectionState=2
11-05 11:07:32.223 21502 21718 I CouchbaseLite/REPLICATOR: {repl#1210} now busy
11-05 11:07:32.223 21502 21718 V CouchbaseLite/NETWORK: {N8litecore4blip6BLIPIOE#1215}==> N8litecore4blip6BLIPIOE <-file:////data/user/0/com.couchbase.lite.test/files/CBLTestDb/otherdb.cblite2/ @0xd3bc0044
11-05 11:07:32.224 21502 21718 V CouchbaseLite/NETWORK: {N8litecore4blip6BLIPIOE#1215} WebSocket is hungry!
11-05 11:07:32.224 21502 21718 V CouchbaseLite/NETWORK: {N8litecore4blip6BLIPIOE#1215} ...Wrote 0 bytes to WebSocket (writeable=1)
11-05 11:07:32.224 21502 21718 D CouchbaseLite/NETWORK: {LoopbackWS#1212} SEND: 01003d50 726f6669 6c650067 65744368 65636b70 6f696e74 00636c69 656e7400
11-05 11:07:32.224 21502 21718 D CouchbaseLite/NETWORK: 63702d4d 58415452 49646945 686b6d6d 65696735 78484f46 59473978 414d3d00... [68]
11-05 11:07:32.225 21502 21718 V CouchbaseLite/NETWORK: {N8litecore4blip6BLIPIOE#1213} Sending 'subChanges' REQ #2
11-05 11:07:32.225 21502 21718 V CouchbaseLite/NETWORK: {N8litecore4blip6BLIPIOE#1213} Sending frame: REQ #2 ----, bytes 0--59
11-05 11:07:32.225 21502 21718 V CouchbaseLite/NETWORK: {N8litecore4blip6BLIPIOE#1213} Finished sending REQ #2
11-05 11:07:32.225 21502 21718 V CouchbaseLite/NETWORK: {N8litecore4blip6BLIPIOE#1213} ...Wrote 62 bytes to WebSocket (writeable=1)
11-05 11:07:32.226 21502 21718 D CouchbaseLite/NETWORK: {LoopbackWS#1211} RECEIVED: 01003d50 726f6669 6c650067 65744368 65636b70 6f696e74 00636c69 656e7400
11-05 11:07:32.226 21502 21718 D CouchbaseLite/NETWORK: 63702d4d 58415452 49646945 686b6d6d 65696735 78484f46 59473978 414d3d00... [68]
11-05 11:07:32.226 21502 21718 I CouchbaseLite/REPLICATOR: {N8litecore4repl6PullerE#1214} activityLevel=busy: pendingResponseCount=1, _caughtUp=0, _pendingRevMessages=0, _activeIncomingRevs=0
11-05 11:07:32.227 21502 21718 D CouchbaseLite/NETWORK: {LoopbackWS#1212} SEND: 02001d50 726f6669 6c650073 75624368 616e6765 73006261 74636800 32303000
11-05 11:07:32.227 21502 21718 D CouchbaseLite/NETWORK: 7b22646f 63494473 223a5b22 646f6331 222c2264 6f633322 5d7d30b2 9702
11-05 11:07:32.227 21502 21718 V CouchbaseLite/NETWORK: {N8litecore4blip6BLIPIOE#1215} Received frame: REQ #1 ----, length 66
11-05 11:07:32.228 21502 21718 V CouchbaseLite/NETWORK: {N8litecore4blip10ConnectionE#1209} Receiving 'getCheckpoint' REQ #1
11-05 11:07:32.228 21502 21718 V CouchbaseLite/NETWORK: {N8litecore4blip10ConnectionE#1209} Finished receiving 'getCheckpoint' REQ #1
11-05 11:07:32.229 21502 21716 I CouchbaseLite/REPLICATOR: {N8litecore4repl6PusherE#1216}==> N8litecore4repl6PusherE ->file:////data/user/0/com.couchbase.lite.test/files/CBLTestDb/testdb.cblite2/ @0xd3b3c808
11-05 11:07:32.229 21502 21716 I CouchbaseLite/REPLICATOR: {N8litecore4repl6PusherE#1216} Starting push from local seq #1
11-05 11:07:32.229 21502 21716 V CouchbaseLite/REPLICATOR: {N8litecore4repl6PusherE#1216} Asking DB for 200 changes since sequence #0 ...
11-05 11:07:32.229 21502 21716 V CouchbaseLite/REPLICATOR: {N8litecore4repl6PusherE#1216} Reading up to 200 local changes since #0
11-05 11:07:32.231 21502 21715 I CouchbaseLite/REPLICATOR: {Repl#1208} activityLevel=busy: connectionState=2
11-05 11:07:32.232 21502 21715 I CouchbaseLite/REPLICATOR: {Repl#1208} now busy
11-05 11:07:32.232 21502 21715 D CouchbaseLite/REPLICATOR: statusChangedCallback() handle: 3532643424, status: C4ReplicatorStatus{level=4, completed=0, total=0, #docs=0, domain=0, code=0, info=0}
11-05 11:07:32.233 21502 21715 I CouchbaseLite/REPLICATOR: C4ReplicatorListener.statusChanged, context: Replicator{@e0b87e8,<->,Database{@2cebe85, name='testdb'},DatabaseEndpoint{database=Database{@ff1d4da, name='otherdb'}}], status: C4ReplicatorStatus{level=4, completed=0, total=0, #docs=0, domain=0, code=0, info=0}
11-05 11:07:32.233 21502 21716 D CouchbaseLite/REPLICATOR: {N8litecore4repl6PusherE#1216} remoteRevID of 'doc1' is
11-05 11:07:32.233 21502 21716 I CouchbaseLite/REPLICATOR: {N8litecore4repl6PusherE#1216} Read 1 local changes up to #4: sending 'proposeChanges' with sequences #2 - #4
11-05 11:07:32.233 21502 21716 D CouchbaseLite/REPLICATOR: {N8litecore4repl6PusherE#1216} - 0002: 'doc1' #2-5bcdeab496c12df1f547f965e4aaf4898a50920c (remote #)
11-05 11:07:32.234 21502 21715 I CouchbaseLite/REPLICATOR: {repl#1210} Request to get checkpoint 'cp-MXATRIdiEhkmmeig5xHOFYG9xAM='
11-05 11:07:32.234 21502 21716 I CouchbaseLite/REPLICATOR: {N8litecore4repl6PusherE#1216} Caught up, at lastSequence #4
11-05 11:07:32.234 21502 21700 I CouchbaseLite/REPLICATOR: Replicator{@e0b87e8,<->,Database{@2cebe85, name='testdb'},DatabaseEndpoint{database=Database{@ff1d4da, name='otherdb'}}]: status changed: (0, 0) @C4ReplicatorStatus{level=4, completed=0, total=0, #docs=0, domain=0, code=0, info=0}
11-05 11:07:32.235 21502 21716 V CouchbaseLite/REPLICATOR: {N8litecore4repl6PusherE#1216} progress +0/+90, 0 docs -- now 0 / 90, 0 docs
11-05 11:07:32.235 21502 21700 I CouchbaseLite/REPLICATOR: Replicator{@e0b87e8,<->,Database{@2cebe85, name='testdb'},DatabaseEndpoint{database=Database{@ff1d4da, name='otherdb'}}] is busy, progress 0/0, error: null
11-05 11:07:32.235 21502 21716 I CouchbaseLite/REPLICATOR: {N8litecore4repl6PusherE#1216} activityLevel=busy: pendingResponseCount=1, caughtUp=1, changeLists=1, revsInFlight=0, blobsInFlight=0, awaitingReply=0, revsToSend=0, pushingDocs=1, pendingSequences=1
11-05 11:07:32.235 21502 21716 V CouchbaseLite/REPLICATOR: {N8litecore4repl6PusherE#1216} now busy
11-05 11:07:32.236 21502 21716 I CouchbaseLite/REPLICATOR: {Repl#1208} activityLevel=busy: connectionState=2
11-05 11:07:32.236 21502 21716 V CouchbaseLite/NETWORK: {N8litecore4blip6BLIPIOE#1213} Sending 'proposeChanges' REQ #3 UZ
11-05 11:07:32.237 21502 21716 V CouchbaseLite/NETWORK: {N8litecore4blip6BLIPIOE#1213} Sending frame: REQ #3 -U-C, bytes 0--88
11-05 11:07:32.237 21502 21716 V CouchbaseLite/NETWORK: {N8litecore4blip6BLIPIOE#1213} Finished sending REQ #3 UZ
11-05 11:07:32.238 21502 21716 V CouchbaseLite/NETWORK: {N8litecore4blip6BLIPIOE#1213} ...Wrote 91 bytes to WebSocket (writeable=1)
11-05 11:07:32.238 21502 21716 I CouchbaseLite/REPLICATOR: {Repl#1208} pushStatus=busy, pullStatus=busy, progress=0/0
11-05 11:07:32.238 21502 21716 I CouchbaseLite/REPLICATOR: {Repl#1208} activityLevel=busy: connectionState=2
11-05 11:07:32.238 21502 21715 D CouchbaseLite/DATABASE: {DB#1206} open KVS 'peerCheckpoints'
11-05 11:07:32.239 21502 21718 D CouchbaseLite/NETWORK: {LoopbackWS#1211} RECEIVED: 02001d50 726f6669 6c650073 75624368 616e6765 73006261 74636800 32303000
11-05 11:07:32.239 21502 21718 D CouchbaseLite/NETWORK: 7b22646f 63494473 223a5b22 646f6331 222c2264 6f633322 5d7d30b2 9702
11-05 11:07:32.240 21502 21716 I CouchbaseLite/REPLICATOR: {N8litecore4repl6PusherE#1216} activityLevel=busy: pendingResponseCount=1, caughtUp=1, changeLists=1, revsInFlight=0, blobsInFlight=0, awaitingReply=0, revsToSend=0, pushingDocs=1, pendingSequences=1
11-05 11:07:32.240 21502 21718 D CouchbaseLite/NETWORK: {LoopbackWS#1212} SEND: 03180cca 310e8020 0c00407e e1de1913 20a074f6 03ee86a1 42ab2646 0cfc3fd1
11-05 11:07:32.240 21502 21718 D CouchbaseLite/NETWORK: 9b6f585b 95eb66f5 b6fad6ce cb49cfc1 5d6d1b94 9a2d6870 63d87361 da3d4ed9... [91]
11-05 11:07:32.240 21502 21718 V CouchbaseLite/NETWORK: {N8litecore4blip6BLIPIOE#1215} Received frame: REQ #2 ----, length 60
11-05 11:07:32.241 21502 21716 I CouchbaseLite/REPLICATOR: {Repl#1208} pushStatus=busy, pullStatus=busy, progress=0/90
11-05 11:07:32.241 21502 21716 V CouchbaseLite/REPLICATOR: {Repl#1208} progress +0/+90, 0 docs -- now 0 / 90, 0 docs
11-05 11:07:32.241 21502 21716 I CouchbaseLite/REPLICATOR: {Repl#1208} activityLevel=busy: connectionState=2
11-05 11:07:32.242 21502 21716 D CouchbaseLite/NETWORK: {LoopbackWS#1211} RECEIVED: 03180cca 310e8020 0c00407e e1de1913 20a074f6 03ee86a1 42ab2646 0cfc3fd1
11-05 11:07:32.242 21502 21716 D CouchbaseLite/NETWORK: 9b6f585b 95eb66f5 b6fad6ce cb49cfc1 5d6d1b94 9a2d6870 63d87361 da3d4ed9... [91]
11-05 11:07:32.243 21502 21718 V CouchbaseLite/NETWORK: {N8litecore4blip10ConnectionE#1209} Receiving 'subChanges' REQ #2
11-05 11:07:32.243 21502 21715 I CouchbaseLite/REPLICATOR: {repl#1210} activityLevel=busy: connectionState=2
11-05 11:07:32.247 21502 21718 V CouchbaseLite/NETWORK: {N8litecore4blip10ConnectionE#1209} Finished receiving 'subChanges' REQ #2
11-05 11:07:32.248 21502 21713 I CouchbaseLite/REPLICATOR: {n8litecore4repl6pushere#1217}==> N8litecore4repl6PusherE <-file:////data/user/0/com.couchbase.lite.test/files/CBLTestDb/otherdb.cblite2/ @0xd3b38908
11-05 11:07:32.249 21502 21713 I CouchbaseLite/REPLICATOR: {n8litecore4repl6pushere#1217} Peer is pulling changes from seq #0
11-05 11:07:32.249 21502 21713 I CouchbaseLite/REPLICATOR: {n8litecore4repl6pushere#1217} Peer requested filtering to 2 docIDs
11-05 11:07:32.250 21502 21713 V CouchbaseLite/REPLICATOR: {n8litecore4repl6pushere#1217} Asking DB for 200 changes since sequence #0 ...
11-05 11:07:32.250 21502 21713 V CouchbaseLite/REPLICATOR: {n8litecore4repl6pushere#1217} Reading up to 200 local changes since #0
11-05 11:07:32.251 21502 21713 D CouchbaseLite/DATABASE: {DB#1206} open KVS 'default'
11-05 11:07:32.255 21502 21713 I CouchbaseLite/REPLICATOR: {n8litecore4repl6pushere#1217} Read 1 local changes up to #4: sending 'changes' with sequences #2 - #4
11-05 11:07:32.256 21502 21713 D CouchbaseLite/REPLICATOR: {n8litecore4repl6pushere#1217} - 0002: 'doc3' #2-5bcdeab496c12df1f547f965e4aaf4898a50920c (remote #)
11-05 11:07:32.256 21502 21713 I CouchbaseLite/REPLICATOR: {n8litecore4repl6pushere#1217} Caught up, at lastSequence #4
11-05 11:07:32.257 21502 21713 V CouchbaseLite/REPLICATOR: {n8litecore4repl6pushere#1217} progress +0/+90, 0 docs -- now 0 / 90, 0 docs
11-05 11:07:32.257 21502 21713 I CouchbaseLite/REPLICATOR: {n8litecore4repl6pushere#1217} activityLevel=busy: pendingResponseCount=1, caughtUp=1, changeLists=1, revsInFlight=0, blobsInFlight=0, awaitingReply=0, revsToSend=0, pushingDocs=1, pendingSequences=0
11-05 11:07:32.258 21502 21713 V CouchbaseLite/REPLICATOR: {n8litecore4repl6pushere#1217} now busy
11-05 11:07:32.258 21502 21711 I CouchbaseLite/REPLICATOR: {repl#1210} pushStatus=busy, pullStatus=busy, progress=0/90
11-05 11:07:32.258 21502 21711 V CouchbaseLite/REPLICATOR: {repl#1210} progress +0/+90, 0 docs -- now 0 / 90, 0 docs
11-05 11:07:32.259 21502 21711 I CouchbaseLite/REPLICATOR: {repl#1210} activityLevel=busy: connectionState=2
11-05 11:07:32.260 21502 21718 V CouchbaseLite/NETWORK: {N8litecore4blip6BLIPIOE#1215} Sending ERR #1
11-05 11:07:32.261 21502 21718 V CouchbaseLite/NETWORK: {N8litecore4blip6BLIPIOE#1215} Sending frame: ERR #1 ----, bytes 0--37
11-05 11:07:32.261 21502 21718 V CouchbaseLite/NETWORK: {N8litecore4blip6BLIPIOE#1215} Finished sending ERR #1
11-05 11:07:32.261 21502 21718 V CouchbaseLite/NETWORK: {N8litecore4blip6BLIPIOE#1215} ...Wrote 40 bytes to WebSocket (writeable=1)
11-05 11:07:32.263 21502 21714 D CouchbaseLite/NETWORK: {LoopbackWS#1211} SEND: 01022145 72726f72 2d446f6d 61696e00 48545450 00457272 6f722d43 6f646500
11-05 11:07:32.263 21502 21714 D CouchbaseLite/NETWORK: 34303400 964c4b0b
11-05 11:07:32.263 21502 21714 D CouchbaseLite/NETWORK: {LoopbackWS#1212} RECEIVED: 01022145 72726f72 2d446f6d 61696e00 48545450 00457272 6f722d43 6f646500
11-05 11:07:32.263 21502 21714 D CouchbaseLite/NETWORK: 34303400 964c4b0b
11-05 11:07:32.264 21502 21718 V CouchbaseLite/NETWORK: {N8litecore4blip6BLIPIOE#1215} Received frame: REQ #3 -U-C, length 89
11-05 11:07:32.264 21502 21718 V CouchbaseLite/NETWORK: {N8litecore4blip10ConnectionE#1209} Receiving 'proposeChanges' REQ #3 UZ
11-05 11:07:32.268 21502 21714 V CouchbaseLite/NETWORK: {N8litecore4blip6BLIPIOE#1213} Received frame: ERR #1 ----, length 38
11-05 11:07:32.271 21502 21714 V CouchbaseLite/NETWORK: {N8litecore4blip10ConnectionE#1207} Receiving ERR #1
11-05 11:07:32.272 21502 21714 V CouchbaseLite/NETWORK: {N8litecore4blip10ConnectionE#1207} Finished receiving ERR #1
11-05 11:07:32.273 21502 21712 I CouchbaseLite/REPLICATOR: {Repl#1208} No remote checkpoint
11-05 11:07:32.273 21502 21712 I CouchbaseLite/REPLICATOR: {Repl#1208} activityLevel=busy: connectionState=2
11-05 11:07:32.275 21502 21718 V CouchbaseLite/NETWORK: {N8litecore4blip10ConnectionE#1209} Finished receiving 'proposeChanges' REQ #3 UZ
11-05 11:07:32.276 21502 21718 V CouchbaseLite/REPLICATOR: {n8litecore4repl6pullere#1218}==> N8litecore4repl6PullerE <-file:////data/user/0/com.couchbase.lite.test/files/CBLTestDb/otherdb.cblite2/ @0xd2a7e648
11-05 11:07:32.276 21502 21718 V CouchbaseLite/REPLICATOR: {n8litecore4repl6pullere#1218} Received 'proposeChanges' REQ#3 (0 queued; 0 revs pending, 0 active, 0 unfinished)
11-05 11:07:32.276 21502 21718 V CouchbaseLite/REPLICATOR: {n8litecore4repl6pullere#1218} Handling 'proposeChanges' REQ#3
11-05 11:07:32.278 21502 21713 V CouchbaseLite/NETWORK: {N8litecore4blip6BLIPIOE#1215} Sending RES #2
11-05 11:07:32.278 21502 21713 V CouchbaseLite/NETWORK: {N8litecore4blip6BLIPIOE#1215} Sending frame: RES #2 ----, bytes 0--4
11-05 11:07:32.279 21502 21713 V CouchbaseLite/NETWORK: {N8litecore4blip6BLIPIOE#1215} Finished sending RES #2
11-05 11:07:32.279 21502 21713 V CouchbaseLite/NETWORK: {N8litecore4blip6BLIPIOE#1215} ...Wrote 7 bytes to WebSocket (writeable=1)
11-05 11:07:32.281 21502 21718 I CouchbaseLite/REPLICATOR: {n8litecore4repl6pullere#1218} activityLevel=busy: pendingResponseCount=0, _caughtUp=0, _pendingRevMessages=0, _activeIncomingRevs=0
11-05 11:07:32.282 21502 21718 V CouchbaseLite/REPLICATOR: {n8litecore4repl6pullere#1218} now busy
11-05 11:07:32.283 21502 21717 D CouchbaseLite/NETWORK: {LoopbackWS#1211} SEND: 02010045 467a4e
11-05 11:07:32.283 21502 21717 I CouchbaseLite/REPLICATOR: {repl#1210} pushStatus=busy, pullStatus=busy, progress=0/90
11-05 11:07:32.284 21502 21717 I CouchbaseLite/REPLICATOR: {repl#1210} activityLevel=busy: connectionState=2
11-05 11:07:32.284 21502 21717 D CouchbaseLite/NETWORK: {LoopbackWS#1212} RECEIVED: 02010045 467a4e
11-05 11:07:32.284 21502 21717 V CouchbaseLite/NETWORK: {N8litecore4blip6BLIPIOE#1213} Received frame: RES #2 ----, length 5
11-05 11:07:32.285 21502 21717 V CouchbaseLite/NETWORK: {N8litecore4blip10ConnectionE#1207} Receiving RES #2
11-05 11:07:32.285 21502 21717 V CouchbaseLite/NETWORK: {N8litecore4blip10ConnectionE#1207} Finished receiving RES #2
11-05 11:07:32.286 21502 21717 I CouchbaseLite/REPLICATOR: {N8litecore4repl6PullerE#1214} activityLevel=busy: pendingResponseCount=0, _caughtUp=0, _pendingRevMessages=0, _activeIncomingRevs=0
11-05 11:07:32.286 21502 21713 I CouchbaseLite/REPLICATOR: {n8litecore4repl9revfindere#1219}==> N8litecore4repl9RevFinderE <-file:////data/user/0/com.couchbase.lite.test/files/CBLTestDb/otherdb.cblite2/ @0xd3ba9f48
11-05 11:07:32.286 21502 21713 I CouchbaseLite/REPLICATOR: {n8litecore4repl9revfindere#1219} Received 1 changes
11-05 11:07:32.287 21502 21718 V CouchbaseLite/NETWORK: {N8litecore4blip6BLIPIOE#1215} Sending 'changes' REQ #1 UZ
11-05 11:07:32.289 21502 21718 V CouchbaseLite/NETWORK: {N8litecore4blip6BLIPIOE#1215} Sending frame: REQ #1 -U-C, bytes 0--82
11-05 11:07:32.290 21502 21713 D CouchbaseLite/REPLICATOR: {n8litecore4repl9revfindere#1219} - Accepting proposed change 'doc1' #2-5bcdeab496c12df1f547f965e4aaf4898a50920c with parent
11-05 11:07:32.291 21502 21711 I CouchbaseLite/REPLICATOR: {n8litecore4repl6pullere#1218} activityLevel=busy: pendingResponseCount=0, _caughtUp=0, _pendingRevMessages=1, _activeIncomingRevs=0
11-05 11:07:32.292 21502 21718 V CouchbaseLite/NETWORK: {N8litecore4blip6BLIPIOE#1215} Finished sending REQ #1 UZ
11-05 11:07:32.294 21502 21712 D CouchbaseLite/NETWORK: {LoopbackWS#1211} SEND: 011804c1 510a8020 0c00508f d019f6bd c04ccddd a27ff163 4e574124 d4fda1f7
11-05 11:07:32.294 21502 21712 D CouchbaseLite/NETWORK: a6fd1d7a ddddc8c9 cfd13f93 b3436843 56407073 a8d23a57 4f5116d7 74d1e037... [85]
11-05 11:07:32.295 21502 21713 I CouchbaseLite/REPLICATOR: {n8litecore4repl9revfindere#1219} Responded to 'proposeChanges' REQ#3 w/request for 1 revs
11-05 11:07:32.295 21502 21713 V CouchbaseLite/REPLICATOR: {n8litecore4repl9revfindere#1219} now idle
11-05 11:07:32.296 21502 21713 I CouchbaseLite/REPLICATOR: {repl#1210} pushStatus=busy, pullStatus=busy, progress=0/90
11-05 11:07:32.296 21502 21713 I CouchbaseLite/REPLICATOR: {repl#1210} activityLevel=busy: connectionState=2
11-05 11:07:32.300 21502 21718 V CouchbaseLite/NETWORK: {N8litecore4blip6BLIPIOE#1215} ...Wrote 85 bytes to WebSocket (writeable=1)
11-05 11:07:32.301 21502 21717 V CouchbaseLite/NETWORK: {N8litecore4blip6BLIPIOE#1215} Sending 'changes' REQ #2 UN
11-05 11:07:32.302 21502 21712 D CouchbaseLite/NETWORK: {LoopbackWS#1212} RECEIVED: 011804c1 510a8020 0c00508f d019f6bd c04ccddd a27ff163 4e574124 d4fda1f7
11-05 11:07:32.302 21502 21712 D CouchbaseLite/NETWORK: a6fd1d7a ddddc8c9 cfd13f93 b3436843 56407073 a8d23a57 4f5116d7 74d1e037... [85]
11-05 11:07:32.303 21502 21712 V CouchbaseLite/NETWORK: {N8litecore4blip6BLIPIOE#1213} Received frame: REQ #1 -U-C, length 83
11-05 11:07:32.304 21502 21712 V CouchbaseLite/NETWORK: {N8litecore4blip10ConnectionE#1207} Receiving 'changes' REQ #1 UZ
11-05 11:07:32.304 21502 21712 V CouchbaseLite/NETWORK: {N8litecore4blip10ConnectionE#1207} Finished receiving 'changes' REQ #1 UZ
11-05 11:07:32.304 21502 21712 V CouchbaseLite/REPLICATOR: {N8litecore4repl6PullerE#1214} Received 'changes' REQ#1 (0 queued; 0 revs pending, 0 active, 0 unfinished)
11-05 11:07:32.305 21502 21712 V CouchbaseLite/REPLICATOR: {N8litecore4repl6PullerE#1214} Handling 'changes' REQ#1
11-05 11:07:32.306 21502 21712 I CouchbaseLite/REPLICATOR: {N8litecore4repl6PullerE#1214} activityLevel=busy: pendingResponseCount=0, _caughtUp=0, _pendingRevMessages=0, _activeIncomingRevs=0
11-05 11:07:32.306 21502 21712 I CouchbaseLite/REPLICATOR: {N8litecore4repl9RevFinderE#1220}==> N8litecore4repl9RevFinderE ->file:////data/user/0/com.couchbase.lite.test/files/CBLTestDb/testdb.cblite2/ @0xd2b1f048
11-05 11:07:32.306 21502 21712 I CouchbaseLite/REPLICATOR: {N8litecore4repl9RevFinderE#1220} Received 1 changes (seq '2'..'2')
11-05 11:07:32.309 21502 21712 I CouchbaseLite/REPLICATOR: {N8litecore4repl9RevFinderE#1220} Responded to 'changes' REQ#1 w/request for 1 revs
11-05 11:07:32.309 21502 21718 V CouchbaseLite/NETWORK: {N8litecore4blip6BLIPIOE#1213} Sending RES #1 UZ
11-05 11:07:32.310 21502 21715 V CouchbaseLite/REPLICATOR: {N8litecore4repl6PullerE#1214} Now waiting for 1 'rev' messages; 1 known sequences pending
11-05 11:07:32.310 21502 21715 V CouchbaseLite/REPLICATOR: {N8litecore4repl6PullerE#1214} progress +0/+90, 0 docs -- now 0 / 90, 0 docs
11-05 11:07:32.310 21502 21715 I CouchbaseLite/REPLICATOR: {N8litecore4repl6PullerE#1214} activityLevel=busy: pendingResponseCount=0, _caughtUp=0, _pendingRevMessages=1, _activeIncomingRevs=0
11-05 11:07:32.311 21502 21715 I CouchbaseLite/REPLICATOR: {Repl#1208} pushStatus=busy, pullStatus=busy, progress=0/180
11-05 11:07:32.311 21502 21715 V CouchbaseLite/REPLICATOR: {Repl#1208} progress +0/+90, 0 docs -- now 0 / 180, 0 docs
11-05 11:07:32.311 21502 21715 I CouchbaseLite/REPLICATOR: {Repl#1208} activityLevel=busy: connectionState=2
11-05 11:07:32.312 21502 21712 V CouchbaseLite/REPLICATOR: {N8litecore4repl9RevFinderE#1220} now idle
11-05 11:07:32.312 21502 21712 I CouchbaseLite/REPLICATOR: {Repl#1208} pushStatus=busy, pullStatus=busy, progress=0/180
11-05 11:07:32.312 21502 21712 I CouchbaseLite/REPLICATOR: {Repl#1208} activityLevel=busy: connectionState=2
11-05 11:07:32.313 21502 21717 V CouchbaseLite/NETWORK: {N8litecore4blip6BLIPIOE#1215} Sending frame: REQ #2 -UN-, bytes 0--22
11-05 11:07:32.313 21502 21714 I CouchbaseLite/REPLICATOR: {n8litecore4repl6pushere#1217} activityLevel=busy: pendingResponseCount=1, caughtUp=1, changeLists=1, revsInFlight=0, blobsInFlight=0, awaitingReply=0, revsToSend=0, pushingDocs=1, pendingSequences=0
11-05 11:07:32.314 21502 21713 D CouchbaseLite/NETWORK: {LoopbackWS#1211} SEND: 02301050 726f6669 6c650063 68616e67 6573005b 5d0c0e8b 22
11-05 11:07:32.314 21502 21717 V CouchbaseLite/NETWORK: {N8litecore4blip6BLIPIOE#1215} Finished sending REQ #2 UN
11-05 11:07:32.314 21502 21717 V CouchbaseLite/NETWORK: {N8litecore4blip6BLIPIOE#1215} ...Wrote 25 bytes to WebSocket (writeable=1)
11-05 11:07:32.315 21502 21717 V CouchbaseLite/NETWORK: {N8litecore4blip6BLIPIOE#1215} Sending RES #3 UZ
11-05 11:07:32.315 21502 21717 V CouchbaseLite/NETWORK: {N8litecore4blip6BLIPIOE#1215} Sending frame: RES #3 -U-C, bytes 0--33
11-05 11:07:32.315 21502 21718 V CouchbaseLite/NETWORK: {N8litecore4blip6BLIPIOE#1213} Sending frame: RES #1 -U-C, bytes 0--34
11-05 11:07:32.316 21502 21718 V CouchbaseLite/NETWORK: {N8litecore4blip6BLIPIOE#1213} Finished sending RES #1 UZ
11-05 11:07:32.316 21502 21718 V CouchbaseLite/NETWORK: {N8litecore4blip6BLIPIOE#1213} ...Wrote 37 bytes to WebSocket (writeable=1)
11-05 11:07:32.317 21502 21716 D CouchbaseLite/NETWORK: {LoopbackWS#1211} SEND: 031992cc 4dacf0c8 2c2ec92f aa643032 6048cac9 4f2a6628 292a4d65 888e0500
11-05 11:07:32.317 21502 21716 D CouchbaseLite/NETWORK: 1736854d
11-05 11:07:32.317 21502 21713 D CouchbaseLite/NETWORK: {LoopbackWS#1212} RECEIVED: 02301050 726f6669 6c650063 68616e67 6573005b 5d0c0e8b 22
11-05 11:07:32.318 21502 21713 V CouchbaseLite/NETWORK: {N8litecore4blip6BLIPIOE#1213} Received frame: REQ #2 -UN-, length 23
11-05 11:07:32.318 21502 21712 D CouchbaseLite/NETWORK: {LoopbackWS#1212} SEND: 011992cc 4dacf0c8 2c2ec92f aa643032 6048cac9 4f2a6628 292a4d05 1a1b1b0b
11-05 11:07:32.318 21502 21712 D CouchbaseLite/NETWORK: 00d6ef22 b6
11-05 11:07:32.318 21502 21717 V CouchbaseLite/NETWORK: {N8litecore4blip6BLIPIOE#1215} Finished sending RES #3 UZ
11-05 11:07:32.319 21502 21712 D CouchbaseLite/NETWORK: {LoopbackWS#1211} RECEIVED: 011992cc 4dacf0c8 2c2ec92f aa643032 6048cac9 4f2a6628 292a4d05 1a1b1b0b
11-05 11:07:32.319 21502 21712 D CouchbaseLite/NETWORK: 00d6ef22 b6
11-05 11:07:32.319 21502 21717 V CouchbaseLite/NETWORK: {N8litecore4blip6BLIPIOE#1215} ...Wrote 36 bytes to WebSocket (writeable=1)
11-05 11:07:32.319 21502 21717 V CouchbaseLite/NETWORK: {N8litecore4blip6BLIPIOE#1215} Received frame: RES #1 -U-C, length 35
11-05 11:07:32.320 21502 21717 V CouchbaseLite/NETWORK: {N8litecore4blip10ConnectionE#1209} Receiving RES #1 UZ
11-05 11:07:32.324 21502 21717 V CouchbaseLite/NETWORK: {N8litecore4blip10ConnectionE#1209} Finished receiving RES #1 UZ
11-05 11:07:32.325 21502 21717 I CouchbaseLite/REPLICATOR: {n8litecore4repl6pushere#1217} Got response for 1 local changes (sequences from 2)
11-05 11:07:32.325 21502 21717 V CouchbaseLite/REPLICATOR: {n8litecore4repl6pushere#1217} Queueing rev 'doc3' #2-5bcdeab496c12df1f547f965e4aaf4898a50920c (seq #2) [1 queued]
11-05 11:07:32.326 21502 21717 V CouchbaseLite/REPLICATOR: {n8litecore4repl6pushere#1217} Sending rev doc3 2-5bcdeab496c12df1f547f965e4aaf4898a50920c (seq #2) [1/10]
11-05 11:07:32.326 21502 21717 V CouchbaseLite/REPLICATOR: {n8litecore4repl6pushere#1217} Reading document 'doc3' #2-5bcdeab496c12df1f547f965e4aaf4898a50920c
11-05 11:07:32.327 21502 21714 D CouchbaseLite/NETWORK: {LoopbackWS#1212} RECEIVED: 031992cc 4dacf0c8 2c2ec92f aa643032 6048cac9 4f2a6628 292a4d65 888e0500
11-05 11:07:32.327 21502 21714 D CouchbaseLite/NETWORK: 1736854d
11-05 11:07:32.327 21502 21511 D CouchbaseLite/DATABASE: {N8litecore8DataFile6SharedE#975} Remove DataFile 0xe5b074c0
11-05 11:07:32.327 21502 21713 V CouchbaseLite/NETWORK: {N8litecore4blip10ConnectionE#1207} Receiving 'changes' REQ #2 UN
11-05 11:07:32.328 21502 21713 V CouchbaseLite/NETWORK: {N8litecore4blip10ConnectionE#1207} Finished receiving 'changes' REQ #2 UN
11-05 11:07:32.329 21502 21713 V CouchbaseLite/REPLICATOR: {N8litecore4repl6PullerE#1214} Received 'changes' REQ#2 (0 queued; 1 revs pending, 0 active, 0 unfinished)
11-05 11:07:32.329 21502 21713 V CouchbaseLite/REPLICATOR: {N8litecore4repl6PullerE#1214} Handling 'changes' REQ#2
11-05 11:07:32.329 21502 21713 I CouchbaseLite/REPLICATOR: {N8litecore4repl6PullerE#1214} Caught up with remote changes
11-05 11:07:32.330 21502 21713 I CouchbaseLite/REPLICATOR: {N8litecore4repl6PullerE#1214} activityLevel=busy: pendingResponseCount=0, _caughtUp=1, _pendingRevMessages=1, _activeIncomingRevs=0
11-05 11:07:32.330 21502 21511 D CouchbaseLite/DATABASE: {N8litecore8DataFile6SharedE#975} Remove DataFile 0xe5b074c0
11-05 11:07:32.331 21502 21716 V CouchbaseLite/NETWORK: {N8litecore4blip6BLIPIOE#1213} Received frame: RES #3 -U-C, length 34
11-05 11:07:32.331 21502 21511 D CouchbaseLite/DATABASE: {DB#1179} destructing (~DataFile)
11-05 11:07:32.331 21502 21511 D CouchbaseLite/DATABASE: {N8litecore8DataFile6SharedE#975} Remove DataFile 0xe5b074c0
11-05 11:07:32.331 21502 21717 V CouchbaseLite/REPLICATOR: {n8litecore4repl6pushere#1217} Transmitting 'rev' message with 'doc3' #2-5bcdeab496c12df1f547f965e4aaf4898a50920c
11-05 11:07:32.331 21502 21716 V CouchbaseLite/NETWORK: {N8litecore4blip10ConnectionE#1207} Receiving RES #3 UZ
11-05 11:07:32.332 21502 21717 I CouchbaseLite/REPLICATOR: {n8litecore4repl6pushere#1217} activityLevel=busy: pendingResponseCount=1, caughtUp=1, changeLists=0, revsInFlight=1, blobsInFlight=0, awaitingReply=0, revsToSend=0, pushingDocs=1, pendingSequences=0
11-05 11:07:32.333 21502 21716 V CouchbaseLite/NETWORK: {N8litecore4blip10ConnectionE#1207} Finished receiving RES #3 UZ
11-05 11:07:32.333 21502 21712 V CouchbaseLite/NETWORK: {N8litecore4blip6BLIPIOE#1215} Sending 'rev' REQ #3 Z
11-05 11:07:32.334 21502 21716 I CouchbaseLite/REPLICATOR: {N8litecore4repl6PusherE#1216} Got response for 1 local changes (sequences from 2)
11-05 11:07:32.334 21502 21712 V CouchbaseLite/NETWORK: {N8litecore4blip6BLIPIOE#1215} Sending frame: REQ #3 ---C, bytes 0--112
11-05 11:07:32.335 21502 21712 V CouchbaseLite/NETWORK: {N8litecore4blip6BLIPIOE#1215} Finished sending REQ #3 Z
11-05 11:07:32.335 21502 21716 V CouchbaseLite/REPLICATOR: {N8litecore4repl6PusherE#1216} Queueing rev 'doc1' #2-5bcdeab496c12df1f547f965e4aaf4898a50920c (seq #2) [1 queued]
11-05 11:07:32.335 21502 21712 V CouchbaseLite/NETWORK: {N8litecore4blip6BLIPIOE#1215} ...Wrote 115 bytes to WebSocket (writeable=1)
11-05 11:07:32.335 21502 21711 D CouchbaseLite/REPLICATOR: {n8litecore4repl6pushere#1217} Transmitted 'rev' doc3 #2-5bcdeab496c12df1f547f965e4aaf4898a50920c (seq #2)
11-05 11:07:32.336 21502 21711 I CouchbaseLite/REPLICATOR: {n8litecore4repl6pushere#1217} activityLevel=busy: pendingResponseCount=1, caughtUp=1, changeLists=0, revsInFlight=0, blobsInFlight=0, awaitingReply=166, revsToSend=0, pushingDocs=1, pendingSequences=0
11-05 11:07:32.336 21502 21716 V CouchbaseLite/REPLICATOR: {N8litecore4repl6PusherE#1216} Sending rev doc1 2-5bcdeab496c12df1f547f965e4aaf4898a50920c (seq #2) [1/10]
11-05 11:07:32.336 21502 21711 D CouchbaseLite/NETWORK: {LoopbackWS#1211} SEND: 03086a64 84d95594 5ac69099 c200b205 cc26de1e 86e2d4c2 d2d4bce4 54062386
11-05 11:07:32.336 21502 21711 D CouchbaseLite/NETWORK: 0ca83d86 40dd9606 69298696 261646e6 66c90646 29260696 9666e689 16e6c6c6... [115]
11-05 11:07:32.337 21502 21716 V CouchbaseLite/REPLICATOR: {N8litecore4repl6PusherE#1216} Reading document 'doc1' #2-5bcdeab496c12df1f547f965e4aaf4898a50920c
11-05 11:07:32.337 21502 21714 D CouchbaseLite/NETWORK: {LoopbackWS#1212} RECEIVED: 03086a64 84d95594 5ac69099 c200b205 cc26de1e 86e2d4c2 d2d4bce4 54062386
11-05 11:07:32.337 21502 21714 D CouchbaseLite/NETWORK: 0ca83d86 40dd9606 69298696 261646e6 66c90646 29260696 9666e689 16e6c6c6... [115]
11-05 11:07:32.338 21502 21714 V CouchbaseLite/NETWORK: {N8litecore4blip6BLIPIOE#1213} Received frame: REQ #3 ---C, length 113
11-05 11:07:32.338 21502 21714 V CouchbaseLite/NETWORK: {N8litecore4blip10ConnectionE#1207} Receiving 'rev' REQ #3 Z
11-05 11:07:32.338 21502 21714 V CouchbaseLite/NETWORK: {N8litecore4blip10ConnectionE#1207} Finished receiving 'rev' REQ #3 Z
11-05 11:07:32.339 21502 21714 I CouchbaseLite/REPLICATOR: {N8litecore4repl6PullerE#1214} activityLevel=busy: pendingResponseCount=0, _caughtUp=1, _pendingRevMessages=0, _activeIncomingRevs=1
11-05 11:07:32.339 21502 21713 V CouchbaseLite/REPLICATOR: {N8litecore4repl11IncomingRevE#1221}==> N8litecore4repl11IncomingRevE ->file:////data/user/0/com.couchbase.lite.test/files/CBLTestDb/testdb.cblite2/ @0xe5b96d48
11-05 11:07:32.340 21502 21713 V CouchbaseLite/REPLICATOR: {N8litecore4repl11IncomingRevE#1221} Received revision 'doc3' #2-5bcdeab496c12df1f547f965e4aaf4898a50920c (seq '2')
11-05 11:07:32.341 21502 21716 V CouchbaseLite/REPLICATOR: {N8litecore4repl6PusherE#1216} Transmitting 'rev' message with 'doc1' #2-5bcdeab496c12df1f547f965e4aaf4898a50920c
11-05 11:07:32.342 21502 21717 V CouchbaseLite/NETWORK: {N8litecore4blip6BLIPIOE#1213} Sending 'rev' REQ #4 Z
11-05 11:07:32.342 21502 21716 I CouchbaseLite/REPLICATOR: {N8litecore4repl6PusherE#1216} activityLevel=busy: pendingResponseCount=1, caughtUp=1, changeLists=0, revsInFlight=1, blobsInFlight=0, awaitingReply=0, revsToSend=0, pushingDocs=1, pendingSequences=1
11-05 11:07:32.343 21502 21717 V CouchbaseLite/NETWORK: {N8litecore4blip6BLIPIOE#1213} Sending frame: REQ #4 ---C, bytes 0--125
11-05 11:07:32.343 21502 21717 V CouchbaseLite/NETWORK: {N8litecore4blip6BLIPIOE#1213} Finished sending REQ #4 Z
11-05 11:07:32.343 21502 21717 V CouchbaseLite/NETWORK: {N8litecore4blip6BLIPIOE#1213} ...Wrote 128 bytes to WebSocket (writeable=1)
11-05 11:07:32.344 21502 21717 D CouchbaseLite/NETWORK: {LoopbackWS#1212} SEND: 04088ccf c10dc230 0c0550b3 4a26b0d3 92d44cc0 005da071 5c880409 34c00531
11-05 11:07:32.344 21502 21717 D CouchbaseLite/NETWORK: 032b1310 dcb9f9ff c37ff273 f53317bd 418af086 3ef7ff14 543d5f35 8b82855c... [128]
11-05 11:07:32.345 21502 21717 D CouchbaseLite/NETWORK: {LoopbackWS#1211} RECEIVED: 04088ccf c10dc230 0c0550b3 4a26b0d3 92d44cc0 005da071 5c880409 34c00531
11-05 11:07:32.345 21502 21717 D CouchbaseLite/NETWORK: 032b1310 dcb9f9ff c37ff273 f53317bd 418af086 3ef7ff14 543d5f35 8b82855c... [128]
11-05 11:07:32.345 21502 21717 V CouchbaseLite/NETWORK: {N8litecore4blip6BLIPIOE#1215} Received frame: REQ #4 ---C, length 126
11-05 11:07:32.346 21502 21717 V CouchbaseLite/NETWORK: {N8litecore4blip10ConnectionE#1209} Receiving 'rev' REQ #4 Z
11-05 11:07:32.346 21502 21717 V CouchbaseLite/NETWORK: {N8litecore4blip10ConnectionE#1209} Finished receiving 'rev' REQ #4 Z
11-05 11:07:32.347 21502 21715 D CouchbaseLite/REPLICATOR: {N8litecore4repl6PusherE#1216} Transmitted 'rev' doc1 #2-5bcdeab496c12df1f547f965e4aaf4898a50920c (seq #2)
11-05 11:07:32.347 21502 21715 I CouchbaseLite/REPLICATOR: {N8litecore4repl6PusherE#1216} activityLevel=busy: pendingResponseCount=1, caughtUp=1, changeLists=0, revsInFlight=0, blobsInFlight=0, awaitingReply=180, revsToSend=0, pushingDocs=1, pendingSequences=1
11-05 11:07:32.348 21502 21715 I CouchbaseLite/REPLICATOR: {n8litecore4repl6pullere#1218} activityLevel=busy: pendingResponseCount=0, _caughtUp=0, _pendingRevMessages=0, _activeIncomingRevs=1
11-05 11:07:32.348 21502 21715 V CouchbaseLite/REPLICATOR: {n8litecore4repl11incomingreve#1222}==> N8litecore4repl11IncomingRevE <-file:////data/user/0/com.couchbase.lite.test/files/CBLTestDb/otherdb.cblite2/ @0xe5b96e88
11-05 11:07:32.348 21502 21715 V CouchbaseLite/REPLICATOR: {n8litecore4repl11incomingreve#1222} Received revision 'doc1' #2-5bcdeab496c12df1f547f965e4aaf4898a50920c (seq '2')
11-05 11:07:32.350 21502 21715 I CouchbaseLite/REPLICATOR: {n8litecore4repl6pullere#1218} activityLevel=busy: pendingResponseCount=0, _caughtUp=0, _pendingRevMessages=0, _activeIncomingRevs=1
11-05 11:07:32.350 21502 21713 I CouchbaseLite/REPLICATOR: {N8litecore4repl6PullerE#1214} activityLevel=busy: pendingResponseCount=0, _caughtUp=1, _pendingRevMessages=0, _activeIncomingRevs=1
11-05 11:07:32.373 21502 21718 V CouchbaseLite/REPLICATOR: {n8litecore4repl8insertere#1223}==> N8litecore4repl8InserterE <-file:////data/user/0/com.couchbase.lite.test/files/CBLTestDb/otherdb.cblite2/ @0xe56b01c8
11-05 11:07:32.374 21502 21718 V CouchbaseLite/REPLICATOR: {n8litecore4repl8insertere#1223} Inserting 1 revs:
11-05 11:07:32.376 21502 21718 D CouchbaseLite/DATABASE: {N8litecore8DataFile6SharedE#1203} adding DataFile 0xd0545040
11-05 11:07:32.377 21502 21718 I CouchbaseLite/DATABASE: {DB#1224}==> N8litecore14SQLiteDataFileE /data/user/0/com.couchbase.lite.test/files/CBLTestDb/otherdb.cblite2/db.sqlite3 @0xd0545040
11-05 11:07:32.378 21502 21718 I CouchbaseLite/DATABASE: {DB#1224} Opening database
11-05 11:07:32.384 21502 21718 D CouchbaseLite/DATABASE: {DB#1224} open KVS 'info'
11-05 11:07:32.388 21502 21718 V CouchbaseLite/DATABASE: {DB#1224} begin transaction
11-05 11:07:32.389 21502 21718 D CouchbaseLite/DATABASE: {DB#1224} open KVS 'default'
11-05 11:07:32.393 21502 21718 V CouchbaseLite/DATABASE: {DB#1224} Saved 'doc1' rev #2-5bcdeab496c12df1f547f965e4aaf4898a50920c as seq 5
11-05 11:07:32.394 21502 21718 V CouchbaseLite/REPLICATOR: {n8litecore4repl8insertere#1223} {'doc1' #2-5bcdeab496c12df1f547f965e4aaf4898a50920c <- 1-5b90fd1948276c02d409967a87339b1517e0c0b6} seq 5
11-05 11:07:32.395 21502 21718 V CouchbaseLite/DATABASE: {DB#1224} commit transaction
11-05 11:07:32.398 21502 21718 I CouchbaseLite/REPLICATOR: {n8litecore4repl8insertere#1223} Inserted 1 revs in 22.64ms ( 44/sec) of which 99.6% was commit
11-05 11:07:32.399 21502 21718 V CouchbaseLite/REPLICATOR: {n8litecore4repl8insertere#1223} now idle
11-05 11:07:32.400 21502 21718 V CouchbaseLite/REPLICATOR: {N8litecore4repl8InserterE#1225}==> N8litecore4repl8InserterE ->file:////data/user/0/com.couchbase.lite.test/files/CBLTestDb/testdb.cblite2/ @0xe56b0088
11-05 11:07:32.400 21502 21718 V CouchbaseLite/REPLICATOR: {N8litecore4repl8InserterE#1225} Inserting 1 revs:
11-05 11:07:32.402 21502 21718 D CouchbaseLite/DATABASE: {N8litecore8DataFile6SharedE#975} adding DataFile 0xd0546580
11-05 11:07:32.402 21502 21718 I CouchbaseLite/DATABASE: {DB#1226}==> N8litecore14SQLiteDataFileE /data/user/0/com.couchbase.lite.test/files/CBLTestDb/testdb.cblite2/db.sqlite3 @0xd0546580
11-05 11:07:32.403 21502 21718 I CouchbaseLite/DATABASE: {DB#1226} Opening database
11-05 11:07:32.406 21502 21718 D CouchbaseLite/DATABASE: {DB#1226} open KVS 'info'
11-05 11:07:32.409 21502 21718 V CouchbaseLite/DATABASE: {DB#1226} begin transaction
11-05 11:07:32.410 21502 21718 D CouchbaseLite/DATABASE: {DB#1226} open KVS 'default'
11-05 11:07:32.413 21502 21718 V CouchbaseLite/DATABASE: {DB#1226} Saved 'doc3' rev #2-5bcdeab496c12df1f547f965e4aaf4898a50920c as seq 5
11-05 11:07:32.414 21502 21718 V CouchbaseLite/REPLICATOR: {N8litecore4repl8InserterE#1225} {'doc3' #2-5bcdeab496c12df1f547f965e4aaf4898a50920c <- 1-5b90fd1948276c02d409967a87339b1517e0c0b6} seq 5
11-05 11:07:32.414 21502 21718 V CouchbaseLite/DATABASE: {DB#1226} commit transaction
11-05 11:07:32.416 21502 21718 I CouchbaseLite/REPLICATOR: {N8litecore4repl8InserterE#1225} Inserted 1 revs in 15.11ms ( 66/sec) of which 99.5% was commit
11-05 11:07:32.417 21502 21718 V CouchbaseLite/REPLICATOR: {N8litecore4repl8InserterE#1225} now idle
11-05 11:07:32.417 21502 21718 I CouchbaseLite/REPLICATOR: {n8litecore4repl6pullere#1218} activityLevel=busy: pendingResponseCount=0, _caughtUp=0, _pendingRevMessages=0, _activeIncomingRevs=0
11-05 11:07:32.419 21502 21718 I CouchbaseLite/REPLICATOR: {repl#1210} pushStatus=busy, pullStatus=busy, progress=0/90
11-05 11:07:32.419 21502 21718 I CouchbaseLite/REPLICATOR: {repl#1210} activityLevel=busy: connectionState=2
11-05 11:07:32.420 21502 21718 I CouchbaseLite/REPLICATOR: {N8litecore4repl6PullerE#1214} activityLevel=busy: pendingResponseCount=0, _caughtUp=1, _pendingRevMessages=0, _activeIncomingRevs=0
11-05 11:07:32.421 21502 21718 I CouchbaseLite/REPLICATOR: {Repl#1208} pushStatus=busy, pullStatus=busy, progress=0/180
11-05 11:07:32.421 21502 21718 I CouchbaseLite/REPLICATOR: {Repl#1208} activityLevel=busy: connectionState=2
11-05 11:07:32.422 21502 21718 V CouchbaseLite/NETWORK: {N8litecore4blip6BLIPIOE#1215} Sending RES #4
11-05 11:07:32.422 21502 21718 V CouchbaseLite/NETWORK: {N8litecore4blip6BLIPIOE#1215} Sending frame: RES #4 ----, bytes 0--4
11-05 11:07:32.423 21502 21718 V CouchbaseLite/NETWORK: {N8litecore4blip6BLIPIOE#1215} Finished sending RES #4
11-05 11:07:32.423 21502 21718 V CouchbaseLite/NETWORK: {N8litecore4blip6BLIPIOE#1215} ...Wrote 7 bytes to WebSocket (writeable=1)
11-05 11:07:32.424 21502 21718 V CouchbaseLite/REPLICATOR: {n8litecore4repl6pullere#1218} progress +0/+0, 1 docs -- now 0 / 0, 1 docs
11-05 11:07:32.424 21502 21718 I CouchbaseLite/REPLICATOR: {n8litecore4repl6pullere#1218} activityLevel=busy: pendingResponseCount=0, _caughtUp=0, _pendingRevMessages=0, _activeIncomingRevs=0
11-05 11:07:32.425 21502 21718 V CouchbaseLite/NETWORK: {N8litecore4blip6BLIPIOE#1213} Sending RES #3
11-05 11:07:32.426 21502 21718 V CouchbaseLite/NETWORK: {N8litecore4blip6BLIPIOE#1213} Sending frame: RES #3 ----, bytes 0--4
11-05 11:07:32.426 21502 21718 V CouchbaseLite/NETWORK: {N8litecore4blip6BLIPIOE#1213} Finished sending RES #3
11-05 11:07:32.427 21502 21718 V CouchbaseLite/NETWORK: {N8litecore4blip6BLIPIOE#1213} ...Wrote 7 bytes to WebSocket (writeable=1)
11-05 11:07:32.427 21502 21718 V CouchbaseLite/REPLICATOR: {N8litecore4repl6PullerE#1214} Checkpoint now at 2
11-05 11:07:32.428 21502 21718 V CouchbaseLite/REPLICATOR: {N8litecore4repl6PullerE#1214} progress +90/+0, 1 docs -- now 90 / 90, 1 docs
11-05 11:07:32.428 21502 21718 I CouchbaseLite/REPLICATOR: {N8litecore4repl6PullerE#1214} activityLevel=busy: pendingResponseCount=0, _caughtUp=1, _pendingRevMessages=0, _activeIncomingRevs=0
