11-05 11:07:30.750 21502 21714 D CouchbaseLite/NETWORK: {LoopbackWS#1188} RECEIVED: 021992cc 4dacf0c8 2c2ec92f aa643032 6048cac9 4f2a6628 292a4d65 888e0500
11-05 11:07:30.750 21502 21714 D CouchbaseLite/NETWORK: 89c6471d
11-05 11:07:30.750 21502 21714 V CouchbaseLite/NETWORK: {N8litecore4blip6BLIPIOE#1189} Received frame: RES #2 -U-C, length 34
11-05 11:07:30.752 21502 21714 V CouchbaseLite/NETWORK: {N8litecore4blip10ConnectionE#1183} Receiving RES #2 UZ
11-05 11:07:30.752 21502 21714 V CouchbaseLite/NETWORK: {N8litecore4blip10ConnectionE#1183} Finished receiving RES #2 UZ
11-05 11:07:30.753 21502 21718 I CouchbaseLite/REPLICATOR: {n8litecore4repl6pushere#1191} Got response for 2 local changes (sequences from 1)
11-05 11:07:30.754 21502 21718 V CouchbaseLite/REPLICATOR: {n8litecore4repl6pushere#1191} Queueing rev 'doc1' #1-184f56cf9a9a7168cc048108bf1170d236cde367 (seq #1) [1 queued]
11-05 11:07:30.754 21502 21718 V CouchbaseLite/REPLICATOR: {n8litecore4repl6pushere#1191} Queueing rev 'doc3' #2-5a11cccb8e57044890ab7179ec9665a84e89b505 (seq #4) [2 queued]
11-05 11:07:30.754 21502 21718 V CouchbaseLite/REPLICATOR: {n8litecore4repl6pushere#1191} Sending rev doc1 1-184f56cf9a9a7168cc048108bf1170d236cde367 (seq #1) [1/10]
11-05 11:07:30.755 21502 21718 V CouchbaseLite/REPLICATOR: {n8litecore4repl6pushere#1191} Reading document 'doc1' #1-184f56cf9a9a7168cc048108bf1170d236cde367
11-05 11:07:30.758 21502 21718 V CouchbaseLite/REPLICATOR: {n8litecore4repl6pushere#1191} Transmitting 'rev' message with 'doc1' #1-184f56cf9a9a7168cc048108bf1170d236cde367
11-05 11:07:30.759 21502 21718 V CouchbaseLite/REPLICATOR: {n8litecore4repl6pushere#1191} Sending rev doc3 2-5a11cccb8e57044890ab7179ec9665a84e89b505 (seq #4) [2/10]
11-05 11:07:30.760 21502 21718 V CouchbaseLite/REPLICATOR: {n8litecore4repl6pushere#1191} Reading document 'doc3' #2-5a11cccb8e57044890ab7179ec9665a84e89b505
11-05 11:07:30.761 21502 21718 V CouchbaseLite/REPLICATOR: {n8litecore4repl6pushere#1191} Transmitting 'rev' message with 'doc3' #2-5a11cccb8e57044890ab7179ec9665a84e89b505
11-05 11:07:30.762 21502 21716 V CouchbaseLite/NETWORK: {N8litecore4blip6BLIPIOE#1189} Sending 'rev' REQ #3 Z
11-05 11:07:30.762 21502 21718 I CouchbaseLite/REPLICATOR: {n8litecore4repl6pushere#1191} activityLevel=busy: pendingResponseCount=2, caughtUp=1, changeLists=0, revsInFlight=2, blobsInFlight=0, awaitingReply=0, revsToSend=0, pushingDocs=2, pendingSequences=2
11-05 11:07:30.763 21502 21716 V CouchbaseLite/NETWORK: {N8litecore4blip6BLIPIOE#1189} Sending frame: REQ #3 ---C, bytes 0--170
11-05 11:07:30.764 21502 21713 D CouchbaseLite/REPLICATOR: {n8litecore4repl6pushere#1191} Transmitted 'rev' doc1 #1-184f56cf9a9a7168cc048108bf1170d236cde367 (seq #1)
11-05 11:07:30.764 21502 21713 I CouchbaseLite/REPLICATOR: {n8litecore4repl6pushere#1191} activityLevel=busy: pendingResponseCount=2, caughtUp=1, changeLists=0, revsInFlight=1, blobsInFlight=0, awaitingReply=241, revsToSend=0, pushingDocs=2, pendingSequences=2
11-05 11:07:30.765 21502 21713 D CouchbaseLite/NETWORK: {LoopbackWS#1188} SEND: 03088c8e c10ac230 1044f32d b9aa48bd 140b8215 41911e54 7aa90892 a46b1b88
11-05 11:07:30.765 21502 21713 D CouchbaseLite/NETWORK: 49da6c45 29fd7757 d1bbb7dd 3733cc9c 7f8b5ab8 335db2f7 8ccffdff 1016a0e9... [173]
11-05 11:07:30.766 21502 21716 V CouchbaseLite/NETWORK: {N8litecore4blip6BLIPIOE#1189} Finished sending REQ #3 Z
11-05 11:07:30.767 21502 21713 D CouchbaseLite/NETWORK: {LoopbackWS#1187} RECEIVED: 03088c8e c10ac230 1044f32d b9aa48bd 140b8215 41911e54 7aa90892 a46b1b88
11-05 11:07:30.767 21502 21713 D CouchbaseLite/NETWORK: 49da6c45 29fd7757 d1bbb7dd 3733cc9c 7f8b5ab8 335db2f7 8ccffdff 1016a0e9... [173]
11-05 11:07:30.767 21502 21713 V CouchbaseLite/NETWORK: {N8litecore4blip6BLIPIOE#1190} Received frame: REQ #3 ---C, length 171
11-05 11:07:30.768 21502 21713 V CouchbaseLite/NETWORK: {N8litecore4blip10ConnectionE#1185} Receiving 'rev' REQ #3 Z
11-05 11:07:30.769 21502 21716 V CouchbaseLite/NETWORK: {N8litecore4blip6BLIPIOE#1189} ...Wrote 173 bytes to WebSocket (writeable=1)
11-05 11:07:30.769 21502 21713 V CouchbaseLite/NETWORK: {N8litecore4blip10ConnectionE#1185} Finished receiving 'rev' REQ #3 Z
11-05 11:07:30.771 21502 21713 I CouchbaseLite/REPLICATOR: {n8litecore4repl6pullere#1192} activityLevel=busy: pendingResponseCount=0, _caughtUp=0, _pendingRevMessages=1, _activeIncomingRevs=1
11-05 11:07:30.771 21502 21713 V CouchbaseLite/REPLICATOR: {n8litecore4repl11incomingreve#1194}==> N8litecore4repl11IncomingRevE <-file:////data/user/0/com.couchbase.lite.test/files/CBLTestDb/otherdb.cblite2/ @0xe4938b48
11-05 11:07:30.772 21502 21713 V CouchbaseLite/REPLICATOR: {n8litecore4repl11incomingreve#1194} Received revision 'doc1' #1-184f56cf9a9a7168cc048108bf1170d236cde367 (seq '1')
11-05 11:07:30.774 21502 21717 V CouchbaseLite/REPLICATOR: {n8litecore4repl12incomingblobe#1195}==> N8litecore4repl12IncomingBlobE for doc 'doc1'.photo [sha1-qDJGTAqLun7gBtQRZma9L7+PYYA=] @0xe56af548
11-05 11:07:30.774 21502 21717 V CouchbaseLite/REPLICATOR: {n8litecore4repl12incomingblobe#1195} Requesting blob (12 bytes, compress=1)
11-05 11:07:30.775 21502 21717 V CouchbaseLite/REPLICATOR: {n8litecore4repl12incomingblobe#1195} progress +0/+12, 0 docs -- now 0 / 12, 0 docs
11-05 11:07:30.775 21502 21717 V CouchbaseLite/REPLICATOR: {n8litecore4repl12incomingblobe#1195} now busy
11-05 11:07:30.775 21502 21715 V CouchbaseLite/NETWORK: {N8litecore4blip6BLIPIOE#1190} Sending 'getAttachment' REQ #1
11-05 11:07:30.776 21502 21715 V CouchbaseLite/NETWORK: {N8litecore4blip6BLIPIOE#1190} Sending frame: REQ #1 ----, bytes 0--81
11-05 11:07:30.776 21502 21715 V CouchbaseLite/NETWORK: {N8litecore4blip6BLIPIOE#1190} Finished sending REQ #1
11-05 11:07:30.777 21502 21716 V CouchbaseLite/NETWORK: {N8litecore4blip6BLIPIOE#1189} Sending 'rev' REQ #4 Z
11-05 11:07:30.777 21502 21716 V CouchbaseLite/NETWORK: {N8litecore4blip6BLIPIOE#1189} Sending frame: REQ #4 ---C, bytes 0--81
11-05 11:07:30.778 21502 21716 V CouchbaseLite/NETWORK: {N8litecore4blip6BLIPIOE#1189} Finished sending REQ #4 Z
11-05 11:07:30.778 21502 21713 I CouchbaseLite/REPLICATOR: {n8litecore4repl6pullere#1192} activityLevel=busy: pendingResponseCount=0, _caughtUp=0, _pendingRevMessages=1, _activeIncomingRevs=1
11-05 11:07:30.778 21502 21713 D CouchbaseLite/REPLICATOR: {n8litecore4repl6pushere#1191} Transmitted 'rev' doc3 #2-5a11cccb8e57044890ab7179ec9665a84e89b505 (seq #4)
11-05 11:07:30.779 21502 21713 I CouchbaseLite/REPLICATOR: {n8litecore4repl6pushere#1191} activityLevel=busy: pendingResponseCount=2, caughtUp=1, changeLists=0, revsInFlight=0, blobsInFlight=0, awaitingReply=398, revsToSend=0, pushingDocs=2, pendingSequences=2
11-05 11:07:30.779 21502 21713 D CouchbaseLite/NETWORK: {LoopbackWS#1188} SEND: 04089ac9 88e96363 309bf8d0 43f8d804 cdc729a9 39a925a9 29405646 6671497e
11-05 11:07:30.779 21502 21713 D CouchbaseLite/NETWORK: 5125301c cd8d2c93 4d2c2d52 4c8c4dcd 5253938c cd139353 cd4d53cc d32ccd13... [84]
11-05 11:07:30.779 21502 21713 V CouchbaseLite/REPLICATOR: {n8litecore4repl6pullere#1192} progress +0/+12, 0 docs -- now 0 / 12, 0 docs
11-05 11:07:30.780 21502 21713 I CouchbaseLite/REPLICATOR: {n8litecore4repl6pullere#1192} activityLevel=busy: pendingResponseCount=0, _caughtUp=0, _pendingRevMessages=1, _activeIncomingRevs=1
11-05 11:07:30.780 21502 21713 I CouchbaseLite/REPLICATOR: {repl#1186} pushStatus=busy, pullStatus=busy, progress=0/12
11-05 11:07:30.780 21502 21713 V CouchbaseLite/REPLICATOR: {repl#1186} progress +0/+12, 0 docs -- now 0 / 12, 0 docs
11-05 11:07:30.781 21502 21713 I CouchbaseLite/REPLICATOR: {repl#1186} activityLevel=busy: connectionState=2
11-05 11:07:30.781 21502 21715 V CouchbaseLite/NETWORK: {N8litecore4blip6BLIPIOE#1190} ...Wrote 84 bytes to WebSocket (writeable=1)
11-05 11:07:30.782 21502 21716 V CouchbaseLite/NETWORK: {N8litecore4blip6BLIPIOE#1189} ...Wrote 84 bytes to WebSocket (writeable=1)
11-05 11:07:30.784 21502 21711 D CouchbaseLite/NETWORK: {LoopbackWS#1187} SEND: 01004d50 726f6669 6c650067 65744174 74616368 6d656e74 00646967 65737400
11-05 11:07:30.784 21502 21711 D CouchbaseLite/NETWORK: 73686131 2d71444a 47544171 4c756e37 67427451 525a6d61 394c372b 50595941... [84]
11-05 11:07:30.786 21502 21712 D CouchbaseLite/NETWORK: {LoopbackWS#1187} RECEIVED: 04089ac9 88e96363 309bf8d0 43f8d804 cdc729a9 39a925a9 29405646 6671497e
11-05 11:07:30.786 21502 21712 D CouchbaseLite/NETWORK: 5125301c cd8d2c93 4d2c2d52 4c8c4dcd 5253938c cd139353 cd4d53cc d32ccd13... [84]
11-05 11:07:30.787 21502 21717 V CouchbaseLite/NETWORK: {N8litecore4blip6BLIPIOE#1190} Received frame: REQ #4 ---C, length 82
11-05 11:07:30.788 21502 21717 V CouchbaseLite/NETWORK: {N8litecore4blip10ConnectionE#1185} Receiving 'rev' REQ #4 Z
11-05 11:07:30.788 21502 21717 V CouchbaseLite/NETWORK: {N8litecore4blip10ConnectionE#1185} Finished receiving 'rev' REQ #4 Z
11-05 11:07:30.790 21502 21711 D CouchbaseLite/NETWORK: {LoopbackWS#1188} RECEIVED: 01004d50 726f6669 6c650067 65744174 74616368 6d656e74 00646967 65737400
11-05 11:07:30.790 21502 21711 D CouchbaseLite/NETWORK: 73686131 2d71444a 47544171 4c756e37 67427451 525a6d61 394c372b 50595941... [84]
11-05 11:07:30.790 21502 21717 I CouchbaseLite/REPLICATOR: {n8litecore4repl6pullere#1192} activityLevel=busy: pendingResponseCount=0, _caughtUp=0, _pendingRevMessages=0, _activeIncomingRevs=2
11-05 11:07:30.791 21502 21718 V CouchbaseLite/REPLICATOR: {n8litecore4repl11incomingreve#1196}==> N8litecore4repl11IncomingRevE <-file:////data/user/0/com.couchbase.lite.test/files/CBLTestDb/otherdb.cblite2/ @0xe75b1b88
11-05 11:07:30.792 21502 21718 V CouchbaseLite/REPLICATOR: {n8litecore4repl11incomingreve#1196} Received revision 'doc3' #2-5a11cccb8e57044890ab7179ec9665a84e89b505 (seq '4')
11-05 11:07:30.793 21502 21718 I CouchbaseLite/REPLICATOR: {n8litecore4repl6pullere#1192} activityLevel=busy: pendingResponseCount=0, _caughtUp=0, _pendingRevMessages=0, _activeIncomingRevs=2
11-05 11:07:30.796 21502 21711 V CouchbaseLite/NETWORK: {N8litecore4blip6BLIPIOE#1189} Received frame: REQ #1 ----, length 82
11-05 11:07:30.798 21502 21711 V CouchbaseLite/NETWORK: {N8litecore4blip10ConnectionE#1183} Receiving 'getAttachment' REQ #1
11-05 11:07:30.798 21502 21711 V CouchbaseLite/NETWORK: {N8litecore4blip10ConnectionE#1183} Finished receiving 'getAttachment' REQ #1
11-05 11:07:30.800 21502 21711 V CouchbaseLite/REPLICATOR: {n8litecore4repl6pushere#1191} Sending blob sha1-qDJGTAqLun7gBtQRZma9L7+PYYA= (length=12, compress=1)
11-05 11:07:30.802 21502 21711 I CouchbaseLite/REPLICATOR: {n8litecore4repl6pushere#1191} activityLevel=busy: pendingResponseCount=2, caughtUp=1, changeLists=0, revsInFlight=0, blobsInFlight=1, awaitingReply=398, revsToSend=0, pushingDocs=2, pendingSequences=2
11-05 11:07:30.804 21502 21712 V CouchbaseLite/NETWORK: {N8litecore4blip6BLIPIOE#1189} Sending RES #1 Z
11-05 11:07:30.806 21502 21714 I CouchbaseLite/REPLICATOR: {n8litecore4repl6pushere#1191} activityLevel=busy: pendingResponseCount=2, caughtUp=1, changeLists=0, revsInFlight=0, blobsInFlight=0, awaitingReply=398, revsToSend=0, pushingDocs=2, pendingSequences=2
11-05 11:07:30.807 21502 21712 V CouchbaseLite/NETWORK: {N8litecore4blip6BLIPIOE#1189} Sending frame: RES #1 ---C, bytes 0--22
11-05 11:07:30.807 21502 21712 V CouchbaseLite/NETWORK: {N8litecore4blip6BLIPIOE#1189} Finished sending RES #1 Z
11-05 11:07:30.808 21502 21712 V CouchbaseLite/NETWORK: {N8litecore4blip6BLIPIOE#1189} ...Wrote 25 bytes to WebSocket (writeable=1)
11-05 11:07:30.809 21502 21717 D CouchbaseLite/NETWORK: {LoopbackWS#1188} SEND: 01096200 000000ff fff254cf 55485428 0185951e 00b928a0 b9
11-05 11:07:30.810 21502 21713 D CouchbaseLite/NETWORK: {LoopbackWS#1187} RECEIVED: 01096200 000000ff fff254cf 55485428 0185951e 00b928a0 b9
11-05 11:07:30.810 21502 21713 V CouchbaseLite/NETWORK: {N8litecore4blip6BLIPIOE#1190} Received frame: RES #1 ---C, length 23
11-05 11:07:30.811 21502 21713 V CouchbaseLite/NETWORK: {N8litecore4blip10ConnectionE#1185} Receiving RES #1 Z
11-05 11:07:30.811 21502 21713 V CouchbaseLite/NETWORK: {N8litecore4blip10ConnectionE#1185} Finished receiving RES #1 Z
11-05 11:07:30.813 21502 21718 V CouchbaseLite/REPLICATOR: {n8litecore4repl12incomingblobe#1195} Opened writer [1 open; max 1]
11-05 11:07:30.814 21502 21718 V CouchbaseLite/REPLICATOR: {n8litecore4repl12incomingblobe#1195} Finished receiving blob sha1-qDJGTAqLun7gBtQRZma9L7+PYYA= (12 bytes)
11-05 11:07:30.816 21502 21718 V CouchbaseLite/REPLICATOR: {n8litecore4repl12incomingblobe#1195} Closing; [0 open]
11-05 11:07:30.816 21502 21718 V CouchbaseLite/REPLICATOR: {n8litecore4repl12incomingblobe#1195} progress +12/+0, 0 docs -- now 12 / 12, 0 docs
11-05 11:07:30.816 21502 21718 V CouchbaseLite/REPLICATOR: {n8litecore4repl12incomingblobe#1195} now idle
11-05 11:07:30.817 21502 21714 V CouchbaseLite/REPLICATOR: {n8litecore4repl11incomingreve#1194} All blobs received, now inserting revision
11-05 11:07:30.818 21502 21711 V CouchbaseLite/REPLICATOR: {n8litecore4repl8insertere#1197}==> N8litecore4repl8InserterE <-file:////data/user/0/com.couchbase.lite.test/files/CBLTestDb/otherdb.cblite2/ @0xe5b96d48
11-05 11:07:30.818 21502 21711 V CouchbaseLite/REPLICATOR: {n8litecore4repl8insertere#1197} Inserting 1 revs:
11-05 11:07:30.820 21502 21718 D CouchbaseLite/REPLICATOR: {n8litecore4repl12incomingblobe#1195} destructing (0xe56af500); actorName='blob<-file:////data/user/0/com.couchbase.lite.test/files/CBLTestDb/otherdb.cblite2/'
11-05 11:07:30.820 21502 21714 V CouchbaseLite/REPLICATOR: {n8litecore4repl6pullere#1192} progress +12/+0, 0 docs -- now 12 / 12, 0 docs
11-05 11:07:30.821 21502 21714 I CouchbaseLite/REPLICATOR: {n8litecore4repl6pullere#1192} activityLevel=busy: pendingResponseCount=0, _caughtUp=0, _pendingRevMessages=0, _activeIncomingRevs=2
11-05 11:07:30.821 21502 21714 I CouchbaseLite/REPLICATOR: {repl#1186} pushStatus=busy, pullStatus=busy, progress=12/12
11-05 11:07:30.821 21502 21714 V CouchbaseLite/REPLICATOR: {repl#1186} progress +12/+0, 0 docs -- now 12 / 12, 0 docs
11-05 11:07:30.821 21502 21714 I CouchbaseLite/REPLICATOR: {repl#1186} activityLevel=busy: connectionState=2
11-05 11:07:30.823 21502 21711 D CouchbaseLite/DATABASE: {N8litecore8DataFile6SharedE#1134} adding DataFile 0xd2bf9fe0
11-05 11:07:30.824 21502 21711 I CouchbaseLite/DATABASE: {DB#1198}==> N8litecore14SQLiteDataFileE /data/user/0/com.couchbase.lite.test/files/CBLTestDb/otherdb.cblite2/db.sqlite3 @0xd2bf9fe0
11-05 11:07:30.824 21502 21711 I CouchbaseLite/DATABASE: {DB#1198} Opening database
11-05 11:07:30.827 21502 21711 D CouchbaseLite/DATABASE: {DB#1198} open KVS 'info'
11-05 11:07:30.828 21502 21711 V CouchbaseLite/DATABASE: {DB#1198} begin transaction
11-05 11:07:30.829 21502 21711 D CouchbaseLite/DATABASE: {DB#1198} open KVS 'default'
11-05 11:07:30.830 21502 21511 D CouchbaseLite/DATABASE: {N8litecore8DataFile6SharedE#975} Remove DataFile 0xed52dec0
11-05 11:07:30.830 21502 21511 D CouchbaseLite/DATABASE: {N8litecore8DataFile6SharedE#975} Remove DataFile 0xed52dec0
11-05 11:07:30.830 21502 21511 D CouchbaseLite/DATABASE: {DB#1155} destructing (~DataFile)
11-05 11:07:30.830 21502 21511 D CouchbaseLite/DATABASE: {N8litecore8DataFile6SharedE#975} Remove DataFile 0xed52dec0
11-05 11:07:30.831 21502 21711 V CouchbaseLite/DATABASE: {DB#1198} Deleted 'doc3' rev #2-5a11cccb8e57044890ab7179ec9665a84e89b505 as seq 1
11-05 11:07:30.831 21502 21711 V CouchbaseLite/REPLICATOR: {n8litecore4repl8insertere#1197} {'doc3' #2-5a11cccb8e57044890ab7179ec9665a84e89b505 <- 1-729c498d4356eeb37ace75d7f97a1d7e66cb3798} seq 1
11-05 11:07:30.831 21502 21511 D CouchbaseLite/DATABASE: {N8litecore8DataFile6SharedE#1134} Remove DataFile 0xd3b10100
11-05 11:07:30.831 21502 21711 V CouchbaseLite/DATABASE: {DB#1198} commit transaction
11-05 11:07:30.832 21502 21715 I CouchbaseLite/REPLICATOR: {n8litecore4repl6pullere#1192} activityLevel=busy: pendingResponseCount=0, _caughtUp=0, _pendingRevMessages=0, _activeIncomingRevs=1
11-05 11:07:30.833 21502 21511 D CouchbaseLite/DATABASE: {N8litecore8DataFile6SharedE#1134} Remove DataFile 0xd3b10100
11-05 11:07:30.833 21502 21511 D CouchbaseLite/DATABASE: {DB#1156} destructing (~DataFile)
11-05 11:07:30.833 21502 21511 D CouchbaseLite/DATABASE: {N8litecore8DataFile6SharedE#1134} Remove DataFile 0xd3b10100
11-05 11:07:30.836 21502 21711 I CouchbaseLite/REPLICATOR: {n8litecore4repl8insertere#1197} Inserted 1 revs in 17.01ms ( 59/sec) of which 99.1% was commit
11-05 11:07:30.837 21502 21716 V CouchbaseLite/NETWORK: {N8litecore4blip6BLIPIOE#1190} Sending RES #4
11-05 11:07:30.837 21502 21716 V CouchbaseLite/NETWORK: {N8litecore4blip6BLIPIOE#1190} Sending frame: RES #4 ----, bytes 0--4
11-05 11:07:30.838 21502 21713 V CouchbaseLite/REPLICATOR: {n8litecore4repl6pullere#1192} progress +0/+0, 1 docs -- now 12 / 12, 1 docs
11-05 11:07:30.838 21502 21713 I CouchbaseLite/REPLICATOR: {n8litecore4repl6pullere#1192} activityLevel=busy: pendingResponseCount=0, _caughtUp=0, _pendingRevMessages=0, _activeIncomingRevs=1
11-05 11:07:30.838 21502 21713 I CouchbaseLite/REPLICATOR: {repl#1186} pushStatus=busy, pullStatus=busy, progress=12/12
11-05 11:07:30.839 21502 21714 I CouchbaseLite/REPLICATOR: {n8litecore4repl6pullere#1192} activityLevel=busy: pendingResponseCount=0, _caughtUp=0, _pendingRevMessages=0, _activeIncomingRevs=1
11-05 11:07:30.839 21502 21718 D CouchbaseLite/NETWORK: {LoopbackWS#1187} SEND: 04010080 d2e426
11-05 11:07:30.839 21502 21718 D CouchbaseLite/NETWORK: {LoopbackWS#1188} RECEIVED: 04010080 d2e426
11-05 11:07:30.840 21502 21718 V CouchbaseLite/NETWORK: {N8litecore4blip6BLIPIOE#1189} Received frame: RES #4 ----, length 5
11-05 11:07:30.840 21502 21718 V CouchbaseLite/NETWORK: {N8litecore4blip10ConnectionE#1183} Receiving RES #4
11-05 11:07:30.841 21502 21718 V CouchbaseLite/NETWORK: {N8litecore4blip10ConnectionE#1183} Finished receiving RES #4
11-05 11:07:30.841 21502 21718 V CouchbaseLite/REPLICATOR: {n8litecore4repl6pushere#1191} Completed rev doc3 #2-5a11cccb8e57044890ab7179ec9665a84e89b505 (seq #4)
11-05 11:07:30.842 21502 21716 V CouchbaseLite/NETWORK: {N8litecore4blip6BLIPIOE#1190} Finished sending RES #4
11-05 11:07:30.842 21502 21716 V CouchbaseLite/NETWORK: {N8litecore4blip6BLIPIOE#1190} ...Wrote 7 bytes to WebSocket (writeable=1)
11-05 11:07:30.844 21502 21711 V CouchbaseLite/REPLICATOR: {n8litecore4repl8insertere#1197} now busy
11-05 11:07:30.844 21502 21711 V CouchbaseLite/REPLICATOR: {n8litecore4repl8insertere#1197} Inserting 1 revs:
11-05 11:07:30.845 21502 21711 V CouchbaseLite/DATABASE: {DB#1198} begin transaction
11-05 11:07:30.845 21502 21713 V CouchbaseLite/REPLICATOR: {repl#1186} progress +0/+0, 1 docs -- now 12 / 12, 1 docs
11-05 11:07:30.846 21502 21718 D CouchbaseLite/REPLICATOR: {n8litecore4repl6pushere#1191} Done pushing 'doc3' 2-5a11cccb8e57044890ab7179ec9665a84e89b505
11-05 11:07:30.846 21502 21718 V CouchbaseLite/REPLICATOR: {n8litecore4repl6pushere#1191} progress +66/+0, 1 docs -- now 66 / 208, 1 docs
11-05 11:07:30.846 21502 21718 I CouchbaseLite/REPLICATOR: {n8litecore4repl6pushere#1191} activityLevel=busy: pendingResponseCount=1, caughtUp=1, changeLists=0, revsInFlight=0, blobsInFlight=0, awaitingReply=241, revsToSend=0, pushingDocs=1, pendingSequences=1
11-05 11:07:30.847 21502 21711 V CouchbaseLite/DATABASE: {DB#1198} Saved 'doc1' rev #1-184f56cf9a9a7168cc048108bf1170d236cde367 as seq 2
11-05 11:07:30.847 21502 21711 V CouchbaseLite/REPLICATOR: {n8litecore4repl8insertere#1197} {'doc1' #1-184f56cf9a9a7168cc048108bf1170d236cde367 <- } seq 2
11-05 11:07:30.847 21502 21713 I CouchbaseLite/REPLICATOR: {repl#1186} activityLevel=busy: connectionState=2
11-05 11:07:30.848 21502 21713 I CouchbaseLite/REPLICATOR: {repl#1186} pushStatus=busy, pullStatus=busy, progress=12/12
11-05 11:07:30.848 21502 21713 I CouchbaseLite/REPLICATOR: {repl#1186} activityLevel=busy: connectionState=2
11-05 11:07:30.848 21502 21715 I CouchbaseLite/REPLICATOR: {n8litecore4repl6pullere#1192} activityLevel=busy: pendingResponseCount=0, _caughtUp=0, _pendingRevMessages=0, _activeIncomingRevs=0
11-05 11:07:30.849 21502 21718 I CouchbaseLite/REPLICATOR: {Repl#1184} pushStatus=busy, pullStatus=stopped, progress=66/208
11-05 11:07:30.849 21502 21718 V CouchbaseLite/REPLICATOR: {Repl#1184} progress +66/+0, 1 docs -- now 66 / 208, 1 docs
11-05 11:07:30.849 21502 21718 I CouchbaseLite/REPLICATOR: {Repl#1184} activityLevel=busy: connectionState=2
11-05 11:07:30.850 21502 21711 V CouchbaseLite/DATABASE: {DB#1198} KeyStore(info) set SharedKeys
11-05 11:07:30.850 21502 21711 V CouchbaseLite/DATABASE: {DB#1198} commit transaction
11-05 11:07:30.851 21502 21711 I CouchbaseLite/REPLICATOR: {n8litecore4repl8insertere#1197} Inserted 1 revs in 6.43ms ( 156/sec) of which 98.9% was commit
11-05 11:07:30.851 21502 21711 V CouchbaseLite/REPLICATOR: {n8litecore4repl8insertere#1197} now idle
11-05 11:07:30.852 21502 21711 I CouchbaseLite/REPLICATOR: {repl#1186} pushStatus=busy, pullStatus=busy, progress=12/12
11-05 11:07:30.852 21502 21711 I CouchbaseLite/REPLICATOR: {repl#1186} activityLevel=busy: connectionState=2
11-05 11:07:30.853 21502 21716 V CouchbaseLite/NETWORK: {N8litecore4blip6BLIPIOE#1190} Sending RES #3
11-05 11:07:30.853 21502 21714 V CouchbaseLite/REPLICATOR: {n8litecore4repl6pullere#1192} progress +0/+0, 1 docs -- now 12 / 12, 2 docs
11-05 11:07:30.854 21502 21714 I CouchbaseLite/REPLICATOR: {n8litecore4repl6pullere#1192} activityLevel=busy: pendingResponseCount=0, _caughtUp=0, _pendingRevMessages=0, _activeIncomingRevs=0
11-05 11:07:30.854 21502 21714 I CouchbaseLite/REPLICATOR: {repl#1186} pushStatus=busy, pullStatus=busy, progress=12/12
11-05 11:07:30.855 21502 21714 V CouchbaseLite/REPLICATOR: {repl#1186} progress +0/+0, 1 docs -- now 12 / 12, 2 docs
11-05 11:07:30.855 21502 21714 I CouchbaseLite/REPLICATOR: {repl#1186} activityLevel=busy: connectionState=2
11-05 11:07:30.855 21502 21714 D CouchbaseLite/REPLICATOR: {n8litecore4repl11incomingreve#1194} destructing (0xe4938b00); actorName='inc<-file:////data/user/0/com.couchbase.lite.test/files/CBLTestDb/otherdb.cblite2/'
11-05 11:07:30.856 21502 21714 D CouchbaseLite/REPLICATOR: {n8litecore4repl11incomingreve#1196} destructing (0xe75b1b40); actorName='inc<-file:////data/user/0/com.couchbase.lite.test/files/CBLTestDb/otherdb.cblite2/'
11-05 11:07:30.856 21502 21714 I CouchbaseLite/REPLICATOR: {n8litecore4repl6pullere#1192} activityLevel=idle: pendingResponseCount=0, _caughtUp=0, _pendingRevMessages=0, _activeIncomingRevs=0
11-05 11:07:30.857 21502 21714 V CouchbaseLite/REPLICATOR: {n8litecore4repl6pullere#1192} now idle
11-05 11:07:30.857 21502 21714 I CouchbaseLite/REPLICATOR: {repl#1186} pushStatus=busy, pullStatus=idle, progress=12/12
11-05 11:07:30.858 21502 21714 I CouchbaseLite/REPLICATOR: {repl#1186} activityLevel=busy: connectionState=2
11-05 11:07:30.858 21502 21716 V CouchbaseLite/NETWORK: {N8litecore4blip6BLIPIOE#1190} Sending frame: RES #3 ----, bytes 0--4
11-05 11:07:30.859 21502 21716 V CouchbaseLite/NETWORK: {N8litecore4blip6BLIPIOE#1190} Finished sending RES #3
11-05 11:07:30.859 21502 21716 V CouchbaseLite/NETWORK: {N8litecore4blip6BLIPIOE#1190} ...Wrote 7 bytes to WebSocket (writeable=1)
11-05 11:07:30.859 21502 21712 D CouchbaseLite/NETWORK: {LoopbackWS#1187} SEND: 03010000 8fb894
11-05 11:07:30.860 21502 21712 D CouchbaseLite/NETWORK: {LoopbackWS#1188} RECEIVED: 03010000 8fb894
11-05 11:07:30.860 21502 21715 V CouchbaseLite/NETWORK: {N8litecore4blip6BLIPIOE#1189} Received frame: RES #3 ----, length 5
11-05 11:07:30.861 21502 21715 V CouchbaseLite/NETWORK: {N8litecore4blip10ConnectionE#1183} Receiving RES #3
11-05 11:07:30.861 21502 21715 V CouchbaseLite/NETWORK: {N8litecore4blip10ConnectionE#1183} Finished receiving RES #3
11-05 11:07:30.862 21502 21715 V CouchbaseLite/REPLICATOR: {n8litecore4repl6pushere#1191} Completed rev doc1 #1-184f56cf9a9a7168cc048108bf1170d236cde367 (seq #1)
11-05 11:07:30.862 21502 21715 V CouchbaseLite/REPLICATOR: {n8litecore4repl6pushere#1191} Checkpoint now at #4
11-05 11:07:30.862 21502 21722 D CouchbaseLite/DATABASE: {N8litecore8DataFile6SharedE#975} adding DataFile 0xd2a6fe00
11-05 11:07:30.863 21502 21715 D CouchbaseLite/REPLICATOR: {n8litecore4repl6pushere#1191} Done pushing 'doc1' 1-184f56cf9a9a7168cc048108bf1170d236cde367
11-05 11:07:30.863 21502 21715 V CouchbaseLite/REPLICATOR: {n8litecore4repl6pushere#1191} progress +142/+0, 1 docs -- now 208 / 208, 2 docs
11-05 11:07:30.863 21502 21715 I CouchbaseLite/REPLICATOR: {n8litecore4repl6pushere#1191} activityLevel=idle: pendingResponseCount=0, caughtUp=1, changeLists=0, revsInFlight=0, blobsInFlight=0, awaitingReply=0, revsToSend=0, pushingDocs=0, pendingSequences=0
11-05 11:07:30.864 21502 21715 V CouchbaseLite/REPLICATOR: {n8litecore4repl6pushere#1191} now idle
11-05 11:07:30.864 21502 21715 I CouchbaseLite/REPLICATOR: {Repl#1184} pushStatus=idle, pullStatus=stopped, progress=208/208
11-05 11:07:30.864 21502 21715 V CouchbaseLite/REPLICATOR: {Repl#1184} progress +142/+0, 1 docs -- now 208 / 208, 2 docs
11-05 11:07:30.865 21502 21715 I CouchbaseLite/REPLICATOR: {Repl#1184} activityLevel=busy: connectionState=2
11-05 11:07:30.865 21502 21713 V CouchbaseLite/REPLICATOR: {Repl#1184} Saving remote checkpoint cp-3pUk55+vT/4d0+hdBYxzSdUSDZc= with rev='': {"local":4} ...
11-05 11:07:30.865 21502 21722 I CouchbaseLite/DATABASE: {DB#1199}==> N8litecore14SQLiteDataFileE /data/user/0/com.couchbase.lite.test/files/CBLTestDb/testdb.cblite2/db.sqlite3 @0xd2a6fe00
11-05 11:07:30.866 21502 21722 I CouchbaseLite/DATABASE: {DB#1199} Opening database
11-05 11:07:30.868 21502 21711 I CouchbaseLite/REPLICATOR: {repl#1186} activityLevel=busy: connectionState=2
11-05 11:07:30.869 21502 21713 I CouchbaseLite/REPLICATOR: {Repl#1184} activityLevel=busy: connectionState=2
11-05 11:07:30.869 21502 21715 V CouchbaseLite/NETWORK: {N8litecore4blip6BLIPIOE#1189} Sending 'setCheckpoint' REQ #5
11-05 11:07:30.870 21502 21722 D CouchbaseLite/DATABASE: {DB#1199} open KVS 'info'
11-05 11:07:30.870 21502 21715 V CouchbaseLite/NETWORK: {N8litecore4blip6BLIPIOE#1189} Sending frame: REQ #5 ----, bytes 0--81
11-05 11:07:30.871 21502 21717 I CouchbaseLite/REPLICATOR: {Repl#1184} activityLevel=busy: connectionState=2
11-05 11:07:30.871 21502 21715 V CouchbaseLite/NETWORK: {N8litecore4blip6BLIPIOE#1189} Finished sending REQ #5
11-05 11:07:30.871 21502 21717 D CouchbaseLite/NETWORK: {LoopbackWS#1188} SEND: 05004250 726f6669 6c650073 65744368 65636b70 6f696e74 00636c69 656e7400
11-05 11:07:30.871 21502 21717 D CouchbaseLite/NETWORK: 63702d33 70556b35 352b7654 2f346430 2b686442 59787a53 64555344 5a633d00... [84]
11-05 11:07:30.872 21502 21717 D CouchbaseLite/NETWORK: {LoopbackWS#1187} RECEIVED: 05004250 726f6669 6c650073 65744368 65636b70 6f696e74 00636c69 656e7400
11-05 11:07:30.872 21502 21717 D CouchbaseLite/NETWORK: 63702d33 70556b35 352b7654 2f346430 2b686442 59787a53 64555344 5a633d00... [84]
11-05 11:07:30.873 21502 21722 V CouchbaseLite/DATABASE: {DB#1199} begin transaction
11-05 11:07:30.873 21502 21717 V CouchbaseLite/NETWORK: {N8litecore4blip6BLIPIOE#1190} Received frame: REQ #5 ----, length 82
11-05 11:07:30.874 21502 21717 V CouchbaseLite/NETWORK: {N8litecore4blip10ConnectionE#1185} Receiving 'setCheckpoint' REQ #5
11-05 11:07:30.874 21502 21717 V CouchbaseLite/NETWORK: {N8litecore4blip10ConnectionE#1185} Finished receiving 'setCheckpoint' REQ #5
11-05 11:07:30.875 21502 21714 V CouchbaseLite/DATABASE: {DB#1182} begin transaction
11-05 11:07:30.876 21502 21722 D CouchbaseLite/REPLICATOR: {N8litecore4repl8DBAccessE#1200}==> N8litecore4repl8DBAccessE 0xe495f050 @0xe495f050
11-05 11:07:30.876 21502 21722 D CouchbaseLite/REPLICATOR: {N8litecore4repl8DBAccessE#1200} Marking rev 'doc3' 2-5a11cccb8e57044890ab7179ec9665a84e89b505 (#4) as synced to remote db 1
11-05 11:07:30.876 21502 21714 I CouchbaseLite/REPLICATOR: {repl#1186} Request to set checkpoint 'cp-3pUk55+vT/4d0+hdBYxzSdUSDZc='
11-05 11:07:30.877 21502 21715 V CouchbaseLite/NETWORK: {N8litecore4blip6BLIPIOE#1189} ...Wrote 84 bytes to WebSocket (writeable=1)
11-05 11:07:30.878 21502 21722 D CouchbaseLite/DATABASE: {DB#1199} open KVS 'default'
11-05 11:07:30.878 21502 21714 V CouchbaseLite/DATABASE: {DB#1182} KeyStore(peerCheckpoints) set cp-3pUk55+vT/4d0+hdBYxzSdUSDZc=
11-05 11:07:30.879 21502 21714 V CouchbaseLite/DATABASE: {DB#1182} commit transaction
11-05 11:07:30.879 21502 21722 V CouchbaseLite/DATABASE: {DB#1199} commit transaction
11-05 11:07:30.880 21502 21722 V CouchbaseLite/REPLICATOR: {N8litecore4repl8DBAccessE#1200} Marked 1 revs as synced-to-server in 17.90ms (56/sec)
11-05 11:07:30.880 21502 21714 I CouchbaseLite/REPLICATOR: {repl#1186} activityLevel=busy: connectionState=2
11-05 11:07:30.881 21502 21714 V CouchbaseLite/NETWORK: {N8litecore4blip6BLIPIOE#1190} Sending RES #5
11-05 11:07:30.881 21502 21714 V CouchbaseLite/NETWORK: {N8litecore4blip6BLIPIOE#1190} Sending frame: RES #5 ----, bytes 0--13
11-05 11:07:30.882 21502 21716 D CouchbaseLite/NETWORK: {LoopbackWS#1187} SEND: 05010972 65760031 2d636300 adc69589
11-05 11:07:30.882 21502 21713 D CouchbaseLite/REPLICATOR: statusChangedCallback() handle: 3532636064, status: C4ReplicatorStatus{level=4, completed=208, total=208, #docs=2, domain=0, code=0, info=0}
11-05 11:07:30.882 21502 21716 D CouchbaseLite/NETWORK: {LoopbackWS#1188} RECEIVED: 05010972 65760031 2d636300 adc69589
11-05 11:07:30.882 21502 21713 I CouchbaseLite/REPLICATOR: C4ReplicatorListener.statusChanged, context: Replicator{@e7080ef,*>,Database{@f00aed0, name='testdb'},DatabaseEndpoint{database=Database{@d6dfec9, name='otherdb'}}], status: C4ReplicatorStatus{level=4, completed=208, total=208, #docs=2, domain=0, code=0, info=0}
11-05 11:07:30.883 21502 21716 V CouchbaseLite/NETWORK: {N8litecore4blip6BLIPIOE#1189} Received frame: RES #5 ----, length 14
11-05 11:07:30.883 21502 21716 V CouchbaseLite/NETWORK: {N8litecore4blip10ConnectionE#1183} Receiving RES #5
11-05 11:07:30.884 21502 21713 I CouchbaseLite/REPLICATOR: {Repl#1184} activityLevel=busy: connectionState=2
11-05 11:07:30.884 21502 21716 V CouchbaseLite/NETWORK: {N8litecore4blip10ConnectionE#1183} Finished receiving RES #5
11-05 11:07:30.884 21502 21655 I CouchbaseLite/REPLICATOR: Replicator{@e7080ef,*>,Database{@f00aed0, name='testdb'},DatabaseEndpoint{database=Database{@d6dfec9, name='otherdb'}}]: status changed: (0, 0) @C4ReplicatorStatus{level=4, completed=208, total=208, #docs=2, domain=0, code=0, info=0}
11-05 11:07:30.884 21502 21716 I CouchbaseLite/REPLICATOR: {Repl#1184} Saved remote checkpoint cp-3pUk55+vT/4d0+hdBYxzSdUSDZc= as rev='1-cc'
11-05 11:07:30.885 21502 21655 I CouchbaseLite/REPLICATOR: Replicator{@e7080ef,*>,Database{@f00aed0, name='testdb'},DatabaseEndpoint{database=Database{@d6dfec9, name='otherdb'}}] is busy, progress 208/208, error: null
11-05 11:07:30.885 21502 21714 V CouchbaseLite/NETWORK: {N8litecore4blip6BLIPIOE#1190} Finished sending RES #5
11-05 11:07:30.886 21502 21714 V CouchbaseLite/NETWORK: {N8litecore4blip6BLIPIOE#1190} ...Wrote 16 bytes to WebSocket (writeable=1)
11-05 11:07:30.886 21502 21722 V CouchbaseLite/DATABASE: {DB#1199} begin transaction
11-05 11:07:30.888 21502 21722 D CouchbaseLite/REPLICATOR: {N8litecore4repl8DBAccessE#1200} Marking rev 'doc1' 1-184f56cf9a9a7168cc048108bf1170d236cde367 (#1) as synced to remote db 1
11-05 11:07:30.888 21502 21722 V CouchbaseLite/DATABASE: {DB#1199} commit transaction
11-05 11:07:30.889 21502 21722 V CouchbaseLite/REPLICATOR: {N8litecore4repl8DBAccessE#1200} Marked 1 revs as synced-to-server in 5.93ms (169/sec)
11-05 11:07:30.890 21502 21716 V CouchbaseLite/DATABASE: {DB#1181} begin transaction
11-05 11:07:30.892 21502 21716 V CouchbaseLite/DATABASE: {DB#1181} KeyStore(checkpoints) set cp-3pUk55+vT/4d0+hdBYxzSdUSDZc=
11-05 11:07:30.892 21502 21716 V CouchbaseLite/DATABASE: {DB#1181} commit transaction
11-05 11:07:30.894 21502 21716 I CouchbaseLite/REPLICATOR: {Repl#1184} Saved local checkpoint cp-3pUk55+vT/4d0+hdBYxzSdUSDZc= to db
11-05 11:07:30.894 21502 21716 I CouchbaseLite/REPLICATOR: {Repl#1184} activityLevel=idle: connectionState=2
11-05 11:07:30.894 21502 21716 I CouchbaseLite/REPLICATOR: {Repl#1184} now idle
11-05 11:07:30.895 21502 21716 D CouchbaseLite/REPLICATOR: statusChangedCallback() handle: 3532636064, status: C4ReplicatorStatus{level=3, completed=208, total=208, #docs=2, domain=0, code=0, info=0}
11-05 11:07:30.895 21502 21716 I CouchbaseLite/REPLICATOR: C4ReplicatorListener.statusChanged, context: Replicator{@e7080ef,*>,Database{@f00aed0, name='testdb'},DatabaseEndpoint{database=Database{@d6dfec9, name='otherdb'}}], status: C4ReplicatorStatus{level=3, completed=208, total=208, #docs=2, domain=0, code=0, info=0}
11-05 11:07:30.897 21502 21699 I CouchbaseLite/REPLICATOR: Replicator{@e7080ef,*>,Database{@f00aed0, name='testdb'},DatabaseEndpoint{database=Database{@d6dfec9, name='otherdb'}}]: status changed: (0, 0) @C4ReplicatorStatus{level=3, completed=208, total=208, #docs=2, domain=0, code=0, info=0}
11-05 11:07:30.897 21502 21699 I CouchbaseLite/REPLICATOR: Replicator{@e7080ef,*>,Database{@f00aed0, name='testdb'},DatabaseEndpoint{database=Database{@d6dfec9, name='otherdb'}}] is idle, progress 208/208, error: null
11-05 11:07:30.911 21502 21519 I CouchbaseLite/REPLICATOR: Replicator{@e7080ef,*>,Database{@f00aed0, name='testdb'},DatabaseEndpoint{database=Database{@d6dfec9, name='otherdb'}}]: Replicator is stopping ...
11-05 11:07:30.914 21502 21715 I CouchbaseLite/REPLICATOR: {Repl#1184} Told to stop!
11-05 11:07:30.915 21502 21715 I CouchbaseLite/NETWORK: {N8litecore4blip10ConnectionE#1183} Closing with code 1000, msg ''
11-05 11:07:30.915 21502 21715 I CouchbaseLite/REPLICATOR: {Repl#1184} activityLevel=busy: connectionState=3
11-05 11:07:30.915 21502 21715 I CouchbaseLite/REPLICATOR: {Repl#1184} now busy
11-05 11:07:30.916 21502 21715 D CouchbaseLite/REPLICATOR: statusChangedCallback() handle: 3532636064, status: C4ReplicatorStatus{level=4, completed=208, total=208, #docs=2, domain=0, code=0, info=0}
11-05 11:07:30.917 21502 21715 I CouchbaseLite/REPLICATOR: C4ReplicatorListener.statusChanged, context: Replicator{@e7080ef,*>,Database{@f00aed0, name='testdb'},DatabaseEndpoint{database=Database{@d6dfec9, name='otherdb'}}], status: C4ReplicatorStatus{level=4, completed=208, total=208, #docs=2, domain=0, code=0, info=0}
11-05 11:07:30.919 21502 21655 I CouchbaseLite/REPLICATOR: Replicator{@e7080ef,*>,Database{@f00aed0, name='testdb'},DatabaseEndpoint{database=Database{@d6dfec9, name='otherdb'}}]: status changed: (0, 0) @C4ReplicatorStatus{level=4, completed=208, total=208, #docs=2, domain=0, code=0, info=0}
11-05 11:07:30.919 21502 21711 I CouchbaseLite/NETWORK: {LoopbackWS#1188} CLOSE; status=1000
11-05 11:07:30.919 21502 21655 I CouchbaseLite/REPLICATOR: Replicator{@e7080ef,*>,Database{@f00aed0, name='testdb'},DatabaseEndpoint{database=Database{@d6dfec9, name='otherdb'}}] is busy, progress 208/208, error: null
11-05 11:07:30.920 21502 21711 I CouchbaseLite/NETWORK: {LoopbackWS#1188} CLOSED with WebSocket status 1000:
11-05 11:07:30.921 21502 21712 I CouchbaseLite/NETWORK: {LoopbackWS#1187} CLOSED with WebSocket status 1000:
11-05 11:07:30.922 21502 21712 I CouchbaseLite/NETWORK: {N8litecore4blip10ConnectionE#1185} Closed with WebSocket status 1000:
11-05 11:07:30.923 21502 21714 I CouchbaseLite/REPLICATOR: {repl#1186} Connection closed with WebSocket status 1000: "" (state=2)
11-05 11:07:30.924 21502 21714 D CouchbaseLite/REPLICATOR: {repl#1186} connectionClosed
11-05 11:07:30.925 21502 21711 I CouchbaseLite/NETWORK: {N8litecore4blip10ConnectionE#1183} Closed with WebSocket status 1000:
11-05 11:07:30.926 21502 21711 D CouchbaseLite/REPLICATOR: {n8litecore4repl6pullere#1192} connectionClosed
11-05 11:07:30.927 21502 21711 I CouchbaseLite/REPLICATOR: {n8litecore4repl6pullere#1192} activityLevel=stopped: pendingResponseCount=0, _caughtUp=0, _pendingRevMessages=0, _activeIncomingRevs=0
11-05 11:07:30.928 21502 21711 V CouchbaseLite/REPLICATOR: {n8litecore4repl6pullere#1192} now stopped
11-05 11:07:30.929 21502 21711 I CouchbaseLite/REPLICATOR: {Repl#1184} Connection closed with WebSocket status 1000: "" (state=3)
11-05 11:07:30.931 21502 21716 D CouchbaseLite/REPLICATOR: {n8litecore4repl6pushere#1201}==> N8litecore4repl6PusherE <-file:////data/user/0/com.couchbase.lite.test/files/CBLTestDb/otherdb.cblite2/ @0xd3b3ac08
11-05 11:07:30.932 21502 21716 D CouchbaseLite/REPLICATOR: {n8litecore4repl6pushere#1201} connectionClosed
11-05 11:07:30.932 21502 21716 I CouchbaseLite/REPLICATOR: {n8litecore4repl6pushere#1201} activityLevel=stopped: pendingResponseCount=0, caughtUp=0, changeLists=0, revsInFlight=0, blobsInFlight=0, awaitingReply=0, revsToSend=0, pushingDocs=0, pendingSequences=0
11-05 11:07:30.933 21502 21716 V CouchbaseLite/REPLICATOR: {n8litecore4repl6pushere#1201} now stopped
11-05 11:07:30.934 21502 21714 I CouchbaseLite/REPLICATOR: {repl#1186} activityLevel=stopped: connectionState=0
11-05 11:07:30.934 21502 21714 I CouchbaseLite/REPLICATOR: {repl#1186} now stopped
11-05 11:07:30.935 21502 21714 D CouchbaseLite/REPLICATOR: {n8litecore4repl6pushere#1201} destructing (0xd3b3abc0); actorName='Push<-file:////data/user/0/com.couchbase.lite.test/files/CBLTestDb/otherdb.cblite2/'
11-05 11:07:30.935 21502 21714 D CouchbaseLite/REPLICATOR: {n8litecore4repl9revfindere#1193} destructing (0xd3ba9900); actorName='RevFinder<-file:////data/user/0/com.couchbase.lite.test/files/CBLTestDb/otherdb.cblite2/'
11-05 11:07:30.936 21502 21714 D CouchbaseLite/REPLICATOR: {n8litecore4repl8insertere#1197} destructing (0xe5b96d00); actorName='Insert<-file:////data/user/0/com.couchbase.lite.test/files/CBLTestDb/otherdb.cblite2/'
11-05 11:07:30.936 21502 21714 D CouchbaseLite/NETWORK: {N8litecore4blip10ConnectionE#1185} ~Connection
11-05 11:07:30.937 21502 21714 I CouchbaseLite/REPLICATOR: BLIP sent 6 msgs (190 bytes), rcvd 5 msgs (562 bytes) in 0.291 sec. Max outbox depth was 1, avg 1.00
11-05 11:07:30.938 21502 21714 D CouchbaseLite/REPLICATOR: {n8litecore4repl6pullere#1192} destructing (0xe56cd200); actorName='Pull<-file:////data/user/0/com.couchbase.lite.test/files/CBLTestDb/otherdb.cblite2/'
11-05 11:07:30.939 21502 21714 V CouchbaseLite/DATABASE: {DB#1182} Pre-close housekeeping: 0 of 8 pages free (0%)
11-05 11:07:30.941 21502 21714 V CouchbaseLite/DATABASE: {DB#1182} Closed SQLite database
11-05 11:07:30.941 21502 21714 D CouchbaseLite/DATABASE: {N8litecore8DataFile6SharedE#1134} Remove DataFile 0xd2888d40
11-05 11:07:30.942 21502 21714 I CouchbaseLite/DATABASE: {DB#1182} Closing database
11-05 11:07:30.942 21502 21714 D CouchbaseLite/DATABASE: {N8litecore8DataFile6SharedE#1134} Remove DataFile 0xd2888d40
11-05 11:07:30.942 21502 21714 D CouchbaseLite/DATABASE: {DB#1182} destructing (~DataFile)
11-05 11:07:30.943 21502 21714 D CouchbaseLite/DATABASE: {N8litecore8DataFile6SharedE#1134} Remove DataFile 0xd2888d40
11-05 11:07:30.944 21502 21714 V CouchbaseLite/DATABASE: {DB#1198} Pre-close housekeeping: 0 of 8 pages free (0%)
11-05 11:07:30.945 21502 21714 V CouchbaseLite/DATABASE: {DB#1198} Closed SQLite database
11-05 11:07:30.946 21502 21714 D CouchbaseLite/DATABASE: {N8litecore8DataFile6SharedE#1134} Remove DataFile 0xd2bf9fe0
11-05 11:07:30.946 21502 21714 I CouchbaseLite/DATABASE: {DB#1198} Closing database
11-05 11:07:30.947 21502 21714 D CouchbaseLite/DATABASE: {N8litecore8DataFile6SharedE#1134} Remove DataFile 0xd2bf9fe0
11-05 11:07:30.947 21502 21714 D CouchbaseLite/DATABASE: {DB#1198} destructing (~DataFile)
11-05 11:07:30.947 21502 21714 D CouchbaseLite/DATABASE: {N8litecore8DataFile6SharedE#1134} Remove DataFile 0xd2bf9fe0
11-05 11:07:30.949 21502 21711 D CouchbaseLite/REPLICATOR: {Repl#1184} connectionClosed
11-05 11:07:30.950 21502 21711 I CouchbaseLite/REPLICATOR: {Repl#1184} activityLevel=stopped: connectionState=0
11-05 11:07:30.950 21502 21711 I CouchbaseLite/REPLICATOR: {Repl#1184} now stopped
11-05 11:07:30.951 21502 21713 D CouchbaseLite/REPLICATOR: {n8litecore4repl6pushere#1191} connectionClosed
11-05 11:07:30.951 21502 21711 D CouchbaseLite/REPLICATOR: statusChangedCallback() handle: 3532636064, status: C4ReplicatorStatus{level=0, completed=208, total=208, #docs=2, domain=0, code=0, info=0}
11-05 11:07:30.951 21502 21713 D CouchbaseLite/NETWORK: {N8litecore4blip10ConnectionE#1183} ~Connection
11-05 11:07:30.952 21502 21711 I CouchbaseLite/REPLICATOR: C4ReplicatorListener.statusChanged, context: Replicator{@e7080ef,*>,Database{@f00aed0, name='testdb'},DatabaseEndpoint{database=Database{@d6dfec9, name='otherdb'}}], status: C4ReplicatorStatus{level=0, completed=208, total=208, #docs=2, domain=0, code=0, info=0}
11-05 11:07:30.952 21502 21713 I CouchbaseLite/REPLICATOR: BLIP sent 6 msgs (562 bytes), rcvd 1 msgs (190 bytes) in 0.303 sec. Max outbox depth was 1, avg 1.00
11-05 11:07:30.952 21502 21713 I CouchbaseLite/REPLICATOR: {n8litecore4repl6pushere#1191} activityLevel=stopped: pendingResponseCount=0, caughtUp=1, changeLists=0, revsInFlight=0, blobsInFlight=0, awaitingReply=0, revsToSend=0, pushingDocs=0, pendingSequences=0
11-05 11:07:30.953 21502 21713 V CouchbaseLite/REPLICATOR: {n8litecore4repl6pushere#1191} now stopped
11-05 11:07:30.953 21502 21713 D CouchbaseLite/REPLICATOR: {n8litecore4repl6pushere#1191} destructing (0xd3b381c0); actorName='Push->file:////data/user/0/com.couchbase.lite.test/files/CBLTestDb/testdb.cblite2/'
11-05 11:07:30.953 21502 21700 I CouchbaseLite/REPLICATOR: Replicator{@e7080ef,*>,Database{@f00aed0, name='testdb'},DatabaseEndpoint{database=Database{@d6dfec9, name='otherdb'}}]: status changed: (0, 0) @C4ReplicatorStatus{level=0, completed=208, total=208, #docs=2, domain=0, code=0, info=0}
11-05 11:07:30.954 21502 21700 I CouchbaseLite/REPLICATOR: Replicator{@e7080ef,*>,Database{@f00aed0, name='testdb'},DatabaseEndpoint{database=Database{@d6dfec9, name='otherdb'}}] is stopped, progress 208/208, error: null
11-05 11:07:30.955 21502 21700 D CouchbaseLite/REPLICATOR: {repl#1186} destructing (0xd1c98c00); actorName='Repl<-file:////data/user/0/com.couchbase.lite.test/files/CBLTestDb/otherdb.cblite2/'
11-05 11:07:30.955 21502 21713 V CouchbaseLite/DATABASE: {DB#1181} Pre-close housekeeping: 0 of 9 pages free (0%)
11-05 11:07:30.956 21502 21700 D CouchbaseLite/REPLICATOR: {Repl#1184} destructing (0xd1c98200); actorName='Repl->file:////data/user/0/com.couchbase.lite.test/files/CBLTestDb/testdb.cblite2/'
11-05 11:07:30.957 21502 21713 V CouchbaseLite/DATABASE: {DB#1181} Closed SQLite database
11-05 11:07:30.957 21502 21713 D CouchbaseLite/DATABASE: {N8litecore8DataFile6SharedE#975} Remove DataFile 0xd3b0fc00
11-05 11:07:30.958 21502 21713 I CouchbaseLite/DATABASE: {DB#1181} Closing database
11-05 11:07:30.958 21502 21713 D CouchbaseLite/DATABASE: {N8litecore8DataFile6SharedE#975} Remove DataFile 0xd3b0fc00
11-05 11:07:30.958 21502 21713 D CouchbaseLite/DATABASE: {DB#1181} destructing (~DataFile)
11-05 11:07:30.959 21502 21713 D CouchbaseLite/DATABASE: {N8litecore8DataFile6SharedE#975} Remove DataFile 0xd3b0fc00
11-05 11:07:30.960 21502 21519 I CouchbaseLite/DATABASE: Closing Database{@f00aed0, name='testdb'} at path /data/user/0/com.couchbase.lite.test/files/CBLTestDb/testdb.cblite2/
11-05 11:07:30.960 21502 21713 V CouchbaseLite/DATABASE: {DB#1199} Pre-close housekeeping: 0 of 9 pages free (0%)
11-05 11:07:30.963 21502 21713 V CouchbaseLite/DATABASE: {DB#1199} Closed SQLite database
11-05 11:07:30.963 21502 21713 D CouchbaseLite/DATABASE: {N8litecore8DataFile6SharedE#975} Remove DataFile 0xd2a6fe00
11-05 11:07:30.963 21502 21713 I CouchbaseLite/DATABASE: {DB#1199} Closing database
11-05 11:07:30.964 21502 21713 D CouchbaseLite/DATABASE: {N8litecore8DataFile6SharedE#975} Remove DataFile 0xd2a6fe00
11-05 11:07:30.964 21502 21713 D CouchbaseLite/DATABASE: {DB#1199} destructing (~DataFile)
11-05 11:07:30.964 21502 21713 D CouchbaseLite/DATABASE: {N8litecore8DataFile6SharedE#975} Remove DataFile 0xd2a6fe00
11-05 11:07:30.965 21502 21519 V CouchbaseLite/DATABASE: {DB#1179} Pre-close housekeeping: 0 of 9 pages free (0%)
11-05 11:07:30.991 21502 21519 V CouchbaseLite/DATABASE: {DB#1179} Closed SQLite database
11-05 11:07:30.992 21502 21519 D CouchbaseLite/DATABASE: {N8litecore8DataFile6SharedE#975} Remove DataFile 0xe5b074c0
11-05 11:07:30.992 21502 21519 I CouchbaseLite/DATABASE: {DB#1179} Closing database
11-05 11:07:30.994 21502 21519 I CouchbaseLite/DATABASE: delete(): path=/data/user/0/com.couchbase.lite.test/files/CBLTestDb/testdb.cblite2
11-05 11:07:30.995 21502 21519 D CouchbaseLite/DATABASE: {N8litecore8DataFile6SharedE#975} adding DataFile 0x0
11-05 11:07:30.995 21502 21519 V CouchbaseLite/DATABASE: Preparing to delete DataFile /data/data/com.couchbase.lite.test/files/CBLTestDb/testdb.cblite2/db.sqlite3
11-05 11:07:30.995 21502 21519 I CouchbaseLite/DATABASE: Deleting database file /data/data/com.couchbase.lite.test/files/CBLTestDb/testdb.cblite2/db.sqlite3 (with -wal and -shm)
11-05 11:07:30.996 21502 21519 D CouchbaseLite/DATABASE: ...finished deleting database file /data/data/com.couchbase.lite.test/files/CBLTestDb/testdb.cblite2/db.sqlite3 (with -wal and -shm)
11-05 11:07:30.997 21502 21519 V CouchbaseLite/Test: testdb was deleted successfully.
11-05 11:07:30.999 21502 21519 I CouchbaseLite/DATABASE: Closing Database{@d6dfec9, name='otherdb'} at path /data/user/0/com.couchbase.lite.test/files/CBLTestDb/otherdb.cblite2/
11-05 11:07:31.000 21502 21519 V CouchbaseLite/DATABASE: {DB#1180} Pre-close housekeeping: 0 of 8 pages free (0%)
11-05 11:07:31.008 21502 21519 V CouchbaseLite/DATABASE: {DB#1180} Closed SQLite database
11-05 11:07:31.008 21502 21519 D CouchbaseLite/DATABASE: {N8litecore8DataFile6SharedE#1134} Remove DataFile 0xd3b0d900
11-05 11:07:31.008 21502 21519 I CouchbaseLite/DATABASE: {DB#1180} Closing database
11-05 11:07:31.009 21502 21519 I CouchbaseLite/DATABASE: delete(): path=/data/user/0/com.couchbase.lite.test/files/CBLTestDb/otherdb.cblite2
11-05 11:07:31.010 21502 21519 D CouchbaseLite/DATABASE: {N8litecore8DataFile6SharedE#1134} adding DataFile 0x0
11-05 11:07:31.010 21502 21519 V CouchbaseLite/DATABASE: Preparing to delete DataFile /data/data/com.couchbase.lite.test/files/CBLTestDb/otherdb.cblite2/db.sqlite3
11-05 11:07:31.010 21502 21519 I CouchbaseLite/DATABASE: Deleting database file /data/data/com.couchbase.lite.test/files/CBLTestDb/otherdb.cblite2/db.sqlite3 (with -wal and -shm)
11-05 11:07:31.011 21502 21519 D CouchbaseLite/DATABASE: ...finished deleting database file /data/data/com.couchbase.lite.test/files/CBLTestDb/otherdb.cblite2/db.sqlite3 (with -wal and -shm)
11-05 11:07:31.012 21502 21519 V CouchbaseLite/Test: otherdb was deleted successfully.
11-05 11:07:31.012 21502 21519 V CouchbaseLite/Test: testdb was closed successfully.
11-05 11:07:31.040 21502 21511 D CouchbaseLite/DATABASE: {N8litecore8DataFile6SharedE#1134} Remove DataFile 0xd3b0d900
11-05 11:07:31.040 21502 21511 D CouchbaseLite/DATABASE: {N8litecore8DataFile6SharedE#1134} Remove DataFile 0xd3b0d900
11-05 11:07:31.040 21502 21511 D CouchbaseLite/DATABASE: {DB#1180} destructing (~DataFile)
11-05 11:07:31.041 21502 21511 D CouchbaseLite/DATABASE: {N8litecore8DataFile6SharedE#1134} Remove DataFile 0xd3b0d900
11-05 11:07:31.041 21502 21511 D CouchbaseLite/DATABASE: {N8litecore8DataFile6SharedE#1134} destructing
11-05 11:07:31.518 21502 21519 I TestRunner: finished: testContinuousPushFilter(com.couchbase.lite.Local2LocalReplicatorTest)
11-05 11:07:31.543 21502 21502 I MonitoringInstr: Activities that are still in CREATED to STOPPED: 0
11-05 11:07:31.547 21502 21519 I TestRunner: started: testDocIDFilter(com.couchbase.lite.Local2LocalReplicatorTest)
11-05 11:07:31.553 21502 21502 I MonitoringInstr: Activities that are still in CREATED to STOPPED: 0
11-05 11:07:31.561 21502 21519 I CouchbaseLite/DATABASE: Opening Database{@2cebe85, name='testdb'} at path /data/user/0/com.couchbase.lite.test/files/CBLTestDb/testdb.cblite2
11-05 11:07:31.562 21502 21519 D CouchbaseLite/DATABASE: {N8litecore8DataFile6SharedE#975} adding DataFile 0xed52dec0
11-05 11:07:31.563 21502 21519 I CouchbaseLite/DATABASE: {DB#1202}==> N8litecore14SQLiteDataFileE /data/user/0/com.couchbase.lite.test/files/CBLTestDb/testdb.cblite2/db.sqlite3 @0xed52dec0
11-05 11:07:31.563 21502 21519 I CouchbaseLite/DATABASE: {DB#1202} Opening database
11-05 11:07:31.585 21502 21519 D CouchbaseLite/DATABASE: {DB#1202} open KVS 'default'
11-05 11:07:31.588 21502 21519 D CouchbaseLite/DATABASE: {DB#1202} open KVS 'info'
11-05 11:07:31.590 21502 21519 V CouchbaseLite/DATABASE: {DB#1202} begin transaction
11-05 11:07:31.591 21502 21519 V CouchbaseLite/DATABASE: {DB#1202} KeyStore(info) set versioning
11-05 11:07:31.591 21502 21519 V CouchbaseLite/DATABASE: {DB#1202} KeyStore(info) set publicUUID
11-05 11:07:31.591 21502 21519 V CouchbaseLite/DATABASE: {DB#1202} KeyStore(info) set privateUUID
11-05 11:07:31.591 21502 21519 V CouchbaseLite/DATABASE: {DB#1202} commit transaction
11-05 11:07:31.592 21502 21519 V CouchbaseLite/DATABASE: {DB#1202} Next expiration time is 0
11-05 11:07:31.592 21502 21519 V CouchbaseLite/DATABASE: No pending doc expirations
11-05 11:07:31.593 21502 21519 I CouchbaseLite/DATABASE: Opening Database{@ff1d4da, name='otherdb'} at path /data/user/0/com.couchbase.lite.test/files/CBLTestDb/otherdb.cblite2
11-05 11:07:31.594 21502 21519 I CouchbaseLite/DATABASE: {N8litecore8DataFile6SharedE#1203}==> N8litecore8DataFile6SharedE 0xe5b1e74c @0xe5b1e74c
11-05 11:07:31.594 21502 21519 I CouchbaseLite/DATABASE: {N8litecore8DataFile6SharedE#1203} instantiated on /data/data/com.couchbase.lite.test/files/CBLTestDb/otherdb.cblite2/db.sqlite3
11-05 11:07:31.594 21502 21519 D CouchbaseLite/DATABASE: {N8litecore8DataFile6SharedE#1203} created for DataFile 0xd3ab5b00 at /data/data/com.couchbase.lite.test/files/CBLTestDb/otherdb.cblite2/db.sqlite3
11-05 11:07:31.595 21502 21519 I CouchbaseLite/DATABASE: {DB#1204}==> N8litecore14SQLiteDataFileE /data/user/0/com.couchbase.lite.test/files/CBLTestDb/otherdb.cblite2/db.sqlite3 @0xd3ab5b00
