11-05 11:07:32.429 21502 21718 D CouchbaseLite/NETWORK: {LoopbackWS#1211} SEND: 0401007c 9f1115
11-05 11:07:32.429 21502 21718 I CouchbaseLite/REPLICATOR: {repl#1210} activityLevel=busy: connectionState=2
11-05 11:07:32.430 21502 21718 D CouchbaseLite/REPLICATOR: {n8litecore4repl11incomingreve#1222} destructing (0xe5b96e40); actorName='inc<-file:////data/user/0/com.couchbase.lite.test/files/CBLTestDb/otherdb.cblite2/'
11-05 11:07:32.431 21502 21718 I CouchbaseLite/REPLICATOR: {n8litecore4repl6pullere#1218} activityLevel=idle: pendingResponseCount=0, _caughtUp=0, _pendingRevMessages=0, _activeIncomingRevs=0
11-05 11:07:32.431 21502 21718 V CouchbaseLite/REPLICATOR: {n8litecore4repl6pullere#1218} now idle
11-05 11:07:32.432 21502 21718 D CouchbaseLite/NETWORK: {LoopbackWS#1212} SEND: 030100b0 b1af90
11-05 11:07:32.432 21502 21718 I CouchbaseLite/REPLICATOR: {Repl#1208} pushStatus=busy, pullStatus=busy, progress=90/180
11-05 11:07:32.433 21502 21718 V CouchbaseLite/REPLICATOR: {Repl#1208} progress +90/+0, 1 docs -- now 90 / 180, 1 docs
11-05 11:07:32.433 21502 21718 I CouchbaseLite/REPLICATOR: {Repl#1208} activityLevel=busy: connectionState=2
11-05 11:07:32.434 21502 21718 D CouchbaseLite/REPLICATOR: statusChangedCallback() handle: 3532643424, status: C4ReplicatorStatus{level=4, completed=90, total=180, #docs=1, domain=0, code=0, info=0}
11-05 11:07:32.435 21502 21718 I CouchbaseLite/REPLICATOR: C4ReplicatorListener.statusChanged, context: Replicator{@e0b87e8,<->,Database{@2cebe85, name='testdb'},DatabaseEndpoint{database=Database{@ff1d4da, name='otherdb'}}], status: C4ReplicatorStatus{level=4, completed=90, total=180, #docs=1, domain=0, code=0, info=0}
11-05 11:07:32.436 21502 21718 I CouchbaseLite/REPLICATOR: {N8litecore4repl6PullerE#1214} activityLevel=stopped: pendingResponseCount=0, _caughtUp=1, _pendingRevMessages=0, _activeIncomingRevs=0
11-05 11:07:32.437 21502 21655 I CouchbaseLite/REPLICATOR: Replicator{@e0b87e8,<->,Database{@2cebe85, name='testdb'},DatabaseEndpoint{database=Database{@ff1d4da, name='otherdb'}}]: status changed: (0, 0) @C4ReplicatorStatus{level=4, completed=90, total=180, #docs=1, domain=0, code=0, info=0}
11-05 11:07:32.437 21502 21718 V CouchbaseLite/REPLICATOR: {N8litecore4repl6PullerE#1214} now stopped
11-05 11:07:32.438 21502 21718 I CouchbaseLite/REPLICATOR: {repl#1210} pushStatus=busy, pullStatus=busy, progress=0/90
11-05 11:07:32.438 21502 21655 I CouchbaseLite/REPLICATOR: Replicator{@e0b87e8,<->,Database{@2cebe85, name='testdb'},DatabaseEndpoint{database=Database{@ff1d4da, name='otherdb'}}] is busy, progress 90/180, error: null
11-05 11:07:32.438 21502 21718 V CouchbaseLite/REPLICATOR: {repl#1210} progress +0/+0, 1 docs -- now 0 / 90, 1 docs
11-05 11:07:32.438 21502 21718 I CouchbaseLite/REPLICATOR: {repl#1210} activityLevel=busy: connectionState=2
11-05 11:07:32.439 21502 21718 D CouchbaseLite/NETWORK: {LoopbackWS#1211} RECEIVED: 030100b0 b1af90
11-05 11:07:32.440 21502 21718 D CouchbaseLite/NETWORK: {LoopbackWS#1212} RECEIVED: 0401007c 9f1115
11-05 11:07:32.441 21502 21718 D CouchbaseLite/REPLICATOR: statusChangedCallback() handle: 3532643424, status: C4ReplicatorStatus{level=4, completed=90, total=180, #docs=1, domain=0, code=0, info=0}
11-05 11:07:32.441 21502 21718 I CouchbaseLite/REPLICATOR: C4ReplicatorListener.statusChanged, context: Replicator{@e0b87e8,<->,Database{@2cebe85, name='testdb'},DatabaseEndpoint{database=Database{@ff1d4da, name='otherdb'}}], status: C4ReplicatorStatus{level=4, completed=90, total=180, #docs=1, domain=0, code=0, info=0}
11-05 11:07:32.442 21502 21718 I CouchbaseLite/REPLICATOR: {Repl#1208} activityLevel=busy: connectionState=2
11-05 11:07:32.442 21502 21718 I CouchbaseLite/REPLICATOR: {repl#1210} pushStatus=busy, pullStatus=idle, progress=0/90
11-05 11:07:32.442 21502 21700 I CouchbaseLite/REPLICATOR: Replicator{@e0b87e8,<->,Database{@2cebe85, name='testdb'},DatabaseEndpoint{database=Database{@ff1d4da, name='otherdb'}}]: status changed: (0, 0) @C4ReplicatorStatus{level=4, completed=90, total=180, #docs=1, domain=0, code=0, info=0}
11-05 11:07:32.443 21502 21718 I CouchbaseLite/REPLICATOR: {repl#1210} activityLevel=busy: connectionState=2
11-05 11:07:32.443 21502 21700 I CouchbaseLite/REPLICATOR: Replicator{@e0b87e8,<->,Database{@2cebe85, name='testdb'},DatabaseEndpoint{database=Database{@ff1d4da, name='otherdb'}}] is busy, progress 90/180, error: null
11-05 11:07:32.444 21502 21718 V CouchbaseLite/NETWORK: {N8litecore4blip6BLIPIOE#1215} Received frame: RES #3 ----, length 5
11-05 11:07:32.446 21502 21718 V CouchbaseLite/NETWORK: {N8litecore4blip10ConnectionE#1209} Receiving RES #3
11-05 11:07:32.446 21502 21718 V CouchbaseLite/NETWORK: {N8litecore4blip10ConnectionE#1209} Finished receiving RES #3
11-05 11:07:32.447 21502 21718 V CouchbaseLite/NETWORK: {N8litecore4blip6BLIPIOE#1213} Received frame: RES #4 ----, length 5
11-05 11:07:32.448 21502 21718 V CouchbaseLite/NETWORK: {N8litecore4blip10ConnectionE#1207} Receiving RES #4
11-05 11:07:32.448 21502 21718 V CouchbaseLite/NETWORK: {N8litecore4blip10ConnectionE#1207} Finished receiving RES #4
11-05 11:07:32.449 21502 21718 I CouchbaseLite/REPLICATOR: {Repl#1208} pushStatus=busy, pullStatus=stopped, progress=90/180
11-05 11:07:32.449 21502 21718 I CouchbaseLite/REPLICATOR: {Repl#1208} activityLevel=busy: connectionState=2
11-05 11:07:32.450 21502 21718 V CouchbaseLite/REPLICATOR: {n8litecore4repl6pushere#1217} Completed rev doc3 #2-5bcdeab496c12df1f547f965e4aaf4898a50920c (seq #2)
11-05 11:07:32.450 21502 21718 D CouchbaseLite/REPLICATOR: {n8litecore4repl6pushere#1217} Done pushing 'doc3' 2-5bcdeab496c12df1f547f965e4aaf4898a50920c
11-05 11:07:32.450 21502 21718 V CouchbaseLite/REPLICATOR: {n8litecore4repl6pushere#1217} progress +0/+0, 1 docs -- now 0 / 90, 1 docs
11-05 11:07:32.451 21502 21718 I CouchbaseLite/REPLICATOR: {n8litecore4repl6pushere#1217} activityLevel=idle: pendingResponseCount=0, caughtUp=1, changeLists=0, revsInFlight=0, blobsInFlight=0, awaitingReply=0, revsToSend=0, pushingDocs=0, pendingSequences=0
11-05 11:07:32.451 21502 21718 V CouchbaseLite/REPLICATOR: {n8litecore4repl6pushere#1217} now idle
11-05 11:07:32.452 21502 21718 V CouchbaseLite/REPLICATOR: {N8litecore4repl6PusherE#1216} Completed rev doc1 #2-5bcdeab496c12df1f547f965e4aaf4898a50920c (seq #2)
11-05 11:07:32.452 21502 21718 V CouchbaseLite/REPLICATOR: {N8litecore4repl6PusherE#1216} Checkpoint now at #4
11-05 11:07:32.453 21502 21718 D CouchbaseLite/REPLICATOR: {N8litecore4repl6PusherE#1216} Done pushing 'doc1' 2-5bcdeab496c12df1f547f965e4aaf4898a50920c
11-05 11:07:32.453 21502 21718 V CouchbaseLite/REPLICATOR: {N8litecore4repl6PusherE#1216} progress +90/+0, 1 docs -- now 90 / 90, 1 docs
11-05 11:07:32.453 21502 21718 I CouchbaseLite/REPLICATOR: {N8litecore4repl6PusherE#1216} activityLevel=stopped: pendingResponseCount=0, caughtUp=1, changeLists=0, revsInFlight=0, blobsInFlight=0, awaitingReply=0, revsToSend=0, pushingDocs=0, pendingSequences=0
11-05 11:07:32.454 21502 21718 V CouchbaseLite/REPLICATOR: {N8litecore4repl6PusherE#1216} now stopped
11-05 11:07:32.454 21502 21718 V CouchbaseLite/REPLICATOR: {Repl#1208} Saving remote checkpoint cp-MXATRIdiEhkmmeig5xHOFYG9xAM= with rev='': {"remote":2} ...
11-05 11:07:32.455 21502 21718 I CouchbaseLite/REPLICATOR: {Repl#1208} activityLevel=busy: connectionState=2
11-05 11:07:32.455 21502 21718 I CouchbaseLite/REPLICATOR: {repl#1210} pushStatus=idle, pullStatus=idle, progress=0/90
11-05 11:07:32.456 21502 21718 V CouchbaseLite/REPLICATOR: {repl#1210} progress +0/+0, 1 docs -- now 0 / 90, 2 docs
11-05 11:07:32.456 21502 21718 I CouchbaseLite/REPLICATOR: {repl#1210} activityLevel=busy: connectionState=2
11-05 11:07:32.456 21502 21718 V CouchbaseLite/NETWORK: {N8litecore4blip6BLIPIOE#1213} Sending 'setCheckpoint' REQ #5
11-05 11:07:32.457 21502 21718 V CouchbaseLite/NETWORK: {N8litecore4blip6BLIPIOE#1213} Sending frame: REQ #5 ----, bytes 0--82
11-05 11:07:32.457 21502 21718 V CouchbaseLite/NETWORK: {N8litecore4blip6BLIPIOE#1213} Finished sending REQ #5
11-05 11:07:32.458 21502 21718 V CouchbaseLite/NETWORK: {N8litecore4blip6BLIPIOE#1213} ...Wrote 85 bytes to WebSocket (writeable=1)
11-05 11:07:32.458 21502 21718 I CouchbaseLite/REPLICATOR: {Repl#1208} pushStatus=stopped, pullStatus=stopped, progress=180/180
11-05 11:07:32.459 21502 21718 V CouchbaseLite/REPLICATOR: {Repl#1208} progress +90/+0, 1 docs -- now 180 / 180, 2 docs
11-05 11:07:32.459 21502 21718 I CouchbaseLite/REPLICATOR: {Repl#1208} activityLevel=busy: connectionState=2
11-05 11:07:32.460 21502 21718 D CouchbaseLite/NETWORK: {LoopbackWS#1212} SEND: 05004250 726f6669 6c650073 65744368 65636b70 6f696e74 00636c69 656e7400
11-05 11:07:32.460 21502 21718 D CouchbaseLite/NETWORK: 63702d4d 58415452 49646945 686b6d6d 65696735 78484f46 59473978 414d3d00... [85]
11-05 11:07:32.460 21502 21718 I CouchbaseLite/REPLICATOR: {Repl#1208} activityLevel=busy: connectionState=2
11-05 11:07:32.461 21502 21718 D CouchbaseLite/NETWORK: {LoopbackWS#1211} RECEIVED: 05004250 726f6669 6c650073 65744368 65636b70 6f696e74 00636c69 656e7400
11-05 11:07:32.461 21502 21718 D CouchbaseLite/NETWORK: 63702d4d 58415452 49646945 686b6d6d 65696735 78484f46 59473978 414d3d00... [85]
11-05 11:07:32.461 21502 21718 V CouchbaseLite/NETWORK: {N8litecore4blip6BLIPIOE#1215} Received frame: REQ #5 ----, length 83
11-05 11:07:32.462 21502 21718 V CouchbaseLite/NETWORK: {N8litecore4blip10ConnectionE#1209} Receiving 'setCheckpoint' REQ #5
11-05 11:07:32.462 21502 21718 V CouchbaseLite/NETWORK: {N8litecore4blip10ConnectionE#1209} Finished receiving 'setCheckpoint' REQ #5
11-05 11:07:32.463 21502 21718 V CouchbaseLite/DATABASE: {DB#1206} begin transaction
11-05 11:07:32.464 21502 21718 I CouchbaseLite/REPLICATOR: {repl#1210} Request to set checkpoint 'cp-MXATRIdiEhkmmeig5xHOFYG9xAM='
11-05 11:07:32.465 21502 21718 V CouchbaseLite/DATABASE: {DB#1206} KeyStore(peerCheckpoints) set cp-MXATRIdiEhkmmeig5xHOFYG9xAM=
11-05 11:07:32.466 21502 21718 V CouchbaseLite/DATABASE: {DB#1206} commit transaction
11-05 11:07:32.467 21502 21718 I CouchbaseLite/REPLICATOR: {repl#1210} activityLevel=busy: connectionState=2
11-05 11:07:32.469 21502 21715 V CouchbaseLite/NETWORK: {N8litecore4blip6BLIPIOE#1215} Sending RES #5
11-05 11:07:32.470 21502 21715 V CouchbaseLite/NETWORK: {N8litecore4blip6BLIPIOE#1215} Sending frame: RES #5 ----, bytes 0--13
11-05 11:07:32.471 21502 21713 D CouchbaseLite/NETWORK: {LoopbackWS#1211} SEND: 05010972 65760031 2d636300 bb754875
11-05 11:07:32.471 21502 21713 D CouchbaseLite/NETWORK: {LoopbackWS#1212} RECEIVED: 05010972 65760031 2d636300 bb754875
11-05 11:07:32.472 21502 21713 V CouchbaseLite/NETWORK: {N8litecore4blip6BLIPIOE#1213} Received frame: RES #5 ----, length 14
11-05 11:07:32.472 21502 21713 V CouchbaseLite/NETWORK: {N8litecore4blip10ConnectionE#1207} Receiving RES #5
11-05 11:07:32.473 21502 21713 V CouchbaseLite/NETWORK: {N8litecore4blip10ConnectionE#1207} Finished receiving RES #5
11-05 11:07:32.473 21502 21722 V CouchbaseLite/DATABASE: {DB#1226} begin transaction
11-05 11:07:32.474 21502 21713 I CouchbaseLite/REPLICATOR: {Repl#1208} Saved remote checkpoint cp-MXATRIdiEhkmmeig5xHOFYG9xAM= as rev='1-cc'
11-05 11:07:32.476 21502 21715 V CouchbaseLite/NETWORK: {N8litecore4blip6BLIPIOE#1215} Finished sending RES #5
11-05 11:07:32.481 21502 21715 V CouchbaseLite/NETWORK: {N8litecore4blip6BLIPIOE#1215} ...Wrote 16 bytes to WebSocket (writeable=1)
11-05 11:07:32.482 21502 21722 D CouchbaseLite/REPLICATOR: {N8litecore4repl8DBAccessE#1227}==> N8litecore4repl8DBAccessE 0xe495f4d0 @0xe495f4d0
11-05 11:07:32.484 21502 21722 D CouchbaseLite/REPLICATOR: {N8litecore4repl8DBAccessE#1227} Marking rev 'doc1' 2-5bcdeab496c12df1f547f965e4aaf4898a50920c (#2) as synced to remote db 1
11-05 11:07:32.485 21502 21722 V CouchbaseLite/DATABASE: {DB#1226} commit transaction
11-05 11:07:32.487 21502 21722 V CouchbaseLite/REPLICATOR: {N8litecore4repl8DBAccessE#1227} Marked 1 revs as synced-to-server in 13.51ms (74/sec)
11-05 11:07:32.488 21502 21713 V CouchbaseLite/DATABASE: {DB#1205} begin transaction
11-05 11:07:32.490 21502 21713 V CouchbaseLite/DATABASE: {DB#1205} KeyStore(checkpoints) set cp-MXATRIdiEhkmmeig5xHOFYG9xAM=
11-05 11:07:32.491 21502 21713 V CouchbaseLite/DATABASE: {DB#1205} commit transaction
11-05 11:07:32.493 21502 21713 I CouchbaseLite/REPLICATOR: {Repl#1208} Saved local checkpoint cp-MXATRIdiEhkmmeig5xHOFYG9xAM= to db
11-05 11:07:32.494 21502 21713 I CouchbaseLite/REPLICATOR: {Repl#1208} activityLevel=busy: connectionState=2
11-05 11:07:32.494 21502 21713 V CouchbaseLite/REPLICATOR: {Repl#1208} Saving remote checkpoint cp-MXATRIdiEhkmmeig5xHOFYG9xAM= with rev='1-cc': {"local":4,"remote":2} ...
11-05 11:07:32.495 21502 21713 I CouchbaseLite/REPLICATOR: {Repl#1208} activityLevel=busy: connectionState=2
11-05 11:07:32.496 21502 21716 V CouchbaseLite/NETWORK: {N8litecore4blip6BLIPIOE#1213} Sending 'setCheckpoint' REQ #6
11-05 11:07:32.497 21502 21716 V CouchbaseLite/NETWORK: {N8litecore4blip6BLIPIOE#1213} Sending frame: REQ #6 ----, bytes 0--96
11-05 11:07:32.497 21502 21716 V CouchbaseLite/NETWORK: {N8litecore4blip6BLIPIOE#1213} Finished sending REQ #6
11-05 11:07:32.498 21502 21716 V CouchbaseLite/NETWORK: {N8litecore4blip6BLIPIOE#1213} ...Wrote 99 bytes to WebSocket (writeable=1)
11-05 11:07:32.499 21502 21718 I CouchbaseLite/REPLICATOR: {Repl#1208} activityLevel=busy: connectionState=2
11-05 11:07:32.500 21502 21712 D CouchbaseLite/NETWORK: {LoopbackWS#1212} SEND: 06004650 726f6669 6c650073 65744368 65636b70 6f696e74 00636c69 656e7400
11-05 11:07:32.500 21502 21712 D CouchbaseLite/NETWORK: 63702d4d 58415452 49646945 686b6d6d 65696735 78484f46 59473978 414d3d00... [99]
11-05 11:07:32.502 21502 21712 D CouchbaseLite/NETWORK: {LoopbackWS#1211} RECEIVED: 06004650 726f6669 6c650073 65744368 65636b70 6f696e74 00636c69 656e7400
11-05 11:07:32.502 21502 21712 D CouchbaseLite/NETWORK: 63702d4d 58415452 49646945 686b6d6d 65696735 78484f46 59473978 414d3d00... [99]
11-05 11:07:32.503 21502 21711 V CouchbaseLite/NETWORK: {N8litecore4blip6BLIPIOE#1215} Received frame: REQ #6 ----, length 97
11-05 11:07:32.503 21502 21711 V CouchbaseLite/NETWORK: {N8litecore4blip10ConnectionE#1209} Receiving 'setCheckpoint' REQ #6
11-05 11:07:32.504 21502 21711 V CouchbaseLite/NETWORK: {N8litecore4blip10ConnectionE#1209} Finished receiving 'setCheckpoint' REQ #6
11-05 11:07:32.505 21502 21715 V CouchbaseLite/DATABASE: {DB#1206} begin transaction
11-05 11:07:32.506 21502 21715 I CouchbaseLite/REPLICATOR: {repl#1210} Request to set checkpoint 'cp-MXATRIdiEhkmmeig5xHOFYG9xAM='
11-05 11:07:32.507 21502 21715 V CouchbaseLite/DATABASE: {DB#1206} KeyStore(peerCheckpoints) set cp-MXATRIdiEhkmmeig5xHOFYG9xAM=
11-05 11:07:32.508 21502 21715 V CouchbaseLite/DATABASE: {DB#1206} commit transaction
11-05 11:07:32.510 21502 21715 I CouchbaseLite/REPLICATOR: {repl#1210} activityLevel=busy: connectionState=2
11-05 11:07:32.511 21502 21711 V CouchbaseLite/NETWORK: {N8litecore4blip6BLIPIOE#1215} Sending RES #6
11-05 11:07:32.511 21502 21711 V CouchbaseLite/NETWORK: {N8litecore4blip6BLIPIOE#1215} Sending frame: RES #6 ----, bytes 0--14
11-05 11:07:32.512 21502 21711 V CouchbaseLite/NETWORK: {N8litecore4blip6BLIPIOE#1215} Finished sending RES #6
11-05 11:07:32.513 21502 21711 V CouchbaseLite/NETWORK: {N8litecore4blip6BLIPIOE#1215} ...Wrote 17 bytes to WebSocket (writeable=1)
11-05 11:07:32.514 21502 21713 D CouchbaseLite/NETWORK: {LoopbackWS#1211} SEND: 06010a72 65760035 302d6363 00976001 d9
11-05 11:07:32.515 21502 21713 D CouchbaseLite/NETWORK: {LoopbackWS#1212} RECEIVED: 06010a72 65760035 302d6363 00976001 d9
11-05 11:07:32.516 21502 21713 V CouchbaseLite/NETWORK: {N8litecore4blip6BLIPIOE#1213} Received frame: RES #6 ----, length 15
11-05 11:07:32.517 21502 21713 V CouchbaseLite/NETWORK: {N8litecore4blip10ConnectionE#1207} Receiving RES #6
11-05 11:07:32.517 21502 21713 V CouchbaseLite/NETWORK: {N8litecore4blip10ConnectionE#1207} Finished receiving RES #6
11-05 11:07:32.518 21502 21713 I CouchbaseLite/REPLICATOR: {Repl#1208} Saved remote checkpoint cp-MXATRIdiEhkmmeig5xHOFYG9xAM= as rev='50-cc'
11-05 11:07:32.524 21502 21713 V CouchbaseLite/DATABASE: {DB#1205} begin transaction
11-05 11:07:32.526 21502 21713 V CouchbaseLite/DATABASE: {DB#1205} KeyStore(checkpoints) set cp-MXATRIdiEhkmmeig5xHOFYG9xAM=
11-05 11:07:32.526 21502 21713 V CouchbaseLite/DATABASE: {DB#1205} commit transaction
11-05 11:07:32.528 21502 21713 I CouchbaseLite/REPLICATOR: {Repl#1208} Saved local checkpoint cp-MXATRIdiEhkmmeig5xHOFYG9xAM= to db
11-05 11:07:32.528 21502 21713 I CouchbaseLite/REPLICATOR: {Repl#1208} activityLevel=busy: connectionState=2
11-05 11:07:32.634 21502 21712 I CouchbaseLite/REPLICATOR: {repl#1210} activityLevel=idle: connectionState=2
11-05 11:07:32.634 21502 21712 I CouchbaseLite/REPLICATOR: {repl#1210} now idle
11-05 11:07:32.642 21502 21715 D CouchbaseLite/REPLICATOR: statusChangedCallback() handle: 3532643424, status: C4ReplicatorStatus{level=4, completed=180, total=180, #docs=2, domain=0, code=0, info=0}
11-05 11:07:32.642 21502 21715 I CouchbaseLite/REPLICATOR: C4ReplicatorListener.statusChanged, context: Replicator{@e0b87e8,<->,Database{@2cebe85, name='testdb'},DatabaseEndpoint{database=Database{@ff1d4da, name='otherdb'}}], status: C4ReplicatorStatus{level=4, completed=180, total=180, #docs=2, domain=0, code=0, info=0}
11-05 11:07:32.643 21502 21715 I CouchbaseLite/REPLICATOR: {Repl#1208} Replication complete! Closing connection
11-05 11:07:32.644 21502 21715 I CouchbaseLite/REPLICATOR: {Repl#1208} Told to stop!
11-05 11:07:32.644 21502 21715 I CouchbaseLite/NETWORK: {N8litecore4blip10ConnectionE#1207} Closing with code 1000, msg ''
11-05 11:07:32.645 21502 21698 I CouchbaseLite/REPLICATOR: Replicator{@e0b87e8,<->,Database{@2cebe85, name='testdb'},DatabaseEndpoint{database=Database{@ff1d4da, name='otherdb'}}]: status changed: (0, 0) @C4ReplicatorStatus{level=4, completed=180, total=180, #docs=2, domain=0, code=0, info=0}
11-05 11:07:32.645 21502 21714 I CouchbaseLite/NETWORK: {LoopbackWS#1212} CLOSE; status=1000
11-05 11:07:32.646 21502 21714 I CouchbaseLite/NETWORK: {LoopbackWS#1212} CLOSED with WebSocket status 1000:
11-05 11:07:32.646 21502 21698 I CouchbaseLite/REPLICATOR: Replicator{@e0b87e8,<->,Database{@2cebe85, name='testdb'},DatabaseEndpoint{database=Database{@ff1d4da, name='otherdb'}}] is busy, progress 180/180, error: null
11-05 11:07:32.646 21502 21716 I CouchbaseLite/NETWORK: {LoopbackWS#1211} CLOSED with WebSocket status 1000:
11-05 11:07:32.647 21502 21714 I CouchbaseLite/NETWORK: {N8litecore4blip10ConnectionE#1207} Closed with WebSocket status 1000:
11-05 11:07:32.648 21502 21717 I CouchbaseLite/NETWORK: {N8litecore4blip10ConnectionE#1209} Closed with WebSocket status 1000:
11-05 11:07:32.649 21502 21717 I CouchbaseLite/REPLICATOR: {repl#1210} Connection closed with WebSocket status 1000: "" (state=2)
11-05 11:07:32.649 21502 21717 D CouchbaseLite/REPLICATOR: {repl#1210} connectionClosed
11-05 11:07:32.650 21502 21717 I CouchbaseLite/REPLICATOR: {repl#1210} activityLevel=stopped: connectionState=0
11-05 11:07:32.650 21502 21717 I CouchbaseLite/REPLICATOR: {repl#1210} now stopped
11-05 11:07:32.651 21502 21717 D CouchbaseLite/REPLICATOR: {n8litecore4repl6pullere#1218} connectionClosed
11-05 11:07:32.652 21502 21712 D CouchbaseLite/REPLICATOR: {n8litecore4repl6pushere#1217} connectionClosed
11-05 11:07:32.652 21502 21712 I CouchbaseLite/REPLICATOR: {n8litecore4repl6pushere#1217} activityLevel=stopped: pendingResponseCount=0, caughtUp=1, changeLists=0, revsInFlight=0, blobsInFlight=0, awaitingReply=0, revsToSend=0, pushingDocs=0, pendingSequences=0
11-05 11:07:32.653 21502 21712 V CouchbaseLite/REPLICATOR: {n8litecore4repl6pushere#1217} now stopped
11-05 11:07:32.654 21502 21712 D CouchbaseLite/REPLICATOR: {n8litecore4repl6pushere#1217} destructing (0xd3b388c0); actorName='Push<-file:////data/user/0/com.couchbase.lite.test/files/CBLTestDb/otherdb.cblite2/'
11-05 11:07:32.654 21502 21715 I CouchbaseLite/REPLICATOR: {Repl#1208} activityLevel=busy: connectionState=3
11-05 11:07:32.655 21502 21715 I CouchbaseLite/REPLICATOR: {Repl#1208} Connection closed with WebSocket status 1000: "" (state=3)
11-05 11:07:32.656 21502 21715 D CouchbaseLite/REPLICATOR: {Repl#1208} connectionClosed
11-05 11:07:32.656 21502 21717 I CouchbaseLite/REPLICATOR: {n8litecore4repl6pullere#1218} activityLevel=stopped: pendingResponseCount=0, _caughtUp=0, _pendingRevMessages=0, _activeIncomingRevs=0
11-05 11:07:32.657 21502 21717 V CouchbaseLite/REPLICATOR: {n8litecore4repl6pullere#1218} now stopped
11-05 11:07:32.657 21502 21717 D CouchbaseLite/REPLICATOR: {n8litecore4repl9revfindere#1219} destructing (0xd3ba9f00); actorName='RevFinder<-file:////data/user/0/com.couchbase.lite.test/files/CBLTestDb/otherdb.cblite2/'
11-05 11:07:32.658 21502 21717 D CouchbaseLite/REPLICATOR: {n8litecore4repl8insertere#1223} destructing (0xe56b0180); actorName='Insert<-file:////data/user/0/com.couchbase.lite.test/files/CBLTestDb/otherdb.cblite2/'
11-05 11:07:32.658 21502 21717 D CouchbaseLite/NETWORK: {N8litecore4blip10ConnectionE#1209} ~Connection
11-05 11:07:32.658 21502 21717 I CouchbaseLite/REPLICATOR: BLIP sent 9 msgs (348 bytes), rcvd 6 msgs (577 bytes) in 0.442 sec. Max outbox depth was 1, avg 1.00
11-05 11:07:32.659 21502 21717 D CouchbaseLite/REPLICATOR: {n8litecore4repl6pullere#1218} destructing (0xd2a7e600); actorName='Pull<-file:////data/user/0/com.couchbase.lite.test/files/CBLTestDb/otherdb.cblite2/'
11-05 11:07:32.660 21502 21714 D CouchbaseLite/REPLICATOR: {N8litecore4repl6PusherE#1216} connectionClosed
11-05 11:07:32.660 21502 21714 I CouchbaseLite/REPLICATOR: {N8litecore4repl6PusherE#1216} activityLevel=stopped: pendingResponseCount=0, caughtUp=1, changeLists=0, revsInFlight=0, blobsInFlight=0, awaitingReply=0, revsToSend=0, pushingDocs=0, pendingSequences=0
11-05 11:07:32.661 21502 21717 V CouchbaseLite/DATABASE: {DB#1206} Pre-close housekeeping: 0 of 9 pages free (0%)
11-05 11:07:32.663 21502 21718 D CouchbaseLite/REPLICATOR: {N8litecore4repl6PullerE#1214} connectionClosed
11-05 11:07:32.664 21502 21715 I CouchbaseLite/REPLICATOR: {Repl#1208} activityLevel=stopped: connectionState=0
11-05 11:07:32.665 21502 21715 I CouchbaseLite/REPLICATOR: {Repl#1208} now stopped
11-05 11:07:32.666 21502 21715 D CouchbaseLite/REPLICATOR: {N8litecore4repl6PusherE#1216} destructing (0xd3b3c7c0); actorName='Push->file:////data/user/0/com.couchbase.lite.test/files/CBLTestDb/testdb.cblite2/'
11-05 11:07:32.667 21502 21715 D CouchbaseLite/REPLICATOR: statusChangedCallback() handle: 3532643424, status: C4ReplicatorStatus{level=0, completed=180, total=180, #docs=2, domain=0, code=0, info=0}
11-05 11:07:32.668 21502 21715 I CouchbaseLite/REPLICATOR: C4ReplicatorListener.statusChanged, context: Replicator{@e0b87e8,<->,Database{@2cebe85, name='testdb'},DatabaseEndpoint{database=Database{@ff1d4da, name='otherdb'}}], status: C4ReplicatorStatus{level=0, completed=180, total=180, #docs=2, domain=0, code=0, info=0}
11-05 11:07:32.670 21502 21717 V CouchbaseLite/DATABASE: {DB#1206} Closed SQLite database
11-05 11:07:32.671 21502 21717 D CouchbaseLite/DATABASE: {N8litecore8DataFile6SharedE#1203} Remove DataFile 0xd2889740
11-05 11:07:32.671 21502 21699 I CouchbaseLite/REPLICATOR: Replicator{@e0b87e8,<->,Database{@2cebe85, name='testdb'},DatabaseEndpoint{database=Database{@ff1d4da, name='otherdb'}}]: status changed: (0, 0) @C4ReplicatorStatus{level=0, completed=180, total=180, #docs=2, domain=0, code=0, info=0}
11-05 11:07:32.672 21502 21699 I CouchbaseLite/REPLICATOR: Replicator{@e0b87e8,<->,Database{@2cebe85, name='testdb'},DatabaseEndpoint{database=Database{@ff1d4da, name='otherdb'}}] is stopped, progress 180/180, error: null
11-05 11:07:32.672 21502 21717 I CouchbaseLite/DATABASE: {DB#1206} Closing database
11-05 11:07:32.673 21502 21717 D CouchbaseLite/DATABASE: {N8litecore8DataFile6SharedE#1203} Remove DataFile 0xd2889740
11-05 11:07:32.673 21502 21717 D CouchbaseLite/DATABASE: {DB#1206} destructing (~DataFile)
11-05 11:07:32.674 21502 21717 D CouchbaseLite/DATABASE: {N8litecore8DataFile6SharedE#1203} Remove DataFile 0xd2889740
11-05 11:07:32.675 21502 21699 D CouchbaseLite/REPLICATOR: {repl#1210} destructing (0xd1c97a80); actorName='Repl<-file:////data/user/0/com.couchbase.lite.test/files/CBLTestDb/otherdb.cblite2/'
11-05 11:07:32.677 21502 21717 V CouchbaseLite/DATABASE: {DB#1224} Pre-close housekeeping: 0 of 9 pages free (0%)
11-05 11:07:32.679 21502 21718 I CouchbaseLite/REPLICATOR: {N8litecore4repl6PullerE#1214} activityLevel=stopped: pendingResponseCount=0, _caughtUp=1, _pendingRevMessages=0, _activeIncomingRevs=0
11-05 11:07:32.679 21502 21717 V CouchbaseLite/DATABASE: {DB#1224} Closed SQLite database
11-05 11:07:32.679 21502 21717 D CouchbaseLite/DATABASE: {N8litecore8DataFile6SharedE#1203} Remove DataFile 0xd0545040
11-05 11:07:32.680 21502 21717 I CouchbaseLite/DATABASE: {DB#1224} Closing database
11-05 11:07:32.680 21502 21717 D CouchbaseLite/DATABASE: {N8litecore8DataFile6SharedE#1203} Remove DataFile 0xd0545040
11-05 11:07:32.681 21502 21717 D CouchbaseLite/DATABASE: {DB#1224} destructing (~DataFile)
11-05 11:07:32.681 21502 21717 D CouchbaseLite/DATABASE: {N8litecore8DataFile6SharedE#1203} Remove DataFile 0xd0545040
11-05 11:07:32.682 21502 21718 D CouchbaseLite/REPLICATOR: {N8litecore4repl9RevFinderE#1220} destructing (0xd2b1f000); actorName='RevFinder->file:////data/user/0/com.couchbase.lite.test/files/CBLTestDb/testdb.cblite2/'
11-05 11:07:32.682 21502 21718 D CouchbaseLite/REPLICATOR: {N8litecore4repl8InserterE#1225} destructing (0xe56b0040); actorName='Insert->file:////data/user/0/com.couchbase.lite.test/files/CBLTestDb/testdb.cblite2/'
11-05 11:07:32.682 21502 21718 D CouchbaseLite/REPLICATOR: {Repl#1208} destructing (0xd1c97300); actorName='Repl->file:////data/user/0/com.couchbase.lite.test/files/CBLTestDb/testdb.cblite2/'
11-05 11:07:32.683 21502 21718 D CouchbaseLite/REPLICATOR: {N8litecore4repl11IncomingRevE#1221} destructing (0xe5b96d00); actorName='inc->file:////data/user/0/com.couchbase.lite.test/files/CBLTestDb/testdb.cblite2/'
11-05 11:07:32.683 21502 21718 D CouchbaseLite/NETWORK: {N8litecore4blip10ConnectionE#1207} ~Connection
11-05 11:07:32.684 21502 21718 I CouchbaseLite/REPLICATOR: BLIP sent 8 msgs (577 bytes), rcvd 3 msgs (348 bytes) in 0.467 sec. Max outbox depth was 1, avg 1.00
11-05 11:07:32.684 21502 21718 D CouchbaseLite/REPLICATOR: {N8litecore4repl6PullerE#1214} destructing (0xd2ae7200); actorName='Pull->file:////data/user/0/com.couchbase.lite.test/files/CBLTestDb/testdb.cblite2/'
11-05 11:07:32.688 21502 21718 V CouchbaseLite/DATABASE: {DB#1205} Pre-close housekeeping: 0 of 9 pages free (0%)
11-05 11:07:32.691 21502 21519 I CouchbaseLite/DATABASE: Closing Database{@ff1d4da, name='otherdb'} at path /data/user/0/com.couchbase.lite.test/files/CBLTestDb/otherdb.cblite2/
11-05 11:07:32.691 21502 21718 V CouchbaseLite/DATABASE: {DB#1205} Closed SQLite database
11-05 11:07:32.692 21502 21718 D CouchbaseLite/DATABASE: {N8litecore8DataFile6SharedE#975} Remove DataFile 0xd283e660
11-05 11:07:32.693 21502 21718 I CouchbaseLite/DATABASE: {DB#1205} Closing database
11-05 11:07:32.693 21502 21519 V CouchbaseLite/DATABASE: {DB#1204} Pre-close housekeeping: 0 of 9 pages free (0%)
11-05 11:07:32.694 21502 21718 D CouchbaseLite/DATABASE: {N8litecore8DataFile6SharedE#975} Remove DataFile 0xd283e660
11-05 11:07:32.694 21502 21718 D CouchbaseLite/DATABASE: {DB#1205} destructing (~DataFile)
11-05 11:07:32.694 21502 21718 D CouchbaseLite/DATABASE: {N8litecore8DataFile6SharedE#975} Remove DataFile 0xd283e660
11-05 11:07:32.697 21502 21718 V CouchbaseLite/DATABASE: {DB#1226} Pre-close housekeeping: 0 of 9 pages free (0%)
11-05 11:07:32.698 21502 21718 V CouchbaseLite/DATABASE: {DB#1226} Closed SQLite database
11-05 11:07:32.699 21502 21718 D CouchbaseLite/DATABASE: {N8litecore8DataFile6SharedE#975} Remove DataFile 0xd0546580
11-05 11:07:32.699 21502 21718 I CouchbaseLite/DATABASE: {DB#1226} Closing database
11-05 11:07:32.699 21502 21718 D CouchbaseLite/DATABASE: {N8litecore8DataFile6SharedE#975} Remove DataFile 0xd0546580
11-05 11:07:32.699 21502 21718 D CouchbaseLite/DATABASE: {DB#1226} destructing (~DataFile)
11-05 11:07:32.700 21502 21718 D CouchbaseLite/DATABASE: {N8litecore8DataFile6SharedE#975} Remove DataFile 0xd0546580
11-05 11:07:32.709 21502 21519 V CouchbaseLite/DATABASE: {DB#1204} Closed SQLite database
11-05 11:07:32.709 21502 21519 D CouchbaseLite/DATABASE: {N8litecore8DataFile6SharedE#1203} Remove DataFile 0xd3ab5b00
11-05 11:07:32.709 21502 21519 I CouchbaseLite/DATABASE: {DB#1204} Closing database
11-05 11:07:32.710 21502 21519 I CouchbaseLite/DATABASE: delete(): path=/data/user/0/com.couchbase.lite.test/files/CBLTestDb/otherdb.cblite2
11-05 11:07:32.710 21502 21519 D CouchbaseLite/DATABASE: {N8litecore8DataFile6SharedE#1203} adding DataFile 0x0
11-05 11:07:32.710 21502 21519 V CouchbaseLite/DATABASE: Preparing to delete DataFile /data/data/com.couchbase.lite.test/files/CBLTestDb/otherdb.cblite2/db.sqlite3
11-05 11:07:32.710 21502 21519 I CouchbaseLite/DATABASE: Deleting database file /data/data/com.couchbase.lite.test/files/CBLTestDb/otherdb.cblite2/db.sqlite3 (with -wal and -shm)
11-05 11:07:32.710 21502 21519 D CouchbaseLite/DATABASE: ...finished deleting database file /data/data/com.couchbase.lite.test/files/CBLTestDb/otherdb.cblite2/db.sqlite3 (with -wal and -shm)
11-05 11:07:32.711 21502 21519 V CouchbaseLite/Test: otherdb was deleted successfully.
11-05 11:07:32.711 21502 21519 I CouchbaseLite/DATABASE: Closing Database{@2cebe85, name='testdb'} at path /data/user/0/com.couchbase.lite.test/files/CBLTestDb/testdb.cblite2/
11-05 11:07:32.712 21502 21519 V CouchbaseLite/DATABASE: {DB#1202} Pre-close housekeeping: 0 of 9 pages free (0%)
11-05 11:07:32.720 21502 21519 V CouchbaseLite/DATABASE: {DB#1202} Closed SQLite database
11-05 11:07:32.720 21502 21519 D CouchbaseLite/DATABASE: {N8litecore8DataFile6SharedE#975} Remove DataFile 0xed52dec0
11-05 11:07:32.720 21502 21519 I CouchbaseLite/DATABASE: {DB#1202} Closing database
11-05 11:07:32.720 21502 21519 V CouchbaseLite/Test: testdb was closed successfully.
11-05 11:07:32.721 21502 21519 I CouchbaseLite/DATABASE: delete(): path=/data/user/0/com.couchbase.lite.test/files/CBLTestDb/testdb.cblite2
11-05 11:07:32.721 21502 21519 D CouchbaseLite/DATABASE: {N8litecore8DataFile6SharedE#975} adding DataFile 0x0
11-05 11:07:32.721 21502 21519 V CouchbaseLite/DATABASE: Preparing to delete DataFile /data/data/com.couchbase.lite.test/files/CBLTestDb/testdb.cblite2/db.sqlite3
11-05 11:07:32.721 21502 21519 I CouchbaseLite/DATABASE: Deleting database file /data/data/com.couchbase.lite.test/files/CBLTestDb/testdb.cblite2/db.sqlite3 (with -wal and -shm)
11-05 11:07:32.722 21502 21519 D CouchbaseLite/DATABASE: ...finished deleting database file /data/data/com.couchbase.lite.test/files/CBLTestDb/testdb.cblite2/db.sqlite3 (with -wal and -shm)
11-05 11:07:32.722 21502 21519 V CouchbaseLite/Test: testdb was deleted successfully.
11-05 11:07:33.228 21502 21519 I TestRunner: finished: testDocIDFilter(com.couchbase.lite.Local2LocalReplicatorTest)
11-05 11:07:33.247 21502 21502 I MonitoringInstr: Activities that are still in CREATED to STOPPED: 0
11-05 11:07:33.267 21502 21519 I TestRunner: started: testWriteLogWithError(com.couchbase.lite.LogTest)
11-05 11:07:33.276 21502 21502 I MonitoringInstr: Activities that are still in CREATED to STOPPED: 0
11-05 11:07:33.285 21502 21519 I CouchbaseLite/DATABASE: Opening Database{@3c1be01, name='testdb'} at path /data/user/0/com.couchbase.lite.test/files/CBLTestDb/testdb.cblite2
11-05 11:07:33.286 21502 21519 D CouchbaseLite/DATABASE: {N8litecore8DataFile6SharedE#975} adding DataFile 0xed52d060
11-05 11:07:33.286 21502 21519 I CouchbaseLite/DATABASE: {DB#1228}==> N8litecore14SQLiteDataFileE /data/user/0/com.couchbase.lite.test/files/CBLTestDb/testdb.cblite2/db.sqlite3 @0xed52d060
11-05 11:07:33.286 21502 21519 I CouchbaseLite/DATABASE: {DB#1228} Opening database
11-05 11:07:33.308 21502 21519 D CouchbaseLite/DATABASE: {DB#1228} open KVS 'default'
11-05 11:07:33.311 21502 21519 D CouchbaseLite/DATABASE: {DB#1228} open KVS 'info'
11-05 11:07:33.313 21502 21519 V CouchbaseLite/DATABASE: {DB#1228} begin transaction
11-05 11:07:33.313 21502 21519 V CouchbaseLite/DATABASE: {DB#1228} KeyStore(info) set versioning
11-05 11:07:33.313 21502 21519 V CouchbaseLite/DATABASE: {DB#1228} KeyStore(info) set publicUUID
11-05 11:07:33.313 21502 21519 V CouchbaseLite/DATABASE: {DB#1228} KeyStore(info) set privateUUID
11-05 11:07:33.314 21502 21519 V CouchbaseLite/DATABASE: {DB#1228} commit transaction
11-05 11:07:33.314 21502 21519 V CouchbaseLite/DATABASE: {DB#1228} Next expiration time is 0
11-05 11:07:33.314 21502 21519 V CouchbaseLite/DATABASE: No pending doc expirations
11-05 11:07:33.321 21502 21519 D CouchbaseLite/DATABASE: test message (CouchbaseLiteException{CouchbaseLite,0,'fa6f7ea4-e1f6-4b87-b228-554342ee6fa3'})
11-05 11:07:33.321 21502 21519 V CouchbaseLite/DATABASE: test message (CouchbaseLiteException{CouchbaseLite,0,'fa6f7ea4-e1f6-4b87-b228-554342ee6fa3'})
11-05 11:07:33.321 21502 21519 I CouchbaseLite/DATABASE: test message (CouchbaseLiteException{CouchbaseLite,0,'fa6f7ea4-e1f6-4b87-b228-554342ee6fa3'})
11-05 11:07:33.321 21502 21519 W CouchbaseLite/DATABASE: test message (CouchbaseLiteException{CouchbaseLite,0,'fa6f7ea4-e1f6-4b87-b228-554342ee6fa3'})
11-05 11:07:33.321 21502 21519 E CouchbaseLite/DATABASE: test message (CouchbaseLiteException{CouchbaseLite,0,'fa6f7ea4-e1f6-4b87-b228-554342ee6fa3'})
11-05 11:07:33.324 21502 21519 I CouchbaseLite/DATABASE: Closing Database{@3c1be01, name='testdb'} at path /data/user/0/com.couchbase.lite.test/files/CBLTestDb/testdb.cblite2/
11-05 11:07:33.324 21502 21519 V CouchbaseLite/DATABASE: {DB#1228} Pre-close housekeeping: 0 of 6 pages free (0%)
11-05 11:07:33.333 21502 21519 V CouchbaseLite/DATABASE: {DB#1228} Closed SQLite database
11-05 11:07:33.334 21502 21519 D CouchbaseLite/DATABASE: {N8litecore8DataFile6SharedE#975} Remove DataFile 0xed52d060
11-05 11:07:33.334 21502 21519 I CouchbaseLite/DATABASE: {DB#1228} Closing database
11-05 11:07:33.334 21502 21519 D CouchbaseLite/DATABASE: {N8litecore8DataFile6SharedE#975} Remove DataFile 0xed52d060
11-05 11:07:33.334 21502 21519 D CouchbaseLite/DATABASE: {N8litecore8DataFile6SharedE#975} Remove DataFile 0xed52d060
11-05 11:07:33.334 21502 21519 D CouchbaseLite/DATABASE: {DB#1228} destructing (~DataFile)
11-05 11:07:33.334 21502 21519 D CouchbaseLite/DATABASE: {N8litecore8DataFile6SharedE#975} Remove DataFile 0xed52d060
11-05 11:07:33.335 21502 21519 V CouchbaseLite/Test: testdb was closed successfully.
11-05 11:07:33.335 21502 21519 I CouchbaseLite/DATABASE: delete(): path=/data/user/0/com.couchbase.lite.test/files/CBLTestDb/testdb.cblite2
11-05 11:07:33.336 21502 21519 D CouchbaseLite/DATABASE: {N8litecore8DataFile6SharedE#975} adding DataFile 0x0
11-05 11:07:33.336 21502 21519 V CouchbaseLite/DATABASE: Preparing to delete DataFile /data/data/com.couchbase.lite.test/files/CBLTestDb/testdb.cblite2/db.sqlite3
11-05 11:07:33.336 21502 21519 I CouchbaseLite/DATABASE: Deleting database file /data/data/com.couchbase.lite.test/files/CBLTestDb/testdb.cblite2/db.sqlite3 (with -wal and -shm)
11-05 11:07:33.336 21502 21519 D CouchbaseLite/DATABASE: ...finished deleting database file /data/data/com.couchbase.lite.test/files/CBLTestDb/testdb.cblite2/db.sqlite3 (with -wal and -shm)
11-05 11:07:33.337 21502 21519 V CouchbaseLite/Test: testdb was deleted successfully.
11-05 11:07:33.338 21502 21519 I TestRunner: finished: testWriteLogWithError(com.couchbase.lite.LogTest)
11-05 11:07:33.344 21502 21502 I MonitoringInstr: Activities that are still in CREATED to STOPPED: 0
11-05 11:07:33.346 21502 21519 I TestRunner: started: testBasicLogFormatting(com.couchbase.lite.LogTest)
11-05 11:07:33.348 21502 21502 I MonitoringInstr: Activities that are still in CREATED to STOPPED: 0
11-05 11:07:33.351 21502 21519 I CouchbaseLite/DATABASE: Opening Database{@72864a6, name='testdb'} at path /data/user/0/com.couchbase.lite.test/files/CBLTestDb/testdb.cblite2
11-05 11:07:33.351 21502 21519 D CouchbaseLite/DATABASE: {N8litecore8DataFile6SharedE#975} adding DataFile 0xed52cc00
11-05 11:07:33.352 21502 21519 I CouchbaseLite/DATABASE: {DB#1229}==> N8litecore14SQLiteDataFileE /data/user/0/com.couchbase.lite.test/files/CBLTestDb/testdb.cblite2/db.sqlite3 @0xed52cc00
11-05 11:07:33.352 21502 21519 I CouchbaseLite/DATABASE: {DB#1229} Opening database
11-05 11:07:33.361 21502 21519 D CouchbaseLite/DATABASE: {DB#1229} open KVS 'default'
11-05 11:07:33.364 21502 21519 D CouchbaseLite/DATABASE: {DB#1229} open KVS 'info'
11-05 11:07:33.366 21502 21519 V CouchbaseLite/DATABASE: {DB#1229} begin transaction
11-05 11:07:33.366 21502 21519 V CouchbaseLite/DATABASE: {DB#1229} KeyStore(info) set versioning
11-05 11:07:33.366 21502 21519 V CouchbaseLite/DATABASE: {DB#1229} KeyStore(info) set publicUUID
11-05 11:07:33.366 21502 21519 V CouchbaseLite/DATABASE: {DB#1229} KeyStore(info) set privateUUID
11-05 11:07:33.366 21502 21519 V CouchbaseLite/DATABASE: {DB#1229} commit transaction
11-05 11:07:33.367 21502 21519 V CouchbaseLite/DATABASE: {DB#1229} Next expiration time is 0
11-05 11:07:33.367 21502 21519 V CouchbaseLite/DATABASE: No pending doc expirations
11-05 11:07:33.380 21502 21519 V CouchbaseLite/Test: testdb was closed successfully.
11-05 11:07:33.381 21502 21519 V CouchbaseLite/Test: testdb was deleted successfully.
11-05 11:07:33.382 21502 21519 I TestRunner: finished: testBasicLogFormatting(com.couchbase.lite.LogTest)
11-05 11:07:33.386 21502 21502 I MonitoringInstr: Activities that are still in CREATED to STOPPED: 0
11-05 11:07:33.388 21502 21519 I TestRunner: started: testFileLoggingUsePlainText(com.couchbase.lite.LogTest)
11-05 11:07:33.390 21502 21502 I MonitoringInstr: Activities that are still in CREATED to STOPPED: 0
11-05 11:07:33.392 21502 21519 I CouchbaseLite/DATABASE: Opening Database{@9419ee7, name='testdb'} at path /data/user/0/com.couchbase.lite.test/files/CBLTestDb/testdb.cblite2
11-05 11:07:33.393 21502 21519 D CouchbaseLite/DATABASE: {N8litecore8DataFile6SharedE#975} adding DataFile 0xd3ab5600
11-05 11:07:33.393 21502 21519 I CouchbaseLite/DATABASE: {DB#1230}==> N8litecore14SQLiteDataFileE /data/user/0/com.couchbase.lite.test/files/CBLTestDb/testdb.cblite2/db.sqlite3 @0xd3ab5600
11-05 11:07:33.393 21502 21519 I CouchbaseLite/DATABASE: {DB#1230} Opening database
11-05 11:07:33.406 21502 21519 D CouchbaseLite/DATABASE: {DB#1230} open KVS 'default'
11-05 11:07:33.411 21502 21519 D CouchbaseLite/DATABASE: {DB#1230} open KVS 'info'
11-05 11:07:33.413 21502 21519 V CouchbaseLite/DATABASE: {DB#1230} begin transaction
11-05 11:07:33.413 21502 21519 V CouchbaseLite/DATABASE: {DB#1230} KeyStore(info) set versioning
11-05 11:07:33.413 21502 21519 V CouchbaseLite/DATABASE: {DB#1230} KeyStore(info) set publicUUID
11-05 11:07:33.414 21502 21519 V CouchbaseLite/DATABASE: {DB#1230} KeyStore(info) set privateUUID
11-05 11:07:33.414 21502 21519 V CouchbaseLite/DATABASE: {DB#1230} commit transaction
11-05 11:07:33.414 21502 21519 V CouchbaseLite/DATABASE: {DB#1230} Next expiration time is 0
11-05 11:07:33.415 21502 21519 V CouchbaseLite/DATABASE: No pending doc expirations
11-05 11:07:33.420 21502 21519 I CouchbaseLite/DATABASE: 81b2f58b-8991-4e51-8cd8-382583741a78
11-05 11:07:33.421 21502 21519 I CouchbaseLite/DATABASE: Closing Database{@9419ee7, name='testdb'} at path /data/user/0/com.couchbase.lite.test/files/CBLTestDb/testdb.cblite2/
11-05 11:07:33.430 21502 21519 I CouchbaseLite/DATABASE: {DB#1230} Closing database
11-05 11:07:33.431 21502 21519 V CouchbaseLite/Test: testdb was closed successfully.
11-05 11:07:33.431 21502 21519 I CouchbaseLite/DATABASE: delete(): path=/data/user/0/com.couchbase.lite.test/files/CBLTestDb/testdb.cblite2
11-05 11:07:33.432 21502 21519 I CouchbaseLite/DATABASE: Deleting database file /data/data/com.couchbase.lite.test/files/CBLTestDb/testdb.cblite2/db.sqlite3 (with -wal and -shm)
11-05 11:07:33.432 21502 21519 V CouchbaseLite/Test: testdb was deleted successfully.
11-05 11:07:33.434 21502 21519 I TestRunner: finished: testFileLoggingUsePlainText(com.couchbase.lite.LogTest)
11-05 11:07:33.440 21502 21502 I MonitoringInstr: Activities that are still in CREATED to STOPPED: 0
11-05 11:07:33.442 21502 21519 I TestRunner: started: testFileLoggingDisableLogging(com.couchbase.lite.LogTest)
11-05 11:07:33.443 21502 21502 I MonitoringInstr: Activities that are still in CREATED to STOPPED: 0
11-05 11:07:33.446 21502 21519 I CouchbaseLite/DATABASE: Opening Database{@d053a94, name='testdb'} at path /data/user/0/com.couchbase.lite.test/files/CBLTestDb/testdb.cblite2
11-05 11:07:33.447 21502 21519 D CouchbaseLite/DATABASE: {N8litecore8DataFile6SharedE#975} adding DataFile 0xd3b10100
11-05 11:07:33.447 21502 21519 I CouchbaseLite/DATABASE: {DB#1231}==> N8litecore14SQLiteDataFileE /data/user/0/com.couchbase.lite.test/files/CBLTestDb/testdb.cblite2/db.sqlite3 @0xd3b10100
11-05 11:07:33.447 21502 21519 I CouchbaseLite/DATABASE: {DB#1231} Opening database
11-05 11:07:33.457 21502 21519 D CouchbaseLite/DATABASE: {DB#1231} open KVS 'default'
11-05 11:07:33.461 21502 21519 D CouchbaseLite/DATABASE: {DB#1231} open KVS 'info'
11-05 11:07:33.463 21502 21519 V CouchbaseLite/DATABASE: {DB#1231} begin transaction
11-05 11:07:33.464 21502 21519 V CouchbaseLite/DATABASE: {DB#1231} KeyStore(info) set versioning
11-05 11:07:33.464 21502 21519 V CouchbaseLite/DATABASE: {DB#1231} KeyStore(info) set publicUUID
11-05 11:07:33.464 21502 21519 V CouchbaseLite/DATABASE: {DB#1231} KeyStore(info) set privateUUID
11-05 11:07:33.464 21502 21519 V CouchbaseLite/DATABASE: {DB#1231} commit transaction
11-05 11:07:33.465 21502 21519 V CouchbaseLite/DATABASE: {DB#1231} Next expiration time is 0
11-05 11:07:33.465 21502 21519 V CouchbaseLite/DATABASE: No pending doc expirations
11-05 11:07:33.480 21502 21519 V CouchbaseLite/Test: testdb was closed successfully.
11-05 11:07:33.482 21502 21519 V CouchbaseLite/Test: testdb was deleted successfully.
11-05 11:07:33.484 21502 21519 I TestRunner: finished: testFileLoggingDisableLogging(com.couchbase.lite.LogTest)
11-05 11:07:33.493 21502 21502 I MonitoringInstr: Activities that are still in CREATED to STOPPED: 0
11-05 11:07:33.497 21502 21519 I TestRunner: started: testLogStandardErrorWithFormatting(com.couchbase.lite.LogTest)
11-05 11:07:33.500 21502 21502 I MonitoringInstr: Activities that are still in CREATED to STOPPED: 0
11-05 11:07:33.504 21502 21519 I CouchbaseLite/DATABASE: Opening Database{@58b393d, name='testdb'} at path /data/user/0/com.couchbase.lite.test/files/CBLTestDb/testdb.cblite2
11-05 11:07:33.505 21502 21519 D CouchbaseLite/DATABASE: {N8litecore8DataFile6SharedE#975} adding DataFile 0xd2885640
11-05 11:07:33.506 21502 21519 I CouchbaseLite/DATABASE: {DB#1232}==> N8litecore14SQLiteDataFileE /data/user/0/com.couchbase.lite.test/files/CBLTestDb/testdb.cblite2/db.sqlite3 @0xd2885640
11-05 11:07:33.506 21502 21519 I CouchbaseLite/DATABASE: {DB#1232} Opening database
11-05 11:07:33.519 21502 21519 D CouchbaseLite/DATABASE: {DB#1232} open KVS 'default'
11-05 11:07:33.524 21502 21519 D CouchbaseLite/DATABASE: {DB#1232} open KVS 'info'
11-05 11:07:33.528 21502 21519 V CouchbaseLite/DATABASE: {DB#1232} begin transaction
11-05 11:07:33.528 21502 21519 V CouchbaseLite/DATABASE: {DB#1232} KeyStore(info) set versioning
11-05 11:07:33.528 21502 21519 V CouchbaseLite/DATABASE: {DB#1232} KeyStore(info) set publicUUID
11-05 11:07:33.529 21502 21519 V CouchbaseLite/DATABASE: {DB#1232} KeyStore(info) set privateUUID
11-05 11:07:33.529 21502 21519 V CouchbaseLite/DATABASE: {DB#1232} commit transaction
11-05 11:07:33.530 21502 21519 V CouchbaseLite/DATABASE: {DB#1232} Next expiration time is 0
11-05 11:07:33.530 21502 21519 V CouchbaseLite/DATABASE: No pending doc expirations
11-05 11:07:33.550 21502 21519 V CouchbaseLite/Test: testdb was closed successfully.
11-05 11:07:33.552 21502 21519 V CouchbaseLite/Test: testdb was deleted successfully.
11-05 11:07:33.554 21502 21519 I TestRunner: finished: testLogStandardErrorWithFormatting(com.couchbase.lite.LogTest)
11-05 11:07:33.563 21502 21502 I MonitoringInstr: Activities that are still in CREATED to STOPPED: 0
11-05 11:07:33.568 21502 21519 I TestRunner: started: testFileLoggingLogFilename(com.couchbase.lite.LogTest)
11-05 11:07:33.571 21502 21502 I MonitoringInstr: Activities that are still in CREATED to STOPPED: 0
11-05 11:07:33.577 21502 21519 I CouchbaseLite/DATABASE: Opening Database{@9e62532, name='testdb'} at path /data/user/0/com.couchbase.lite.test/files/CBLTestDb/testdb.cblite2
11-05 11:07:33.578 21502 21519 D CouchbaseLite/DATABASE: {N8litecore8DataFile6SharedE#975} adding DataFile 0xd2885140
11-05 11:07:33.579 21502 21519 I CouchbaseLite/DATABASE: {DB#1233}==> N8litecore14SQLiteDataFileE /data/user/0/com.couchbase.lite.test/files/CBLTestDb/testdb.cblite2/db.sqlite3 @0xd2885140
11-05 11:07:33.579 21502 21519 I CouchbaseLite/DATABASE: {DB#1233} Opening database
11-05 11:07:33.592 21502 21519 D CouchbaseLite/DATABASE: {DB#1233} open KVS 'default'
11-05 11:07:33.597 21502 21519 D CouchbaseLite/DATABASE: {DB#1233} open KVS 'info'
11-05 11:07:33.601 21502 21519 V CouchbaseLite/DATABASE: {DB#1233} begin transaction
11-05 11:07:33.602 21502 21519 V CouchbaseLite/DATABASE: {DB#1233} KeyStore(info) set versioning
11-05 11:07:33.602 21502 21519 V CouchbaseLite/DATABASE: {DB#1233} KeyStore(info) set publicUUID
11-05 11:07:33.602 21502 21519 V CouchbaseLite/DATABASE: {DB#1233} KeyStore(info) set privateUUID
11-05 11:07:33.602 21502 21519 V CouchbaseLite/DATABASE: {DB#1233} commit transaction
11-05 11:07:33.604 21502 21519 V CouchbaseLite/DATABASE: {DB#1233} Next expiration time is 0
11-05 11:07:33.604 21502 21519 V CouchbaseLite/DATABASE: No pending doc expirations
11-05 11:07:33.616 21502 21519 E CouchbaseLite/DATABASE: TEST MESSAGE
11-05 11:07:33.620 21502 21519 I CouchbaseLite/DATABASE: Closing Database{@9e62532, name='testdb'} at path /data/user/0/com.couchbase.lite.test/files/CBLTestDb/testdb.cblite2/
11-05 11:07:33.621 21502 21519 V CouchbaseLite/DATABASE: {DB#1233} Pre-close housekeeping: 0 of 6 pages free (0%)
11-05 11:07:33.629 21502 21519 V CouchbaseLite/DATABASE: {DB#1233} Closed SQLite database
11-05 11:07:33.629 21502 21519 D CouchbaseLite/DATABASE: {N8litecore8DataFile6SharedE#975} Remove DataFile 0xd2885140
11-05 11:07:33.629 21502 21519 I CouchbaseLite/DATABASE: {DB#1233} Closing database
11-05 11:07:33.629 21502 21519 D CouchbaseLite/DATABASE: {N8litecore8DataFile6SharedE#975} Remove DataFile 0xd2885140
11-05 11:07:33.629 21502 21519 D CouchbaseLite/DATABASE: {N8litecore8DataFile6SharedE#975} Remove DataFile 0xd2885140
11-05 11:07:33.630 21502 21519 D CouchbaseLite/DATABASE: {DB#1233} destructing (~DataFile)
11-05 11:07:33.630 21502 21519 D CouchbaseLite/DATABASE: {N8litecore8DataFile6SharedE#975} Remove DataFile 0xd2885140
11-05 11:07:33.630 21502 21519 V CouchbaseLite/Test: testdb was closed successfully.
11-05 11:07:33.631 21502 21519 I CouchbaseLite/DATABASE: delete(): path=/data/user/0/com.couchbase.lite.test/files/CBLTestDb/testdb.cblite2
11-05 11:07:33.632 21502 21519 D CouchbaseLite/DATABASE: {N8litecore8DataFile6SharedE#975} adding DataFile 0x0
11-05 11:07:33.632 21502 21519 V CouchbaseLite/DATABASE: Preparing to delete DataFile /data/data/com.couchbase.lite.test/files/CBLTestDb/testdb.cblite2/db.sqlite3
11-05 11:07:33.632 21502 21519 I CouchbaseLite/DATABASE: Deleting database file /data/data/com.couchbase.lite.test/files/CBLTestDb/testdb.cblite2/db.sqlite3 (with -wal and -shm)
11-05 11:07:33.633 21502 21519 D CouchbaseLite/DATABASE: ...finished deleting database file /data/data/com.couchbase.lite.test/files/CBLTestDb/testdb.cblite2/db.sqlite3 (with -wal and -shm)
11-05 11:07:33.633 21502 21519 V CouchbaseLite/Test: testdb was deleted successfully.
11-05 11:07:33.636 21502 21519 I TestRunner: finished: testFileLoggingLogFilename(com.couchbase.lite.LogTest)
11-05 11:07:33.641 21502 21502 I MonitoringInstr: Activities that are still in CREATED to STOPPED: 0
11-05 11:07:33.644 21502 21519 I TestRunner: started: testFileLoggingHeader(com.couchbase.lite.LogTest)
11-05 11:07:33.646 21502 21502 I MonitoringInstr: Activities that are still in CREATED to STOPPED: 0
11-05 11:07:33.651 21502 21519 I CouchbaseLite/DATABASE: Opening Database{@cff4283, name='testdb'} at path /data/user/0/com.couchbase.lite.test/files/CBLTestDb/testdb.cblite2
11-05 11:07:33.652 21502 21519 D CouchbaseLite/DATABASE: {N8litecore8DataFile6SharedE#975} adding DataFile 0xd2889740
11-05 11:07:33.652 21502 21519 I CouchbaseLite/DATABASE: {DB#1234}==> N8litecore14SQLiteDataFileE /data/user/0/com.couchbase.lite.test/files/CBLTestDb/testdb.cblite2/db.sqlite3 @0xd2889740
11-05 11:07:33.652 21502 21519 I CouchbaseLite/DATABASE: {DB#1234} Opening database
11-05 11:07:33.663 21502 21519 D CouchbaseLite/DATABASE: {DB#1234} open KVS 'default'
11-05 11:07:33.667 21502 21519 D CouchbaseLite/DATABASE: {DB#1234} open KVS 'info'
11-05 11:07:33.669 21502 21519 V CouchbaseLite/DATABASE: {DB#1234} begin transaction
11-05 11:07:33.670 21502 21519 V CouchbaseLite/DATABASE: {DB#1234} KeyStore(info) set versioning
11-05 11:07:33.670 21502 21519 V CouchbaseLite/DATABASE: {DB#1234} KeyStore(info) set publicUUID
11-05 11:07:33.670 21502 21519 V CouchbaseLite/DATABASE: {DB#1234} KeyStore(info) set privateUUID
11-05 11:07:33.671 21502 21519 V CouchbaseLite/DATABASE: {DB#1234} commit transaction
11-05 11:07:33.672 21502 21519 V CouchbaseLite/DATABASE: {DB#1234} Next expiration time is 0
11-05 11:07:33.672 21502 21519 V CouchbaseLite/DATABASE: No pending doc expirations
11-05 11:07:33.679 21502 21519 V CouchbaseLite/DATABASE: 11223344556677889900
11-05 11:07:33.679 21502 21519 I CouchbaseLite/DATABASE: 11223344556677889900
