11-05 11:07:24.153 21502 21718 I chatty : uid=10479(u0_a479) expire 4 lines
11-05 11:07:24.159 21502 21715 I chatty : uid=10479(u0_a479) expire 24 lines
11-05 11:07:24.242 21502 21722 I chatty : uid=10479(u0_a479) expire 11 lines
11-05 11:07:24.266 21502 21698 I chatty : uid=10479(u0_a479) expire 2 lines
11-05 11:07:24.276 21502 21699 I chatty : uid=10479(u0_a479) expire 2 lines
11-05 11:07:24.295 21502 21519 I chatty : uid=10479(u0_a479) expire 26 lines
11-05 11:07:24.309 21502 21713 I chatty : uid=10479(u0_a479) expire 29 lines
11-05 11:07:24.330 21502 21717 I chatty : uid=10479(u0_a479) expire 61 lines
11-05 11:07:24.341 21502 21655 I chatty : uid=10479(u0_a479) expire 3 lines
11-05 11:07:24.365 21502 21700 I chatty : uid=10479(u0_a479) expire 2 lines
11-05 11:07:24.365 21502 21718 I chatty : uid=10479(u0_a479) expire 35 lines
11-05 11:07:24.384 21502 21716 I chatty : uid=10479(u0_a479) expire 23 lines
11-05 11:07:24.394 21502 21714 I chatty : uid=10479(u0_a479) expire 16 lines
11-05 11:07:24.408 21502 21715 I chatty : uid=10479(u0_a479) expire 23 lines
11-05 11:07:24.476 21502 21711 I chatty : uid=10479(u0_a479) expire 12 lines
11-05 11:07:24.485 21502 21712 I chatty : uid=10479(u0_a479) expire 13 lines
11-05 11:07:24.514 21502 21722 I chatty : uid=10479(u0_a479) expire 10 lines
11-05 11:07:24.529 21502 21712 I chatty : uid=10479(u0_a479) expire 1 line
11-05 11:07:24.558 21502 21718 I chatty : uid=10479(u0_a479) expire 83 lines
11-05 11:07:24.562 21502 21655 I chatty : uid=10479(u0_a479) expire 2 lines
11-05 11:07:24.564 21502 21716 I chatty : uid=10479(u0_a479) expire 3 lines
11-05 11:07:24.568 21502 21713 I chatty : uid=10479(u0_a479) expire 28 lines
11-05 11:07:24.571 21502 21717 I chatty : uid=10479(u0_a479) expire 5 lines
11-05 11:07:24.585 21502 21711 I chatty : uid=10479(u0_a479) expire 19 lines
11-05 11:07:24.586 21502 21700 I chatty : uid=10479(u0_a479) expire 6 lines
11-05 11:07:24.595 21502 21519 I chatty : uid=10479(u0_a479) expire 84 lines
11-05 11:07:25.149 21502 21502 I chatty : uid=10479(u0_a479) expire 2 lines
11-05 11:07:25.205 21502 21511 I chatty : uid=10479(u0_a479) expire 8 lines
11-05 11:07:25.781 21502 21698 I chatty : uid=10479(u0_a479) expire 3 lines
11-05 11:07:25.855 21502 21718 I chatty : uid=10479(u0_a479) expire 55 lines
11-05 11:07:25.858 21502 21711 I chatty : uid=10479(u0_a479) expire 44 lines
11-05 11:07:25.884 21502 21717 I chatty : uid=10479(u0_a479) expire 22 lines
11-05 11:07:25.894 21502 21713 I chatty : uid=10479(u0_a479) expire 12 lines
11-05 11:07:25.898 21502 21712 I chatty : uid=10479(u0_a479) expire 18 lines
11-05 11:07:25.901 21502 21714 I chatty : uid=10479(u0_a479) expire 35 lines
11-05 11:07:25.905 21502 21715 I chatty : uid=10479(u0_a479) expire 32 lines
11-05 11:07:25.907 21502 21716 I chatty : uid=10479(u0_a479) expire 15 lines
11-05 11:07:26.001 21502 21722 I chatty : uid=10479(u0_a479) expire 11 lines
11-05 11:07:26.030 21502 21716 I chatty : uid=10479(u0_a479) expire 40 lines
11-05 11:07:26.031 21502 21698 I chatty : uid=10479(u0_a479) expire 2 lines
11-05 11:07:26.038 21502 21718 I chatty : uid=10479(u0_a479) expire 12 lines
11-05 11:07:26.040 21502 21714 I chatty : uid=10479(u0_a479) expire 14 lines
11-05 11:07:26.042 21502 21712 I chatty : uid=10479(u0_a479) expire 26 lines
11-05 11:07:26.043 21502 21699 I chatty : uid=10479(u0_a479) expire 2 lines
11-05 11:07:26.048 21502 21711 I chatty : uid=10479(u0_a479) expire 27 lines
11-05 11:07:26.054 21502 21519 I chatty : uid=10479(u0_a479) expire 100 lines
11-05 11:07:26.060 21502 21713 I chatty : uid=10479(u0_a479) expire 7 lines
11-05 11:07:26.719 21502 21502 I chatty : uid=10479(u0_a479) expire 2 lines
11-05 11:07:27.354 21502 21715 I chatty : uid=10479(u0_a479) expire 18 lines
11-05 11:07:27.356 21502 21655 I chatty : uid=10479(u0_a479) expire 3 lines
11-05 11:07:27.392 21502 21700 I chatty : uid=10479(u0_a479) expire 2 lines
11-05 11:07:27.415 21502 21712 D CouchbaseLite/NETWORK: {LoopbackWS#1143} RECEIVED: 01022145 72726f72 2d446f6d 61696e00 48545450 00457272 6f722d43 6f646500
11-05 11:07:27.415 21502 21712 D CouchbaseLite/NETWORK: 34303400 964c4b0b
11-05 11:07:27.415 21502 21711 V CouchbaseLite/NETWORK: {N8litecore4blip10ConnectionE#1140} Finished receiving 'subChanges' REQ #2
11-05 11:07:27.415 21502 21712 V CouchbaseLite/NETWORK: {N8litecore4blip6BLIPIOE#1144} Received frame: ERR #1 ----, length 38
11-05 11:07:27.416 21502 21716 I CouchbaseLite/REPLICATOR: {n8litecore4repl6pushere#1147}==> N8litecore4repl6PusherE <-file:////data/user/0/com.couchbase.lite.test/files/CBLTestDb/otherdb.cblite2/ @0xd3c373c8
11-05 11:07:27.416 21502 21716 I CouchbaseLite/REPLICATOR: {n8litecore4repl6pushere#1147} Peer is pulling changes from seq #0
11-05 11:07:27.417 21502 21716 V CouchbaseLite/REPLICATOR: {n8litecore4repl6pushere#1147} Asking DB for 200 changes since sequence #0 ...
11-05 11:07:27.417 21502 21716 V CouchbaseLite/REPLICATOR: {n8litecore4repl6pushere#1147} Reading up to 200 local changes since #0
11-05 11:07:27.417 21502 21714 V CouchbaseLite/NETWORK: {N8litecore4blip6BLIPIOE#1145} Sending RES #2
11-05 11:07:27.418 21502 21714 V CouchbaseLite/NETWORK: {N8litecore4blip6BLIPIOE#1145} Sending frame: RES #2 ----, bytes 0--4
11-05 11:07:27.418 21502 21714 V CouchbaseLite/NETWORK: {N8litecore4blip6BLIPIOE#1145} Finished sending RES #2
11-05 11:07:27.418 21502 21714 V CouchbaseLite/NETWORK: {N8litecore4blip6BLIPIOE#1145} ...Wrote 7 bytes to WebSocket (writeable=1)
11-05 11:07:27.419 21502 21717 D CouchbaseLite/NETWORK: {LoopbackWS#1142} SEND: 02010045 467a4e
11-05 11:07:27.419 21502 21716 D CouchbaseLite/DATABASE: {DB#1137} open KVS 'default'
11-05 11:07:27.420 21502 21712 V CouchbaseLite/NETWORK: {N8litecore4blip10ConnectionE#1138} Receiving ERR #1
11-05 11:07:27.420 21502 21712 V CouchbaseLite/NETWORK: {N8litecore4blip10ConnectionE#1138} Finished receiving ERR #1
11-05 11:07:27.421 21502 21712 I CouchbaseLite/REPLICATOR: {Repl#1139} No remote checkpoint
11-05 11:07:27.421 21502 21717 D CouchbaseLite/NETWORK: {LoopbackWS#1143} RECEIVED: 02010045 467a4e
11-05 11:07:27.422 21502 21712 I CouchbaseLite/REPLICATOR: {Repl#1139} activityLevel=busy: connectionState=2
11-05 11:07:27.422 21502 21717 V CouchbaseLite/NETWORK: {N8litecore4blip6BLIPIOE#1144} Received frame: RES #2 ----, length 5
11-05 11:07:27.423 21502 21717 V CouchbaseLite/NETWORK: {N8litecore4blip10ConnectionE#1138} Receiving RES #2
11-05 11:07:27.423 21502 21717 V CouchbaseLite/NETWORK: {N8litecore4blip10ConnectionE#1138} Finished receiving RES #2
11-05 11:07:27.425 21502 21717 I CouchbaseLite/REPLICATOR: {N8litecore4repl6PullerE#1146} activityLevel=busy: pendingResponseCount=0, _caughtUp=0, _pendingRevMessages=0, _activeIncomingRevs=0
11-05 11:07:27.425 21502 21716 I CouchbaseLite/REPLICATOR: {n8litecore4repl6pushere#1147} Read 1 local changes up to #2: sending 'changes' with sequences #2 - #2
11-05 11:07:27.426 21502 21716 D CouchbaseLite/REPLICATOR: {n8litecore4repl6pushere#1147} - 0002: 'doc' #2-0e7e473d7c83197e7a9247bdf19e0fc8a0f38766 (remote #)
11-05 11:07:27.427 21502 21716 I CouchbaseLite/REPLICATOR: {n8litecore4repl6pushere#1147} Caught up, at lastSequence #2
11-05 11:07:27.427 21502 21714 V CouchbaseLite/NETWORK: {N8litecore4blip6BLIPIOE#1145} Sending 'changes' REQ #1 UZ
11-05 11:07:27.427 21502 21716 V CouchbaseLite/REPLICATOR: {n8litecore4repl6pushere#1147} progress +0/+90, 0 docs -- now 0 / 90, 0 docs
11-05 11:07:27.428 21502 21716 I CouchbaseLite/REPLICATOR: {n8litecore4repl6pushere#1147} activityLevel=busy: pendingResponseCount=1, caughtUp=1, changeLists=1, revsInFlight=0, blobsInFlight=0, awaitingReply=0, revsToSend=0, pushingDocs=1, pendingSequences=0
11-05 11:07:27.428 21502 21716 V CouchbaseLite/REPLICATOR: {n8litecore4repl6pushere#1147} now busy
11-05 11:07:27.429 21502 21716 I CouchbaseLite/REPLICATOR: {repl#1141} pushStatus=busy, pullStatus=busy, progress=0/90
11-05 11:07:27.429 21502 21716 V CouchbaseLite/REPLICATOR: {repl#1141} progress +0/+90, 0 docs -- now 0 / 90, 0 docs
11-05 11:07:27.429 21502 21716 I CouchbaseLite/REPLICATOR: {repl#1141} activityLevel=busy: connectionState=2
11-05 11:07:27.430 21502 21714 V CouchbaseLite/NETWORK: {N8litecore4blip6BLIPIOE#1145} Sending frame: REQ #1 -U-C, bytes 0--82
11-05 11:07:27.430 21502 21714 V CouchbaseLite/NETWORK: {N8litecore4blip6BLIPIOE#1145} Finished sending REQ #1 UZ
11-05 11:07:27.431 21502 21714 V CouchbaseLite/NETWORK: {N8litecore4blip6BLIPIOE#1145} ...Wrote 85 bytes to WebSocket (writeable=1)
11-05 11:07:27.431 21502 21714 D CouchbaseLite/NETWORK: {LoopbackWS#1142} SEND: 011804c1 4b0a8020 1000508f d019663d c1f8c1d1 5bb41717 368e1544 42dd1f7a
11-05 11:07:27.431 21502 21714 D CouchbaseLite/NETWORK: 6fd9de39 ae5b8d9c ed39f433 a538843e 0510dc4a ca1ad877 96e46d66 e5965de0... [85]
11-05 11:07:27.432 21502 21714 V CouchbaseLite/NETWORK: {N8litecore4blip6BLIPIOE#1145} Sending 'changes' REQ #2 UN
11-05 11:07:27.432 21502 21714 V CouchbaseLite/NETWORK: {N8litecore4blip6BLIPIOE#1145} Sending frame: REQ #2 -UN-, bytes 0--22
11-05 11:07:27.433 21502 21714 V CouchbaseLite/NETWORK: {N8litecore4blip6BLIPIOE#1145} Finished sending REQ #2 UN
11-05 11:07:27.433 21502 21714 V CouchbaseLite/NETWORK: {N8litecore4blip6BLIPIOE#1145} ...Wrote 25 bytes to WebSocket (writeable=1)
11-05 11:07:27.434 21502 21714 D CouchbaseLite/NETWORK: {LoopbackWS#1143} RECEIVED: 011804c1 4b0a8020 1000508f d019663d c1f8c1d1 5bb41717 368e1544 42dd1f7a
11-05 11:07:27.434 21502 21714 D CouchbaseLite/NETWORK: 6fd9de39 ae5b8d9c ed39f433 a538843e 0510dc4a ca1ad877 96e46d66 e5965de0... [85]
11-05 11:07:27.434 21502 21714 D CouchbaseLite/NETWORK: {LoopbackWS#1142} SEND: 02301050 726f6669 6c650063 68616e67 6573005b 5d2fa4e5 39
11-05 11:07:27.435 21502 21714 V CouchbaseLite/NETWORK: {N8litecore4blip6BLIPIOE#1144} Received frame: REQ #1 -U-C, length 83
11-05 11:07:27.436 21502 21713 I CouchbaseLite/REPLICATOR: {n8litecore4repl6pushere#1147} activityLevel=busy: pendingResponseCount=1, caughtUp=1, changeLists=1, revsInFlight=0, blobsInFlight=0, awaitingReply=0, revsToSend=0, pushingDocs=1, pendingSequences=0
11-05 11:07:27.438 21502 21712 D CouchbaseLite/NETWORK: {LoopbackWS#1143} RECEIVED: 02301050 726f6669 6c650063 68616e67 6573005b 5d2fa4e5 39
11-05 11:07:27.438 21502 21714 V CouchbaseLite/NETWORK: {N8litecore4blip10ConnectionE#1138} Receiving 'changes' REQ #1 UZ
11-05 11:07:27.439 21502 21714 V CouchbaseLite/NETWORK: {N8litecore4blip10ConnectionE#1138} Finished receiving 'changes' REQ #1 UZ
11-05 11:07:27.439 21502 21714 V CouchbaseLite/REPLICATOR: {N8litecore4repl6PullerE#1146} Received 'changes' REQ#1 (0 queued; 0 revs pending, 0 active, 0 unfinished)
11-05 11:07:27.440 21502 21718 V CouchbaseLite/NETWORK: {N8litecore4blip6BLIPIOE#1144} Received frame: REQ #2 -UN-, length 23
11-05 11:07:27.442 21502 21718 V CouchbaseLite/NETWORK: {N8litecore4blip10ConnectionE#1138} Receiving 'changes' REQ #2 UN
11-05 11:07:27.442 21502 21718 V CouchbaseLite/NETWORK: {N8litecore4blip10ConnectionE#1138} Finished receiving 'changes' REQ #2 UN
11-05 11:07:27.442 21502 21714 V CouchbaseLite/REPLICATOR: {N8litecore4repl6PullerE#1146} Handling 'changes' REQ#1
11-05 11:07:27.443 21502 21714 I CouchbaseLite/REPLICATOR: {N8litecore4repl6PullerE#1146} activityLevel=busy: pendingResponseCount=0, _caughtUp=0, _pendingRevMessages=0, _activeIncomingRevs=0
11-05 11:07:27.444 21502 21714 V CouchbaseLite/REPLICATOR: {N8litecore4repl6PullerE#1146} Received 'changes' REQ#2 (0 queued; 0 revs pending, 0 active, 0 unfinished)
11-05 11:07:27.444 21502 21714 V CouchbaseLite/REPLICATOR: {N8litecore4repl6PullerE#1146} Handling 'changes' REQ#2
11-05 11:07:27.445 21502 21717 I CouchbaseLite/REPLICATOR: {N8litecore4repl9RevFinderE#1148}==> N8litecore4repl9RevFinderE ->file:////data/user/0/com.couchbase.lite.test/files/CBLTestDb/testdb.cblite2/ @0xd2ba6848
11-05 11:07:27.445 21502 21717 I CouchbaseLite/REPLICATOR: {N8litecore4repl9RevFinderE#1148} Received 1 changes (seq '2'..'2')
11-05 11:07:27.445 21502 21714 I CouchbaseLite/REPLICATOR: {N8litecore4repl6PullerE#1146} Caught up with remote changes
11-05 11:07:27.445 21502 21714 I CouchbaseLite/REPLICATOR: {N8litecore4repl6PullerE#1146} activityLevel=busy: pendingResponseCount=0, _caughtUp=1, _pendingRevMessages=0, _activeIncomingRevs=0
11-05 11:07:27.448 21502 21717 I CouchbaseLite/REPLICATOR: {N8litecore4repl9RevFinderE#1148} Responded to 'changes' REQ#1 w/request for 1 revs
11-05 11:07:27.449 21502 21717 V CouchbaseLite/REPLICATOR: {N8litecore4repl9RevFinderE#1148} now idle
11-05 11:07:27.449 21502 21717 V CouchbaseLite/NETWORK: {N8litecore4blip6BLIPIOE#1144} Sending RES #1 UZ
11-05 11:07:27.450 21502 21716 V CouchbaseLite/REPLICATOR: {N8litecore4repl6PullerE#1146} Now waiting for 1 'rev' messages; 1 known sequences pending
11-05 11:07:27.450 21502 21717 V CouchbaseLite/NETWORK: {N8litecore4blip6BLIPIOE#1144} Sending frame: RES #1 -U-C, bytes 0--82
11-05 11:07:27.451 21502 21717 V CouchbaseLite/NETWORK: {N8litecore4blip6BLIPIOE#1144} Finished sending RES #1 UZ
11-05 11:07:27.451 21502 21717 V CouchbaseLite/NETWORK: {N8litecore4blip6BLIPIOE#1144} ...Wrote 85 bytes to WebSocket (writeable=1)
11-05 11:07:27.451 21502 21716 V CouchbaseLite/REPLICATOR: {N8litecore4repl6PullerE#1146} progress +0/+90, 0 docs -- now 0 / 90, 0 docs
11-05 11:07:27.451 21502 21717 I CouchbaseLite/REPLICATOR: {Repl#1139} pushStatus=stopped, pullStatus=busy, progress=0/0
11-05 11:07:27.452 21502 21717 I CouchbaseLite/REPLICATOR: {Repl#1139} activityLevel=busy: connectionState=2
11-05 11:07:27.452 21502 21716 I CouchbaseLite/REPLICATOR: {N8litecore4repl6PullerE#1146} activityLevel=busy: pendingResponseCount=0, _caughtUp=1, _pendingRevMessages=1, _activeIncomingRevs=0
11-05 11:07:27.452 21502 21717 D CouchbaseLite/NETWORK: {LoopbackWS#1143} SEND: 011992cc 4dacf0c8 2c2ec92f aa643032 6048cac9 4f2a6628 292a4d65 888e5652
11-05 11:07:27.452 21502 21717 D CouchbaseLite/NETWORK: d25132d4 354db234 484b31b4 34b13032 374b3630 4a3131b0 b434334f b4303736... [85]
11-05 11:07:27.453 21502 21716 I CouchbaseLite/REPLICATOR: {Repl#1139} pushStatus=stopped, pullStatus=busy, progress=0/90
11-05 11:07:27.453 21502 21716 V CouchbaseLite/REPLICATOR: {Repl#1139} progress +0/+90, 0 docs -- now 0 / 90, 0 docs
11-05 11:07:27.454 21502 21716 I CouchbaseLite/REPLICATOR: {Repl#1139} activityLevel=busy: connectionState=2
11-05 11:07:27.455 21502 21717 D CouchbaseLite/NETWORK: {LoopbackWS#1142} RECEIVED: 011992cc 4dacf0c8 2c2ec92f aa643032 6048cac9 4f2a6628 292a4d65 888e5652
11-05 11:07:27.455 21502 21717 D CouchbaseLite/NETWORK: d25132d4 354db234 484b31b4 34b13032 374b3630 4a3131b0 b434334f b4303736... [85]
11-05 11:07:27.457 21502 21717 V CouchbaseLite/NETWORK: {N8litecore4blip6BLIPIOE#1145} Received frame: RES #1 -U-C, length 83
11-05 11:07:27.458 21502 21717 V CouchbaseLite/NETWORK: {N8litecore4blip10ConnectionE#1140} Receiving RES #1 UZ
11-05 11:07:27.459 21502 21717 V CouchbaseLite/NETWORK: {N8litecore4blip10ConnectionE#1140} Finished receiving RES #1 UZ
11-05 11:07:27.460 21502 21717 I CouchbaseLite/REPLICATOR: {n8litecore4repl6pushere#1147} Got response for 1 local changes (sequences from 2)
11-05 11:07:27.460 21502 21717 V CouchbaseLite/REPLICATOR: {n8litecore4repl6pushere#1147} Queueing rev 'doc' #2-0e7e473d7c83197e7a9247bdf19e0fc8a0f38766 (seq #2) [1 queued]
11-05 11:07:27.461 21502 21717 V CouchbaseLite/REPLICATOR: {n8litecore4repl6pushere#1147} Sending rev doc 2-0e7e473d7c83197e7a9247bdf19e0fc8a0f38766 (seq #2) [1/10]
11-05 11:07:27.461 21502 21717 V CouchbaseLite/REPLICATOR: {n8litecore4repl6pushere#1147} Reading document 'doc' #2-0e7e473d7c83197e7a9247bdf19e0fc8a0f38766
11-05 11:07:27.463 21502 21717 V CouchbaseLite/REPLICATOR: {n8litecore4repl6pushere#1147} Transmitting 'rev' message with 'doc' #2-0e7e473d7c83197e7a9247bdf19e0fc8a0f38766
11-05 11:07:27.464 21502 21717 I CouchbaseLite/REPLICATOR: {n8litecore4repl6pushere#1147} activityLevel=busy: pendingResponseCount=1, caughtUp=1, changeLists=0, revsInFlight=1, blobsInFlight=0, awaitingReply=0, revsToSend=0, pushingDocs=1, pendingSequences=0
11-05 11:07:27.464 21502 21717 V CouchbaseLite/NETWORK: {N8litecore4blip6BLIPIOE#1145} Sending 'rev' REQ #3 Z
11-05 11:07:27.465 21502 21717 V CouchbaseLite/NETWORK: {N8litecore4blip6BLIPIOE#1145} Sending frame: REQ #3 ---C, bytes 0--120
11-05 11:07:27.466 21502 21717 V CouchbaseLite/NETWORK: {N8litecore4blip6BLIPIOE#1145} Finished sending REQ #3 Z
11-05 11:07:27.466 21502 21717 V CouchbaseLite/NETWORK: {N8litecore4blip6BLIPIOE#1145} ...Wrote 123 bytes to WebSocket (writeable=1)
11-05 11:07:27.467 21502 21715 D CouchbaseLite/REPLICATOR: {n8litecore4repl6pushere#1147} Transmitted 'rev' doc #2-0e7e473d7c83197e7a9247bdf19e0fc8a0f38766 (seq #2)
11-05 11:07:27.468 21502 21715 I CouchbaseLite/REPLICATOR: {n8litecore4repl6pushere#1147} activityLevel=busy: pendingResponseCount=1, caughtUp=1, changeLists=0, revsInFlight=0, blobsInFlight=0, awaitingReply=169, revsToSend=0, pushingDocs=1, pendingSequences=0
11-05 11:07:27.468 21502 21714 D CouchbaseLite/NETWORK: {LoopbackWS#1142} SEND: 03088ccf 410ac230 1085e1f1 2ad90b49 da261dcf e1059a64 d4d9d438 930a2282
11-05 11:07:27.468 21502 21714 D CouchbaseLite/NETWORK: 473708ee dd3dfec5 07efbdfb 714277e0 021dface ff2950ba 6db46602 0f17d676... [123]
11-05 11:07:27.469 21502 21714 D CouchbaseLite/NETWORK: {LoopbackWS#1143} RECEIVED: 03088ccf 410ac230 1085e1f1 2ad90b49 da261dcf e1059a64 d4d9d438 930a2282
11-05 11:07:27.469 21502 21714 D CouchbaseLite/NETWORK: 473708ee dd3dfec5 07efbdfb 714277e0 021dface ff2950ba 6db46602 0f17d676... [123]
11-05 11:07:27.469 21502 21714 V CouchbaseLite/NETWORK: {N8litecore4blip6BLIPIOE#1144} Received frame: REQ #3 ---C, length 121
11-05 11:07:27.470 21502 21714 V CouchbaseLite/NETWORK: {N8litecore4blip10ConnectionE#1138} Receiving 'rev' REQ #3 Z
11-05 11:07:27.470 21502 21714 V CouchbaseLite/NETWORK: {N8litecore4blip10ConnectionE#1138} Finished receiving 'rev' REQ #3 Z
11-05 11:07:27.471 21502 21714 I CouchbaseLite/REPLICATOR: {N8litecore4repl6PullerE#1146} activityLevel=busy: pendingResponseCount=0, _caughtUp=1, _pendingRevMessages=0, _activeIncomingRevs=1
11-05 11:07:27.471 21502 21718 V CouchbaseLite/REPLICATOR: {N8litecore4repl11IncomingRevE#1149}==> N8litecore4repl11IncomingRevE ->file:////data/user/0/com.couchbase.lite.test/files/CBLTestDb/testdb.cblite2/ @0xe5b96e88
11-05 11:07:27.471 21502 21718 V CouchbaseLite/REPLICATOR: {N8litecore4repl11IncomingRevE#1149} Received revision 'doc' #2-0e7e473d7c83197e7a9247bdf19e0fc8a0f38766 (seq '2')
11-05 11:07:27.473 21502 21718 I CouchbaseLite/REPLICATOR: {N8litecore4repl6PullerE#1146} activityLevel=busy: pendingResponseCount=0, _caughtUp=1, _pendingRevMessages=0, _activeIncomingRevs=1
11-05 11:07:27.495 21502 21713 V CouchbaseLite/REPLICATOR: {N8litecore4repl8InserterE#1150}==> N8litecore4repl8InserterE ->file:////data/user/0/com.couchbase.lite.test/files/CBLTestDb/testdb.cblite2/ @0xe56af7c8
11-05 11:07:27.496 21502 21713 V CouchbaseLite/REPLICATOR: {N8litecore4repl8InserterE#1150} Inserting 1 revs:
11-05 11:07:27.497 21502 21713 D CouchbaseLite/DATABASE: {N8litecore8DataFile6SharedE#975} adding DataFile 0xd2a72740
11-05 11:07:27.498 21502 21713 I CouchbaseLite/DATABASE: {DB#1151}==> N8litecore14SQLiteDataFileE /data/user/0/com.couchbase.lite.test/files/CBLTestDb/testdb.cblite2/db.sqlite3 @0xd2a72740
11-05 11:07:27.498 21502 21713 I CouchbaseLite/DATABASE: {DB#1151} Opening database
11-05 11:07:27.501 21502 21713 D CouchbaseLite/DATABASE: {DB#1151} open KVS 'info'
11-05 11:07:27.504 21502 21511 D CouchbaseLite/DATABASE: {N8litecore8DataFile6SharedE#975} Remove DataFile 0xd3ab1000
11-05 11:07:27.505 21502 21511 D CouchbaseLite/DATABASE: {N8litecore8DataFile6SharedE#975} Remove DataFile 0xd3ab1000
11-05 11:07:27.505 21502 21511 D CouchbaseLite/DATABASE: {DB#1109} destructing (~DataFile)
11-05 11:07:27.505 21502 21511 D CouchbaseLite/DATABASE: {N8litecore8DataFile6SharedE#975} Remove DataFile 0xd3ab1000
11-05 11:07:27.506 21502 21713 V CouchbaseLite/DATABASE: {DB#1151} begin transaction
11-05 11:07:27.507 21502 21713 D CouchbaseLite/DATABASE: {DB#1151} open KVS 'default'
11-05 11:07:27.509 21502 21713 V CouchbaseLite/DATABASE: {DB#1151} Saved 'doc' rev #2-0e7e473d7c83197e7a9247bdf19e0fc8a0f38766 as seq 3
11-05 11:07:27.509 21502 21713 V CouchbaseLite/REPLICATOR: {N8litecore4repl8InserterE#1150} {'doc' #2-0e7e473d7c83197e7a9247bdf19e0fc8a0f38766 <- 1-5b90fd1948276c02d409967a87339b1517e0c0b6} seq 3
11-05 11:07:27.509 21502 21713 I CouchbaseLite/REPLICATOR: {N8litecore4repl8InserterE#1150} Created conflict with 'doc' #2-0e7e473d7c83197e7a9247bdf19e0fc8a0f38766
11-05 11:07:27.510 21502 21717 I CouchbaseLite/REPLICATOR: {N8litecore4repl6PullerE#1146} activityLevel=busy: pendingResponseCount=0, _caughtUp=1, _pendingRevMessages=0, _activeIncomingRevs=0
11-05 11:07:27.511 21502 21713 V CouchbaseLite/DATABASE: {DB#1151} KeyStore(info) set SharedKeys
11-05 11:07:27.511 21502 21713 V CouchbaseLite/DATABASE: {DB#1151} commit transaction
11-05 11:07:27.512 21502 21715 V CouchbaseLite/NETWORK: {N8litecore4blip6BLIPIOE#1144} Sending RES #3
11-05 11:07:27.513 21502 21715 V CouchbaseLite/NETWORK: {N8litecore4blip6BLIPIOE#1144} Sending frame: RES #3 ----, bytes 0--4
11-05 11:07:27.513 21502 21715 V CouchbaseLite/NETWORK: {N8litecore4blip6BLIPIOE#1144} Finished sending RES #3
11-05 11:07:27.513 21502 21715 V CouchbaseLite/NETWORK: {N8litecore4blip6BLIPIOE#1144} ...Wrote 7 bytes to WebSocket (writeable=1)
11-05 11:07:27.514 21502 21715 I CouchbaseLite/REPLICATOR: {Repl#1139} documentEnded doc 2-0e7e473d7c83197e7a9247bdf19e0fc8a0f38766 flags=20 (0/0)
11-05 11:07:27.514 21502 21715 V CouchbaseLite/REPLICATOR: {N8litecore4repl6PullerE#1146} Checkpoint now at 2
11-05 11:07:27.514 21502 21715 V CouchbaseLite/REPLICATOR: {N8litecore4repl6PullerE#1146} progress +90/+0, 1 docs -- now 90 / 90, 1 docs
11-05 11:07:27.514 21502 21715 I CouchbaseLite/REPLICATOR: {N8litecore4repl6PullerE#1146} activityLevel=busy: pendingResponseCount=0, _caughtUp=1, _pendingRevMessages=0, _activeIncomingRevs=0
11-05 11:07:27.515 21502 21715 D CouchbaseLite/NETWORK: {LoopbackWS#1143} SEND: 03010077 e3180c
11-05 11:07:27.515 21502 21715 I CouchbaseLite/REPLICATOR: {Repl#1139} pushStatus=stopped, pullStatus=busy, progress=90/90
11-05 11:07:27.515 21502 21715 V CouchbaseLite/REPLICATOR: {Repl#1139} progress +90/+0, 1 docs -- now 90 / 90, 1 docs
11-05 11:07:27.515 21502 21715 I CouchbaseLite/REPLICATOR: {Repl#1139} activityLevel=busy: connectionState=2
11-05 11:07:27.516 21502 21715 I CouchbaseLite/REPLICATOR: {N8litecore4repl6PullerE#1146} activityLevel=stopped: pendingResponseCount=0, _caughtUp=1, _pendingRevMessages=0, _activeIncomingRevs=0
11-05 11:07:27.516 21502 21715 V CouchbaseLite/REPLICATOR: {N8litecore4repl6PullerE#1146} now stopped
11-05 11:07:27.517 21502 21715 D CouchbaseLite/NETWORK: {LoopbackWS#1142} RECEIVED: 03010077 e3180c
11-05 11:07:27.517 21502 21715 V CouchbaseLite/NETWORK: {N8litecore4blip6BLIPIOE#1145} Received frame: RES #3 ----, length 5
11-05 11:07:27.517 21502 21713 I CouchbaseLite/REPLICATOR: {N8litecore4repl8InserterE#1150} Inserted 1 revs in 20.81ms ( 48/sec) of which 74.6% was commit
11-05 11:07:27.517 21502 21713 V CouchbaseLite/REPLICATOR: {N8litecore4repl8InserterE#1150} now idle
11-05 11:07:27.518 21502 21712 I CouchbaseLite/REPLICATOR: {Repl#1139} pushStatus=stopped, pullStatus=stopped, progress=90/90
11-05 11:07:27.518 21502 21712 I CouchbaseLite/REPLICATOR: {Repl#1139} activityLevel=busy: connectionState=2
11-05 11:07:27.519 21502 21712 I CouchbaseLite/REPLICATOR: {Repl#1139} pushStatus=stopped, pullStatus=stopped, progress=90/90
11-05 11:07:27.519 21502 21712 I CouchbaseLite/REPLICATOR: {Repl#1139} activityLevel=busy: connectionState=2
11-05 11:07:27.519 21502 21715 V CouchbaseLite/NETWORK: {N8litecore4blip10ConnectionE#1140} Receiving RES #3
11-05 11:07:27.519 21502 21715 V CouchbaseLite/NETWORK: {N8litecore4blip10ConnectionE#1140} Finished receiving RES #3
11-05 11:07:27.520 21502 21711 V CouchbaseLite/REPLICATOR: {n8litecore4repl6pushere#1147} Completed rev doc #2-0e7e473d7c83197e7a9247bdf19e0fc8a0f38766 (seq #2)
11-05 11:07:27.520 21502 21712 V CouchbaseLite/REPLICATOR: {Repl#1139} Saving remote checkpoint cp-Zy9m/U2fyCIfGZOstK4npb9fsW8= with rev='': {"remote":2} ...
11-05 11:07:27.520 21502 21711 D CouchbaseLite/REPLICATOR: {n8litecore4repl6pushere#1147} Done pushing 'doc' 2-0e7e473d7c83197e7a9247bdf19e0fc8a0f38766
11-05 11:07:27.520 21502 21712 I CouchbaseLite/REPLICATOR: {Repl#1139} activityLevel=busy: connectionState=2
11-05 11:07:27.521 21502 21711 V CouchbaseLite/REPLICATOR: {n8litecore4repl6pushere#1147} progress +0/+0, 1 docs -- now 0 / 90, 1 docs
11-05 11:07:27.521 21502 21711 I CouchbaseLite/REPLICATOR: {n8litecore4repl6pushere#1147} activityLevel=idle: pendingResponseCount=0, caughtUp=1, changeLists=0, revsInFlight=0, blobsInFlight=0, awaitingReply=0, revsToSend=0, pushingDocs=0, pendingSequences=0
11-05 11:07:27.521 21502 21711 V CouchbaseLite/REPLICATOR: {n8litecore4repl6pushere#1147} now idle
11-05 11:07:27.521 21502 21711 I CouchbaseLite/REPLICATOR: {repl#1141} pushStatus=idle, pullStatus=busy, progress=0/90
11-05 11:07:27.521 21502 21711 V CouchbaseLite/REPLICATOR: {repl#1141} progress +0/+0, 1 docs -- now 0 / 90, 1 docs
11-05 11:07:27.522 21502 21711 I CouchbaseLite/REPLICATOR: {repl#1141} activityLevel=busy: connectionState=2
11-05 11:07:27.522 21502 21716 V CouchbaseLite/NETWORK: {N8litecore4blip6BLIPIOE#1144} Sending 'setCheckpoint' REQ #3
11-05 11:07:27.522 21502 21716 V CouchbaseLite/NETWORK: {N8litecore4blip6BLIPIOE#1144} Sending frame: REQ #3 ----, bytes 0--82
11-05 11:07:27.522 21502 21716 V CouchbaseLite/NETWORK: {N8litecore4blip6BLIPIOE#1144} Finished sending REQ #3
11-05 11:07:27.523 21502 21716 V CouchbaseLite/NETWORK: {N8litecore4blip6BLIPIOE#1144} ...Wrote 85 bytes to WebSocket (writeable=1)
11-05 11:07:27.523 21502 21716 I CouchbaseLite/REPLICATOR: {Repl#1139} activityLevel=busy: connectionState=2
11-05 11:07:27.523 21502 21716 D CouchbaseLite/NETWORK: {LoopbackWS#1143} SEND: 03004250 726f6669 6c650073 65744368 65636b70 6f696e74 00636c69 656e7400
11-05 11:07:27.523 21502 21716 D CouchbaseLite/NETWORK: 63702d5a 79396d2f 55326679 43496647 5a4f7374 4b346e70 62396673 57383d00... [85]
11-05 11:07:27.524 21502 21716 D CouchbaseLite/NETWORK: {LoopbackWS#1142} RECEIVED: 03004250 726f6669 6c650073 65744368 65636b70 6f696e74 00636c69 656e7400
11-05 11:07:27.524 21502 21716 D CouchbaseLite/NETWORK: 63702d5a 79396d2f 55326679 43496647 5a4f7374 4b346e70 62396673 57383d00... [85]
11-05 11:07:27.524 21502 21717 V CouchbaseLite/NETWORK: {N8litecore4blip6BLIPIOE#1145} Received frame: REQ #3 ----, length 83
11-05 11:07:27.525 21502 21717 V CouchbaseLite/NETWORK: {N8litecore4blip10ConnectionE#1140} Receiving 'setCheckpoint' REQ #3
11-05 11:07:27.525 21502 21717 V CouchbaseLite/NETWORK: {N8litecore4blip10ConnectionE#1140} Finished receiving 'setCheckpoint' REQ #3
11-05 11:07:27.525 21502 21717 V CouchbaseLite/DATABASE: {DB#1137} begin transaction
11-05 11:07:27.526 21502 21717 I CouchbaseLite/REPLICATOR: {repl#1141} Request to set checkpoint 'cp-Zy9m/U2fyCIfGZOstK4npb9fsW8='
11-05 11:07:27.528 21502 21717 V CouchbaseLite/DATABASE: {DB#1137} KeyStore(peerCheckpoints) set cp-Zy9m/U2fyCIfGZOstK4npb9fsW8=
11-05 11:07:27.528 21502 21717 V CouchbaseLite/DATABASE: {DB#1137} commit transaction
11-05 11:07:27.530 21502 21716 V CouchbaseLite/NETWORK: {N8litecore4blip6BLIPIOE#1145} Sending RES #3
11-05 11:07:27.531 21502 21716 V CouchbaseLite/NETWORK: {N8litecore4blip6BLIPIOE#1145} Sending frame: RES #3 ----, bytes 0--13
11-05 11:07:27.531 21502 21716 V CouchbaseLite/NETWORK: {N8litecore4blip6BLIPIOE#1145} Finished sending RES #3
11-05 11:07:27.531 21502 21716 V CouchbaseLite/NETWORK: {N8litecore4blip6BLIPIOE#1145} ...Wrote 16 bytes to WebSocket (writeable=1)
11-05 11:07:27.532 21502 21713 D CouchbaseLite/NETWORK: {LoopbackWS#1142} SEND: 03010972 65760031 2d636300 43898476
11-05 11:07:27.532 21502 21717 I CouchbaseLite/REPLICATOR: {repl#1141} activityLevel=busy: connectionState=2
11-05 11:07:27.533 21502 21713 D CouchbaseLite/NETWORK: {LoopbackWS#1143} RECEIVED: 03010972 65760031 2d636300 43898476
11-05 11:07:27.533 21502 21713 V CouchbaseLite/NETWORK: {N8litecore4blip6BLIPIOE#1144} Received frame: RES #3 ----, length 14
11-05 11:07:27.534 21502 21713 V CouchbaseLite/NETWORK: {N8litecore4blip10ConnectionE#1138} Receiving RES #3
11-05 11:07:27.534 21502 21713 V CouchbaseLite/NETWORK: {N8litecore4blip10ConnectionE#1138} Finished receiving RES #3
11-05 11:07:27.535 21502 21713 I CouchbaseLite/REPLICATOR: {Repl#1139} Saved remote checkpoint cp-Zy9m/U2fyCIfGZOstK4npb9fsW8= as rev='1-cc'
11-05 11:07:27.535 21502 21713 V CouchbaseLite/DATABASE: {DB#1136} begin transaction
11-05 11:07:27.537 21502 21713 V CouchbaseLite/DATABASE: {DB#1136} KeyStore(checkpoints) set cp-Zy9m/U2fyCIfGZOstK4npb9fsW8=
11-05 11:07:27.537 21502 21713 V CouchbaseLite/DATABASE: {DB#1136} commit transaction
11-05 11:07:27.539 21502 21713 I CouchbaseLite/REPLICATOR: {Repl#1139} Saved local checkpoint cp-Zy9m/U2fyCIfGZOstK4npb9fsW8= to db
11-05 11:07:27.539 21502 21713 I CouchbaseLite/REPLICATOR: {Repl#1139} activityLevel=busy: connectionState=2
11-05 11:07:27.580 21502 21712 I CouchbaseLite/REPLICATOR: {repl#1141} activityLevel=busy: connectionState=2
11-05 11:07:27.594 21502 21716 D CouchbaseLite/REPLICATOR: documentEndedCallback() handle: 3532586944, pushing: false
11-05 11:07:27.595 21502 21716 I CouchbaseLite/REPLICATOR: C4ReplicatorListener.documentEnded, context: Replicator{@21991f6,<-,Database{@78d571b, name='testdb'},DatabaseEndpoint{database=Database{@19a80b8, name='otherdb'}}], pushing: false
11-05 11:07:27.597 21502 21716 D CouchbaseLite/REPLICATOR: statusChangedCallback() handle: 3532586944, status: C4ReplicatorStatus{level=4, completed=90, total=90, #docs=1, domain=0, code=0, info=0}
11-05 11:07:27.598 21502 21716 I CouchbaseLite/REPLICATOR: C4ReplicatorListener.statusChanged, context: Replicator{@21991f6,<-,Database{@78d571b, name='testdb'},DatabaseEndpoint{database=Database{@19a80b8, name='otherdb'}}], status: C4ReplicatorStatus{level=4, completed=90, total=90, #docs=1, domain=0, code=0, info=0}
11-05 11:07:27.598 21502 21716 I CouchbaseLite/REPLICATOR: {Repl#1139} activityLevel=busy: connectionState=2
11-05 11:07:27.599 21502 21655 I CouchbaseLite/REPLICATOR: Replicator{@21991f6,<-,Database{@78d571b, name='testdb'},DatabaseEndpoint{database=Database{@19a80b8, name='otherdb'}}]: pulled conflicting version of 'doc'
11-05 11:07:27.604 21502 21698 I CouchbaseLite/REPLICATOR: Replicator{@21991f6,<-,Database{@78d571b, name='testdb'},DatabaseEndpoint{database=Database{@19a80b8, name='otherdb'}}]: status changed: (1, 0) @C4ReplicatorStatus{level=4, completed=90, total=90, #docs=1, domain=0, code=0, info=0}
11-05 11:07:27.604 21502 21698 I CouchbaseLite/REPLICATOR: Replicator{@21991f6,<-,Database{@78d571b, name='testdb'},DatabaseEndpoint{database=Database{@19a80b8, name='otherdb'}}] is busy, progress 90/90, error: null
11-05 11:07:27.610 21502 21655 V CouchbaseLite/DATABASE: Resolving doc 'doc' (local=2-5bcdeab496c12df1f547f965e4aaf4898a50920c and remote=2-0e7e473d7c83197e7a9247bdf19e0fc8a0f38766) with resolver com.couchbase.lite.DefaultConflictResolver@898b914
11-05 11:07:27.611 21502 21655 V CouchbaseLite/DATABASE: {DB#1133} begin transaction
11-05 11:07:27.613 21502 21655 I CouchbaseLite/DATABASE: Resolved conflict, adding rev 'doc' #3-d5730fb421400fd7c001001246b47fedf3e51658
11-05 11:07:27.614 21502 21655 I CouchbaseLite/DATABASE: Conflict resolved as doc 'doc' rev 3-d5730fb421400fd7c001001246b47fedf3e51658
11-05 11:07:27.614 21502 21655 V CouchbaseLite/DATABASE: {DB#1133} commit transaction
11-05 11:07:27.616 21502 21655 I CouchbaseLite/REPLICATOR: Conflict resolved: doc
11-05 11:07:27.617 21502 21655 I CouchbaseLite/REPLICATOR: notifyDocumentEnded: %sDocumentReplication{repl=Replicator{@21991f6,<-,Database{@78d571b, name='testdb'},DatabaseEndpoint{database=Database{@19a80b8, name='otherdb'}}],#docs=1}
11-05 11:07:27.721 21502 21715 I CouchbaseLite/REPLICATOR: {Repl#1139} Replication complete! Closing connection
11-05 11:07:27.722 21502 21715 I CouchbaseLite/REPLICATOR: {Repl#1139} Told to stop!
11-05 11:07:27.722 21502 21715 I CouchbaseLite/NETWORK: {N8litecore4blip10ConnectionE#1138} Closing with code 1000, msg ''
11-05 11:07:27.723 21502 21717 I CouchbaseLite/NETWORK: {LoopbackWS#1143} CLOSE; status=1000
11-05 11:07:27.724 21502 21717 I CouchbaseLite/NETWORK: {LoopbackWS#1143} CLOSED with WebSocket status 1000:
11-05 11:07:27.725 21502 21717 I CouchbaseLite/NETWORK: {N8litecore4blip10ConnectionE#1138} Closed with WebSocket status 1000:
11-05 11:07:27.726 21502 21714 I CouchbaseLite/NETWORK: {LoopbackWS#1142} CLOSED with WebSocket status 1000:
11-05 11:07:27.727 21502 21715 I CouchbaseLite/REPLICATOR: {Repl#1139} activityLevel=busy: connectionState=3
11-05 11:07:27.728 21502 21713 I CouchbaseLite/NETWORK: {N8litecore4blip10ConnectionE#1140} Closed with WebSocket status 1000:
11-05 11:07:27.729 21502 21715 I CouchbaseLite/REPLICATOR: {Repl#1139} Connection closed with WebSocket status 1000: "" (state=3)
11-05 11:07:27.729 21502 21715 D CouchbaseLite/REPLICATOR: {Repl#1139} connectionClosed
11-05 11:07:27.730 21502 21717 D CouchbaseLite/REPLICATOR: {N8litecore4repl6PullerE#1146} connectionClosed
11-05 11:07:27.731 21502 21717 I CouchbaseLite/REPLICATOR: {N8litecore4repl6PullerE#1146} activityLevel=stopped: pendingResponseCount=0, _caughtUp=1, _pendingRevMessages=0, _activeIncomingRevs=0
11-05 11:07:27.732 21502 21715 I CouchbaseLite/REPLICATOR: {Repl#1139} activityLevel=stopped: connectionState=0
11-05 11:07:27.732 21502 21715 I CouchbaseLite/REPLICATOR: {Repl#1139} now stopped
11-05 11:07:27.733 21502 21713 I CouchbaseLite/REPLICATOR: {repl#1141} Connection closed with WebSocket status 1000: "" (state=2)
11-05 11:07:27.733 21502 21713 D CouchbaseLite/REPLICATOR: {repl#1141} connectionClosed
11-05 11:07:27.734 21502 21715 D CouchbaseLite/REPLICATOR: {N8litecore4repl9RevFinderE#1148} destructing (0xd2ba6800); actorName='RevFinder->file:////data/user/0/com.couchbase.lite.test/files/CBLTestDb/testdb.cblite2/'
11-05 11:07:27.735 21502 21713 I CouchbaseLite/REPLICATOR: {repl#1141} activityLevel=stopped: connectionState=0
11-05 11:07:27.735 21502 21713 I CouchbaseLite/REPLICATOR: {repl#1141} now stopped
11-05 11:07:27.736 21502 21713 D CouchbaseLite/REPLICATOR: {n8litecore4repl6pullere#1152}==> N8litecore4repl6PullerE <-file:////data/user/0/com.couchbase.lite.test/files/CBLTestDb/otherdb.cblite2/ @0xd2c75848
11-05 11:07:27.737 21502 21713 D CouchbaseLite/REPLICATOR: {n8litecore4repl6pullere#1152} connectionClosed
11-05 11:07:27.738 21502 21713 I CouchbaseLite/REPLICATOR: {n8litecore4repl6pullere#1152} activityLevel=stopped: pendingResponseCount=0, _caughtUp=0, _pendingRevMessages=0, _activeIncomingRevs=0
11-05 11:07:27.738 21502 21713 V CouchbaseLite/REPLICATOR: {n8litecore4repl6pullere#1152} now stopped
11-05 11:07:27.738 21502 21711 D CouchbaseLite/REPLICATOR: {n8litecore4repl6pushere#1147} connectionClosed
11-05 11:07:27.739 21502 21711 I CouchbaseLite/REPLICATOR: {n8litecore4repl6pushere#1147} activityLevel=stopped: pendingResponseCount=0, caughtUp=1, changeLists=0, revsInFlight=0, blobsInFlight=0, awaitingReply=0, revsToSend=0, pushingDocs=0, pendingSequences=0
11-05 11:07:27.739 21502 21711 V CouchbaseLite/REPLICATOR: {n8litecore4repl6pushere#1147} now stopped
11-05 11:07:27.740 21502 21711 D CouchbaseLite/REPLICATOR: {n8litecore4repl6pushere#1147} destructing (0xd3c37380); actorName='Push<-file:////data/user/0/com.couchbase.lite.test/files/CBLTestDb/otherdb.cblite2/'
11-05 11:07:27.741 21502 21715 D CouchbaseLite/REPLICATOR: {N8litecore4repl8InserterE#1150} destructing (0xe56af780); actorName='Insert->file:////data/user/0/com.couchbase.lite.test/files/CBLTestDb/testdb.cblite2/'
11-05 11:07:27.741 21502 21713 D CouchbaseLite/REPLICATOR: {n8litecore4repl6workere#1153}==> N8litecore4repl6WorkerE <-file:////data/user/0/com.couchbase.lite.test/files/CBLTestDb/otherdb.cblite2/ @0xd2ba6a48
11-05 11:07:27.742 21502 21713 D CouchbaseLite/REPLICATOR: {n8litecore4repl6workere#1153} destructing (0xd2ba6a00); actorName='RevFinder<-file:////data/user/0/com.couchbase.lite.test/files/CBLTestDb/otherdb.cblite2/'
11-05 11:07:27.742 21502 21713 D CouchbaseLite/REPLICATOR: {n8litecore4repl6workere#1154}==> N8litecore4repl6WorkerE <-file:////data/user/0/com.couchbase.lite.test/files/CBLTestDb/otherdb.cblite2/ @0xe56afa48
11-05 11:07:27.743 21502 21713 D CouchbaseLite/REPLICATOR: {n8litecore4repl6workere#1154} destructing (0xe56afa00); actorName='Insert<-file:////data/user/0/com.couchbase.lite.test/files/CBLTestDb/otherdb.cblite2/'
11-05 11:07:27.743 21502 21713 D CouchbaseLite/NETWORK: {N8litecore4blip10ConnectionE#1140} ~Connection
11-05 11:07:27.744 21502 21713 I CouchbaseLite/REPLICATOR: BLIP sent 6 msgs (296 bytes), rcvd 3 msgs (281 bytes) in 0.383 sec. Max outbox depth was 1, avg 1.00
11-05 11:07:27.744 21502 21715 D CouchbaseLite/REPLICATOR: {N8litecore4repl11IncomingRevE#1149} destructing (0xe5b96e40); actorName='inc->file:////data/user/0/com.couchbase.lite.test/files/CBLTestDb/testdb.cblite2/'
11-05 11:07:27.745 21502 21715 D CouchbaseLite/NETWORK: {N8litecore4blip10ConnectionE#1138} ~Connection
11-05 11:07:27.745 21502 21715 I CouchbaseLite/REPLICATOR: BLIP sent 5 msgs (281 bytes), rcvd 3 msgs (296 bytes) in 0.383 sec. Max outbox depth was 1, avg 1.00
11-05 11:07:27.746 21502 21713 D CouchbaseLite/REPLICATOR: {n8litecore4repl6pullere#1152} destructing (0xd2c75800); actorName='Pull<-file:////data/user/0/com.couchbase.lite.test/files/CBLTestDb/otherdb.cblite2/'
11-05 11:07:27.746 21502 21715 D CouchbaseLite/REPLICATOR: {N8litecore4repl6PullerE#1146} destructing (0xd2c75200); actorName='Pull->file:////data/user/0/com.couchbase.lite.test/files/CBLTestDb/testdb.cblite2/'
11-05 11:07:27.748 21502 21713 V CouchbaseLite/DATABASE: {DB#1137} Pre-close housekeeping: 0 of 9 pages free (0%)
11-05 11:07:27.749 21502 21715 V CouchbaseLite/DATABASE: {DB#1136} Pre-close housekeeping: 0 of 8 pages free (0%)
11-05 11:07:27.749 21502 21713 V CouchbaseLite/DATABASE: {DB#1137} Closed SQLite database
11-05 11:07:27.749 21502 21713 D CouchbaseLite/DATABASE: {N8litecore8DataFile6SharedE#1134} Remove DataFile 0xd2888340
11-05 11:07:27.750 21502 21713 I CouchbaseLite/DATABASE: {DB#1137} Closing database
11-05 11:07:27.751 21502 21713 D CouchbaseLite/DATABASE: {N8litecore8DataFile6SharedE#1134} Remove DataFile 0xd2888340
11-05 11:07:27.751 21502 21713 D CouchbaseLite/DATABASE: {DB#1137} destructing (~DataFile)
11-05 11:07:27.751 21502 21713 D CouchbaseLite/DATABASE: {N8litecore8DataFile6SharedE#1134} Remove DataFile 0xd2888340
11-05 11:07:27.752 21502 21715 V CouchbaseLite/DATABASE: {DB#1136} Closed SQLite database
11-05 11:07:27.752 21502 21715 D CouchbaseLite/DATABASE: {N8litecore8DataFile6SharedE#975} Remove DataFile 0xd3bd3960
11-05 11:07:27.753 21502 21715 I CouchbaseLite/DATABASE: {DB#1136} Closing database
11-05 11:07:27.753 21502 21715 D CouchbaseLite/DATABASE: {N8litecore8DataFile6SharedE#975} Remove DataFile 0xd3bd3960
11-05 11:07:27.754 21502 21715 D CouchbaseLite/DATABASE: {DB#1136} destructing (~DataFile)
11-05 11:07:27.754 21502 21715 D CouchbaseLite/DATABASE: {N8litecore8DataFile6SharedE#975} Remove DataFile 0xd3bd3960
11-05 11:07:27.756 21502 21715 V CouchbaseLite/DATABASE: {DB#1151} Pre-close housekeeping: 0 of 8 pages free (0%)
11-05 11:07:27.758 21502 21715 V CouchbaseLite/DATABASE: {DB#1151} Closed SQLite database
11-05 11:07:27.758 21502 21715 D CouchbaseLite/DATABASE: {N8litecore8DataFile6SharedE#975} Remove DataFile 0xd2a72740
11-05 11:07:27.759 21502 21715 I CouchbaseLite/DATABASE: {DB#1151} Closing database
11-05 11:07:27.759 21502 21715 D CouchbaseLite/DATABASE: {N8litecore8DataFile6SharedE#975} Remove DataFile 0xd2a72740
11-05 11:07:27.760 21502 21715 D CouchbaseLite/DATABASE: {DB#1151} destructing (~DataFile)
11-05 11:07:27.761 21502 21715 D CouchbaseLite/DATABASE: {N8litecore8DataFile6SharedE#975} Remove DataFile 0xd2a72740
11-05 11:07:27.762 21502 21715 D CouchbaseLite/REPLICATOR: statusChangedCallback() handle: 3532586944, status: C4ReplicatorStatus{level=0, completed=90, total=90, #docs=1, domain=0, code=0, info=0}
11-05 11:07:27.763 21502 21715 I CouchbaseLite/REPLICATOR: C4ReplicatorListener.statusChanged, context: Replicator{@21991f6,<-,Database{@78d571b, name='testdb'},DatabaseEndpoint{database=Database{@19a80b8, name='otherdb'}}], status: C4ReplicatorStatus{level=0, completed=90, total=90, #docs=1, domain=0, code=0, info=0}
11-05 11:07:27.765 21502 21700 I CouchbaseLite/REPLICATOR: Replicator{@21991f6,<-,Database{@78d571b, name='testdb'},DatabaseEndpoint{database=Database{@19a80b8, name='otherdb'}}]: status changed: (0, 0) @C4ReplicatorStatus{level=0, completed=90, total=90, #docs=1, domain=0, code=0, info=0}
11-05 11:07:27.766 21502 21700 I CouchbaseLite/REPLICATOR: Replicator{@21991f6,<-,Database{@78d571b, name='testdb'},DatabaseEndpoint{database=Database{@19a80b8, name='otherdb'}}] is stopped, progress 90/90, error: null
11-05 11:07:27.768 21502 21700 D CouchbaseLite/REPLICATOR: {repl#1141} destructing (0xcfcefa00); actorName='Repl<-file:////data/user/0/com.couchbase.lite.test/files/CBLTestDb/otherdb.cblite2/'
11-05 11:07:27.768 21502 21700 D CouchbaseLite/REPLICATOR: {Repl#1139} destructing (0xcfcef780); actorName='Repl->file:////data/user/0/com.couchbase.lite.test/files/CBLTestDb/testdb.cblite2/'
11-05 11:07:27.777 21502 21519 I CouchbaseLite/DATABASE: Closing Database{@19a80b8, name='otherdb'} at path /data/user/0/com.couchbase.lite.test/files/CBLTestDb/otherdb.cblite2/
11-05 11:07:27.781 21502 21519 V CouchbaseLite/DATABASE: {DB#1135} Pre-close housekeeping: 0 of 9 pages free (0%)
11-05 11:07:27.796 21502 21519 V CouchbaseLite/DATABASE: {DB#1135} Closed SQLite database
11-05 11:07:27.796 21502 21519 D CouchbaseLite/DATABASE: {N8litecore8DataFile6SharedE#1134} Remove DataFile 0xd3b0ea80
11-05 11:07:27.796 21502 21519 I CouchbaseLite/DATABASE: {DB#1135} Closing database
11-05 11:07:27.801 21502 21519 I CouchbaseLite/DATABASE: delete(): path=/data/user/0/com.couchbase.lite.test/files/CBLTestDb/otherdb.cblite2
11-05 11:07:27.802 21502 21519 D CouchbaseLite/DATABASE: {N8litecore8DataFile6SharedE#1134} adding DataFile 0x0
11-05 11:07:27.802 21502 21519 V CouchbaseLite/DATABASE: Preparing to delete DataFile /data/data/com.couchbase.lite.test/files/CBLTestDb/otherdb.cblite2/db.sqlite3
11-05 11:07:27.802 21502 21519 I CouchbaseLite/DATABASE: Deleting database file /data/data/com.couchbase.lite.test/files/CBLTestDb/otherdb.cblite2/db.sqlite3 (with -wal and -shm)
11-05 11:07:27.803 21502 21519 D CouchbaseLite/DATABASE: ...finished deleting database file /data/data/com.couchbase.lite.test/files/CBLTestDb/otherdb.cblite2/db.sqlite3 (with -wal and -shm)
11-05 11:07:27.804 21502 21519 V CouchbaseLite/Test: otherdb was deleted successfully.
11-05 11:07:27.804 21502 21519 I CouchbaseLite/DATABASE: Closing Database{@78d571b, name='testdb'} at path /data/user/0/com.couchbase.lite.test/files/CBLTestDb/testdb.cblite2/
11-05 11:07:27.805 21502 21519 V CouchbaseLite/DATABASE: {DB#1133} Pre-close housekeeping: 0 of 8 pages free (0%)
11-05 11:07:27.814 21502 21519 V CouchbaseLite/DATABASE: {DB#1133} Closed SQLite database
11-05 11:07:27.815 21502 21519 D CouchbaseLite/DATABASE: {N8litecore8DataFile6SharedE#975} Remove DataFile 0xd3ab1500
11-05 11:07:27.815 21502 21519 I CouchbaseLite/DATABASE: {DB#1133} Closing database
11-05 11:07:27.815 21502 21519 V CouchbaseLite/Test: testdb was closed successfully.
11-05 11:07:27.816 21502 21519 I CouchbaseLite/DATABASE: delete(): path=/data/user/0/com.couchbase.lite.test/files/CBLTestDb/testdb.cblite2
11-05 11:07:27.817 21502 21519 D CouchbaseLite/DATABASE: {N8litecore8DataFile6SharedE#975} adding DataFile 0x0
11-05 11:07:27.817 21502 21519 V CouchbaseLite/DATABASE: Preparing to delete DataFile /data/data/com.couchbase.lite.test/files/CBLTestDb/testdb.cblite2/db.sqlite3
11-05 11:07:27.817 21502 21519 I CouchbaseLite/DATABASE: Deleting database file /data/data/com.couchbase.lite.test/files/CBLTestDb/testdb.cblite2/db.sqlite3 (with -wal and -shm)
11-05 11:07:27.818 21502 21519 D CouchbaseLite/DATABASE: ...finished deleting database file /data/data/com.couchbase.lite.test/files/CBLTestDb/testdb.cblite2/db.sqlite3 (with -wal and -shm)
11-05 11:07:27.818 21502 21519 V CouchbaseLite/Test: testdb was deleted successfully.
11-05 11:07:28.324 21502 21519 I TestRunner: finished: testPullConflict(com.couchbase.lite.Local2LocalReplicatorTest)
11-05 11:07:28.335 21502 21502 I MonitoringInstr: Activities that are still in CREATED to STOPPED: 0
11-05 11:07:28.341 21502 21519 I TestRunner: started: testContinuousPullFilter(com.couchbase.lite.Local2LocalReplicatorTest)
11-05 11:07:28.345 21502 21502 I MonitoringInstr: Activities that are still in CREATED to STOPPED: 0
11-05 11:07:28.351 21502 21519 I CouchbaseLite/DATABASE: Opening Database{@bd2f064, name='testdb'} at path /data/user/0/com.couchbase.lite.test/files/CBLTestDb/testdb.cblite2
11-05 11:07:28.352 21502 21519 D CouchbaseLite/DATABASE: {N8litecore8DataFile6SharedE#975} adding DataFile 0xed52dec0
11-05 11:07:28.352 21502 21519 I CouchbaseLite/DATABASE: {DB#1155}==> N8litecore14SQLiteDataFileE /data/user/0/com.couchbase.lite.test/files/CBLTestDb/testdb.cblite2/db.sqlite3 @0xed52dec0
11-05 11:07:28.352 21502 21519 I CouchbaseLite/DATABASE: {DB#1155} Opening database
11-05 11:07:28.368 21502 21519 D CouchbaseLite/DATABASE: {DB#1155} open KVS 'default'
11-05 11:07:28.372 21502 21519 D CouchbaseLite/DATABASE: {DB#1155} open KVS 'info'
11-05 11:07:28.373 21502 21519 V CouchbaseLite/DATABASE: {DB#1155} begin transaction
11-05 11:07:28.374 21502 21519 V CouchbaseLite/DATABASE: {DB#1155} KeyStore(info) set versioning
11-05 11:07:28.374 21502 21519 V CouchbaseLite/DATABASE: {DB#1155} KeyStore(info) set publicUUID
11-05 11:07:28.374 21502 21519 V CouchbaseLite/DATABASE: {DB#1155} KeyStore(info) set privateUUID
11-05 11:07:28.374 21502 21519 V CouchbaseLite/DATABASE: {DB#1155} commit transaction
11-05 11:07:28.375 21502 21519 V CouchbaseLite/DATABASE: {DB#1155} Next expiration time is 0
11-05 11:07:28.375 21502 21519 V CouchbaseLite/DATABASE: No pending doc expirations
11-05 11:07:28.375 21502 21519 I CouchbaseLite/DATABASE: Opening Database{@f6702cd, name='otherdb'} at path /data/user/0/com.couchbase.lite.test/files/CBLTestDb/otherdb.cblite2
11-05 11:07:28.376 21502 21519 D CouchbaseLite/DATABASE: {N8litecore8DataFile6SharedE#1134} adding DataFile 0xd3b10100
11-05 11:07:28.376 21502 21519 I CouchbaseLite/DATABASE: {DB#1156}==> N8litecore14SQLiteDataFileE /data/user/0/com.couchbase.lite.test/files/CBLTestDb/otherdb.cblite2/db.sqlite3 @0xd3b10100
11-05 11:07:28.376 21502 21519 I CouchbaseLite/DATABASE: {DB#1156} Opening database
11-05 11:07:28.383 21502 21519 D CouchbaseLite/DATABASE: {DB#1156} open KVS 'default'
11-05 11:07:28.386 21502 21519 D CouchbaseLite/DATABASE: {DB#1156} open KVS 'info'
11-05 11:07:28.388 21502 21519 V CouchbaseLite/DATABASE: {DB#1156} begin transaction
11-05 11:07:28.388 21502 21519 V CouchbaseLite/DATABASE: {DB#1156} KeyStore(info) set versioning
11-05 11:07:28.388 21502 21519 V CouchbaseLite/DATABASE: {DB#1156} KeyStore(info) set publicUUID
11-05 11:07:28.388 21502 21519 V CouchbaseLite/DATABASE: {DB#1156} KeyStore(info) set privateUUID
11-05 11:07:28.388 21502 21519 V CouchbaseLite/DATABASE: {DB#1156} commit transaction
11-05 11:07:28.389 21502 21519 V CouchbaseLite/DATABASE: {DB#1156} Next expiration time is 0
11-05 11:07:28.389 21502 21519 V CouchbaseLite/DATABASE: No pending doc expirations
11-05 11:07:28.893 21502 21519 V CouchbaseLite/DATABASE: {DB#1155} begin transaction
11-05 11:07:28.898 21502 21519 V CouchbaseLite/DATABASE: {DB#1155} Saved 'doc0' rev #1-835303a6b2fd4deee8e5825e678798a6495a62a5 as seq 1
11-05 11:07:28.898 21502 21519 V CouchbaseLite/DATABASE: {DB#1155} KeyStore(info) set SharedKeys
11-05 11:07:28.898 21502 21519 V CouchbaseLite/DATABASE: {DB#1155} commit transaction
11-05 11:07:28.901 21502 21519 V CouchbaseLite/DATABASE: {DB#1156} begin transaction
11-05 11:07:28.909 21502 21519 V CouchbaseLite/DATABASE: {DB#1156} Saved 'doc1' rev #1-184f56cf9a9a7168cc048108bf1170d236cde367 as seq 1
11-05 11:07:28.909 21502 21519 V CouchbaseLite/DATABASE: {DB#1156} KeyStore(info) set SharedKeys
11-05 11:07:28.911 21502 21519 V CouchbaseLite/DATABASE: {DB#1156} commit transaction
11-05 11:07:28.912 21502 21519 V CouchbaseLite/DATABASE: {DB#1156} begin transaction
11-05 11:07:28.914 21502 21519 V CouchbaseLite/DATABASE: {DB#1156} Saved 'doc2' rev #1-d3bdb3bb973f44e5a051ce43493004a1838626fc as seq 2
11-05 11:07:28.915 21502 21519 V CouchbaseLite/DATABASE: {DB#1156} commit transaction
11-05 11:07:28.915 21502 21519 V CouchbaseLite/DATABASE: {DB#1156} begin transaction
11-05 11:07:28.917 21502 21519 V CouchbaseLite/DATABASE: {DB#1156} Saved 'doc3' rev #1-729c498d4356eeb37ace75d7f97a1d7e66cb3798 as seq 3
11-05 11:07:28.917 21502 21519 V CouchbaseLite/DATABASE: {DB#1156} commit transaction
11-05 11:07:28.918 21502 21519 V CouchbaseLite/DATABASE: {DB#1156} begin transaction
11-05 11:07:28.921 21502 21519 V CouchbaseLite/DATABASE: {DB#1156} Deleted 'doc3' rev #2-5a11cccb8e57044890ab7179ec9665a84e89b505 as seq 4
11-05 11:07:28.921 21502 21519 V CouchbaseLite/DATABASE: {DB#1156} commit transaction
11-05 11:07:28.922 21502 21519 I CouchbaseLite/REPLICATOR: Replicator is starting .....
11-05 11:07:28.923 21502 21519 I CouchbaseLite/REPLICATOR: Replicator{@c858e93,<*,Database{@bd2f064, name='testdb'},DatabaseEndpoint{database=Database{@f6702cd, name='otherdb'}}]: Starting
11-05 11:07:28.925 21502 21519 D CouchbaseLite/DATABASE: {N8litecore8DataFile6SharedE#975} adding DataFile 0xd3bd79c0
