11-05 11:07:29.113 21502 21716 D CouchbaseLite/REPLICATOR: {N8litecore4repl11IncomingRevE#1170} destructing (0xe56afa00); actorName='inc->file:////data/user/0/com.couchbase.lite.test/files/CBLTestDb/testdb.cblite2/'
11-05 11:07:29.114 21502 21716 D CouchbaseLite/REPLICATOR: {N8litecore4repl11IncomingRevE#1173} destructing (0xe4938ec0); actorName='inc->file:////data/user/0/com.couchbase.lite.test/files/CBLTestDb/testdb.cblite2/'
11-05 11:07:29.114 21502 21716 D CouchbaseLite/REPLICATOR: {N8litecore4repl11IncomingRevE#1172} destructing (0xe56af140); actorName='inc->file:////data/user/0/com.couchbase.lite.test/files/CBLTestDb/testdb.cblite2/'
11-05 11:07:29.114 21502 21716 I CouchbaseLite/REPLICATOR: {N8litecore4repl6PullerE#1167} activityLevel=idle: pendingResponseCount=0, _caughtUp=1, _pendingRevMessages=0, _activeIncomingRevs=0
11-05 11:07:29.115 21502 21716 V CouchbaseLite/REPLICATOR: {N8litecore4repl6PullerE#1167} now idle
11-05 11:07:29.115 21502 21714 I CouchbaseLite/REPLICATOR: {Repl#1160} pushStatus=stopped, pullStatus=idle, progress=362/362
11-05 11:07:29.115 21502 21714 I CouchbaseLite/REPLICATOR: {Repl#1160} activityLevel=busy: connectionState=2
11-05 11:07:29.116 21502 21714 V CouchbaseLite/REPLICATOR: {Repl#1160} Saving remote checkpoint cp-NCIFNlYp9aQ9BQPCLk6FgzoR7ok= with rev='': {"remote":4} ...
11-05 11:07:29.116 21502 21714 I CouchbaseLite/REPLICATOR: {Repl#1160} activityLevel=busy: connectionState=2
11-05 11:07:29.117 21502 21712 V CouchbaseLite/NETWORK: {N8litecore4blip6BLIPIOE#1166} Sending 'setCheckpoint' REQ #4
11-05 11:07:29.117 21502 21712 V CouchbaseLite/NETWORK: {N8litecore4blip6BLIPIOE#1166} Sending frame: REQ #4 ----, bytes 0--82
11-05 11:07:29.118 21502 21711 I CouchbaseLite/REPLICATOR: {Repl#1160} activityLevel=busy: connectionState=2
11-05 11:07:29.118 21502 21718 D CouchbaseLite/NETWORK: {LoopbackWS#1164} SEND: 03010016 b71504
11-05 11:07:29.119 21502 21718 D CouchbaseLite/NETWORK: {LoopbackWS#1164} SEND: 04004250 726f6669 6c650073 65744368 65636b70 6f696e74 00636c69 656e7400
11-05 11:07:29.119 21502 21718 D CouchbaseLite/NETWORK: 63702d4e 4349464e 6c597039 61513942 5150434c 6b364667 7a6f5237 6f6b3d00... [85]
11-05 11:07:29.120 21502 21712 V CouchbaseLite/NETWORK: {N8litecore4blip6BLIPIOE#1166} Finished sending REQ #4
11-05 11:07:29.120 21502 21712 V CouchbaseLite/NETWORK: {N8litecore4blip6BLIPIOE#1166} ...Wrote 85 bytes to WebSocket (writeable=1)
11-05 11:07:29.121 21502 21715 D CouchbaseLite/NETWORK: {LoopbackWS#1163} RECEIVED: 050100d4 b031f9
11-05 11:07:29.121 21502 21715 V CouchbaseLite/NETWORK: {N8litecore4blip6BLIPIOE#1165} Received frame: RES #5 ----, length 5
11-05 11:07:29.122 21502 21713 D CouchbaseLite/NETWORK: {LoopbackWS#1163} RECEIVED: 03010016 b71504
11-05 11:07:29.122 21502 21715 V CouchbaseLite/NETWORK: {N8litecore4blip10ConnectionE#1161} Receiving RES #5
11-05 11:07:29.122 21502 21715 V CouchbaseLite/NETWORK: {N8litecore4blip10ConnectionE#1161} Finished receiving RES #5
11-05 11:07:29.123 21502 21715 V CouchbaseLite/REPLICATOR: {n8litecore4repl6pushere#1168} Completed rev doc3 #2-5a11cccb8e57044890ab7179ec9665a84e89b505 (seq #4)
11-05 11:07:29.123 21502 21713 D CouchbaseLite/NETWORK: {LoopbackWS#1163} RECEIVED: 04004250 726f6669 6c650073 65744368 65636b70 6f696e74 00636c69 656e7400
11-05 11:07:29.123 21502 21713 D CouchbaseLite/NETWORK: 63702d4e 4349464e 6c597039 61513942 5150434c 6b364667 7a6f5237 6f6b3d00... [85]
11-05 11:07:29.123 21502 21715 D CouchbaseLite/REPLICATOR: {n8litecore4repl6pushere#1168} Done pushing 'doc3' 2-5a11cccb8e57044890ab7179ec9665a84e89b505
11-05 11:07:29.124 21502 21715 V CouchbaseLite/REPLICATOR: {n8litecore4repl6pushere#1168} progress +0/+0, 1 docs -- now 0 / 350, 1 docs
11-05 11:07:29.124 21502 21715 I CouchbaseLite/REPLICATOR: {n8litecore4repl6pushere#1168} activityLevel=busy: pendingResponseCount=1, caughtUp=1, changeLists=0, revsInFlight=0, blobsInFlight=0, awaitingReply=227, revsToSend=0, pushingDocs=1, pendingSequences=0
11-05 11:07:29.124 21502 21716 V CouchbaseLite/NETWORK: {N8litecore4blip6BLIPIOE#1165} Received frame: RES #3 ----, length 5
11-05 11:07:29.125 21502 21715 I CouchbaseLite/REPLICATOR: {repl#1162} pushStatus=busy, pullStatus=busy, progress=0/350
11-05 11:07:29.125 21502 21715 V CouchbaseLite/REPLICATOR: {repl#1162} progress +0/+0, 1 docs -- now 0 / 350, 1 docs
11-05 11:07:29.125 21502 21715 I CouchbaseLite/REPLICATOR: {repl#1162} activityLevel=busy: connectionState=2
11-05 11:07:29.125 21502 21716 V CouchbaseLite/NETWORK: {N8litecore4blip10ConnectionE#1161} Receiving RES #3
11-05 11:07:29.126 21502 21716 V CouchbaseLite/NETWORK: {N8litecore4blip10ConnectionE#1161} Finished receiving RES #3
11-05 11:07:29.126 21502 21716 V CouchbaseLite/REPLICATOR: {n8litecore4repl6pushere#1168} Completed rev doc1 #1-184f56cf9a9a7168cc048108bf1170d236cde367 (seq #1)
11-05 11:07:29.127 21502 21716 D CouchbaseLite/REPLICATOR: {n8litecore4repl6pushere#1168} Done pushing 'doc1' 1-184f56cf9a9a7168cc048108bf1170d236cde367
11-05 11:07:29.127 21502 21716 V CouchbaseLite/REPLICATOR: {n8litecore4repl6pushere#1168} progress +0/+0, 1 docs -- now 0 / 350, 2 docs
11-05 11:07:29.127 21502 21716 I CouchbaseLite/REPLICATOR: {n8litecore4repl6pushere#1168} activityLevel=idle: pendingResponseCount=0, caughtUp=1, changeLists=0, revsInFlight=0, blobsInFlight=0, awaitingReply=0, revsToSend=0, pushingDocs=0, pendingSequences=0
11-05 11:07:29.128 21502 21716 V CouchbaseLite/REPLICATOR: {n8litecore4repl6pushere#1168} now idle
11-05 11:07:29.128 21502 21716 I CouchbaseLite/REPLICATOR: {repl#1162} pushStatus=idle, pullStatus=busy, progress=0/350
11-05 11:07:29.129 21502 21716 V CouchbaseLite/REPLICATOR: {repl#1162} progress +0/+0, 1 docs -- now 0 / 350, 2 docs
11-05 11:07:29.129 21502 21716 I CouchbaseLite/REPLICATOR: {repl#1162} activityLevel=busy: connectionState=2
11-05 11:07:29.129 21502 21717 V CouchbaseLite/NETWORK: {N8litecore4blip6BLIPIOE#1165} Received frame: REQ #4 ----, length 83
11-05 11:07:29.130 21502 21717 V CouchbaseLite/NETWORK: {N8litecore4blip10ConnectionE#1161} Receiving 'setCheckpoint' REQ #4
11-05 11:07:29.130 21502 21717 V CouchbaseLite/NETWORK: {N8litecore4blip10ConnectionE#1161} Finished receiving 'setCheckpoint' REQ #4
11-05 11:07:29.131 21502 21717 V CouchbaseLite/DATABASE: {DB#1158} begin transaction
11-05 11:07:29.132 21502 21717 I CouchbaseLite/REPLICATOR: {repl#1162} Request to set checkpoint 'cp-NCIFNlYp9aQ9BQPCLk6FgzoR7ok='
11-05 11:07:29.134 21502 21717 V CouchbaseLite/DATABASE: {DB#1158} KeyStore(peerCheckpoints) set cp-NCIFNlYp9aQ9BQPCLk6FgzoR7ok=
11-05 11:07:29.136 21502 21717 V CouchbaseLite/DATABASE: {DB#1158} commit transaction
11-05 11:07:29.139 21502 21717 I CouchbaseLite/REPLICATOR: {repl#1162} activityLevel=busy: connectionState=2
11-05 11:07:29.140 21502 21714 V CouchbaseLite/NETWORK: {N8litecore4blip6BLIPIOE#1165} Sending RES #4
11-05 11:07:29.141 21502 21714 V CouchbaseLite/NETWORK: {N8litecore4blip6BLIPIOE#1165} Sending frame: RES #4 ----, bytes 0--13
11-05 11:07:29.142 21502 21714 V CouchbaseLite/NETWORK: {N8litecore4blip6BLIPIOE#1165} Finished sending RES #4
11-05 11:07:29.142 21502 21714 V CouchbaseLite/NETWORK: {N8litecore4blip6BLIPIOE#1165} ...Wrote 16 bytes to WebSocket (writeable=1)
11-05 11:07:29.143 21502 21713 D CouchbaseLite/NETWORK: {LoopbackWS#1163} SEND: 04010972 65760031 2d636300 76c55c96
11-05 11:07:29.143 21502 21713 D CouchbaseLite/NETWORK: {LoopbackWS#1164} RECEIVED: 04010972 65760031 2d636300 76c55c96
11-05 11:07:29.144 21502 21713 V CouchbaseLite/NETWORK: {N8litecore4blip6BLIPIOE#1166} Received frame: RES #4 ----, length 14
11-05 11:07:29.144 21502 21713 V CouchbaseLite/NETWORK: {N8litecore4blip10ConnectionE#1159} Receiving RES #4
11-05 11:07:29.144 21502 21713 V CouchbaseLite/NETWORK: {N8litecore4blip10ConnectionE#1159} Finished receiving RES #4
11-05 11:07:29.145 21502 21713 I CouchbaseLite/REPLICATOR: {Repl#1160} Saved remote checkpoint cp-NCIFNlYp9aQ9BQPCLk6FgzoR7ok= as rev='1-cc'
11-05 11:07:29.145 21502 21713 V CouchbaseLite/DATABASE: {DB#1157} begin transaction
11-05 11:07:29.147 21502 21713 V CouchbaseLite/DATABASE: {DB#1157} KeyStore(checkpoints) set cp-NCIFNlYp9aQ9BQPCLk6FgzoR7ok=
11-05 11:07:29.147 21502 21713 V CouchbaseLite/DATABASE: {DB#1157} commit transaction
11-05 11:07:29.149 21502 21713 I CouchbaseLite/REPLICATOR: {Repl#1160} Saved local checkpoint cp-NCIFNlYp9aQ9BQPCLk6FgzoR7ok= to db
11-05 11:07:29.149 21502 21713 I CouchbaseLite/REPLICATOR: {Repl#1160} activityLevel=busy: connectionState=2
11-05 11:07:29.168 21502 21716 I CouchbaseLite/REPLICATOR: {repl#1162} activityLevel=busy: connectionState=2
11-05 11:07:29.171 21502 21712 D CouchbaseLite/REPLICATOR: documentEndedCallback() handle: 3535307456, pushing: false
11-05 11:07:29.171 21502 21712 I CouchbaseLite/REPLICATOR: C4ReplicatorListener.documentEnded, context: Replicator{@c858e93,<*,Database{@bd2f064, name='testdb'},DatabaseEndpoint{database=Database{@f6702cd, name='otherdb'}}], pushing: false
11-05 11:07:29.173 21502 21712 D CouchbaseLite/REPLICATOR: statusChangedCallback() handle: 3535307456, status: C4ReplicatorStatus{level=4, completed=362, total=362, #docs=2, domain=0, code=0, info=0}
11-05 11:07:29.173 21502 21712 I CouchbaseLite/REPLICATOR: C4ReplicatorListener.statusChanged, context: Replicator{@c858e93,<*,Database{@bd2f064, name='testdb'},DatabaseEndpoint{database=Database{@f6702cd, name='otherdb'}}], status: C4ReplicatorStatus{level=4, completed=362, total=362, #docs=2, domain=0, code=0, info=0}
11-05 11:07:29.173 21502 21712 I CouchbaseLite/REPLICATOR: {Repl#1160} activityLevel=busy: connectionState=2
11-05 11:07:29.175 21502 21699 I CouchbaseLite/REPLICATOR: notifyDocumentEnded: %sDocumentReplication{repl=Replicator{@c858e93,<*,Database{@bd2f064, name='testdb'},DatabaseEndpoint{database=Database{@f6702cd, name='otherdb'}}],#docs=1}
11-05 11:07:29.176 21502 21699 I CouchbaseLite/REPLICATOR: Replicator{@c858e93,<*,Database{@bd2f064, name='testdb'},DatabaseEndpoint{database=Database{@f6702cd, name='otherdb'}}]: status changed: (0, 0) @C4ReplicatorStatus{level=4, completed=362, total=362, #docs=2, domain=0, code=0, info=0}
11-05 11:07:29.177 21502 21699 I CouchbaseLite/REPLICATOR: Replicator{@c858e93,<*,Database{@bd2f064, name='testdb'},DatabaseEndpoint{database=Database{@f6702cd, name='otherdb'}}] is busy, progress 362/362, error: null
11-05 11:07:29.279 21502 21717 I CouchbaseLite/REPLICATOR: {Repl#1160} activityLevel=idle: connectionState=2
11-05 11:07:29.280 21502 21717 I CouchbaseLite/REPLICATOR: {Repl#1160} now idle
11-05 11:07:29.282 21502 21717 D CouchbaseLite/REPLICATOR: statusChangedCallback() handle: 3535307456, status: C4ReplicatorStatus{level=3, completed=362, total=362, #docs=2, domain=0, code=0, info=0}
11-05 11:07:29.282 21502 21717 I CouchbaseLite/REPLICATOR: C4ReplicatorListener.statusChanged, context: Replicator{@c858e93,<*,Database{@bd2f064, name='testdb'},DatabaseEndpoint{database=Database{@f6702cd, name='otherdb'}}], status: C4ReplicatorStatus{level=3, completed=362, total=362, #docs=2, domain=0, code=0, info=0}
11-05 11:07:29.284 21502 21700 I CouchbaseLite/REPLICATOR: Replicator{@c858e93,<*,Database{@bd2f064, name='testdb'},DatabaseEndpoint{database=Database{@f6702cd, name='otherdb'}}]: status changed: (0, 0) @C4ReplicatorStatus{level=3, completed=362, total=362, #docs=2, domain=0, code=0, info=0}
11-05 11:07:29.285 21502 21700 I CouchbaseLite/REPLICATOR: Replicator{@c858e93,<*,Database{@bd2f064, name='testdb'},DatabaseEndpoint{database=Database{@f6702cd, name='otherdb'}}] is idle, progress 362/362, error: null
11-05 11:07:29.287 21502 21714 I CouchbaseLite/REPLICATOR: {repl#1162} activityLevel=busy: connectionState=2
11-05 11:07:29.291 21502 21519 I CouchbaseLite/REPLICATOR: Replicator{@c858e93,<*,Database{@bd2f064, name='testdb'},DatabaseEndpoint{database=Database{@f6702cd, name='otherdb'}}]: Replicator is stopping ...
11-05 11:07:29.293 21502 21715 I CouchbaseLite/REPLICATOR: {Repl#1160} Told to stop!
11-05 11:07:29.294 21502 21715 I CouchbaseLite/NETWORK: {N8litecore4blip10ConnectionE#1159} Closing with code 1000, msg ''
11-05 11:07:29.295 21502 21715 I CouchbaseLite/REPLICATOR: {Repl#1160} activityLevel=busy: connectionState=3
11-05 11:07:29.296 21502 21715 I CouchbaseLite/REPLICATOR: {Repl#1160} now busy
11-05 11:07:29.297 21502 21715 D CouchbaseLite/REPLICATOR: statusChangedCallback() handle: 3535307456, status: C4ReplicatorStatus{level=4, completed=362, total=362, #docs=2, domain=0, code=0, info=0}
11-05 11:07:29.297 21502 21715 I CouchbaseLite/REPLICATOR: C4ReplicatorListener.statusChanged, context: Replicator{@c858e93,<*,Database{@bd2f064, name='testdb'},DatabaseEndpoint{database=Database{@f6702cd, name='otherdb'}}], status: C4ReplicatorStatus{level=4, completed=362, total=362, #docs=2, domain=0, code=0, info=0}
11-05 11:07:29.299 21502 21715 I CouchbaseLite/NETWORK: {LoopbackWS#1164} CLOSE; status=1000
11-05 11:07:29.299 21502 21655 I CouchbaseLite/REPLICATOR: Replicator{@c858e93,<*,Database{@bd2f064, name='testdb'},DatabaseEndpoint{database=Database{@f6702cd, name='otherdb'}}]: status changed: (0, 0) @C4ReplicatorStatus{level=4, completed=362, total=362, #docs=2, domain=0, code=0, info=0}
11-05 11:07:29.300 21502 21715 I CouchbaseLite/NETWORK: {LoopbackWS#1164} CLOSED with WebSocket status 1000:
11-05 11:07:29.300 21502 21655 I CouchbaseLite/REPLICATOR: Replicator{@c858e93,<*,Database{@bd2f064, name='testdb'},DatabaseEndpoint{database=Database{@f6702cd, name='otherdb'}}] is busy, progress 362/362, error: null
11-05 11:07:29.301 21502 21718 I CouchbaseLite/NETWORK: {LoopbackWS#1163} CLOSED with WebSocket status 1000:
11-05 11:07:29.302 21502 21718 I CouchbaseLite/NETWORK: {N8litecore4blip10ConnectionE#1161} Closed with WebSocket status 1000:
11-05 11:07:29.303 21502 21712 I CouchbaseLite/REPLICATOR: {repl#1162} Connection closed with WebSocket status 1000: "" (state=2)
11-05 11:07:29.304 21502 21717 I CouchbaseLite/NETWORK: {N8litecore4blip10ConnectionE#1159} Closed with WebSocket status 1000:
11-05 11:07:29.305 21502 21717 I CouchbaseLite/REPLICATOR: {Repl#1160} Connection closed with WebSocket status 1000: "" (state=3)
11-05 11:07:29.306 21502 21717 D CouchbaseLite/REPLICATOR: {Repl#1160} connectionClosed
11-05 11:07:29.306 21502 21717 I CouchbaseLite/REPLICATOR: {Repl#1160} activityLevel=stopped: connectionState=0
11-05 11:07:29.307 21502 21717 I CouchbaseLite/REPLICATOR: {Repl#1160} now stopped
11-05 11:07:29.307 21502 21717 D CouchbaseLite/REPLICATOR: statusChangedCallback() handle: 3535307456, status: C4ReplicatorStatus{level=0, completed=362, total=362, #docs=2, domain=0, code=0, info=0}
11-05 11:07:29.308 21502 21717 I CouchbaseLite/REPLICATOR: C4ReplicatorListener.statusChanged, context: Replicator{@c858e93,<*,Database{@bd2f064, name='testdb'},DatabaseEndpoint{database=Database{@f6702cd, name='otherdb'}}], status: C4ReplicatorStatus{level=0, completed=362, total=362, #docs=2, domain=0, code=0, info=0}
11-05 11:07:29.308 21502 21713 D CouchbaseLite/REPLICATOR: {N8litecore4repl6PullerE#1167} connectionClosed
11-05 11:07:29.308 21502 21713 I CouchbaseLite/REPLICATOR: {N8litecore4repl6PullerE#1167} activityLevel=stopped: pendingResponseCount=0, _caughtUp=1, _pendingRevMessages=0, _activeIncomingRevs=0
11-05 11:07:29.309 21502 21713 V CouchbaseLite/REPLICATOR: {N8litecore4repl6PullerE#1167} now stopped
11-05 11:07:29.309 21502 21712 D CouchbaseLite/REPLICATOR: {repl#1162} connectionClosed
11-05 11:07:29.310 21502 21700 I CouchbaseLite/REPLICATOR: Replicator{@c858e93,<*,Database{@bd2f064, name='testdb'},DatabaseEndpoint{database=Database{@f6702cd, name='otherdb'}}]: status changed: (0, 0) @C4ReplicatorStatus{level=0, completed=362, total=362, #docs=2, domain=0, code=0, info=0}
11-05 11:07:29.310 21502 21712 I CouchbaseLite/REPLICATOR: {repl#1162} activityLevel=stopped: connectionState=0
11-05 11:07:29.310 21502 21712 I CouchbaseLite/REPLICATOR: {repl#1162} now stopped
11-05 11:07:29.311 21502 21700 I CouchbaseLite/REPLICATOR: Replicator{@c858e93,<*,Database{@bd2f064, name='testdb'},DatabaseEndpoint{database=Database{@f6702cd, name='otherdb'}}] is stopped, progress 362/362, error: null
11-05 11:07:29.311 21502 21712 D CouchbaseLite/REPLICATOR: {n8litecore4repl6pullere#1176}==> N8litecore4repl6PullerE <-file:////data/user/0/com.couchbase.lite.test/files/CBLTestDb/otherdb.cblite2/ @0xd2c8e448
11-05 11:07:29.311 21502 21712 D CouchbaseLite/REPLICATOR: {n8litecore4repl6pullere#1176} connectionClosed
11-05 11:07:29.312 21502 21712 I CouchbaseLite/REPLICATOR: {n8litecore4repl6pullere#1176} activityLevel=stopped: pendingResponseCount=0, _caughtUp=0, _pendingRevMessages=0, _activeIncomingRevs=0
11-05 11:07:29.312 21502 21712 V CouchbaseLite/REPLICATOR: {n8litecore4repl6pullere#1176} now stopped
11-05 11:07:29.313 21502 21716 D CouchbaseLite/REPLICATOR: {n8litecore4repl6pushere#1168} connectionClosed
11-05 11:07:29.313 21502 21716 I CouchbaseLite/REPLICATOR: {n8litecore4repl6pushere#1168} activityLevel=stopped: pendingResponseCount=0, caughtUp=1, changeLists=0, revsInFlight=0, blobsInFlight=0, awaitingReply=0, revsToSend=0, pushingDocs=0, pendingSequences=0
11-05 11:07:29.314 21502 21716 V CouchbaseLite/REPLICATOR: {n8litecore4repl6pushere#1168} now stopped
11-05 11:07:29.315 21502 21716 D CouchbaseLite/REPLICATOR: {n8litecore4repl6pushere#1168} destructing (0xd3b3a840); actorName='Push<-file:////data/user/0/com.couchbase.lite.test/files/CBLTestDb/otherdb.cblite2/'
11-05 11:07:29.316 21502 21519 I CouchbaseLite/DATABASE: Closing Database{@bd2f064, name='testdb'} at path /data/user/0/com.couchbase.lite.test/files/CBLTestDb/testdb.cblite2/
11-05 11:07:29.316 21502 21713 D CouchbaseLite/REPLICATOR: {N8litecore4repl9RevFinderE#1169} destructing (0xd3ba9b00); actorName='RevFinder->file:////data/user/0/com.couchbase.lite.test/files/CBLTestDb/testdb.cblite2/'
11-05 11:07:29.316 21502 21712 D CouchbaseLite/REPLICATOR: {n8litecore4repl6workere#1177}==> N8litecore4repl6WorkerE <-file:////data/user/0/com.couchbase.lite.test/files/CBLTestDb/otherdb.cblite2/ @0xd2b1f348
11-05 11:07:29.317 21502 21712 D CouchbaseLite/REPLICATOR: {n8litecore4repl6workere#1177} destructing (0xd2b1f300); actorName='RevFinder<-file:////data/user/0/com.couchbase.lite.test/files/CBLTestDb/otherdb.cblite2/'
11-05 11:07:29.317 21502 21712 D CouchbaseLite/REPLICATOR: {n8litecore4repl6workere#1178}==> N8litecore4repl6WorkerE <-file:////data/user/0/com.couchbase.lite.test/files/CBLTestDb/otherdb.cblite2/ @0xe56afe08
11-05 11:07:29.317 21502 21712 D CouchbaseLite/REPLICATOR: {n8litecore4repl6workere#1178} destructing (0xe56afdc0); actorName='Insert<-file:////data/user/0/com.couchbase.lite.test/files/CBLTestDb/otherdb.cblite2/'
11-05 11:07:29.318 21502 21712 D CouchbaseLite/NETWORK: {N8litecore4blip10ConnectionE#1161} ~Connection
11-05 11:07:29.318 21502 21712 I CouchbaseLite/REPLICATOR: BLIP sent 9 msgs (544 bytes), rcvd 4 msgs (415 bytes) in 0.356 sec. Max outbox depth was 1, avg 1.00
11-05 11:07:29.319 21502 21519 V CouchbaseLite/DATABASE: {DB#1155} Pre-close housekeeping: 0 of 8 pages free (0%)
11-05 11:07:29.319 21502 21712 D CouchbaseLite/REPLICATOR: {repl#1162} destructing (0xcfcefc80); actorName='Repl<-file:////data/user/0/com.couchbase.lite.test/files/CBLTestDb/otherdb.cblite2/'
11-05 11:07:29.320 21502 21712 D CouchbaseLite/REPLICATOR: {n8litecore4repl6pullere#1176} destructing (0xd2c8e400); actorName='Pull<-file:////data/user/0/com.couchbase.lite.test/files/CBLTestDb/otherdb.cblite2/'
11-05 11:07:29.321 21502 21712 V CouchbaseLite/DATABASE: {DB#1158} Pre-close housekeeping: 0 of 9 pages free (0%)
11-05 11:07:29.323 21502 21712 V CouchbaseLite/DATABASE: {DB#1158} Closed SQLite database
11-05 11:07:29.323 21502 21712 D CouchbaseLite/DATABASE: {N8litecore8DataFile6SharedE#1134} Remove DataFile 0xd28eda40
11-05 11:07:29.323 21502 21712 I CouchbaseLite/DATABASE: {DB#1158} Closing database
11-05 11:07:29.324 21502 21712 D CouchbaseLite/DATABASE: {N8litecore8DataFile6SharedE#1134} Remove DataFile 0xd28eda40
11-05 11:07:29.324 21502 21712 D CouchbaseLite/DATABASE: {DB#1158} destructing (~DataFile)
11-05 11:07:29.325 21502 21712 D CouchbaseLite/DATABASE: {N8litecore8DataFile6SharedE#1134} Remove DataFile 0xd28eda40
11-05 11:07:29.325 21502 21519 V CouchbaseLite/DATABASE: {DB#1155} Closed SQLite database
11-05 11:07:29.325 21502 21519 D CouchbaseLite/DATABASE: {N8litecore8DataFile6SharedE#975} Remove DataFile 0xed52dec0
11-05 11:07:29.326 21502 21519 I CouchbaseLite/DATABASE: {DB#1155} Closing database
11-05 11:07:29.326 21502 21713 D CouchbaseLite/REPLICATOR: {N8litecore4repl8InserterE#1174} destructing (0xe4938b00); actorName='Insert->file:////data/user/0/com.couchbase.lite.test/files/CBLTestDb/testdb.cblite2/'
11-05 11:07:29.327 21502 21713 D CouchbaseLite/NETWORK: {N8litecore4blip10ConnectionE#1159} ~Connection
11-05 11:07:29.327 21502 21713 I CouchbaseLite/REPLICATOR: BLIP sent 8 msgs (415 bytes), rcvd 5 msgs (544 bytes) in 0.362 sec. Max outbox depth was 1, avg 1.00
11-05 11:07:29.329 21502 21713 D CouchbaseLite/REPLICATOR: {Repl#1160} destructing (0xd1c96680); actorName='Repl->file:////data/user/0/com.couchbase.lite.test/files/CBLTestDb/testdb.cblite2/'
11-05 11:07:29.330 21502 21519 I CouchbaseLite/DATABASE: delete(): path=/data/user/0/com.couchbase.lite.test/files/CBLTestDb/testdb.cblite2
11-05 11:07:29.332 21502 21713 D CouchbaseLite/REPLICATOR: {N8litecore4repl6PullerE#1167} destructing (0xd3bc0600); actorName='Pull->file:////data/user/0/com.couchbase.lite.test/files/CBLTestDb/testdb.cblite2/'
11-05 11:07:29.333 21502 21519 D CouchbaseLite/DATABASE: {N8litecore8DataFile6SharedE#975} adding DataFile 0x0
11-05 11:07:29.334 21502 21519 V CouchbaseLite/DATABASE: Preparing to delete DataFile /data/data/com.couchbase.lite.test/files/CBLTestDb/testdb.cblite2/db.sqlite3
11-05 11:07:29.334 21502 21519 I CouchbaseLite/DATABASE: Waiting for 2 other connection(s) to close before deleting /data/data/com.couchbase.lite.test/files/CBLTestDb/testdb.cblite2/db.sqlite3
11-05 11:07:29.335 21502 21713 V CouchbaseLite/DATABASE: {DB#1157} Pre-close housekeeping: 0 of 8 pages free (0%)
11-05 11:07:29.337 21502 21713 V CouchbaseLite/DATABASE: {DB#1157} Closed SQLite database
11-05 11:07:29.338 21502 21713 D CouchbaseLite/DATABASE: {N8litecore8DataFile6SharedE#975} Remove DataFile 0xd3bd79c0
11-05 11:07:29.338 21502 21713 I CouchbaseLite/DATABASE: {DB#1157} Closing database
11-05 11:07:29.339 21502 21713 D CouchbaseLite/DATABASE: {N8litecore8DataFile6SharedE#975} Remove DataFile 0xd3bd79c0
11-05 11:07:29.339 21502 21713 D CouchbaseLite/DATABASE: {DB#1157} destructing (~DataFile)
11-05 11:07:29.340 21502 21713 D CouchbaseLite/DATABASE: {N8litecore8DataFile6SharedE#975} Remove DataFile 0xd3bd79c0
11-05 11:07:29.341 21502 21713 V CouchbaseLite/DATABASE: {DB#1175} Pre-close housekeeping: 0 of 8 pages free (0%)
11-05 11:07:29.359 21502 21713 V CouchbaseLite/DATABASE: {DB#1175} Closed SQLite database
11-05 11:07:29.359 21502 21713 D CouchbaseLite/DATABASE: {N8litecore8DataFile6SharedE#975} Remove DataFile 0xd3ab2400
11-05 11:07:29.360 21502 21713 I CouchbaseLite/DATABASE: {DB#1175} Closing database
11-05 11:07:29.360 21502 21713 D CouchbaseLite/DATABASE: {N8litecore8DataFile6SharedE#975} Remove DataFile 0xd3ab2400
11-05 11:07:29.361 21502 21713 D CouchbaseLite/DATABASE: {DB#1175} destructing (~DataFile)
11-05 11:07:29.361 21502 21713 D CouchbaseLite/DATABASE: {N8litecore8DataFile6SharedE#975} Remove DataFile 0xd3ab2400
11-05 11:07:29.437 21502 21519 I CouchbaseLite/DATABASE: Deleting database file /data/data/com.couchbase.lite.test/files/CBLTestDb/testdb.cblite2/db.sqlite3 (with -wal and -shm)
11-05 11:07:29.439 21502 21519 D CouchbaseLite/DATABASE: ...finished deleting database file /data/data/com.couchbase.lite.test/files/CBLTestDb/testdb.cblite2/db.sqlite3 (with -wal and -shm)
11-05 11:07:29.441 21502 21519 V CouchbaseLite/Test: testdb was deleted successfully.
11-05 11:07:29.444 21502 21519 I CouchbaseLite/DATABASE: Closing Database{@f6702cd, name='otherdb'} at path /data/user/0/com.couchbase.lite.test/files/CBLTestDb/otherdb.cblite2/
11-05 11:07:29.449 21502 21519 V CouchbaseLite/DATABASE: {DB#1156} Pre-close housekeeping: 0 of 9 pages free (0%)
11-05 11:07:29.468 21502 21519 V CouchbaseLite/DATABASE: {DB#1156} Closed SQLite database
11-05 11:07:29.468 21502 21519 D CouchbaseLite/DATABASE: {N8litecore8DataFile6SharedE#1134} Remove DataFile 0xd3b10100
11-05 11:07:29.469 21502 21519 I CouchbaseLite/DATABASE: {DB#1156} Closing database
11-05 11:07:29.471 21502 21519 I CouchbaseLite/DATABASE: delete(): path=/data/user/0/com.couchbase.lite.test/files/CBLTestDb/otherdb.cblite2
11-05 11:07:29.472 21502 21519 D CouchbaseLite/DATABASE: {N8litecore8DataFile6SharedE#1134} adding DataFile 0x0
11-05 11:07:29.472 21502 21519 V CouchbaseLite/DATABASE: Preparing to delete DataFile /data/data/com.couchbase.lite.test/files/CBLTestDb/otherdb.cblite2/db.sqlite3
11-05 11:07:29.472 21502 21519 I CouchbaseLite/DATABASE: Deleting database file /data/data/com.couchbase.lite.test/files/CBLTestDb/otherdb.cblite2/db.sqlite3 (with -wal and -shm)
11-05 11:07:29.473 21502 21519 D CouchbaseLite/DATABASE: ...finished deleting database file /data/data/com.couchbase.lite.test/files/CBLTestDb/otherdb.cblite2/db.sqlite3 (with -wal and -shm)
11-05 11:07:29.475 21502 21519 V CouchbaseLite/Test: otherdb was deleted successfully.
11-05 11:07:29.475 21502 21519 V CouchbaseLite/Test: testdb was closed successfully.
11-05 11:07:29.981 21502 21519 I TestRunner: finished: testContinuousPullFilter(com.couchbase.lite.Local2LocalReplicatorTest)
11-05 11:07:29.997 21502 21502 I MonitoringInstr: Activities that are still in CREATED to STOPPED: 0
11-05 11:07:30.003 21502 21519 I TestRunner: started: testContinuousPushFilter(com.couchbase.lite.Local2LocalReplicatorTest)
11-05 11:07:30.009 21502 21502 I MonitoringInstr: Activities that are still in CREATED to STOPPED: 0
11-05 11:07:30.018 21502 21519 I CouchbaseLite/DATABASE: Opening Database{@f00aed0, name='testdb'} at path /data/user/0/com.couchbase.lite.test/files/CBLTestDb/testdb.cblite2
11-05 11:07:30.022 21502 21519 D CouchbaseLite/DATABASE: {N8litecore8DataFile6SharedE#975} adding DataFile 0xe5b074c0
11-05 11:07:30.022 21502 21519 I CouchbaseLite/DATABASE: {DB#1179}==> N8litecore14SQLiteDataFileE /data/user/0/com.couchbase.lite.test/files/CBLTestDb/testdb.cblite2/db.sqlite3 @0xe5b074c0
11-05 11:07:30.022 21502 21519 I CouchbaseLite/DATABASE: {DB#1179} Opening database
11-05 11:07:30.042 21502 21519 D CouchbaseLite/DATABASE: {DB#1179} open KVS 'default'
11-05 11:07:30.045 21502 21519 D CouchbaseLite/DATABASE: {DB#1179} open KVS 'info'
11-05 11:07:30.047 21502 21519 V CouchbaseLite/DATABASE: {DB#1179} begin transaction
11-05 11:07:30.047 21502 21519 V CouchbaseLite/DATABASE: {DB#1179} KeyStore(info) set versioning
11-05 11:07:30.047 21502 21519 V CouchbaseLite/DATABASE: {DB#1179} KeyStore(info) set publicUUID
11-05 11:07:30.047 21502 21519 V CouchbaseLite/DATABASE: {DB#1179} KeyStore(info) set privateUUID
11-05 11:07:30.047 21502 21519 V CouchbaseLite/DATABASE: {DB#1179} commit transaction
11-05 11:07:30.048 21502 21519 V CouchbaseLite/DATABASE: {DB#1179} Next expiration time is 0
11-05 11:07:30.048 21502 21519 V CouchbaseLite/DATABASE: No pending doc expirations
11-05 11:07:30.049 21502 21519 I CouchbaseLite/DATABASE: Opening Database{@d6dfec9, name='otherdb'} at path /data/user/0/com.couchbase.lite.test/files/CBLTestDb/otherdb.cblite2
11-05 11:07:30.050 21502 21519 D CouchbaseLite/DATABASE: {N8litecore8DataFile6SharedE#1134} adding DataFile 0xd3b0d900
11-05 11:07:30.050 21502 21519 I CouchbaseLite/DATABASE: {DB#1180}==> N8litecore14SQLiteDataFileE /data/user/0/com.couchbase.lite.test/files/CBLTestDb/otherdb.cblite2/db.sqlite3 @0xd3b0d900
11-05 11:07:30.050 21502 21519 I CouchbaseLite/DATABASE: {DB#1180} Opening database
11-05 11:07:30.057 21502 21519 D CouchbaseLite/DATABASE: {DB#1180} open KVS 'default'
11-05 11:07:30.060 21502 21519 D CouchbaseLite/DATABASE: {DB#1180} open KVS 'info'
11-05 11:07:30.062 21502 21519 V CouchbaseLite/DATABASE: {DB#1180} begin transaction
11-05 11:07:30.062 21502 21519 V CouchbaseLite/DATABASE: {DB#1180} KeyStore(info) set versioning
11-05 11:07:30.062 21502 21519 V CouchbaseLite/DATABASE: {DB#1180} KeyStore(info) set publicUUID
11-05 11:07:30.062 21502 21519 V CouchbaseLite/DATABASE: {DB#1180} KeyStore(info) set privateUUID
11-05 11:07:30.062 21502 21519 V CouchbaseLite/DATABASE: {DB#1180} commit transaction
11-05 11:07:30.063 21502 21519 V CouchbaseLite/DATABASE: {DB#1180} Next expiration time is 0
11-05 11:07:30.063 21502 21519 V CouchbaseLite/DATABASE: No pending doc expirations
11-05 11:07:30.569 21502 21519 V CouchbaseLite/DATABASE: {DB#1179} begin transaction
11-05 11:07:30.583 21502 21519 V CouchbaseLite/DATABASE: {DB#1179} Saved 'doc1' rev #1-184f56cf9a9a7168cc048108bf1170d236cde367 as seq 1
11-05 11:07:30.584 21502 21519 V CouchbaseLite/DATABASE: {DB#1179} KeyStore(info) set SharedKeys
11-05 11:07:30.585 21502 21519 V CouchbaseLite/DATABASE: {DB#1179} commit transaction
11-05 11:07:30.588 21502 21519 V CouchbaseLite/DATABASE: {DB#1179} begin transaction
11-05 11:07:30.592 21502 21519 V CouchbaseLite/DATABASE: {DB#1179} Saved 'doc2' rev #1-d3bdb3bb973f44e5a051ce43493004a1838626fc as seq 2
11-05 11:07:30.593 21502 21519 V CouchbaseLite/DATABASE: {DB#1179} commit transaction
11-05 11:07:30.595 21502 21519 V CouchbaseLite/DATABASE: {DB#1179} begin transaction
11-05 11:07:30.599 21502 21519 V CouchbaseLite/DATABASE: {DB#1179} Saved 'doc3' rev #1-729c498d4356eeb37ace75d7f97a1d7e66cb3798 as seq 3
11-05 11:07:30.599 21502 21519 V CouchbaseLite/DATABASE: {DB#1179} commit transaction
11-05 11:07:30.602 21502 21519 V CouchbaseLite/DATABASE: {DB#1179} begin transaction
11-05 11:07:30.605 21502 21519 V CouchbaseLite/DATABASE: {DB#1179} Deleted 'doc3' rev #2-5a11cccb8e57044890ab7179ec9665a84e89b505 as seq 4
11-05 11:07:30.605 21502 21519 V CouchbaseLite/DATABASE: {DB#1179} commit transaction
11-05 11:07:30.607 21502 21519 I CouchbaseLite/REPLICATOR: Replicator is starting .....
11-05 11:07:30.609 21502 21519 I CouchbaseLite/REPLICATOR: Replicator{@e7080ef,*>,Database{@f00aed0, name='testdb'},DatabaseEndpoint{database=Database{@d6dfec9, name='otherdb'}}]: Starting
11-05 11:07:30.612 21502 21519 D CouchbaseLite/DATABASE: {N8litecore8DataFile6SharedE#975} adding DataFile 0xd3b0fc00
11-05 11:07:30.612 21502 21519 I CouchbaseLite/DATABASE: {DB#1181}==> N8litecore14SQLiteDataFileE /data/user/0/com.couchbase.lite.test/files/CBLTestDb/testdb.cblite2/db.sqlite3 @0xd3b0fc00
11-05 11:07:30.613 21502 21519 I CouchbaseLite/DATABASE: {DB#1181} Opening database
11-05 11:07:30.617 21502 21519 D CouchbaseLite/DATABASE: {DB#1181} open KVS 'info'
11-05 11:07:30.621 21502 21519 D CouchbaseLite/DATABASE: {N8litecore8DataFile6SharedE#1134} adding DataFile 0xd2888d40
11-05 11:07:30.621 21502 21519 I CouchbaseLite/DATABASE: {DB#1182}==> N8litecore14SQLiteDataFileE /data/user/0/com.couchbase.lite.test/files/CBLTestDb/otherdb.cblite2/db.sqlite3 @0xd2888d40
11-05 11:07:30.621 21502 21519 I CouchbaseLite/DATABASE: {DB#1182} Opening database
11-05 11:07:30.624 21502 21519 D CouchbaseLite/DATABASE: {DB#1182} open KVS 'info'
11-05 11:07:30.627 21502 21519 I CouchbaseLite/NETWORK: {N8litecore4blip10ConnectionE#1183}==> N8litecore4blip10ConnectionE ->file:////data/user/0/com.couchbase.lite.test/files/CBLTestDb/testdb.cblite2/ @0xe5b2b0c8
11-05 11:07:30.627 21502 21519 I CouchbaseLite/NETWORK: {N8litecore4blip10ConnectionE#1183} Opening connection...
11-05 11:07:30.628 21502 21519 I CouchbaseLite/REPLICATOR: {Repl#1184}==> N8litecore4repl10ReplicatorE /data/user/0/com.couchbase.lite.test/files/CBLTestDb/testdb.cblite2/ ->file:////data/user/0/com.couchbase.lite.test/files/CBLTestDb/testdb.cblite2/ @0xd1c98248
11-05 11:07:30.629 21502 21519 I CouchbaseLite/REPLICATOR: {Repl#1184} Push=continuous, Options={{headers:{User-Agent:"CouchbaseLite/2.7.0-SNAPSHOT (Java; Android 9; Pixel 2) EE/debug, Commit/6bf6e1f Core/0.0.0-EE (df1951bf+b3eaf1ad+)"}, noDeltas:1, progress:0}}
11-05 11:07:30.630 21502 21519 I CouchbaseLite/NETWORK: {N8litecore4blip10ConnectionE#1185}==> N8litecore4blip10ConnectionE <-file:////data/user/0/com.couchbase.lite.test/files/CBLTestDb/otherdb.cblite2/ @0xe5b2c1f8
11-05 11:07:30.630 21502 21519 I CouchbaseLite/NETWORK: {N8litecore4blip10ConnectionE#1185} Accepted connection
11-05 11:07:30.633 21502 21519 I CouchbaseLite/REPLICATOR: {repl#1186}==> N8litecore4repl10ReplicatorE /data/user/0/com.couchbase.lite.test/files/CBLTestDb/otherdb.cblite2/ <-file:////data/user/0/com.couchbase.lite.test/files/CBLTestDb/otherdb.cblite2/ @0xd1c98c48
11-05 11:07:30.633 21502 21519 I CouchbaseLite/REPLICATOR: {repl#1186} Push=passive, Pull=passive, Options={{noDeltas:1, noIncomingConflicts:1}}
11-05 11:07:30.637 21502 21519 I CouchbaseLite/REPLICATOR: Replicator{@e7080ef,*>,Database{@f00aed0, name='testdb'},DatabaseEndpoint{database=Database{@d6dfec9, name='otherdb'}}] is connecting, progress 0/0, error: null
11-05 11:07:30.638 21502 21714 I CouchbaseLite/REPLICATOR: {repl#1186} activityLevel=connecting: connectionState=1
11-05 11:07:30.638 21502 21519 I CouchbaseLite/REPLICATOR: C4ReplicatorListener.statusChanged, context: Replicator{@e7080ef,*>,Database{@f00aed0, name='testdb'},DatabaseEndpoint{database=Database{@d6dfec9, name='otherdb'}}], status: C4ReplicatorStatus{level=2, completed=0, total=0, #docs=0, domain=0, code=0, info=0}
11-05 11:07:30.639 21502 21712 V CouchbaseLite/NETWORK: {LoopbackWS#1187}==> N8litecore9websocket17LoopbackWebSocket6DriverE <-file:////data/user/0/com.couchbase.lite.test/files/CBLTestDb/otherdb.cblite2/ @0xd3cdf9c4
11-05 11:07:30.640 21502 21655 I CouchbaseLite/REPLICATOR: Replicator{@e7080ef,*>,Database{@f00aed0, name='testdb'},DatabaseEndpoint{database=Database{@d6dfec9, name='otherdb'}}]: status changed: (0, 0) @C4ReplicatorStatus{level=2, completed=0, total=0, #docs=0, domain=0, code=0, info=0}
11-05 11:07:30.641 21502 21655 W CouchbaseLite/REPLICATOR: Replicator{@e7080ef,*>,Database{@f00aed0, name='testdb'},DatabaseEndpoint{database=Database{@d6dfec9, name='otherdb'}}]: received unrecognized activity level:
11-05 11:07:30.641 21502 21712 V CouchbaseLite/NETWORK: {LoopbackWS#1187} Connecting to peer...
11-05 11:07:30.641 21502 21655 I CouchbaseLite/REPLICATOR: Replicator{@e7080ef,*>,Database{@f00aed0, name='testdb'},DatabaseEndpoint{database=Database{@d6dfec9, name='otherdb'}}] is connecting, progress 0/0, error: null
11-05 11:07:30.643 21502 21718 V CouchbaseLite/NETWORK: {LoopbackWS#1188}==> N8litecore9websocket17LoopbackWebSocket6DriverE ->file:////data/user/0/com.couchbase.lite.test/files/CBLTestDb/testdb.cblite2/ @0xd3cdf944
11-05 11:07:30.644 21502 21718 V CouchbaseLite/NETWORK: {LoopbackWS#1188} Connecting to peer...
11-05 11:07:30.645 21502 21718 V CouchbaseLite/NETWORK: {LoopbackWS#1187} (Peer is connecting...)
11-05 11:07:30.645 21502 21718 I CouchbaseLite/NETWORK: {LoopbackWS#1187} CONNECTED
11-05 11:07:30.647 21502 21717 V CouchbaseLite/NETWORK: {LoopbackWS#1188} (Peer is connecting...)
11-05 11:07:30.648 21502 21717 I CouchbaseLite/NETWORK: {LoopbackWS#1188} CONNECTED
11-05 11:07:30.648 21502 21717 I CouchbaseLite/NETWORK: {N8litecore4blip10ConnectionE#1183} Connected!
11-05 11:07:30.649 21502 21717 V CouchbaseLite/NETWORK: {N8litecore4blip6BLIPIOE#1189}==> N8litecore4blip6BLIPIOE ->file:////data/user/0/com.couchbase.lite.test/files/CBLTestDb/testdb.cblite2/ @0xe5b37644
11-05 11:07:30.649 21502 21717 V CouchbaseLite/NETWORK: {N8litecore4blip6BLIPIOE#1189} WebSocket is hungry!
11-05 11:07:30.650 21502 21717 V CouchbaseLite/NETWORK: {N8litecore4blip6BLIPIOE#1189} ...Wrote 0 bytes to WebSocket (writeable=1)
11-05 11:07:30.652 21502 21716 V CouchbaseLite/DATABASE: {DB#1181} begin transaction
11-05 11:07:30.655 21502 21716 V CouchbaseLite/DATABASE: {DB#1181} KeyStore(info) set remotes
11-05 11:07:30.656 21502 21716 V CouchbaseLite/DATABASE: {DB#1181} commit transaction
11-05 11:07:30.657 21502 21711 I CouchbaseLite/REPLICATOR: {repl#1186} activityLevel=connecting: connectionState=1
11-05 11:07:30.658 21502 21718 I CouchbaseLite/NETWORK: {N8litecore4blip10ConnectionE#1185} Connected!
11-05 11:07:30.659 21502 21715 I CouchbaseLite/REPLICATOR: {repl#1186} Connected!
11-05 11:07:30.660 21502 21715 I CouchbaseLite/REPLICATOR: {repl#1186} activityLevel=busy: connectionState=2
11-05 11:07:30.660 21502 21715 I CouchbaseLite/REPLICATOR: {repl#1186} now busy
11-05 11:07:30.661 21502 21718 V CouchbaseLite/NETWORK: {N8litecore4blip6BLIPIOE#1190}==> N8litecore4blip6BLIPIOE <-file:////data/user/0/com.couchbase.lite.test/files/CBLTestDb/otherdb.cblite2/ @0xe56ae044
11-05 11:07:30.662 21502 21718 V CouchbaseLite/NETWORK: {N8litecore4blip6BLIPIOE#1190} WebSocket is hungry!
11-05 11:07:30.663 21502 21718 V CouchbaseLite/NETWORK: {N8litecore4blip6BLIPIOE#1190} ...Wrote 0 bytes to WebSocket (writeable=1)
11-05 11:07:30.665 21502 21716 V CouchbaseLite/REPLICATOR: {Repl#1184} Remote-DB ID 1 found for target
11-05 11:07:30.666 21502 21716 V CouchbaseLite/REPLICATOR: {Repl#1184} Checkpoint doc ID = cp-3pUk55+vT/4d0+hdBYxzSdUSDZc=
11-05 11:07:30.667 21502 21716 D CouchbaseLite/DATABASE: {DB#1181} open KVS 'checkpoints'
11-05 11:07:30.672 21502 21716 D CouchbaseLite/DATABASE: {DB#1181} open KVS 'default'
11-05 11:07:30.674 21502 21716 I CouchbaseLite/REPLICATOR: {Repl#1184} No local checkpoint 'cp-3pUk55+vT/4d0+hdBYxzSdUSDZc='
11-05 11:07:30.674 21502 21716 I CouchbaseLite/REPLICATOR: {Repl#1184} activityLevel=connecting: connectionState=1
11-05 11:07:30.675 21502 21716 I CouchbaseLite/REPLICATOR: {Repl#1184} activityLevel=connecting: connectionState=1
11-05 11:07:30.676 21502 21716 I CouchbaseLite/REPLICATOR: {Repl#1184} Connected!
11-05 11:07:30.677 21502 21716 V CouchbaseLite/REPLICATOR: {Repl#1184} Requesting remote checkpoint
11-05 11:07:30.678 21502 21716 I CouchbaseLite/REPLICATOR: {Repl#1184} activityLevel=busy: connectionState=2
11-05 11:07:30.679 21502 21716 I CouchbaseLite/REPLICATOR: {Repl#1184} now busy
11-05 11:07:30.681 21502 21716 D CouchbaseLite/REPLICATOR: statusChangedCallback() handle: 3532636064, status: C4ReplicatorStatus{level=4, completed=0, total=0, #docs=0, domain=0, code=0, info=0}
11-05 11:07:30.681 21502 21711 I CouchbaseLite/REPLICATOR: {n8litecore4repl6pushere#1191}==> N8litecore4repl6PusherE ->file:////data/user/0/com.couchbase.lite.test/files/CBLTestDb/testdb.cblite2/ @0xd3b38208
11-05 11:07:30.681 21502 21716 I CouchbaseLite/REPLICATOR: C4ReplicatorListener.statusChanged, context: Replicator{@e7080ef,*>,Database{@f00aed0, name='testdb'},DatabaseEndpoint{database=Database{@d6dfec9, name='otherdb'}}], status: C4ReplicatorStatus{level=4, completed=0, total=0, #docs=0, domain=0, code=0, info=0}
11-05 11:07:30.682 21502 21711 I CouchbaseLite/REPLICATOR: {n8litecore4repl6pushere#1191} Starting continuous push from local seq #1
11-05 11:07:30.682 21502 21711 V CouchbaseLite/REPLICATOR: {n8litecore4repl6pushere#1191} Asking DB for 200 changes since sequence #0 ...
11-05 11:07:30.682 21502 21711 V CouchbaseLite/REPLICATOR: {n8litecore4repl6pushere#1191} Reading up to 200 local changes since #0
11-05 11:07:30.684 21502 21699 I CouchbaseLite/REPLICATOR: Replicator{@e7080ef,*>,Database{@f00aed0, name='testdb'},DatabaseEndpoint{database=Database{@d6dfec9, name='otherdb'}}]: status changed: (0, 0) @C4ReplicatorStatus{level=4, completed=0, total=0, #docs=0, domain=0, code=0, info=0}
11-05 11:07:30.684 21502 21699 I CouchbaseLite/REPLICATOR: Replicator{@e7080ef,*>,Database{@f00aed0, name='testdb'},DatabaseEndpoint{database=Database{@d6dfec9, name='otherdb'}}] is busy, progress 0/0, error: null
11-05 11:07:30.688 21502 21717 V CouchbaseLite/NETWORK: {N8litecore4blip6BLIPIOE#1189} Sending 'getCheckpoint' REQ #1
11-05 11:07:30.689 21502 21717 V CouchbaseLite/NETWORK: {N8litecore4blip6BLIPIOE#1189} Sending frame: REQ #1 ----, bytes 0--65
11-05 11:07:30.690 21502 21717 V CouchbaseLite/NETWORK: {N8litecore4blip6BLIPIOE#1189} Finished sending REQ #1
11-05 11:07:30.690 21502 21717 V CouchbaseLite/NETWORK: {N8litecore4blip6BLIPIOE#1189} ...Wrote 68 bytes to WebSocket (writeable=1)
11-05 11:07:30.691 21502 21717 I CouchbaseLite/REPLICATOR: {Repl#1184} activityLevel=busy: connectionState=2
11-05 11:07:30.691 21502 21717 D CouchbaseLite/NETWORK: {LoopbackWS#1188} SEND: 01003d50 726f6669 6c650067 65744368 65636b70 6f696e74 00636c69 656e7400
11-05 11:07:30.691 21502 21717 D CouchbaseLite/NETWORK: 63702d33 70556b35 352b7654 2f346430 2b686442 59787a53 64555344 5a633d00... [68]
11-05 11:07:30.692 21502 21717 D CouchbaseLite/NETWORK: {LoopbackWS#1187} RECEIVED: 01003d50 726f6669 6c650067 65744368 65636b70 6f696e74 00636c69 656e7400
11-05 11:07:30.692 21502 21717 D CouchbaseLite/NETWORK: 63702d33 70556b35 352b7654 2f346430 2b686442 59787a53 64555344 5a633d00... [68]
11-05 11:07:30.693 21502 21715 V CouchbaseLite/NETWORK: {N8litecore4blip6BLIPIOE#1190} Received frame: REQ #1 ----, length 66
11-05 11:07:30.693 21502 21715 V CouchbaseLite/NETWORK: {N8litecore4blip10ConnectionE#1185} Receiving 'getCheckpoint' REQ #1
11-05 11:07:30.694 21502 21715 V CouchbaseLite/NETWORK: {N8litecore4blip10ConnectionE#1185} Finished receiving 'getCheckpoint' REQ #1
11-05 11:07:30.694 21502 21715 I CouchbaseLite/REPLICATOR: {repl#1186} Request to get checkpoint 'cp-3pUk55+vT/4d0+hdBYxzSdUSDZc='
11-05 11:07:30.695 21502 21715 D CouchbaseLite/DATABASE: {DB#1182} open KVS 'peerCheckpoints'
11-05 11:07:30.699 21502 21715 I CouchbaseLite/REPLICATOR: {repl#1186} activityLevel=busy: connectionState=2
11-05 11:07:30.700 21502 21713 V CouchbaseLite/NETWORK: {N8litecore4blip6BLIPIOE#1190} Sending ERR #1
11-05 11:07:30.701 21502 21713 V CouchbaseLite/NETWORK: {N8litecore4blip6BLIPIOE#1190} Sending frame: ERR #1 ----, bytes 0--37
11-05 11:07:30.701 21502 21713 V CouchbaseLite/NETWORK: {N8litecore4blip6BLIPIOE#1190} Finished sending ERR #1
11-05 11:07:30.702 21502 21713 V CouchbaseLite/NETWORK: {N8litecore4blip6BLIPIOE#1190} ...Wrote 40 bytes to WebSocket (writeable=1)
11-05 11:07:30.702 21502 21718 D CouchbaseLite/NETWORK: {LoopbackWS#1187} SEND: 01022145 72726f72 2d446f6d 61696e00 48545450 00457272 6f722d43 6f646500
11-05 11:07:30.702 21502 21718 D CouchbaseLite/NETWORK: 34303400 964c4b0b
11-05 11:07:30.702 21502 21718 D CouchbaseLite/NETWORK: {LoopbackWS#1188} RECEIVED: 01022145 72726f72 2d446f6d 61696e00 48545450 00457272 6f722d43 6f646500
11-05 11:07:30.702 21502 21718 D CouchbaseLite/NETWORK: 34303400 964c4b0b
11-05 11:07:30.703 21502 21711 D CouchbaseLite/REPLICATOR: {n8litecore4repl6pushere#1191} remoteRevID of 'doc1' is
11-05 11:07:30.708 21502 21711 D CouchbaseLite/REPLICATOR: {n8litecore4repl6pushere#1191} remoteRevID of 'doc2' is
11-05 11:07:30.710 21502 21717 V CouchbaseLite/NETWORK: {N8litecore4blip6BLIPIOE#1189} Received frame: ERR #1 ----, length 38
11-05 11:07:30.711 21502 21717 V CouchbaseLite/NETWORK: {N8litecore4blip10ConnectionE#1183} Receiving ERR #1
11-05 11:07:30.711 21502 21717 V CouchbaseLite/NETWORK: {N8litecore4blip10ConnectionE#1183} Finished receiving ERR #1
11-05 11:07:30.712 21502 21717 I CouchbaseLite/REPLICATOR: {Repl#1184} No remote checkpoint
11-05 11:07:30.712 21502 21717 I CouchbaseLite/REPLICATOR: {Repl#1184} activityLevel=busy: connectionState=2
11-05 11:07:30.713 21502 21711 V CouchbaseLite/REPLICATOR: {n8litecore4repl6pushere#1191} Doc 'doc2' rejected by push filter
11-05 11:07:30.714 21502 21711 D CouchbaseLite/REPLICATOR: {n8litecore4repl6pushere#1191} remoteRevID of 'doc3' is
11-05 11:07:30.716 21502 21711 D CouchbaseLite/REPLICATOR: {n8litecore4repl6pushere#1191} Started DB observer
11-05 11:07:30.717 21502 21711 I CouchbaseLite/REPLICATOR: {n8litecore4repl6pushere#1191} Read 2 local changes up to #4: sending 'proposeChanges' with sequences #1 - #4
11-05 11:07:30.717 21502 21711 D CouchbaseLite/REPLICATOR: {n8litecore4repl6pushere#1191} - 0001: 'doc1' #1-184f56cf9a9a7168cc048108bf1170d236cde367 (remote #)
11-05 11:07:30.717 21502 21711 D CouchbaseLite/REPLICATOR: {n8litecore4repl6pushere#1191} - 0004: 'doc3' #2-5a11cccb8e57044890ab7179ec9665a84e89b505 (remote #)
11-05 11:07:30.718 21502 21711 I CouchbaseLite/REPLICATOR: {n8litecore4repl6pushere#1191} Caught up, at lastSequence #4
11-05 11:07:30.718 21502 21711 V CouchbaseLite/REPLICATOR: {n8litecore4repl6pushere#1191} progress +0/+208, 0 docs -- now 0 / 208, 0 docs
11-05 11:07:30.719 21502 21713 V CouchbaseLite/NETWORK: {N8litecore4blip6BLIPIOE#1189} Sending 'proposeChanges' REQ #2 UZ
11-05 11:07:30.720 21502 21713 V CouchbaseLite/NETWORK: {N8litecore4blip6BLIPIOE#1189} Sending frame: REQ #2 -U-C, bytes 0--125
11-05 11:07:30.721 21502 21711 I CouchbaseLite/REPLICATOR: {n8litecore4repl6pushere#1191} activityLevel=busy: pendingResponseCount=1, caughtUp=1, changeLists=1, revsInFlight=0, blobsInFlight=0, awaitingReply=0, revsToSend=0, pushingDocs=2, pendingSequences=2
11-05 11:07:30.722 21502 21711 V CouchbaseLite/REPLICATOR: {n8litecore4repl6pushere#1191} now busy
11-05 11:07:30.722 21502 21713 V CouchbaseLite/NETWORK: {N8litecore4blip6BLIPIOE#1189} Finished sending REQ #2 UZ
11-05 11:07:30.723 21502 21712 I CouchbaseLite/REPLICATOR: {n8litecore4repl6pushere#1191} activityLevel=busy: pendingResponseCount=1, caughtUp=1, changeLists=1, revsInFlight=0, blobsInFlight=0, awaitingReply=0, revsToSend=0, pushingDocs=2, pendingSequences=2
11-05 11:07:30.725 21502 21716 D CouchbaseLite/NETWORK: {LoopbackWS#1188} SEND: 02181ccb 310ec320 0c40d1dc a23b3391 300163cf b940f788 018c692b 55254aee
11-05 11:07:30.725 21502 21716 D CouchbaseLite/NETWORK: 2f35caf8 a5ff1ecf 63f4cf57 a7fd18fb 38757d97 df4bcf69 db4c1b02 c61a9881... [128]
11-05 11:07:30.726 21502 21713 V CouchbaseLite/NETWORK: {N8litecore4blip6BLIPIOE#1189} ...Wrote 128 bytes to WebSocket (writeable=1)
11-05 11:07:30.730 21502 21711 I CouchbaseLite/REPLICATOR: {Repl#1184} pushStatus=busy, pullStatus=stopped, progress=0/208
11-05 11:07:30.731 21502 21711 V CouchbaseLite/REPLICATOR: {Repl#1184} progress +0/+208, 0 docs -- now 0 / 208, 0 docs
11-05 11:07:30.731 21502 21711 I CouchbaseLite/REPLICATOR: {Repl#1184} activityLevel=busy: connectionState=2
11-05 11:07:30.732 21502 21716 D CouchbaseLite/NETWORK: {LoopbackWS#1187} RECEIVED: 02181ccb 310ec320 0c40d1dc a23b3391 300163cf b940f788 018c692b 55254aee
11-05 11:07:30.732 21502 21716 D CouchbaseLite/NETWORK: 2f35caf8 a5ff1ecf 63f4cf57 a7fd18fb 38757d97 df4bcf69 db4c1b02 c61a9881... [128]
11-05 11:07:30.733 21502 21716 V CouchbaseLite/NETWORK: {N8litecore4blip6BLIPIOE#1190} Received frame: REQ #2 -U-C, length 126
11-05 11:07:30.734 21502 21716 V CouchbaseLite/NETWORK: {N8litecore4blip10ConnectionE#1185} Receiving 'proposeChanges' REQ #2 UZ
11-05 11:07:30.734 21502 21716 V CouchbaseLite/NETWORK: {N8litecore4blip10ConnectionE#1185} Finished receiving 'proposeChanges' REQ #2 UZ
11-05 11:07:30.735 21502 21716 V CouchbaseLite/REPLICATOR: {n8litecore4repl6pullere#1192}==> N8litecore4repl6PullerE <-file:////data/user/0/com.couchbase.lite.test/files/CBLTestDb/otherdb.cblite2/ @0xe56cd248
11-05 11:07:30.735 21502 21716 V CouchbaseLite/REPLICATOR: {n8litecore4repl6pullere#1192} Received 'proposeChanges' REQ#2 (0 queued; 0 revs pending, 0 active, 0 unfinished)
11-05 11:07:30.735 21502 21716 V CouchbaseLite/REPLICATOR: {n8litecore4repl6pullere#1192} Handling 'proposeChanges' REQ#2
11-05 11:07:30.736 21502 21716 I CouchbaseLite/REPLICATOR: {n8litecore4repl6pullere#1192} activityLevel=busy: pendingResponseCount=0, _caughtUp=0, _pendingRevMessages=0, _activeIncomingRevs=0
11-05 11:07:30.736 21502 21716 V CouchbaseLite/REPLICATOR: {n8litecore4repl6pullere#1192} now busy
11-05 11:07:30.738 21502 21714 I CouchbaseLite/REPLICATOR: {n8litecore4repl9revfindere#1193}==> N8litecore4repl9RevFinderE <-file:////data/user/0/com.couchbase.lite.test/files/CBLTestDb/otherdb.cblite2/ @0xd3ba9948
11-05 11:07:30.739 21502 21714 I CouchbaseLite/REPLICATOR: {n8litecore4repl9revfindere#1193} Received 2 changes
11-05 11:07:30.741 21502 21716 I CouchbaseLite/REPLICATOR: {repl#1186} pushStatus=busy, pullStatus=busy, progress=0/0
11-05 11:07:30.741 21502 21716 I CouchbaseLite/REPLICATOR: {repl#1186} activityLevel=busy: connectionState=2
11-05 11:07:30.742 21502 21714 D CouchbaseLite/DATABASE: {DB#1182} open KVS 'default'
11-05 11:07:30.744 21502 21714 D CouchbaseLite/REPLICATOR: {n8litecore4repl9revfindere#1193} - Accepting proposed change 'doc1' #1-184f56cf9a9a7168cc048108bf1170d236cde367 with parent
11-05 11:07:30.744 21502 21714 D CouchbaseLite/REPLICATOR: {n8litecore4repl9revfindere#1193} - Accepting proposed change 'doc3' #2-5a11cccb8e57044890ab7179ec9665a84e89b505 with parent
11-05 11:07:30.745 21502 21714 I CouchbaseLite/REPLICATOR: {n8litecore4repl9revfindere#1193} Responded to 'proposeChanges' REQ#2 w/request for 2 revs
11-05 11:07:30.746 21502 21714 V CouchbaseLite/REPLICATOR: {n8litecore4repl9revfindere#1193} now idle
11-05 11:07:30.746 21502 21717 I CouchbaseLite/REPLICATOR: {n8litecore4repl6pullere#1192} activityLevel=busy: pendingResponseCount=0, _caughtUp=0, _pendingRevMessages=2, _activeIncomingRevs=0
11-05 11:07:30.747 21502 21714 V CouchbaseLite/NETWORK: {N8litecore4blip6BLIPIOE#1190} Sending RES #2 UZ
11-05 11:07:30.747 21502 21714 V CouchbaseLite/NETWORK: {N8litecore4blip6BLIPIOE#1190} Sending frame: RES #2 -U-C, bytes 0--33
11-05 11:07:30.748 21502 21714 V CouchbaseLite/NETWORK: {N8litecore4blip6BLIPIOE#1190} Finished sending RES #2 UZ
11-05 11:07:30.748 21502 21714 V CouchbaseLite/NETWORK: {N8litecore4blip6BLIPIOE#1190} ...Wrote 36 bytes to WebSocket (writeable=1)
11-05 11:07:30.749 21502 21717 I CouchbaseLite/REPLICATOR: {repl#1186} pushStatus=busy, pullStatus=busy, progress=0/0
11-05 11:07:30.749 21502 21714 D CouchbaseLite/NETWORK: {LoopbackWS#1187} SEND: 021992cc 4dacf0c8 2c2ec92f aa643032 6048cac9 4f2a6628 292a4d65 888e0500
11-05 11:07:30.749 21502 21714 D CouchbaseLite/NETWORK: 89c6471d
11-05 11:07:30.749 21502 21717 I CouchbaseLite/REPLICATOR: {repl#1186} activityLevel=busy: connectionState=2
