11-05 11:07:28.925 21502 21519 I CouchbaseLite/DATABASE: {DB#1157}==> N8litecore14SQLiteDataFileE /data/user/0/com.couchbase.lite.test/files/CBLTestDb/testdb.cblite2/db.sqlite3 @0xd3bd79c0
11-05 11:07:28.926 21502 21519 I CouchbaseLite/DATABASE: {DB#1157} Opening database
11-05 11:07:28.928 21502 21519 D CouchbaseLite/DATABASE: {DB#1157} open KVS 'info'
11-05 11:07:28.931 21502 21519 D CouchbaseLite/DATABASE: {N8litecore8DataFile6SharedE#1134} adding DataFile 0xd28eda40
11-05 11:07:28.931 21502 21519 I CouchbaseLite/DATABASE: {DB#1158}==> N8litecore14SQLiteDataFileE /data/user/0/com.couchbase.lite.test/files/CBLTestDb/otherdb.cblite2/db.sqlite3 @0xd28eda40
11-05 11:07:28.931 21502 21519 I CouchbaseLite/DATABASE: {DB#1158} Opening database
11-05 11:07:28.932 21502 21519 D CouchbaseLite/DATABASE: {DB#1158} open KVS 'info'
11-05 11:07:28.934 21502 21519 I CouchbaseLite/NETWORK: {N8litecore4blip10ConnectionE#1159}==> N8litecore4blip10ConnectionE ->file:////data/user/0/com.couchbase.lite.test/files/CBLTestDb/testdb.cblite2/ @0xe5b2b078
11-05 11:07:28.934 21502 21519 I CouchbaseLite/NETWORK: {N8litecore4blip10ConnectionE#1159} Opening connection...
11-05 11:07:28.937 21502 21519 I CouchbaseLite/REPLICATOR: {Repl#1160}==> N8litecore4repl10ReplicatorE /data/user/0/com.couchbase.lite.test/files/CBLTestDb/testdb.cblite2/ ->file:////data/user/0/com.couchbase.lite.test/files/CBLTestDb/testdb.cblite2/ @0xd1c966c8
11-05 11:07:28.937 21502 21519 I CouchbaseLite/REPLICATOR: {Repl#1160} Pull=continuous, Options={{headers:{User-Agent:"CouchbaseLite/2.7.0-SNAPSHOT (Java; Android 9; Pixel 2) EE/debug, Commit/6bf6e1f Core/0.0.0-EE (df1951bf+b3eaf1ad+)"}, noDeltas:1, progress:0}}
11-05 11:07:28.939 21502 21519 I CouchbaseLite/NETWORK: {N8litecore4blip10ConnectionE#1161}==> N8litecore4blip10ConnectionE <-file:////data/user/0/com.couchbase.lite.test/files/CBLTestDb/otherdb.cblite2/ @0xd2c14558
11-05 11:07:28.939 21502 21519 I CouchbaseLite/NETWORK: {N8litecore4blip10ConnectionE#1161} Accepted connection
11-05 11:07:28.940 21502 21519 I CouchbaseLite/REPLICATOR: {repl#1162}==> N8litecore4repl10ReplicatorE /data/user/0/com.couchbase.lite.test/files/CBLTestDb/otherdb.cblite2/ <-file:////data/user/0/com.couchbase.lite.test/files/CBLTestDb/otherdb.cblite2/ @0xcfcefcc8
11-05 11:07:28.940 21502 21519 I CouchbaseLite/REPLICATOR: {repl#1162} Push=passive, Pull=passive, Options={{noDeltas:1, noIncomingConflicts:1}}
11-05 11:07:28.945 21502 21519 I CouchbaseLite/REPLICATOR: Replicator{@c858e93,<*,Database{@bd2f064, name='testdb'},DatabaseEndpoint{database=Database{@f6702cd, name='otherdb'}}] is connecting, progress 0/0, error: null
11-05 11:07:28.946 21502 21519 I CouchbaseLite/REPLICATOR: C4ReplicatorListener.statusChanged, context: Replicator{@c858e93,<*,Database{@bd2f064, name='testdb'},DatabaseEndpoint{database=Database{@f6702cd, name='otherdb'}}], status: C4ReplicatorStatus{level=2, completed=0, total=0, #docs=0, domain=0, code=0, info=0}
11-05 11:07:28.947 21502 21713 I CouchbaseLite/REPLICATOR: {repl#1162} activityLevel=connecting: connectionState=1
11-05 11:07:28.948 21502 21699 I CouchbaseLite/REPLICATOR: Replicator{@c858e93,<*,Database{@bd2f064, name='testdb'},DatabaseEndpoint{database=Database{@f6702cd, name='otherdb'}}]: status changed: (0, 0) @C4ReplicatorStatus{level=2, completed=0, total=0, #docs=0, domain=0, code=0, info=0}
11-05 11:07:28.948 21502 21699 W CouchbaseLite/REPLICATOR: Replicator{@c858e93,<*,Database{@bd2f064, name='testdb'},DatabaseEndpoint{database=Database{@f6702cd, name='otherdb'}}]: received unrecognized activity level:
11-05 11:07:28.949 21502 21713 D CouchbaseLite/DATABASE: {DB#1157} open KVS 'default'
11-05 11:07:28.949 21502 21699 I CouchbaseLite/REPLICATOR: Replicator{@c858e93,<*,Database{@bd2f064, name='testdb'},DatabaseEndpoint{database=Database{@f6702cd, name='otherdb'}}] is connecting, progress 0/0, error: null
11-05 11:07:28.952 21502 21713 V CouchbaseLite/DATABASE: {DB#1157} begin transaction
11-05 11:07:28.954 21502 21713 V CouchbaseLite/DATABASE: {DB#1157} KeyStore(info) set remotes
11-05 11:07:28.954 21502 21713 V CouchbaseLite/DATABASE: {DB#1157} commit transaction
11-05 11:07:28.955 21502 21713 V CouchbaseLite/REPLICATOR: {Repl#1160} Remote-DB ID 1 found for target
11-05 11:07:28.956 21502 21713 V CouchbaseLite/REPLICATOR: {Repl#1160} Checkpoint doc ID = cp-NCIFNlYp9aQ9BQPCLk6FgzoR7ok=
11-05 11:07:28.957 21502 21713 D CouchbaseLite/DATABASE: {DB#1157} open KVS 'checkpoints'
11-05 11:07:28.959 21502 21713 I CouchbaseLite/REPLICATOR: {Repl#1160} No local checkpoint 'cp-NCIFNlYp9aQ9BQPCLk6FgzoR7ok='
11-05 11:07:28.960 21502 21713 I CouchbaseLite/REPLICATOR: {Repl#1160} activityLevel=connecting: connectionState=1
11-05 11:07:28.961 21502 21713 V CouchbaseLite/NETWORK: {LoopbackWS#1163}==> N8litecore9websocket17LoopbackWebSocket6DriverE <-file:////data/user/0/com.couchbase.lite.test/files/CBLTestDb/otherdb.cblite2/ @0xe5698d44
11-05 11:07:28.961 21502 21713 V CouchbaseLite/NETWORK: {LoopbackWS#1163} Connecting to peer...
11-05 11:07:28.961 21502 21713 V CouchbaseLite/NETWORK: {LoopbackWS#1164}==> N8litecore9websocket17LoopbackWebSocket6DriverE ->file:////data/user/0/com.couchbase.lite.test/files/CBLTestDb/testdb.cblite2/ @0xe5698bc4
11-05 11:07:28.961 21502 21713 V CouchbaseLite/NETWORK: {LoopbackWS#1164} Connecting to peer...
11-05 11:07:28.962 21502 21718 V CouchbaseLite/NETWORK: {LoopbackWS#1163} (Peer is connecting...)
11-05 11:07:28.962 21502 21718 I CouchbaseLite/NETWORK: {LoopbackWS#1163} CONNECTED
11-05 11:07:28.962 21502 21718 I CouchbaseLite/NETWORK: {N8litecore4blip10ConnectionE#1161} Connected!
11-05 11:07:28.963 21502 21718 I CouchbaseLite/REPLICATOR: {repl#1162} activityLevel=connecting: connectionState=1
11-05 11:07:28.963 21502 21718 V CouchbaseLite/NETWORK: {N8litecore4blip6BLIPIOE#1165}==> N8litecore4blip6BLIPIOE <-file:////data/user/0/com.couchbase.lite.test/files/CBLTestDb/otherdb.cblite2/ @0xd2c8e044
11-05 11:07:28.963 21502 21718 V CouchbaseLite/NETWORK: {N8litecore4blip6BLIPIOE#1165} WebSocket is hungry!
11-05 11:07:28.963 21502 21718 V CouchbaseLite/NETWORK: {N8litecore4blip6BLIPIOE#1165} ...Wrote 0 bytes to WebSocket (writeable=1)
11-05 11:07:28.964 21502 21718 I CouchbaseLite/REPLICATOR: {repl#1162} Connected!
11-05 11:07:28.964 21502 21718 I CouchbaseLite/REPLICATOR: {repl#1162} activityLevel=busy: connectionState=2
11-05 11:07:28.964 21502 21718 I CouchbaseLite/REPLICATOR: {repl#1162} now busy
11-05 11:07:28.964 21502 21713 V CouchbaseLite/NETWORK: {LoopbackWS#1164} (Peer is connecting...)
11-05 11:07:28.965 21502 21713 I CouchbaseLite/NETWORK: {LoopbackWS#1164} CONNECTED
11-05 11:07:28.965 21502 21712 I CouchbaseLite/REPLICATOR: {Repl#1160} activityLevel=connecting: connectionState=1
11-05 11:07:28.965 21502 21713 I CouchbaseLite/NETWORK: {N8litecore4blip10ConnectionE#1159} Connected!
11-05 11:07:28.966 21502 21715 I CouchbaseLite/REPLICATOR: {Repl#1160} Connected!
11-05 11:07:28.966 21502 21715 V CouchbaseLite/REPLICATOR: {Repl#1160} Requesting remote checkpoint
11-05 11:07:28.966 21502 21716 V CouchbaseLite/NETWORK: {N8litecore4blip6BLIPIOE#1166}==> N8litecore4blip6BLIPIOE ->file:////data/user/0/com.couchbase.lite.test/files/CBLTestDb/testdb.cblite2/ @0xd3ba8e44
11-05 11:07:28.966 21502 21716 V CouchbaseLite/NETWORK: {N8litecore4blip6BLIPIOE#1166} WebSocket is hungry!
11-05 11:07:28.967 21502 21716 V CouchbaseLite/NETWORK: {N8litecore4blip6BLIPIOE#1166} ...Wrote 0 bytes to WebSocket (writeable=1)
11-05 11:07:28.967 21502 21717 I CouchbaseLite/REPLICATOR: {N8litecore4repl6PullerE#1167}==> N8litecore4repl6PullerE ->file:////data/user/0/com.couchbase.lite.test/files/CBLTestDb/testdb.cblite2/ @0xd3bc0648
11-05 11:07:28.967 21502 21717 I CouchbaseLite/REPLICATOR: {N8litecore4repl6PullerE#1167} Starting pull from remote seq
11-05 11:07:28.967 21502 21716 V CouchbaseLite/NETWORK: {N8litecore4blip6BLIPIOE#1166} Sending 'getCheckpoint' REQ #1
11-05 11:07:28.968 21502 21715 I CouchbaseLite/REPLICATOR: {Repl#1160} activityLevel=busy: connectionState=2
11-05 11:07:28.968 21502 21715 I CouchbaseLite/REPLICATOR: {Repl#1160} now busy
11-05 11:07:28.968 21502 21716 V CouchbaseLite/NETWORK: {N8litecore4blip6BLIPIOE#1166} Sending frame: REQ #1 ----, bytes 0--65
11-05 11:07:28.968 21502 21717 I CouchbaseLite/REPLICATOR: {N8litecore4repl6PullerE#1167} activityLevel=busy: pendingResponseCount=1, _caughtUp=0, _pendingRevMessages=0, _activeIncomingRevs=0
11-05 11:07:28.969 21502 21717 V CouchbaseLite/REPLICATOR: {N8litecore4repl6PullerE#1167} now busy
11-05 11:07:28.969 21502 21711 D CouchbaseLite/NETWORK: {LoopbackWS#1164} SEND: 01003d50 726f6669 6c650067 65744368 65636b70 6f696e74 00636c69 656e7400
11-05 11:07:28.969 21502 21711 D CouchbaseLite/NETWORK: 63702d4e 4349464e 6c597039 61513942 5150434c 6b364667 7a6f5237 6f6b3d00... [68]
11-05 11:07:28.969 21502 21715 D CouchbaseLite/REPLICATOR: statusChangedCallback() handle: 3535307456, status: C4ReplicatorStatus{level=4, completed=0, total=0, #docs=0, domain=0, code=0, info=0}
11-05 11:07:28.969 21502 21711 D CouchbaseLite/NETWORK: {LoopbackWS#1163} RECEIVED: 01003d50 726f6669 6c650067 65744368 65636b70 6f696e74 00636c69 656e7400
11-05 11:07:28.969 21502 21711 D CouchbaseLite/NETWORK: 63702d4e 4349464e 6c597039 61513942 5150434c 6b364667 7a6f5237 6f6b3d00... [68]
11-05 11:07:28.970 21502 21715 I CouchbaseLite/REPLICATOR: C4ReplicatorListener.statusChanged, context: Replicator{@c858e93,<*,Database{@bd2f064, name='testdb'},DatabaseEndpoint{database=Database{@f6702cd, name='otherdb'}}], status: C4ReplicatorStatus{level=4, completed=0, total=0, #docs=0, domain=0, code=0, info=0}
11-05 11:07:28.970 21502 21711 V CouchbaseLite/NETWORK: {N8litecore4blip6BLIPIOE#1165} Received frame: REQ #1 ----, length 66
11-05 11:07:28.970 21502 21711 V CouchbaseLite/NETWORK: {N8litecore4blip10ConnectionE#1161} Receiving 'getCheckpoint' REQ #1
11-05 11:07:28.971 21502 21711 V CouchbaseLite/NETWORK: {N8litecore4blip10ConnectionE#1161} Finished receiving 'getCheckpoint' REQ #1
11-05 11:07:28.971 21502 21711 I CouchbaseLite/REPLICATOR: {repl#1162} Request to get checkpoint 'cp-NCIFNlYp9aQ9BQPCLk6FgzoR7ok='
11-05 11:07:28.972 21502 21711 D CouchbaseLite/DATABASE: {DB#1158} open KVS 'peerCheckpoints'
11-05 11:07:28.972 21502 21698 I CouchbaseLite/REPLICATOR: Replicator{@c858e93,<*,Database{@bd2f064, name='testdb'},DatabaseEndpoint{database=Database{@f6702cd, name='otherdb'}}]: status changed: (0, 0) @C4ReplicatorStatus{level=4, completed=0, total=0, #docs=0, domain=0, code=0, info=0}
11-05 11:07:28.973 21502 21698 I CouchbaseLite/REPLICATOR: Replicator{@c858e93,<*,Database{@bd2f064, name='testdb'},DatabaseEndpoint{database=Database{@f6702cd, name='otherdb'}}] is busy, progress 0/0, error: null
11-05 11:07:28.976 21502 21711 I CouchbaseLite/REPLICATOR: {repl#1162} activityLevel=busy: connectionState=2
11-05 11:07:28.978 21502 21715 I CouchbaseLite/REPLICATOR: {Repl#1160} activityLevel=busy: connectionState=2
11-05 11:07:28.978 21502 21715 I CouchbaseLite/REPLICATOR: {Repl#1160} pushStatus=stopped, pullStatus=busy, progress=0/0
11-05 11:07:28.979 21502 21715 I CouchbaseLite/REPLICATOR: {Repl#1160} activityLevel=busy: connectionState=2
11-05 11:07:28.979 21502 21716 V CouchbaseLite/NETWORK: {N8litecore4blip6BLIPIOE#1166} Finished sending REQ #1
11-05 11:07:28.980 21502 21717 V CouchbaseLite/NETWORK: {N8litecore4blip6BLIPIOE#1165} Sending ERR #1
11-05 11:07:28.980 21502 21717 V CouchbaseLite/NETWORK: {N8litecore4blip6BLIPIOE#1165} Sending frame: ERR #1 ----, bytes 0--37
11-05 11:07:28.980 21502 21716 V CouchbaseLite/NETWORK: {N8litecore4blip6BLIPIOE#1166} ...Wrote 68 bytes to WebSocket (writeable=1)
11-05 11:07:28.981 21502 21717 V CouchbaseLite/NETWORK: {N8litecore4blip6BLIPIOE#1165} Finished sending ERR #1
11-05 11:07:28.981 21502 21717 V CouchbaseLite/NETWORK: {N8litecore4blip6BLIPIOE#1165} ...Wrote 40 bytes to WebSocket (writeable=1)
11-05 11:07:28.981 21502 21716 D CouchbaseLite/NETWORK: {LoopbackWS#1163} SEND: 01022145 72726f72 2d446f6d 61696e00 48545450 00457272 6f722d43 6f646500
11-05 11:07:28.981 21502 21716 D CouchbaseLite/NETWORK: 34303400 964c4b0b
11-05 11:07:28.982 21502 21716 D CouchbaseLite/NETWORK: {LoopbackWS#1164} RECEIVED: 01022145 72726f72 2d446f6d 61696e00 48545450 00457272 6f722d43 6f646500
11-05 11:07:28.982 21502 21716 D CouchbaseLite/NETWORK: 34303400 964c4b0b
11-05 11:07:28.982 21502 21713 V CouchbaseLite/NETWORK: {N8litecore4blip6BLIPIOE#1166} Sending 'subChanges' REQ #2
11-05 11:07:28.983 21502 21713 V CouchbaseLite/NETWORK: {N8litecore4blip6BLIPIOE#1166} Sending frame: REQ #2 ----, bytes 0--49
11-05 11:07:28.984 21502 21713 V CouchbaseLite/NETWORK: {N8litecore4blip6BLIPIOE#1166} Finished sending REQ #2
11-05 11:07:28.984 21502 21713 V CouchbaseLite/NETWORK: {N8litecore4blip6BLIPIOE#1166} ...Wrote 52 bytes to WebSocket (writeable=1)
11-05 11:07:28.984 21502 21712 V CouchbaseLite/NETWORK: {N8litecore4blip6BLIPIOE#1166} Received frame: ERR #1 ----, length 38
11-05 11:07:28.985 21502 21712 V CouchbaseLite/NETWORK: {N8litecore4blip10ConnectionE#1159} Receiving ERR #1
11-05 11:07:28.985 21502 21718 I CouchbaseLite/REPLICATOR: {N8litecore4repl6PullerE#1167} activityLevel=busy: pendingResponseCount=1, _caughtUp=0, _pendingRevMessages=0, _activeIncomingRevs=0
11-05 11:07:28.986 21502 21711 D CouchbaseLite/NETWORK: {LoopbackWS#1164} SEND: 02002d50 726f6669 6c650073 75624368 616e6765 7300636f 6e74696e 756f7573
11-05 11:07:28.986 21502 21711 D CouchbaseLite/NETWORK: 00747275 65006261 74636800 32303000 43078052
11-05 11:07:28.986 21502 21712 V CouchbaseLite/NETWORK: {N8litecore4blip10ConnectionE#1159} Finished receiving ERR #1
11-05 11:07:28.987 21502 21715 D CouchbaseLite/NETWORK: {LoopbackWS#1163} RECEIVED: 02002d50 726f6669 6c650073 75624368 616e6765 7300636f 6e74696e 756f7573
11-05 11:07:28.987 21502 21715 D CouchbaseLite/NETWORK: 00747275 65006261 74636800 32303000 43078052
11-05 11:07:28.987 21502 21715 V CouchbaseLite/NETWORK: {N8litecore4blip6BLIPIOE#1165} Received frame: REQ #2 ----, length 50
11-05 11:07:28.987 21502 21712 I CouchbaseLite/REPLICATOR: {Repl#1160} No remote checkpoint
11-05 11:07:28.988 21502 21712 I CouchbaseLite/REPLICATOR: {Repl#1160} activityLevel=busy: connectionState=2
11-05 11:07:28.988 21502 21715 V CouchbaseLite/NETWORK: {N8litecore4blip10ConnectionE#1161} Receiving 'subChanges' REQ #2
11-05 11:07:28.988 21502 21715 V CouchbaseLite/NETWORK: {N8litecore4blip10ConnectionE#1161} Finished receiving 'subChanges' REQ #2
11-05 11:07:28.989 21502 21716 I CouchbaseLite/REPLICATOR: {n8litecore4repl6pushere#1168}==> N8litecore4repl6PusherE <-file:////data/user/0/com.couchbase.lite.test/files/CBLTestDb/otherdb.cblite2/ @0xd3b3a888
11-05 11:07:28.989 21502 21716 I CouchbaseLite/REPLICATOR: {n8litecore4repl6pushere#1168} Peer is pulling continuous changes from seq #0
11-05 11:07:28.990 21502 21716 V CouchbaseLite/REPLICATOR: {n8litecore4repl6pushere#1168} Asking DB for 200 changes since sequence #0 ...
11-05 11:07:28.990 21502 21716 V CouchbaseLite/REPLICATOR: {n8litecore4repl6pushere#1168} Reading up to 200 local changes since #0
11-05 11:07:28.990 21502 21718 V CouchbaseLite/NETWORK: {N8litecore4blip6BLIPIOE#1165} Sending RES #2
11-05 11:07:28.991 21502 21716 D CouchbaseLite/DATABASE: {DB#1158} open KVS 'default'
11-05 11:07:28.991 21502 21718 V CouchbaseLite/NETWORK: {N8litecore4blip6BLIPIOE#1165} Sending frame: RES #2 ----, bytes 0--4
11-05 11:07:28.991 21502 21718 V CouchbaseLite/NETWORK: {N8litecore4blip6BLIPIOE#1165} Finished sending RES #2
11-05 11:07:28.992 21502 21718 V CouchbaseLite/NETWORK: {N8litecore4blip6BLIPIOE#1165} ...Wrote 7 bytes to WebSocket (writeable=1)
11-05 11:07:28.992 21502 21718 D CouchbaseLite/NETWORK: {LoopbackWS#1163} SEND: 02010045 467a4e
11-05 11:07:28.992 21502 21718 D CouchbaseLite/NETWORK: {LoopbackWS#1164} RECEIVED: 02010045 467a4e
11-05 11:07:28.993 21502 21718 V CouchbaseLite/NETWORK: {N8litecore4blip6BLIPIOE#1166} Received frame: RES #2 ----, length 5
11-05 11:07:28.993 21502 21718 V CouchbaseLite/NETWORK: {N8litecore4blip10ConnectionE#1159} Receiving RES #2
11-05 11:07:28.994 21502 21718 V CouchbaseLite/NETWORK: {N8litecore4blip10ConnectionE#1159} Finished receiving RES #2
11-05 11:07:28.994 21502 21718 I CouchbaseLite/REPLICATOR: {N8litecore4repl6PullerE#1167} activityLevel=busy: pendingResponseCount=0, _caughtUp=0, _pendingRevMessages=0, _activeIncomingRevs=0
11-05 11:07:28.996 21502 21716 D CouchbaseLite/REPLICATOR: {n8litecore4repl6pushere#1168} Started DB observer
11-05 11:07:28.996 21502 21716 I CouchbaseLite/REPLICATOR: {n8litecore4repl6pushere#1168} Read 3 local changes up to #4: sending 'changes' with sequences #1 - #4
11-05 11:07:28.997 21502 21716 D CouchbaseLite/REPLICATOR: {n8litecore4repl6pushere#1168} - 0001: 'doc1' #1-184f56cf9a9a7168cc048108bf1170d236cde367 (remote #)
11-05 11:07:28.997 21502 21716 D CouchbaseLite/REPLICATOR: {n8litecore4repl6pushere#1168} - 0002: 'doc2' #1-d3bdb3bb973f44e5a051ce43493004a1838626fc (remote #)
11-05 11:07:28.997 21502 21716 D CouchbaseLite/REPLICATOR: {n8litecore4repl6pushere#1168} - 0004: 'doc3' #2-5a11cccb8e57044890ab7179ec9665a84e89b505 (remote #)
11-05 11:07:28.998 21502 21716 I CouchbaseLite/REPLICATOR: {n8litecore4repl6pushere#1168} Caught up, at lastSequence #4
11-05 11:07:28.998 21502 21716 V CouchbaseLite/REPLICATOR: {n8litecore4repl6pushere#1168} progress +0/+350, 0 docs -- now 0 / 350, 0 docs
11-05 11:07:28.998 21502 21716 I CouchbaseLite/REPLICATOR: {n8litecore4repl6pushere#1168} activityLevel=busy: pendingResponseCount=1, caughtUp=1, changeLists=1, revsInFlight=0, blobsInFlight=0, awaitingReply=0, revsToSend=0, pushingDocs=3, pendingSequences=0
11-05 11:07:28.998 21502 21716 V CouchbaseLite/REPLICATOR: {n8litecore4repl6pushere#1168} now busy
11-05 11:07:28.999 21502 21716 I CouchbaseLite/REPLICATOR: {repl#1162} pushStatus=busy, pullStatus=busy, progress=0/350
11-05 11:07:28.999 21502 21716 V CouchbaseLite/REPLICATOR: {repl#1162} progress +0/+350, 0 docs -- now 0 / 350, 0 docs
11-05 11:07:28.999 21502 21716 I CouchbaseLite/REPLICATOR: {repl#1162} activityLevel=busy: connectionState=2
11-05 11:07:29.000 21502 21715 V CouchbaseLite/NETWORK: {N8litecore4blip6BLIPIOE#1165} Sending 'changes' REQ #1 UZ
11-05 11:07:29.001 21502 21715 V CouchbaseLite/NETWORK: {N8litecore4blip6BLIPIOE#1165} Sending frame: REQ #1 -U-C, bytes 0--149
11-05 11:07:29.001 21502 21714 I CouchbaseLite/REPLICATOR: {n8litecore4repl6pushere#1168} activityLevel=busy: pendingResponseCount=1, caughtUp=1, changeLists=1, revsInFlight=0, blobsInFlight=0, awaitingReply=0, revsToSend=0, pushingDocs=3, pendingSequences=0
11-05 11:07:29.002 21502 21714 D CouchbaseLite/NETWORK: {LoopbackWS#1163} SEND: 011844cb 310ec230 0c00c03e 8137644e 253b761c e717ec55 07c74900 095109fe
11-05 11:07:29.002 21502 21714 D CouchbaseLite/NETWORK: 2f81ba70 fb5daeef 633e9e63 f1bbbd6e e3b36c1b c6d00fc7 1003aea8 3cb3f8ac... [152]
11-05 11:07:29.002 21502 21715 V CouchbaseLite/NETWORK: {N8litecore4blip6BLIPIOE#1165} Finished sending REQ #1 UZ
11-05 11:07:29.002 21502 21714 D CouchbaseLite/NETWORK: {LoopbackWS#1164} RECEIVED: 011844cb 310ec230 0c00c03e 8137644e 253b761c e717ec55 07c74900 095109fe
11-05 11:07:29.002 21502 21714 D CouchbaseLite/NETWORK: 2f81ba70 fb5daeef 633e9e63 f1bbbd6e e3b36c1b c6d00fc7 1003aea8 3cb3f8ac... [152]
11-05 11:07:29.003 21502 21715 V CouchbaseLite/NETWORK: {N8litecore4blip6BLIPIOE#1165} ...Wrote 152 bytes to WebSocket (writeable=1)
11-05 11:07:29.003 21502 21714 V CouchbaseLite/NETWORK: {N8litecore4blip6BLIPIOE#1166} Received frame: REQ #1 -U-C, length 150
11-05 11:07:29.003 21502 21715 V CouchbaseLite/NETWORK: {N8litecore4blip6BLIPIOE#1165} Sending 'changes' REQ #2 UN
11-05 11:07:29.004 21502 21715 V CouchbaseLite/NETWORK: {N8litecore4blip6BLIPIOE#1165} Sending frame: REQ #2 -UN-, bytes 0--22
11-05 11:07:29.004 21502 21714 V CouchbaseLite/NETWORK: {N8litecore4blip10ConnectionE#1159} Receiving 'changes' REQ #1 UZ
11-05 11:07:29.005 21502 21714 V CouchbaseLite/NETWORK: {N8litecore4blip10ConnectionE#1159} Finished receiving 'changes' REQ #1 UZ
11-05 11:07:29.005 21502 21714 V CouchbaseLite/REPLICATOR: {N8litecore4repl6PullerE#1167} Received 'changes' REQ#1 (0 queued; 0 revs pending, 0 active, 0 unfinished)
11-05 11:07:29.006 21502 21714 V CouchbaseLite/REPLICATOR: {N8litecore4repl6PullerE#1167} Handling 'changes' REQ#1
11-05 11:07:29.006 21502 21713 D CouchbaseLite/NETWORK: {LoopbackWS#1163} SEND: 02301050 726f6669 6c650063 68616e67 6573005b 5dcdbb2a dc
11-05 11:07:29.007 21502 21714 I CouchbaseLite/REPLICATOR: {N8litecore4repl6PullerE#1167} activityLevel=busy: pendingResponseCount=0, _caughtUp=0, _pendingRevMessages=0, _activeIncomingRevs=0
11-05 11:07:29.007 21502 21713 D CouchbaseLite/NETWORK: {LoopbackWS#1164} RECEIVED: 02301050 726f6669 6c650063 68616e67 6573005b 5dcdbb2a dc
11-05 11:07:29.008 21502 21713 V CouchbaseLite/NETWORK: {N8litecore4blip6BLIPIOE#1166} Received frame: REQ #2 -UN-, length 23
11-05 11:07:29.008 21502 21716 I CouchbaseLite/REPLICATOR: {N8litecore4repl9RevFinderE#1169}==> N8litecore4repl9RevFinderE ->file:////data/user/0/com.couchbase.lite.test/files/CBLTestDb/testdb.cblite2/ @0xd3ba9b48
11-05 11:07:29.009 21502 21716 I CouchbaseLite/REPLICATOR: {N8litecore4repl9RevFinderE#1169} Received 3 changes (seq '1'..'4')
11-05 11:07:29.010 21502 21713 V CouchbaseLite/NETWORK: {N8litecore4blip10ConnectionE#1159} Receiving 'changes' REQ #2 UN
11-05 11:07:29.011 21502 21715 V CouchbaseLite/NETWORK: {N8litecore4blip6BLIPIOE#1165} Finished sending REQ #2 UN
11-05 11:07:29.012 21502 21715 V CouchbaseLite/NETWORK: {N8litecore4blip6BLIPIOE#1165} ...Wrote 25 bytes to WebSocket (writeable=1)
11-05 11:07:29.014 21502 21716 I CouchbaseLite/REPLICATOR: {N8litecore4repl9RevFinderE#1169} Responded to 'changes' REQ#1 w/request for 3 revs
11-05 11:07:29.015 21502 21716 V CouchbaseLite/REPLICATOR: {N8litecore4repl9RevFinderE#1169} now idle
11-05 11:07:29.015 21502 21717 V CouchbaseLite/REPLICATOR: {N8litecore4repl6PullerE#1167} Now waiting for 3 'rev' messages; 3 known sequences pending
11-05 11:07:29.016 21502 21717 V CouchbaseLite/REPLICATOR: {N8litecore4repl6PullerE#1167} progress +0/+350, 0 docs -- now 0 / 350, 0 docs
11-05 11:07:29.016 21502 21717 I CouchbaseLite/REPLICATOR: {N8litecore4repl6PullerE#1167} activityLevel=busy: pendingResponseCount=0, _caughtUp=0, _pendingRevMessages=3, _activeIncomingRevs=0
11-05 11:07:29.016 21502 21716 I CouchbaseLite/REPLICATOR: {Repl#1160} pushStatus=stopped, pullStatus=busy, progress=0/0
11-05 11:07:29.017 21502 21716 I CouchbaseLite/REPLICATOR: {Repl#1160} activityLevel=busy: connectionState=2
11-05 11:07:29.017 21502 21713 V CouchbaseLite/NETWORK: {N8litecore4blip10ConnectionE#1159} Finished receiving 'changes' REQ #2 UN
11-05 11:07:29.018 21502 21713 V CouchbaseLite/REPLICATOR: {N8litecore4repl6PullerE#1167} Received 'changes' REQ#2 (0 queued; 3 revs pending, 0 active, 0 unfinished)
11-05 11:07:29.018 21502 21713 V CouchbaseLite/REPLICATOR: {N8litecore4repl6PullerE#1167} Handling 'changes' REQ#2
11-05 11:07:29.018 21502 21716 I CouchbaseLite/REPLICATOR: {Repl#1160} pushStatus=stopped, pullStatus=busy, progress=0/350
11-05 11:07:29.018 21502 21716 V CouchbaseLite/REPLICATOR: {Repl#1160} progress +0/+350, 0 docs -- now 0 / 350, 0 docs
11-05 11:07:29.019 21502 21716 I CouchbaseLite/REPLICATOR: {Repl#1160} activityLevel=busy: connectionState=2
11-05 11:07:29.019 21502 21713 I CouchbaseLite/REPLICATOR: {N8litecore4repl6PullerE#1167} Caught up with remote changes
11-05 11:07:29.019 21502 21713 I CouchbaseLite/REPLICATOR: {N8litecore4repl6PullerE#1167} activityLevel=busy: pendingResponseCount=0, _caughtUp=1, _pendingRevMessages=3, _activeIncomingRevs=0
11-05 11:07:29.020 21502 21714 V CouchbaseLite/NETWORK: {N8litecore4blip6BLIPIOE#1166} Sending RES #1 UZ
11-05 11:07:29.020 21502 21714 V CouchbaseLite/NETWORK: {N8litecore4blip6BLIPIOE#1166} Sending frame: RES #1 -U-C, bytes 0--38
11-05 11:07:29.021 21502 21714 V CouchbaseLite/NETWORK: {N8litecore4blip6BLIPIOE#1166} Finished sending RES #1 UZ
11-05 11:07:29.021 21502 21714 V CouchbaseLite/NETWORK: {N8litecore4blip6BLIPIOE#1166} ...Wrote 41 bytes to WebSocket (writeable=1)
11-05 11:07:29.021 21502 21718 D CouchbaseLite/NETWORK: {LoopbackWS#1164} SEND: 011992cc 4dacf0c8 2c2ec92f aa643032 6048cac9 4f2a6628 292a4d65 888e8ed5
11-05 11:07:29.021 21502 21718 D CouchbaseLite/NETWORK: 01a35800 00e28f97 58
11-05 11:07:29.022 21502 21718 D CouchbaseLite/NETWORK: {LoopbackWS#1163} RECEIVED: 011992cc 4dacf0c8 2c2ec92f aa643032 6048cac9 4f2a6628 292a4d65 888e8ed5
11-05 11:07:29.022 21502 21718 D CouchbaseLite/NETWORK: 01a35800 00e28f97 58
11-05 11:07:29.022 21502 21718 V CouchbaseLite/NETWORK: {N8litecore4blip6BLIPIOE#1165} Received frame: RES #1 -U-C, length 39
11-05 11:07:29.023 21502 21718 V CouchbaseLite/NETWORK: {N8litecore4blip10ConnectionE#1161} Receiving RES #1 UZ
11-05 11:07:29.023 21502 21718 V CouchbaseLite/NETWORK: {N8litecore4blip10ConnectionE#1161} Finished receiving RES #1 UZ
11-05 11:07:29.024 21502 21718 I CouchbaseLite/REPLICATOR: {n8litecore4repl6pushere#1168} Got response for 3 local changes (sequences from 1)
11-05 11:07:29.024 21502 21718 V CouchbaseLite/REPLICATOR: {n8litecore4repl6pushere#1168} Queueing rev 'doc1' #1-184f56cf9a9a7168cc048108bf1170d236cde367 (seq #1) [1 queued]
11-05 11:07:29.024 21502 21718 V CouchbaseLite/REPLICATOR: {n8litecore4repl6pushere#1168} Queueing rev 'doc2' #1-d3bdb3bb973f44e5a051ce43493004a1838626fc (seq #2) [2 queued]
11-05 11:07:29.024 21502 21718 V CouchbaseLite/REPLICATOR: {n8litecore4repl6pushere#1168} Queueing rev 'doc3' #2-5a11cccb8e57044890ab7179ec9665a84e89b505 (seq #4) [3 queued]
11-05 11:07:29.025 21502 21718 V CouchbaseLite/REPLICATOR: {n8litecore4repl6pushere#1168} Sending rev doc1 1-184f56cf9a9a7168cc048108bf1170d236cde367 (seq #1) [1/10]
11-05 11:07:29.025 21502 21718 V CouchbaseLite/REPLICATOR: {n8litecore4repl6pushere#1168} Reading document 'doc1' #1-184f56cf9a9a7168cc048108bf1170d236cde367
11-05 11:07:29.028 21502 21718 V CouchbaseLite/REPLICATOR: {n8litecore4repl6pushere#1168} Transmitting 'rev' message with 'doc1' #1-184f56cf9a9a7168cc048108bf1170d236cde367
11-05 11:07:29.029 21502 21718 V CouchbaseLite/REPLICATOR: {n8litecore4repl6pushere#1168} Sending rev doc2 1-d3bdb3bb973f44e5a051ce43493004a1838626fc (seq #2) [2/10]
11-05 11:07:29.029 21502 21718 V CouchbaseLite/REPLICATOR: {n8litecore4repl6pushere#1168} Reading document 'doc2' #1-d3bdb3bb973f44e5a051ce43493004a1838626fc
11-05 11:07:29.030 21502 21712 V CouchbaseLite/NETWORK: {N8litecore4blip6BLIPIOE#1165} Sending 'rev' REQ #3 Z
11-05 11:07:29.030 21502 21718 V CouchbaseLite/REPLICATOR: {n8litecore4repl6pushere#1168} Transmitting 'rev' message with 'doc2' #1-d3bdb3bb973f44e5a051ce43493004a1838626fc
11-05 11:07:29.031 21502 21712 V CouchbaseLite/NETWORK: {N8litecore4blip6BLIPIOE#1165} Sending frame: REQ #3 ---C, bytes 0--161
11-05 11:07:29.031 21502 21718 V CouchbaseLite/REPLICATOR: {n8litecore4repl6pushere#1168} Sending rev doc3 2-5a11cccb8e57044890ab7179ec9665a84e89b505 (seq #4) [3/10]
11-05 11:07:29.031 21502 21712 V CouchbaseLite/NETWORK: {N8litecore4blip6BLIPIOE#1165} Finished sending REQ #3 Z
11-05 11:07:29.032 21502 21718 V CouchbaseLite/REPLICATOR: {n8litecore4repl6pushere#1168} Reading document 'doc3' #2-5a11cccb8e57044890ab7179ec9665a84e89b505
11-05 11:07:29.032 21502 21716 D CouchbaseLite/NETWORK: {LoopbackWS#1163} SEND: 03088c90 410b8240 1085f7b7 cc35223c 45429011 142151e1 c52eb1ab 832ed8ec
11-05 11:07:29.032 21502 21716 D CouchbaseLite/NETWORK: ea8e5188 ffbd29ea de6df8de 7b30ef1d 7e553abc 2b5baa77 89cffd7f 0d15b0ed... [164]
11-05 11:07:29.033 21502 21712 V CouchbaseLite/NETWORK: {N8litecore4blip6BLIPIOE#1165} ...Wrote 164 bytes to WebSocket (writeable=1)
11-05 11:07:29.033 21502 21718 V CouchbaseLite/REPLICATOR: {n8litecore4repl6pushere#1168} Transmitting 'rev' message with 'doc3' #2-5a11cccb8e57044890ab7179ec9665a84e89b505
11-05 11:07:29.034 21502 21718 I CouchbaseLite/REPLICATOR: {n8litecore4repl6pushere#1168} activityLevel=busy: pendingResponseCount=3, caughtUp=1, changeLists=0, revsInFlight=3, blobsInFlight=0, awaitingReply=0, revsToSend=0, pushingDocs=3, pendingSequences=0
11-05 11:07:29.034 21502 21718 D CouchbaseLite/REPLICATOR: {n8litecore4repl6pushere#1168} Transmitted 'rev' doc1 #1-184f56cf9a9a7168cc048108bf1170d236cde367 (seq #1)
11-05 11:07:29.034 21502 21713 D CouchbaseLite/NETWORK: {LoopbackWS#1164} RECEIVED: 03088c90 410b8240 1085f7b7 cc35223c 45429011 142151e1 c52eb1ab 832ed8ec
11-05 11:07:29.034 21502 21713 D CouchbaseLite/NETWORK: ea8e5188 ffbd29ea de6df8de 7b30ef1d 7e553abc 2b5baa77 89cffd7f 0d15b0ed... [164]
11-05 11:07:29.035 21502 21713 V CouchbaseLite/NETWORK: {N8litecore4blip6BLIPIOE#1166} Received frame: REQ #3 ---C, length 162
11-05 11:07:29.036 21502 21713 V CouchbaseLite/NETWORK: {N8litecore4blip10ConnectionE#1159} Receiving 'rev' REQ #3 Z
11-05 11:07:29.037 21502 21718 I CouchbaseLite/REPLICATOR: {n8litecore4repl6pushere#1168} activityLevel=busy: pendingResponseCount=3, caughtUp=1, changeLists=0, revsInFlight=2, blobsInFlight=0, awaitingReply=227, revsToSend=0, pushingDocs=3, pendingSequences=0
11-05 11:07:29.039 21502 21712 V CouchbaseLite/NETWORK: {N8litecore4blip6BLIPIOE#1165} Sending 'rev' REQ #4 Z
11-05 11:07:29.040 21502 21712 V CouchbaseLite/NETWORK: {N8litecore4blip6BLIPIOE#1165} Sending frame: REQ #4 ---C, bytes 0--29
11-05 11:07:29.041 21502 21711 D CouchbaseLite/REPLICATOR: {n8litecore4repl6pushere#1168} Transmitted 'rev' doc2 #1-d3bdb3bb973f44e5a051ce43493004a1838626fc (seq #2)
11-05 11:07:29.041 21502 21712 V CouchbaseLite/NETWORK: {N8litecore4blip6BLIPIOE#1165} Finished sending REQ #4 Z
11-05 11:07:29.042 21502 21712 V CouchbaseLite/NETWORK: {N8litecore4blip6BLIPIOE#1165} ...Wrote 32 bytes to WebSocket (writeable=1)
11-05 11:07:29.042 21502 21712 V CouchbaseLite/NETWORK: {N8litecore4blip6BLIPIOE#1165} Sending 'rev' REQ #5 Z
11-05 11:07:29.043 21502 21712 V CouchbaseLite/NETWORK: {N8litecore4blip6BLIPIOE#1165} Sending frame: REQ #5 ---C, bytes 0--80
11-05 11:07:29.043 21502 21712 V CouchbaseLite/NETWORK: {N8litecore4blip6BLIPIOE#1165} Finished sending REQ #5 Z
11-05 11:07:29.044 21502 21712 V CouchbaseLite/NETWORK: {N8litecore4blip6BLIPIOE#1165} ...Wrote 83 bytes to WebSocket (writeable=1)
11-05 11:07:29.044 21502 21713 V CouchbaseLite/NETWORK: {N8litecore4blip10ConnectionE#1159} Finished receiving 'rev' REQ #3 Z
11-05 11:07:29.045 21502 21711 I CouchbaseLite/REPLICATOR: {n8litecore4repl6pushere#1168} activityLevel=busy: pendingResponseCount=3, caughtUp=1, changeLists=0, revsInFlight=1, blobsInFlight=0, awaitingReply=455, revsToSend=0, pushingDocs=3, pendingSequences=0
11-05 11:07:29.046 21502 21711 V CouchbaseLite/REPLICATOR: {N8litecore4repl11IncomingRevE#1170}==> N8litecore4repl11IncomingRevE ->file:////data/user/0/com.couchbase.lite.test/files/CBLTestDb/testdb.cblite2/ @0xe56afa48
11-05 11:07:29.047 21502 21715 D CouchbaseLite/REPLICATOR: {n8litecore4repl6pushere#1168} Transmitted 'rev' doc3 #2-5a11cccb8e57044890ab7179ec9665a84e89b505 (seq #4)
11-05 11:07:29.047 21502 21715 I CouchbaseLite/REPLICATOR: {n8litecore4repl6pushere#1168} activityLevel=busy: pendingResponseCount=3, caughtUp=1, changeLists=0, revsInFlight=0, blobsInFlight=0, awaitingReply=598, revsToSend=0, pushingDocs=3, pendingSequences=0
11-05 11:07:29.048 21502 21716 D CouchbaseLite/NETWORK: {LoopbackWS#1163} SEND: 0408c2e2 4523a817 890d6b84 178d0878 31b8a428 b3203585 de7e0400 298aa383
11-05 11:07:29.049 21502 21711 V CouchbaseLite/REPLICATOR: {N8litecore4repl11IncomingRevE#1170} Received revision 'doc1' #1-184f56cf9a9a7168cc048108bf1170d236cde367 (seq '1')
11-05 11:07:29.050 21502 21713 I CouchbaseLite/REPLICATOR: {N8litecore4repl6PullerE#1167} activityLevel=busy: pendingResponseCount=0, _caughtUp=1, _pendingRevMessages=2, _activeIncomingRevs=1
11-05 11:07:29.053 21502 21718 D CouchbaseLite/NETWORK: {LoopbackWS#1163} SEND: 0508ea66 c4f4a431 984d7c92 4078d284 21253527 b5243505 18a31999 c525f945
11-05 11:07:29.053 21502 21718 D CouchbaseLite/NETWORK: 95c0c032 37b24c36 b1b44831 3136354b 4d4d3236 4f4c4e35 374d314f b3344f34... [83]
11-05 11:07:29.055 21502 21716 D CouchbaseLite/NETWORK: {LoopbackWS#1164} RECEIVED: 0408c2e2 4523a817 890d6b84 178d0878 31b8a428 b3203585 de7e0400 298aa383
11-05 11:07:29.056 21502 21716 V CouchbaseLite/NETWORK: {N8litecore4blip6BLIPIOE#1166} Received frame: REQ #4 ---C, length 30
11-05 11:07:29.057 21502 21712 D CouchbaseLite/NETWORK: {LoopbackWS#1164} RECEIVED: 0508ea66 c4f4a431 984d7c92 4078d284 21253527 b5243505 18a31999 c525f945
11-05 11:07:29.057 21502 21712 D CouchbaseLite/NETWORK: 95c0c032 37b24c36 b1b44831 3136354b 4d4d3236 4f4c4e35 374d314f b3344f34... [83]
11-05 11:07:29.057 21502 21711 I CouchbaseLite/REPLICATOR: {N8litecore4repl6PullerE#1167} activityLevel=busy: pendingResponseCount=0, _caughtUp=1, _pendingRevMessages=2, _activeIncomingRevs=1
11-05 11:07:29.058 21502 21716 V CouchbaseLite/NETWORK: {N8litecore4blip10ConnectionE#1159} Receiving 'rev' REQ #4 Z
11-05 11:07:29.059 21502 21716 V CouchbaseLite/NETWORK: {N8litecore4blip10ConnectionE#1159} Finished receiving 'rev' REQ #4 Z
11-05 11:07:29.060 21502 21717 V CouchbaseLite/REPLICATOR: {N8litecore4repl12IncomingBlobE#1171}==> N8litecore4repl12IncomingBlobE for doc 'doc1'.photo [sha1-qDJGTAqLun7gBtQRZma9L7+PYYA=] @0xe56af408
11-05 11:07:29.060 21502 21717 V CouchbaseLite/REPLICATOR: {N8litecore4repl12IncomingBlobE#1171} Requesting blob (12 bytes, compress=1)
11-05 11:07:29.061 21502 21713 V CouchbaseLite/NETWORK: {N8litecore4blip6BLIPIOE#1166} Received frame: REQ #5 ---C, length 81
11-05 11:07:29.061 21502 21716 I CouchbaseLite/REPLICATOR: {N8litecore4repl6PullerE#1167} activityLevel=busy: pendingResponseCount=0, _caughtUp=1, _pendingRevMessages=1, _activeIncomingRevs=2
11-05 11:07:29.062 21502 21716 V CouchbaseLite/REPLICATOR: {N8litecore4repl11IncomingRevE#1172}==> N8litecore4repl11IncomingRevE ->file:////data/user/0/com.couchbase.lite.test/files/CBLTestDb/testdb.cblite2/ @0xe56af188
11-05 11:07:29.062 21502 21716 V CouchbaseLite/REPLICATOR: {N8litecore4repl11IncomingRevE#1172} Received revision 'doc2' #1-d3bdb3bb973f44e5a051ce43493004a1838626fc (seq '2')
11-05 11:07:29.062 21502 21717 V CouchbaseLite/REPLICATOR: {N8litecore4repl12IncomingBlobE#1171} progress +0/+12, 0 docs -- now 0 / 12, 0 docs
11-05 11:07:29.063 21502 21717 V CouchbaseLite/REPLICATOR: {N8litecore4repl12IncomingBlobE#1171} now busy
11-05 11:07:29.063 21502 21713 V CouchbaseLite/NETWORK: {N8litecore4blip10ConnectionE#1159} Receiving 'rev' REQ #5 Z
11-05 11:07:29.064 21502 21717 V CouchbaseLite/REPLICATOR: {N8litecore4repl6PullerE#1167} progress +0/+12, 0 docs -- now 0 / 362, 0 docs
11-05 11:07:29.064 21502 21717 I CouchbaseLite/REPLICATOR: {N8litecore4repl6PullerE#1167} activityLevel=busy: pendingResponseCount=0, _caughtUp=1, _pendingRevMessages=1, _activeIncomingRevs=2
11-05 11:07:29.064 21502 21717 I CouchbaseLite/REPLICATOR: {Repl#1160} pushStatus=stopped, pullStatus=busy, progress=0/362
11-05 11:07:29.065 21502 21717 V CouchbaseLite/REPLICATOR: {Repl#1160} progress +0/+12, 0 docs -- now 0 / 362, 0 docs
11-05 11:07:29.065 21502 21717 I CouchbaseLite/REPLICATOR: {Repl#1160} activityLevel=busy: connectionState=2
11-05 11:07:29.065 21502 21713 V CouchbaseLite/NETWORK: {N8litecore4blip10ConnectionE#1159} Finished receiving 'rev' REQ #5 Z
11-05 11:07:29.066 21502 21716 I CouchbaseLite/REPLICATOR: {N8litecore4repl11IncomingRevE#1172} Rejected by pull validator function
11-05 11:07:29.066 21502 21713 I CouchbaseLite/REPLICATOR: {N8litecore4repl6PullerE#1167} activityLevel=busy: pendingResponseCount=0, _caughtUp=1, _pendingRevMessages=0, _activeIncomingRevs=3
11-05 11:07:29.067 21502 21711 V CouchbaseLite/NETWORK: {N8litecore4blip6BLIPIOE#1166} Sending 'getAttachment' REQ #3
11-05 11:07:29.067 21502 21713 V CouchbaseLite/REPLICATOR: {N8litecore4repl11IncomingRevE#1173}==> N8litecore4repl11IncomingRevE ->file:////data/user/0/com.couchbase.lite.test/files/CBLTestDb/testdb.cblite2/ @0xe4938f08
11-05 11:07:29.067 21502 21713 V CouchbaseLite/REPLICATOR: {N8litecore4repl11IncomingRevE#1173} Received revision 'doc3' #2-5a11cccb8e57044890ab7179ec9665a84e89b505 (seq '4')
11-05 11:07:29.069 21502 21711 V CouchbaseLite/NETWORK: {N8litecore4blip6BLIPIOE#1166} Sending frame: REQ #3 ----, bytes 0--81
11-05 11:07:29.070 21502 21711 V CouchbaseLite/NETWORK: {N8litecore4blip6BLIPIOE#1166} Finished sending REQ #3
11-05 11:07:29.071 21502 21711 V CouchbaseLite/NETWORK: {N8litecore4blip6BLIPIOE#1166} ...Wrote 84 bytes to WebSocket (writeable=1)
11-05 11:07:29.072 21502 21712 D CouchbaseLite/NETWORK: {LoopbackWS#1164} SEND: 03004d50 726f6669 6c650067 65744174 74616368 6d656e74 00646967 65737400
11-05 11:07:29.072 21502 21712 D CouchbaseLite/NETWORK: 73686131 2d71444a 47544171 4c756e37 67427451 525a6d61 394c372b 50595941... [84]
11-05 11:07:29.074 21502 21716 I CouchbaseLite/REPLICATOR: {Repl#1160} documentEnded doc2 1-d3bdb3bb973f44e5a051ce43493004a1838626fc flags=08 (6/403)
11-05 11:07:29.074 21502 21711 V CouchbaseLite/NETWORK: {N8litecore4blip6BLIPIOE#1166} Sending ERR #4
11-05 11:07:29.074 21502 21711 V CouchbaseLite/NETWORK: {N8litecore4blip6BLIPIOE#1166} Sending frame: ERR #4 ----, bytes 0--68
11-05 11:07:29.075 21502 21711 V CouchbaseLite/NETWORK: {N8litecore4blip6BLIPIOE#1166} Finished sending ERR #4
11-05 11:07:29.075 21502 21711 V CouchbaseLite/NETWORK: {N8litecore4blip6BLIPIOE#1166} ...Wrote 71 bytes to WebSocket (writeable=1)
11-05 11:07:29.078 21502 21712 D CouchbaseLite/NETWORK: {LoopbackWS#1163} RECEIVED: 03004d50 726f6669 6c650067 65744174 74616368 6d656e74 00646967 65737400
11-05 11:07:29.078 21502 21712 D CouchbaseLite/NETWORK: 73686131 2d71444a 47544171 4c756e37 67427451 525a6d61 394c372b 50595941... [84]
11-05 11:07:29.079 21502 21714 D CouchbaseLite/NETWORK: {LoopbackWS#1164} SEND: 04022145 72726f72 2d446f6d 61696e00 48545450 00457272 6f722d43 6f646500
11-05 11:07:29.079 21502 21714 D CouchbaseLite/NETWORK: 34303300 72656a65 63746564 20627920 76616c69 64617469 6f6e2066 756e6374... [71]
11-05 11:07:29.080 21502 21714 D CouchbaseLite/NETWORK: {LoopbackWS#1163} RECEIVED: 04022145 72726f72 2d446f6d 61696e00 48545450 00457272 6f722d43 6f646500
11-05 11:07:29.080 21502 21714 D CouchbaseLite/NETWORK: 34303300 72656a65 63746564 20627920 76616c69 64617469 6f6e2066 756e6374... [71]
11-05 11:07:29.080 21502 21716 V CouchbaseLite/REPLICATOR: {N8litecore4repl6PullerE#1167} progress +142/+0, 0 docs -- now 142 / 362, 0 docs
11-05 11:07:29.080 21502 21716 I CouchbaseLite/REPLICATOR: {N8litecore4repl6PullerE#1167} activityLevel=busy: pendingResponseCount=0, _caughtUp=1, _pendingRevMessages=0, _activeIncomingRevs=2
11-05 11:07:29.080 21502 21717 I CouchbaseLite/REPLICATOR: {N8litecore4repl6PullerE#1167} activityLevel=busy: pendingResponseCount=0, _caughtUp=1, _pendingRevMessages=0, _activeIncomingRevs=2
11-05 11:07:29.081 21502 21717 I CouchbaseLite/REPLICATOR: {N8litecore4repl6PullerE#1167} activityLevel=busy: pendingResponseCount=0, _caughtUp=1, _pendingRevMessages=0, _activeIncomingRevs=2
11-05 11:07:29.081 21502 21716 I CouchbaseLite/REPLICATOR: {Repl#1160} pushStatus=stopped, pullStatus=busy, progress=142/362
11-05 11:07:29.082 21502 21716 V CouchbaseLite/REPLICATOR: {Repl#1160} progress +142/+0, 0 docs -- now 142 / 362, 0 docs
11-05 11:07:29.082 21502 21712 V CouchbaseLite/NETWORK: {N8litecore4blip6BLIPIOE#1165} Received frame: REQ #3 ----, length 82
11-05 11:07:29.082 21502 21712 V CouchbaseLite/NETWORK: {N8litecore4blip10ConnectionE#1161} Receiving 'getAttachment' REQ #3
11-05 11:07:29.082 21502 21712 V CouchbaseLite/NETWORK: {N8litecore4blip10ConnectionE#1161} Finished receiving 'getAttachment' REQ #3
11-05 11:07:29.083 21502 21712 V CouchbaseLite/REPLICATOR: {n8litecore4repl6pushere#1168} Sending blob sha1-qDJGTAqLun7gBtQRZma9L7+PYYA= (length=12, compress=1)
11-05 11:07:29.084 21502 21712 I CouchbaseLite/REPLICATOR: {n8litecore4repl6pushere#1168} activityLevel=busy: pendingResponseCount=3, caughtUp=1, changeLists=0, revsInFlight=0, blobsInFlight=1, awaitingReply=598, revsToSend=0, pushingDocs=3, pendingSequences=0
11-05 11:07:29.084 21502 21712 V CouchbaseLite/NETWORK: {N8litecore4blip6BLIPIOE#1165} Received frame: ERR #4 ----, length 69
11-05 11:07:29.084 21502 21712 V CouchbaseLite/NETWORK: {N8litecore4blip10ConnectionE#1161} Receiving ERR #4
11-05 11:07:29.084 21502 21712 V CouchbaseLite/NETWORK: {N8litecore4blip10ConnectionE#1161} Finished receiving ERR #4
11-05 11:07:29.085 21502 21712 E CouchbaseLite/REPLICATOR: {n8litecore4repl6pushere#1168} Got error response to rev 'doc2' #1-d3bdb3bb973f44e5a051ce43493004a1838626fc (seq #2): HTTP 403 'rejected by validation function'
11-05 11:07:29.085 21502 21712 I CouchbaseLite/REPLICATOR: {repl#1162} documentEnded doc2 1-d3bdb3bb973f44e5a051ce43493004a1838626fc flags=0a (6/403)
11-05 11:07:29.085 21502 21712 D CouchbaseLite/REPLICATOR: {n8litecore4repl6pushere#1168} Done pushing 'doc2' 1-d3bdb3bb973f44e5a051ce43493004a1838626fc
11-05 11:07:29.085 21502 21712 I CouchbaseLite/REPLICATOR: {n8litecore4repl6pushere#1168} activityLevel=busy: pendingResponseCount=2, caughtUp=1, changeLists=0, revsInFlight=0, blobsInFlight=1, awaitingReply=370, revsToSend=0, pushingDocs=2, pendingSequences=0
11-05 11:07:29.086 21502 21511 D CouchbaseLite/DATABASE: {N8litecore8DataFile6SharedE#1134} Remove DataFile 0xd3b0ea80
11-05 11:07:29.086 21502 21511 D CouchbaseLite/DATABASE: {N8litecore8DataFile6SharedE#1134} Remove DataFile 0xd3b0ea80
11-05 11:07:29.086 21502 21718 V CouchbaseLite/NETWORK: {N8litecore4blip6BLIPIOE#1165} Sending RES #3 Z
11-05 11:07:29.087 21502 21718 V CouchbaseLite/NETWORK: {N8litecore4blip6BLIPIOE#1165} Sending frame: RES #3 ---C, bytes 0--22
11-05 11:07:29.087 21502 21715 I CouchbaseLite/REPLICATOR: {n8litecore4repl6pushere#1168} activityLevel=busy: pendingResponseCount=2, caughtUp=1, changeLists=0, revsInFlight=0, blobsInFlight=0, awaitingReply=370, revsToSend=0, pushingDocs=2, pendingSequences=0
11-05 11:07:29.088 21502 21715 D CouchbaseLite/NETWORK: {LoopbackWS#1163} SEND: 03096200 000000ff fff254cf 55485428 01058f1e 001a3623 2e
11-05 11:07:29.088 21502 21715 D CouchbaseLite/NETWORK: {LoopbackWS#1164} RECEIVED: 03096200 000000ff fff254cf 55485428 01058f1e 001a3623 2e
11-05 11:07:29.088 21502 21511 D CouchbaseLite/DATABASE: {DB#1135} destructing (~DataFile)
11-05 11:07:29.088 21502 21511 D CouchbaseLite/DATABASE: {N8litecore8DataFile6SharedE#1134} Remove DataFile 0xd3b0ea80
11-05 11:07:29.088 21502 21715 V CouchbaseLite/NETWORK: {N8litecore4blip6BLIPIOE#1166} Received frame: RES #3 ---C, length 23
11-05 11:07:29.089 21502 21715 V CouchbaseLite/NETWORK: {N8litecore4blip10ConnectionE#1159} Receiving RES #3 Z
11-05 11:07:29.089 21502 21715 V CouchbaseLite/NETWORK: {N8litecore4blip10ConnectionE#1159} Finished receiving RES #3 Z
11-05 11:07:29.089 21502 21718 V CouchbaseLite/NETWORK: {N8litecore4blip6BLIPIOE#1165} Finished sending RES #3 Z
11-05 11:07:29.089 21502 21718 V CouchbaseLite/NETWORK: {N8litecore4blip6BLIPIOE#1165} ...Wrote 25 bytes to WebSocket (writeable=1)
11-05 11:07:29.090 21502 21716 I CouchbaseLite/REPLICATOR: {Repl#1160} activityLevel=busy: connectionState=2
11-05 11:07:29.090 21502 21712 V CouchbaseLite/REPLICATOR: {N8litecore4repl12IncomingBlobE#1171} Opened writer [1 open; max 1]
11-05 11:07:29.090 21502 21712 V CouchbaseLite/REPLICATOR: {N8litecore4repl12IncomingBlobE#1171} Finished receiving blob sha1-qDJGTAqLun7gBtQRZma9L7+PYYA= (12 bytes)
11-05 11:07:29.091 21502 21712 V CouchbaseLite/REPLICATOR: {N8litecore4repl12IncomingBlobE#1171} Closing; [0 open]
11-05 11:07:29.091 21502 21712 V CouchbaseLite/REPLICATOR: {N8litecore4repl12IncomingBlobE#1171} progress +12/+0, 0 docs -- now 12 / 12, 0 docs
11-05 11:07:29.091 21502 21712 V CouchbaseLite/REPLICATOR: {N8litecore4repl12IncomingBlobE#1171} now idle
11-05 11:07:29.092 21502 21712 D CouchbaseLite/REPLICATOR: {N8litecore4repl12IncomingBlobE#1171} destructing (0xe56af3c0); actorName='blob->file:////data/user/0/com.couchbase.lite.test/files/CBLTestDb/testdb.cblite2/'
11-05 11:07:29.092 21502 21712 V CouchbaseLite/REPLICATOR: {N8litecore4repl11IncomingRevE#1170} All blobs received, now inserting revision
11-05 11:07:29.092 21502 21712 V CouchbaseLite/REPLICATOR: {N8litecore4repl6PullerE#1167} progress +12/+0, 0 docs -- now 154 / 362, 0 docs
11-05 11:07:29.092 21502 21712 I CouchbaseLite/REPLICATOR: {N8litecore4repl6PullerE#1167} activityLevel=busy: pendingResponseCount=0, _caughtUp=1, _pendingRevMessages=0, _activeIncomingRevs=2
11-05 11:07:29.092 21502 21712 I CouchbaseLite/REPLICATOR: {Repl#1160} pushStatus=stopped, pullStatus=busy, progress=154/362
11-05 11:07:29.093 21502 21712 V CouchbaseLite/REPLICATOR: {Repl#1160} progress +12/+0, 0 docs -- now 154 / 362, 0 docs
11-05 11:07:29.093 21502 21712 I CouchbaseLite/REPLICATOR: {Repl#1160} activityLevel=busy: connectionState=2
11-05 11:07:29.093 21502 21511 D CouchbaseLite/DATABASE: {N8litecore8DataFile6SharedE#975} Remove DataFile 0xd3ab1500
11-05 11:07:29.093 21502 21511 D CouchbaseLite/DATABASE: {N8litecore8DataFile6SharedE#975} Remove DataFile 0xd3ab1500
11-05 11:07:29.093 21502 21511 D CouchbaseLite/DATABASE: {DB#1133} destructing (~DataFile)
11-05 11:07:29.093 21502 21511 D CouchbaseLite/DATABASE: {N8litecore8DataFile6SharedE#975} Remove DataFile 0xd3ab1500
11-05 11:07:29.095 21502 21715 V CouchbaseLite/REPLICATOR: {N8litecore4repl8InserterE#1174}==> N8litecore4repl8InserterE ->file:////data/user/0/com.couchbase.lite.test/files/CBLTestDb/testdb.cblite2/ @0xe4938b48
11-05 11:07:29.095 21502 21715 V CouchbaseLite/REPLICATOR: {N8litecore4repl8InserterE#1174} Inserting 2 revs:
11-05 11:07:29.095 21502 21715 D CouchbaseLite/DATABASE: {N8litecore8DataFile6SharedE#975} adding DataFile 0xd3ab2400
11-05 11:07:29.096 21502 21715 I CouchbaseLite/DATABASE: {DB#1175}==> N8litecore14SQLiteDataFileE /data/user/0/com.couchbase.lite.test/files/CBLTestDb/testdb.cblite2/db.sqlite3 @0xd3ab2400
11-05 11:07:29.096 21502 21715 I CouchbaseLite/DATABASE: {DB#1175} Opening database
11-05 11:07:29.098 21502 21715 D CouchbaseLite/DATABASE: {DB#1175} open KVS 'info'
11-05 11:07:29.099 21502 21715 V CouchbaseLite/DATABASE: {DB#1175} begin transaction
11-05 11:07:29.100 21502 21715 D CouchbaseLite/DATABASE: {DB#1175} open KVS 'default'
11-05 11:07:29.101 21502 21715 V CouchbaseLite/DATABASE: {DB#1175} Deleted 'doc3' rev #2-5a11cccb8e57044890ab7179ec9665a84e89b505 as seq 2
11-05 11:07:29.101 21502 21715 V CouchbaseLite/REPLICATOR: {N8litecore4repl8InserterE#1174} {'doc3' #2-5a11cccb8e57044890ab7179ec9665a84e89b505 <- 1-729c498d4356eeb37ace75d7f97a1d7e66cb3798} seq 2
11-05 11:07:29.103 21502 21718 I CouchbaseLite/REPLICATOR: {N8litecore4repl6PullerE#1167} activityLevel=busy: pendingResponseCount=0, _caughtUp=1, _pendingRevMessages=0, _activeIncomingRevs=1
11-05 11:07:29.104 21502 21715 V CouchbaseLite/DATABASE: {DB#1175} Saved 'doc1' rev #1-184f56cf9a9a7168cc048108bf1170d236cde367 as seq 3
11-05 11:07:29.104 21502 21715 V CouchbaseLite/REPLICATOR: {N8litecore4repl8InserterE#1174} {'doc1' #1-184f56cf9a9a7168cc048108bf1170d236cde367 <- } seq 3
11-05 11:07:29.105 21502 21711 I CouchbaseLite/REPLICATOR: {N8litecore4repl6PullerE#1167} activityLevel=busy: pendingResponseCount=0, _caughtUp=1, _pendingRevMessages=0, _activeIncomingRevs=0
11-05 11:07:29.105 21502 21715 V CouchbaseLite/DATABASE: {DB#1175} KeyStore(info) set SharedKeys
11-05 11:07:29.106 21502 21715 V CouchbaseLite/DATABASE: {DB#1175} commit transaction
11-05 11:07:29.107 21502 21715 I CouchbaseLite/REPLICATOR: {N8litecore4repl8InserterE#1174} Inserted 2 revs in 11.69ms ( 171/sec) of which 99.3% was commit
11-05 11:07:29.107 21502 21715 V CouchbaseLite/REPLICATOR: {N8litecore4repl8InserterE#1174} now idle
11-05 11:07:29.108 21502 21715 I CouchbaseLite/REPLICATOR: {Repl#1160} pushStatus=stopped, pullStatus=busy, progress=154/362
11-05 11:07:29.108 21502 21715 I CouchbaseLite/REPLICATOR: {Repl#1160} activityLevel=busy: connectionState=2
11-05 11:07:29.108 21502 21715 V CouchbaseLite/NETWORK: {N8litecore4blip6BLIPIOE#1166} Sending RES #5
11-05 11:07:29.108 21502 21715 V CouchbaseLite/NETWORK: {N8litecore4blip6BLIPIOE#1166} Sending frame: RES #5 ----, bytes 0--4
11-05 11:07:29.109 21502 21715 V CouchbaseLite/NETWORK: {N8litecore4blip6BLIPIOE#1166} Finished sending RES #5
11-05 11:07:29.109 21502 21715 V CouchbaseLite/NETWORK: {N8litecore4blip6BLIPIOE#1166} ...Wrote 7 bytes to WebSocket (writeable=1)
11-05 11:07:29.109 21502 21715 V CouchbaseLite/REPLICATOR: {N8litecore4repl6PullerE#1167} Checkpoint now at 4
11-05 11:07:29.109 21502 21715 V CouchbaseLite/REPLICATOR: {N8litecore4repl6PullerE#1167} progress +208/+0, 2 docs -- now 362 / 362, 2 docs
11-05 11:07:29.109 21502 21715 I CouchbaseLite/REPLICATOR: {N8litecore4repl6PullerE#1167} activityLevel=busy: pendingResponseCount=0, _caughtUp=1, _pendingRevMessages=0, _activeIncomingRevs=0
11-05 11:07:29.110 21502 21715 D CouchbaseLite/NETWORK: {LoopbackWS#1164} SEND: 050100d4 b031f9
11-05 11:07:29.110 21502 21716 V CouchbaseLite/NETWORK: {N8litecore4blip6BLIPIOE#1166} Sending RES #3
11-05 11:07:29.111 21502 21716 V CouchbaseLite/NETWORK: {N8litecore4blip6BLIPIOE#1166} Sending frame: RES #3 ----, bytes 0--4
11-05 11:07:29.111 21502 21716 V CouchbaseLite/NETWORK: {N8litecore4blip6BLIPIOE#1166} Finished sending RES #3
11-05 11:07:29.112 21502 21716 V CouchbaseLite/NETWORK: {N8litecore4blip6BLIPIOE#1166} ...Wrote 7 bytes to WebSocket (writeable=1)
11-05 11:07:29.112 21502 21716 I CouchbaseLite/REPLICATOR: {Repl#1160} pushStatus=stopped, pullStatus=busy, progress=362/362
11-05 11:07:29.112 21502 21716 V CouchbaseLite/REPLICATOR: {Repl#1160} progress +208/+0, 2 docs -- now 362 / 362, 2 docs
11-05 11:07:29.112 21502 21716 I CouchbaseLite/REPLICATOR: {Repl#1160} activityLevel=busy: connectionState=2
11-05 11:07:29.113 21502 21716 I CouchbaseLite/REPLICATOR: {N8litecore4repl6PullerE#1167} activityLevel=busy: pendingResponseCount=0, _caughtUp=1, _pendingRevMessages=0, _activeIncomingRevs=0
