11-12 12:55:35.186 7353 7371 D CouchbaseLite/DATABASE: ...finished deleting database file /data/data/com.couchbase.lite.test/files/CBLTestDb/testdb.cblite2/db.sqlite3 (with -wal and -shm)
11-12 12:55:35.186 7353 7371 V CouchbaseLite/Test: testdb was deleted successfully.
11-12 12:55:35.186 7353 7371 I TestRunner: finished: testSetNestedArray(com.couchbase.lite.ArrayTest)
11-12 12:55:35.188 7353 7353 I MonitoringInstr: Activities that are still in CREATED to STOPPED: 0
11-12 12:55:35.188 7353 7365 D CouchbaseLite/DATABASE: {N8litecore8DataFile6SharedE#1} Remove DataFile 0x7fc02b04bd40
11-12 12:55:35.188 7353 7365 D CouchbaseLite/DATABASE: {N8litecore8DataFile6SharedE#1} Remove DataFile 0x7fc02b04bd40
11-12 12:55:35.188 7353 7365 D CouchbaseLite/DATABASE: {DB#11} destructing (~DataFile)
11-12 12:55:35.189 7353 7365 D CouchbaseLite/DATABASE: {N8litecore8DataFile6SharedE#1} Remove DataFile 0x7fc02b04bd40
11-12 12:55:35.189 7353 7371 I TestRunner: started: testRemoveOutOfBound(com.couchbase.lite.ArrayTest)
11-12 12:55:35.190 7353 7353 I MonitoringInstr: Activities that are still in CREATED to STOPPED: 0
11-12 12:55:35.190 7353 7365 D CouchbaseLite/DATABASE: {N8litecore8DataFile6SharedE#1} Remove DataFile 0x7fc02b04b840
11-12 12:55:35.190 7353 7371 I CouchbaseLite/DATABASE: Opening Database{@1c495e07, name='testdb'} at path /data/data/com.couchbase.lite.test/files/CBLTestDb/testdb.cblite2
11-12 12:55:35.191 7353 7365 D CouchbaseLite/DATABASE: {N8litecore8DataFile6SharedE#1} Remove DataFile 0x7fc02b04b840
11-12 12:55:35.191 7353 7365 D CouchbaseLite/DATABASE: {DB#10} destructing (~DataFile)
11-12 12:55:35.191 7353 7365 D CouchbaseLite/DATABASE: {N8litecore8DataFile6SharedE#1} Remove DataFile 0x7fc02b04b840
11-12 12:55:35.191 7353 7371 D CouchbaseLite/DATABASE: {N8litecore8DataFile6SharedE#1} adding DataFile 0x7fc02b04c240
11-12 12:55:35.191 7353 7371 I CouchbaseLite/DATABASE: {DB#12}==> N8litecore14SQLiteDataFileE /data/data/com.couchbase.lite.test/files/CBLTestDb/testdb.cblite2/db.sqlite3 @0x7fc02b04c240
11-12 12:55:35.191 7353 7371 I CouchbaseLite/DATABASE: {DB#12} Opening database
11-12 12:55:35.192 7353 7365 D CouchbaseLite/DATABASE: {N8litecore8DataFile6SharedE#1} Remove DataFile 0x7fc02b04b480
11-12 12:55:35.192 7353 7365 D CouchbaseLite/DATABASE: {N8litecore8DataFile6SharedE#1} Remove DataFile 0x7fc02b04b480
11-12 12:55:35.192 7353 7365 D CouchbaseLite/DATABASE: {DB#9} destructing (~DataFile)
11-12 12:55:35.192 7353 7365 D CouchbaseLite/DATABASE: {N8litecore8DataFile6SharedE#1} Remove DataFile 0x7fc02b04b480
11-12 12:55:35.195 7353 7365 D CouchbaseLite/DATABASE: {N8litecore8DataFile6SharedE#1} Remove DataFile 0x7fc02b048dc0
11-12 12:55:35.195 7353 7365 D CouchbaseLite/DATABASE: {N8litecore8DataFile6SharedE#1} Remove DataFile 0x7fc02b048dc0
11-12 12:55:35.195 7353 7365 D CouchbaseLite/DATABASE: {DB#2} destructing (~DataFile)
11-12 12:55:35.195 7353 7365 D CouchbaseLite/DATABASE: {N8litecore8DataFile6SharedE#1} Remove DataFile 0x7fc02b048dc0
11-12 12:55:35.195 7353 7365 D CouchbaseLite/DATABASE: {N8litecore8DataFile6SharedE#1} Remove DataFile 0x7fc02b04ae40
11-12 12:55:35.196 7353 7365 D CouchbaseLite/DATABASE: {N8litecore8DataFile6SharedE#1} Remove DataFile 0x7fc02b04ae40
11-12 12:55:35.196 7353 7365 D CouchbaseLite/DATABASE: {DB#8} destructing (~DataFile)
11-12 12:55:35.196 7353 7365 D CouchbaseLite/DATABASE: {N8litecore8DataFile6SharedE#1} Remove DataFile 0x7fc02b04ae40
11-12 12:55:35.199 7353 7365 D CouchbaseLite/DATABASE: {N8litecore8DataFile6SharedE#1} Remove DataFile 0x7fc02b04a940
11-12 12:55:35.199 7353 7365 D CouchbaseLite/DATABASE: {N8litecore8DataFile6SharedE#1} Remove DataFile 0x7fc02b04a940
11-12 12:55:35.199 7353 7365 D CouchbaseLite/DATABASE: {DB#7} destructing (~DataFile)
11-12 12:55:35.199 7353 7365 D CouchbaseLite/DATABASE: {N8litecore8DataFile6SharedE#1} Remove DataFile 0x7fc02b04a940
11-12 12:55:35.200 7353 7365 D CouchbaseLite/DATABASE: {N8litecore8DataFile6SharedE#1} Remove DataFile 0x7fc02b049040
11-12 12:55:35.200 7353 7365 D CouchbaseLite/DATABASE: {N8litecore8DataFile6SharedE#1} Remove DataFile 0x7fc02b049040
11-12 12:55:35.200 7353 7365 D CouchbaseLite/DATABASE: {DB#3} destructing (~DataFile)
11-12 12:55:35.200 7353 7365 D CouchbaseLite/DATABASE: {N8litecore8DataFile6SharedE#1} Remove DataFile 0x7fc02b049040
11-12 12:55:35.202 7353 7365 D CouchbaseLite/DATABASE: {N8litecore8DataFile6SharedE#1} Remove DataFile 0x7fc02b049540
11-12 12:55:35.202 7353 7365 D CouchbaseLite/DATABASE: {N8litecore8DataFile6SharedE#1} Remove DataFile 0x7fc02b049540
11-12 12:55:35.202 7353 7365 D CouchbaseLite/DATABASE: {DB#4} destructing (~DataFile)
11-12 12:55:35.202 7353 7365 D CouchbaseLite/DATABASE: {N8litecore8DataFile6SharedE#1} Remove DataFile 0x7fc02b049540
11-12 12:55:35.204 7353 7365 D CouchbaseLite/DATABASE: {N8litecore8DataFile6SharedE#1} Remove DataFile 0x7fc02b04a440
11-12 12:55:35.204 7353 7365 D CouchbaseLite/DATABASE: {N8litecore8DataFile6SharedE#1} Remove DataFile 0x7fc02b04a440
11-12 12:55:35.204 7353 7365 D CouchbaseLite/DATABASE: {DB#6} destructing (~DataFile)
11-12 12:55:35.205 7353 7365 D CouchbaseLite/DATABASE: {N8litecore8DataFile6SharedE#1} Remove DataFile 0x7fc02b04a440
11-12 12:55:35.208 7353 7365 D CouchbaseLite/DATABASE: {N8litecore8DataFile6SharedE#1} Remove DataFile 0x7fc02b049f40
11-12 12:55:35.208 7353 7365 D CouchbaseLite/DATABASE: {N8litecore8DataFile6SharedE#1} Remove DataFile 0x7fc02b049f40
11-12 12:55:35.208 7353 7365 D CouchbaseLite/DATABASE: {DB#5} destructing (~DataFile)
11-12 12:55:35.208 7353 7365 D CouchbaseLite/DATABASE: {N8litecore8DataFile6SharedE#1} Remove DataFile 0x7fc02b049f40
11-12 12:55:35.208 7353 7371 D CouchbaseLite/DATABASE: {DB#12} open KVS 'default'
11-12 12:55:35.209 7353 7371 D CouchbaseLite/DATABASE: {DB#12} open KVS 'info'
11-12 12:55:35.209 7353 7371 V CouchbaseLite/DATABASE: {DB#12} begin transaction
11-12 12:55:35.209 7353 7371 V CouchbaseLite/DATABASE: {DB#12} KeyStore(info) set versioning
11-12 12:55:35.209 7353 7371 V CouchbaseLite/DATABASE: {DB#12} KeyStore(info) set publicUUID
11-12 12:55:35.209 7353 7371 V CouchbaseLite/DATABASE: {DB#12} KeyStore(info) set privateUUID
11-12 12:55:35.209 7353 7371 V CouchbaseLite/DATABASE: {DB#12} commit transaction
11-12 12:55:35.210 7353 7371 V CouchbaseLite/DATABASE: {DB#12} Next expiration time is 0
11-12 12:55:35.210 7353 7371 V CouchbaseLite/DATABASE: No pending doc expirations
11-12 12:55:35.210 7353 7371 I CouchbaseLite/DATABASE: Closing Database{@1c495e07, name='testdb'} at path /data/data/com.couchbase.lite.test/files/CBLTestDb/testdb.cblite2/
11-12 12:55:35.210 7353 7371 V CouchbaseLite/DATABASE: {DB#12} Pre-close housekeeping: 0 of 6 pages free (0%)
11-12 12:55:35.215 7353 7371 V CouchbaseLite/DATABASE: {DB#12} Closed SQLite database
11-12 12:55:35.215 7353 7371 D CouchbaseLite/DATABASE: {N8litecore8DataFile6SharedE#1} Remove DataFile 0x7fc02b04c240
11-12 12:55:35.215 7353 7371 I CouchbaseLite/DATABASE: {DB#12} Closing database
11-12 12:55:35.215 7353 7371 D CouchbaseLite/DATABASE: {N8litecore8DataFile6SharedE#1} Remove DataFile 0x7fc02b04c240
11-12 12:55:35.215 7353 7371 D CouchbaseLite/DATABASE: {N8litecore8DataFile6SharedE#1} Remove DataFile 0x7fc02b04c240
11-12 12:55:35.215 7353 7371 D CouchbaseLite/DATABASE: {DB#12} destructing (~DataFile)
11-12 12:55:35.215 7353 7371 D CouchbaseLite/DATABASE: {N8litecore8DataFile6SharedE#1} Remove DataFile 0x7fc02b04c240
11-12 12:55:35.215 7353 7371 D CouchbaseLite/DATABASE: {N8litecore8DataFile6SharedE#1} destructing
11-12 12:55:35.215 7353 7371 V CouchbaseLite/Test: testdb was closed successfully.
11-12 12:55:35.215 7353 7371 I CouchbaseLite/DATABASE: delete(): path=/data/data/com.couchbase.lite.test/files/CBLTestDb/testdb.cblite2
11-12 12:55:35.215 7353 7371 I CouchbaseLite/DATABASE: {N8litecore8DataFile6SharedE#13}==> N8litecore8DataFile6SharedE 0x7fc02b04b998 @0x7fc02b04b998
11-12 12:55:35.215 7353 7371 I CouchbaseLite/DATABASE: {N8litecore8DataFile6SharedE#13} instantiated on /data/data/com.couchbase.lite.test/files/CBLTestDb/testdb.cblite2/db.sqlite3
11-12 12:55:35.215 7353 7371 D CouchbaseLite/DATABASE: {N8litecore8DataFile6SharedE#13} created for DataFile 0x0 at /data/data/com.couchbase.lite.test/files/CBLTestDb/testdb.cblite2/db.sqlite3
11-12 12:55:35.215 7353 7371 V CouchbaseLite/DATABASE: Preparing to delete DataFile /data/data/com.couchbase.lite.test/files/CBLTestDb/testdb.cblite2/db.sqlite3
11-12 12:55:35.215 7353 7371 I CouchbaseLite/DATABASE: Deleting database file /data/data/com.couchbase.lite.test/files/CBLTestDb/testdb.cblite2/db.sqlite3 (with -wal and -shm)
11-12 12:55:35.215 7353 7371 D CouchbaseLite/DATABASE: ...finished deleting database file /data/data/com.couchbase.lite.test/files/CBLTestDb/testdb.cblite2/db.sqlite3 (with -wal and -shm)
11-12 12:55:35.215 7353 7371 D CouchbaseLite/DATABASE: {N8litecore8DataFile6SharedE#13} destructing
11-12 12:55:35.215 7353 7371 V CouchbaseLite/Test: testdb was deleted successfully.
11-12 12:55:35.216 7353 7371 I TestRunner: finished: testRemoveOutOfBound(com.couchbase.lite.ArrayTest)
11-12 12:55:35.218 7353 7353 I MonitoringInstr: Activities that are still in CREATED to STOPPED: 0
11-12 12:55:35.218 7353 7371 I TestRunner: started: testInsertFloat(com.couchbase.lite.ArrayTest)
11-12 12:55:35.219 7353 7353 I MonitoringInstr: Activities that are still in CREATED to STOPPED: 0
11-12 12:55:35.220 7353 7371 I CouchbaseLite/DATABASE: Opening Database{@1ef1dd5d, name='testdb'} at path /data/data/com.couchbase.lite.test/files/CBLTestDb/testdb.cblite2
11-12 12:55:35.220 7353 7371 I CouchbaseLite/DATABASE: {N8litecore8DataFile6SharedE#14}==> N8litecore8DataFile6SharedE 0x7fc02b048f18 @0x7fc02b048f18
11-12 12:55:35.220 7353 7371 I CouchbaseLite/DATABASE: {N8litecore8DataFile6SharedE#14} instantiated on /data/data/com.couchbase.lite.test/files/CBLTestDb/testdb.cblite2/db.sqlite3
11-12 12:55:35.220 7353 7371 D CouchbaseLite/DATABASE: {N8litecore8DataFile6SharedE#14} created for DataFile 0x7fc02b04c240 at /data/data/com.couchbase.lite.test/files/CBLTestDb/testdb.cblite2/db.sqlite3
11-12 12:55:35.220 7353 7371 I CouchbaseLite/DATABASE: {DB#15}==> N8litecore14SQLiteDataFileE /data/data/com.couchbase.lite.test/files/CBLTestDb/testdb.cblite2/db.sqlite3 @0x7fc02b04c240
11-12 12:55:35.220 7353 7371 I CouchbaseLite/DATABASE: {DB#15} Opening database
11-12 12:55:35.227 7353 7371 D CouchbaseLite/DATABASE: {DB#15} open KVS 'default'
11-12 12:55:35.227 7353 7371 D CouchbaseLite/DATABASE: {DB#15} open KVS 'info'
11-12 12:55:35.228 7353 7371 V CouchbaseLite/DATABASE: {DB#15} begin transaction
11-12 12:55:35.228 7353 7371 V CouchbaseLite/DATABASE: {DB#15} KeyStore(info) set versioning
11-12 12:55:35.228 7353 7371 V CouchbaseLite/DATABASE: {DB#15} KeyStore(info) set publicUUID
11-12 12:55:35.228 7353 7371 V CouchbaseLite/DATABASE: {DB#15} KeyStore(info) set privateUUID
11-12 12:55:35.228 7353 7371 V CouchbaseLite/DATABASE: {DB#15} commit transaction
11-12 12:55:35.228 7353 7371 V CouchbaseLite/DATABASE: {DB#15} Next expiration time is 0
11-12 12:55:35.228 7353 7371 V CouchbaseLite/DATABASE: No pending doc expirations
11-12 12:55:35.228 7353 7371 V CouchbaseLite/DATABASE: {DB#15} begin transaction
11-12 12:55:35.229 7353 7371 V CouchbaseLite/DATABASE: {DB#15} Saved 'test' rev #1-f5a90c78bbde83181abbd1e91e1af6c485302973 as seq 1
11-12 12:55:35.229 7353 7371 V CouchbaseLite/DATABASE: {DB#15} KeyStore(info) set SharedKeys
11-12 12:55:35.229 7353 7371 V CouchbaseLite/DATABASE: {DB#15} commit transaction
11-12 12:55:35.229 7353 7371 I CouchbaseLite/DATABASE: Closing Database{@1ef1dd5d, name='testdb'} at path /data/data/com.couchbase.lite.test/files/CBLTestDb/testdb.cblite2/
11-12 12:55:35.229 7353 7371 V CouchbaseLite/DATABASE: {DB#15} Pre-close housekeeping: 0 of 6 pages free (0%)
11-12 12:55:35.233 7353 7371 V CouchbaseLite/DATABASE: {DB#15} Closed SQLite database
11-12 12:55:35.233 7353 7371 D CouchbaseLite/DATABASE: {N8litecore8DataFile6SharedE#14} Remove DataFile 0x7fc02b04c240
11-12 12:55:35.233 7353 7371 I CouchbaseLite/DATABASE: {DB#15} Closing database
11-12 12:55:35.233 7353 7371 V CouchbaseLite/Test: testdb was closed successfully.
11-12 12:55:35.233 7353 7371 I CouchbaseLite/DATABASE: delete(): path=/data/data/com.couchbase.lite.test/files/CBLTestDb/testdb.cblite2
11-12 12:55:35.233 7353 7371 D CouchbaseLite/DATABASE: {N8litecore8DataFile6SharedE#14} adding DataFile 0x0
11-12 12:55:35.233 7353 7371 V CouchbaseLite/DATABASE: Preparing to delete DataFile /data/data/com.couchbase.lite.test/files/CBLTestDb/testdb.cblite2/db.sqlite3
11-12 12:55:35.233 7353 7371 I CouchbaseLite/DATABASE: Deleting database file /data/data/com.couchbase.lite.test/files/CBLTestDb/testdb.cblite2/db.sqlite3 (with -wal and -shm)
11-12 12:55:35.233 7353 7371 D CouchbaseLite/DATABASE: ...finished deleting database file /data/data/com.couchbase.lite.test/files/CBLTestDb/testdb.cblite2/db.sqlite3 (with -wal and -shm)
11-12 12:55:35.233 7353 7371 V CouchbaseLite/Test: testdb was deleted successfully.
11-12 12:55:35.233 7353 7371 I TestRunner: finished: testInsertFloat(com.couchbase.lite.ArrayTest)
11-12 12:55:35.236 7353 7353 I MonitoringInstr: Activities that are still in CREATED to STOPPED: 0
11-12 12:55:35.236 7353 7371 I TestRunner: started: testAddFloat(com.couchbase.lite.ArrayTest)
11-12 12:55:35.237 7353 7353 I MonitoringInstr: Activities that are still in CREATED to STOPPED: 0
11-12 12:55:35.238 7353 7371 I CouchbaseLite/DATABASE: Opening Database{@315bc6d2, name='testdb'} at path /data/data/com.couchbase.lite.test/files/CBLTestDb/testdb.cblite2
11-12 12:55:35.238 7353 7371 D CouchbaseLite/DATABASE: {N8litecore8DataFile6SharedE#14} adding DataFile 0x7fc02b04c600
11-12 12:55:35.238 7353 7371 I CouchbaseLite/DATABASE: {DB#16}==> N8litecore14SQLiteDataFileE /data/data/com.couchbase.lite.test/files/CBLTestDb/testdb.cblite2/db.sqlite3 @0x7fc02b04c600
11-12 12:55:35.238 7353 7371 I CouchbaseLite/DATABASE: {DB#16} Opening database
11-12 12:55:35.246 7353 7371 D CouchbaseLite/DATABASE: {DB#16} open KVS 'default'
11-12 12:55:35.246 7353 7371 D CouchbaseLite/DATABASE: {DB#16} open KVS 'info'
11-12 12:55:35.247 7353 7371 V CouchbaseLite/DATABASE: {DB#16} begin transaction
11-12 12:55:35.247 7353 7371 V CouchbaseLite/DATABASE: {DB#16} KeyStore(info) set versioning
11-12 12:55:35.247 7353 7371 V CouchbaseLite/DATABASE: {DB#16} KeyStore(info) set publicUUID
11-12 12:55:35.247 7353 7371 V CouchbaseLite/DATABASE: {DB#16} KeyStore(info) set privateUUID
11-12 12:55:35.247 7353 7371 V CouchbaseLite/DATABASE: {DB#16} commit transaction
11-12 12:55:35.247 7353 7371 V CouchbaseLite/DATABASE: {DB#16} Next expiration time is 0
11-12 12:55:35.247 7353 7371 V CouchbaseLite/DATABASE: No pending doc expirations
11-12 12:55:35.248 7353 7371 V CouchbaseLite/DATABASE: {DB#16} begin transaction
11-12 12:55:35.248 7353 7371 V CouchbaseLite/DATABASE: {DB#16} Saved 'test' rev #1-fdccd0f39bddae2b93482bb02050bea8f102e32d as seq 1
11-12 12:55:35.248 7353 7371 V CouchbaseLite/DATABASE: {DB#16} KeyStore(info) set SharedKeys
11-12 12:55:35.248 7353 7371 V CouchbaseLite/DATABASE: {DB#16} commit transaction
11-12 12:55:35.248 7353 7371 I CouchbaseLite/DATABASE: Closing Database{@315bc6d2, name='testdb'} at path /data/data/com.couchbase.lite.test/files/CBLTestDb/testdb.cblite2/
11-12 12:55:35.248 7353 7371 V CouchbaseLite/DATABASE: {DB#16} Pre-close housekeeping: 0 of 6 pages free (0%)
11-12 12:55:35.252 7353 7371 V CouchbaseLite/DATABASE: {DB#16} Closed SQLite database
11-12 12:55:35.252 7353 7371 D CouchbaseLite/DATABASE: {N8litecore8DataFile6SharedE#14} Remove DataFile 0x7fc02b04c600
11-12 12:55:35.252 7353 7371 I CouchbaseLite/DATABASE: {DB#16} Closing database
11-12 12:55:35.252 7353 7371 V CouchbaseLite/Test: testdb was closed successfully.
11-12 12:55:35.252 7353 7371 I CouchbaseLite/DATABASE: delete(): path=/data/data/com.couchbase.lite.test/files/CBLTestDb/testdb.cblite2
11-12 12:55:35.252 7353 7371 D CouchbaseLite/DATABASE: {N8litecore8DataFile6SharedE#14} adding DataFile 0x0
11-12 12:55:35.252 7353 7371 V CouchbaseLite/DATABASE: Preparing to delete DataFile /data/data/com.couchbase.lite.test/files/CBLTestDb/testdb.cblite2/db.sqlite3
11-12 12:55:35.252 7353 7371 I CouchbaseLite/DATABASE: Deleting database file /data/data/com.couchbase.lite.test/files/CBLTestDb/testdb.cblite2/db.sqlite3 (with -wal and -shm)
11-12 12:55:35.252 7353 7371 D CouchbaseLite/DATABASE: ...finished deleting database file /data/data/com.couchbase.lite.test/files/CBLTestDb/testdb.cblite2/db.sqlite3 (with -wal and -shm)
11-12 12:55:35.252 7353 7371 V CouchbaseLite/Test: testdb was deleted successfully.
11-12 12:55:35.252 7353 7371 I TestRunner: finished: testAddFloat(com.couchbase.lite.ArrayTest)
11-12 12:55:35.254 7353 7353 I MonitoringInstr: Activities that are still in CREATED to STOPPED: 0
11-12 12:55:35.255 7353 7371 I TestRunner: started: testGetDate(com.couchbase.lite.ArrayTest)
11-12 12:55:35.256 7353 7353 I MonitoringInstr: Activities that are still in CREATED to STOPPED: 0
11-12 12:55:35.257 7353 7371 I CouchbaseLite/DATABASE: Opening Database{@1313d3a3, name='testdb'} at path /data/data/com.couchbase.lite.test/files/CBLTestDb/testdb.cblite2
11-12 12:55:35.257 7353 7371 D CouchbaseLite/DATABASE: {N8litecore8DataFile6SharedE#14} adding DataFile 0x7fc02b048dc0
11-12 12:55:35.257 7353 7371 I CouchbaseLite/DATABASE: {DB#17}==> N8litecore14SQLiteDataFileE /data/data/com.couchbase.lite.test/files/CBLTestDb/testdb.cblite2/db.sqlite3 @0x7fc02b048dc0
11-12 12:55:35.257 7353 7371 I CouchbaseLite/DATABASE: {DB#17} Opening database
11-12 12:55:35.265 7353 7371 D CouchbaseLite/DATABASE: {DB#17} open KVS 'default'
11-12 12:55:35.265 7353 7371 D CouchbaseLite/DATABASE: {DB#17} open KVS 'info'
11-12 12:55:35.265 7353 7371 V CouchbaseLite/DATABASE: {DB#17} begin transaction
11-12 12:55:35.265 7353 7371 V CouchbaseLite/DATABASE: {DB#17} KeyStore(info) set versioning
11-12 12:55:35.266 7353 7371 V CouchbaseLite/DATABASE: {DB#17} KeyStore(info) set publicUUID
11-12 12:55:35.266 7353 7371 V CouchbaseLite/DATABASE: {DB#17} KeyStore(info) set privateUUID
11-12 12:55:35.266 7353 7371 V CouchbaseLite/DATABASE: {DB#17} commit transaction
11-12 12:55:35.266 7353 7371 V CouchbaseLite/DATABASE: {DB#17} Next expiration time is 0
11-12 12:55:35.266 7353 7371 V CouchbaseLite/DATABASE: No pending doc expirations
11-12 12:55:35.267 7353 7371 V CouchbaseLite/DATABASE: {DB#17} begin transaction
11-12 12:55:35.267 7353 7371 V CouchbaseLite/DATABASE: {DB#17} Saved 'doc0' rev #1-1b7e3ab3b2bec0c5adfcdaf67e45ffddb157fd30 as seq 1
11-12 12:55:35.267 7353 7371 V CouchbaseLite/DATABASE: {DB#17} KeyStore(info) set SharedKeys
11-12 12:55:35.267 7353 7371 V CouchbaseLite/DATABASE: {DB#17} commit transaction
11-12 12:55:35.268 7353 7371 V CouchbaseLite/DATABASE: {DB#17} begin transaction
11-12 12:55:35.268 7353 7371 V CouchbaseLite/DATABASE: {DB#17} Saved 'doc1' rev #1-1b7e3ab3b2bec0c5adfcdaf67e45ffddb157fd30 as seq 2
11-12 12:55:35.268 7353 7371 V CouchbaseLite/DATABASE: {DB#17} commit transaction
11-12 12:55:35.268 7353 7371 I CouchbaseLite/DATABASE: Closing Database{@1313d3a3, name='testdb'} at path /data/data/com.couchbase.lite.test/files/CBLTestDb/testdb.cblite2/
11-12 12:55:35.269 7353 7371 V CouchbaseLite/DATABASE: {DB#17} Pre-close housekeeping: 0 of 6 pages free (0%)
11-12 12:55:35.272 7353 7371 V CouchbaseLite/DATABASE: {DB#17} Closed SQLite database
11-12 12:55:35.272 7353 7371 D CouchbaseLite/DATABASE: {N8litecore8DataFile6SharedE#14} Remove DataFile 0x7fc02b048dc0
11-12 12:55:35.272 7353 7371 I CouchbaseLite/DATABASE: {DB#17} Closing database
11-12 12:55:35.272 7353 7371 V CouchbaseLite/Test: testdb was closed successfully.
11-12 12:55:35.272 7353 7371 I CouchbaseLite/DATABASE: delete(): path=/data/data/com.couchbase.lite.test/files/CBLTestDb/testdb.cblite2
11-12 12:55:35.272 7353 7371 D CouchbaseLite/DATABASE: {N8litecore8DataFile6SharedE#14} adding DataFile 0x0
11-12 12:55:35.272 7353 7371 V CouchbaseLite/DATABASE: Preparing to delete DataFile /data/data/com.couchbase.lite.test/files/CBLTestDb/testdb.cblite2/db.sqlite3
11-12 12:55:35.272 7353 7371 I CouchbaseLite/DATABASE: Deleting database file /data/data/com.couchbase.lite.test/files/CBLTestDb/testdb.cblite2/db.sqlite3 (with -wal and -shm)
11-12 12:55:35.272 7353 7371 D CouchbaseLite/DATABASE: ...finished deleting database file /data/data/com.couchbase.lite.test/files/CBLTestDb/testdb.cblite2/db.sqlite3 (with -wal and -shm)
11-12 12:55:35.272 7353 7371 V CouchbaseLite/Test: testdb was deleted successfully.
11-12 12:55:35.273 7353 7371 I TestRunner: finished: testGetDate(com.couchbase.lite.ArrayTest)
11-12 12:55:35.275 7353 7353 I MonitoringInstr: Activities that are still in CREATED to STOPPED: 0
11-12 12:55:35.276 7353 7371 I TestRunner: started: testGetLong(com.couchbase.lite.ArrayTest)
11-12 12:55:35.276 7353 7353 I MonitoringInstr: Activities that are still in CREATED to STOPPED: 0
11-12 12:55:35.277 7353 7371 I CouchbaseLite/DATABASE: Opening Database{@3cfef6a0, name='testdb'} at path /data/data/com.couchbase.lite.test/files/CBLTestDb/testdb.cblite2
11-12 12:55:35.278 7353 7371 D CouchbaseLite/DATABASE: {N8litecore8DataFile6SharedE#14} adding DataFile 0x7fc02b049a40
11-12 12:55:35.278 7353 7371 I CouchbaseLite/DATABASE: {DB#18}==> N8litecore14SQLiteDataFileE /data/data/com.couchbase.lite.test/files/CBLTestDb/testdb.cblite2/db.sqlite3 @0x7fc02b049a40
11-12 12:55:35.278 7353 7371 I CouchbaseLite/DATABASE: {DB#18} Opening database
11-12 12:55:35.286 7353 7371 D CouchbaseLite/DATABASE: {DB#18} open KVS 'default'
11-12 12:55:35.286 7353 7371 D CouchbaseLite/DATABASE: {DB#18} open KVS 'info'
11-12 12:55:35.286 7353 7371 V CouchbaseLite/DATABASE: {DB#18} begin transaction
11-12 12:55:35.286 7353 7371 V CouchbaseLite/DATABASE: {DB#18} KeyStore(info) set versioning
11-12 12:55:35.287 7353 7371 V CouchbaseLite/DATABASE: {DB#18} KeyStore(info) set publicUUID
11-12 12:55:35.287 7353 7371 V CouchbaseLite/DATABASE: {DB#18} KeyStore(info) set privateUUID
11-12 12:55:35.287 7353 7371 V CouchbaseLite/DATABASE: {DB#18} commit transaction
11-12 12:55:35.287 7353 7371 V CouchbaseLite/DATABASE: {DB#18} Next expiration time is 0
11-12 12:55:35.287 7353 7371 V CouchbaseLite/DATABASE: No pending doc expirations
11-12 12:55:35.287 7353 7371 V CouchbaseLite/DATABASE: {DB#18} begin transaction
11-12 12:55:35.288 7353 7371 V CouchbaseLite/DATABASE: {DB#18} Saved 'doc0' rev #1-1b7e3ab3b2bec0c5adfcdaf67e45ffddb157fd30 as seq 1
11-12 12:55:35.288 7353 7371 V CouchbaseLite/DATABASE: {DB#18} KeyStore(info) set SharedKeys
11-12 12:55:35.288 7353 7371 V CouchbaseLite/DATABASE: {DB#18} commit transaction
11-12 12:55:35.288 7353 7371 V CouchbaseLite/DATABASE: {DB#18} begin transaction
11-12 12:55:35.288 7353 7371 V CouchbaseLite/DATABASE: {DB#18} Saved 'doc1' rev #1-1b7e3ab3b2bec0c5adfcdaf67e45ffddb157fd30 as seq 2
11-12 12:55:35.289 7353 7371 V CouchbaseLite/DATABASE: {DB#18} commit transaction
11-12 12:55:35.289 7353 7371 I CouchbaseLite/DATABASE: Closing Database{@3cfef6a0, name='testdb'} at path /data/data/com.couchbase.lite.test/files/CBLTestDb/testdb.cblite2/
11-12 12:55:35.289 7353 7371 V CouchbaseLite/DATABASE: {DB#18} Pre-close housekeeping: 0 of 6 pages free (0%)
11-12 12:55:35.293 7353 7371 V CouchbaseLite/DATABASE: {DB#18} Closed SQLite database
11-12 12:55:35.293 7353 7371 D CouchbaseLite/DATABASE: {N8litecore8DataFile6SharedE#14} Remove DataFile 0x7fc02b049a40
11-12 12:55:35.293 7353 7371 I CouchbaseLite/DATABASE: {DB#18} Closing database
11-12 12:55:35.293 7353 7371 V CouchbaseLite/Test: testdb was closed successfully.
11-12 12:55:35.293 7353 7371 I CouchbaseLite/DATABASE: delete(): path=/data/data/com.couchbase.lite.test/files/CBLTestDb/testdb.cblite2
11-12 12:55:35.293 7353 7371 D CouchbaseLite/DATABASE: {N8litecore8DataFile6SharedE#14} adding DataFile 0x0
11-12 12:55:35.293 7353 7371 V CouchbaseLite/DATABASE: Preparing to delete DataFile /data/data/com.couchbase.lite.test/files/CBLTestDb/testdb.cblite2/db.sqlite3
11-12 12:55:35.293 7353 7371 I CouchbaseLite/DATABASE: Deleting database file /data/data/com.couchbase.lite.test/files/CBLTestDb/testdb.cblite2/db.sqlite3 (with -wal and -shm)
11-12 12:55:35.294 7353 7371 D CouchbaseLite/DATABASE: ...finished deleting database file /data/data/com.couchbase.lite.test/files/CBLTestDb/testdb.cblite2/db.sqlite3 (with -wal and -shm)
11-12 12:55:35.294 7353 7371 V CouchbaseLite/Test: testdb was deleted successfully.
11-12 12:55:35.295 7353 7371 I TestRunner: finished: testGetLong(com.couchbase.lite.ArrayTest)
11-12 12:55:35.297 7353 7353 I MonitoringInstr: Activities that are still in CREATED to STOPPED: 0
11-12 12:55:35.297 7353 7371 I TestRunner: started: testAddObjects(com.couchbase.lite.ArrayTest)
11-12 12:55:35.298 7353 7353 I MonitoringInstr: Activities that are still in CREATED to STOPPED: 0
11-12 12:55:35.299 7353 7371 I CouchbaseLite/DATABASE: Opening Database{@773f259, name='testdb'} at path /data/data/com.couchbase.lite.test/files/CBLTestDb/testdb.cblite2
11-12 12:55:35.299 7353 7371 D CouchbaseLite/DATABASE: {N8litecore8DataFile6SharedE#14} adding DataFile 0x7fc02b04a1c0
11-12 12:55:35.299 7353 7371 I CouchbaseLite/DATABASE: {DB#19}==> N8litecore14SQLiteDataFileE /data/data/com.couchbase.lite.test/files/CBLTestDb/testdb.cblite2/db.sqlite3 @0x7fc02b04a1c0
11-12 12:55:35.299 7353 7371 I CouchbaseLite/DATABASE: {DB#19} Opening database
11-12 12:55:35.309 7353 7371 D CouchbaseLite/DATABASE: {DB#19} open KVS 'default'
11-12 12:55:35.309 7353 7371 D CouchbaseLite/DATABASE: {DB#19} open KVS 'info'
11-12 12:55:35.309 7353 7371 V CouchbaseLite/DATABASE: {DB#19} begin transaction
11-12 12:55:35.310 7353 7371 V CouchbaseLite/DATABASE: {DB#19} KeyStore(info) set versioning
11-12 12:55:35.310 7353 7371 V CouchbaseLite/DATABASE: {DB#19} KeyStore(info) set publicUUID
11-12 12:55:35.310 7353 7371 V CouchbaseLite/DATABASE: {DB#19} KeyStore(info) set privateUUID
11-12 12:55:35.310 7353 7371 V CouchbaseLite/DATABASE: {DB#19} commit transaction
11-12 12:55:35.310 7353 7371 V CouchbaseLite/DATABASE: {DB#19} Next expiration time is 0
11-12 12:55:35.310 7353 7371 V CouchbaseLite/DATABASE: No pending doc expirations
11-12 12:55:35.310 7353 7371 V CouchbaseLite/DATABASE: {DB#19} begin transaction
11-12 12:55:35.311 7353 7371 V CouchbaseLite/DATABASE: {DB#19} Saved 'doc1' rev #1-1b7e3ab3b2bec0c5adfcdaf67e45ffddb157fd30 as seq 1
11-12 12:55:35.311 7353 7371 V CouchbaseLite/DATABASE: {DB#19} KeyStore(info) set SharedKeys
11-12 12:55:35.311 7353 7371 V CouchbaseLite/DATABASE: {DB#19} commit transaction
11-12 12:55:35.312 7353 7371 V CouchbaseLite/DATABASE: {DB#19} begin transaction
11-12 12:55:35.313 7353 7371 V CouchbaseLite/DATABASE: {DB#19} Saved 'doc1' rev #2-bcd94d9d4b003cb1dd2a8fe7bdb2a02186d51095 as seq 2
11-12 12:55:35.313 7353 7371 V CouchbaseLite/DATABASE: {DB#19} commit transaction
11-12 12:55:35.313 7353 7371 I CouchbaseLite/DATABASE: Closing Database{@773f259, name='testdb'} at path /data/data/com.couchbase.lite.test/files/CBLTestDb/testdb.cblite2/
11-12 12:55:35.313 7353 7371 V CouchbaseLite/DATABASE: {DB#19} Pre-close housekeeping: 0 of 6 pages free (0%)
11-12 12:55:35.318 7353 7371 V CouchbaseLite/DATABASE: {DB#19} Closed SQLite database
11-12 12:55:35.318 7353 7371 D CouchbaseLite/DATABASE: {N8litecore8DataFile6SharedE#14} Remove DataFile 0x7fc02b04a1c0
11-12 12:55:35.318 7353 7371 I CouchbaseLite/DATABASE: {DB#19} Closing database
11-12 12:55:35.318 7353 7371 V CouchbaseLite/Test: testdb was closed successfully.
11-12 12:55:35.318 7353 7371 I CouchbaseLite/DATABASE: delete(): path=/data/data/com.couchbase.lite.test/files/CBLTestDb/testdb.cblite2
11-12 12:55:35.318 7353 7371 D CouchbaseLite/DATABASE: {N8litecore8DataFile6SharedE#14} adding DataFile 0x0
11-12 12:55:35.318 7353 7371 V CouchbaseLite/DATABASE: Preparing to delete DataFile /data/data/com.couchbase.lite.test/files/CBLTestDb/testdb.cblite2/db.sqlite3
11-12 12:55:35.318 7353 7371 I CouchbaseLite/DATABASE: Deleting database file /data/data/com.couchbase.lite.test/files/CBLTestDb/testdb.cblite2/db.sqlite3 (with -wal and -shm)
11-12 12:55:35.318 7353 7371 D CouchbaseLite/DATABASE: ...finished deleting database file /data/data/com.couchbase.lite.test/files/CBLTestDb/testdb.cblite2/db.sqlite3 (with -wal and -shm)
11-12 12:55:35.325 7353 7371 V CouchbaseLite/Test: testdb was deleted successfully.
11-12 12:55:35.325 7353 7371 I TestRunner: finished: testAddObjects(com.couchbase.lite.ArrayTest)
11-12 12:55:35.328 7353 7353 I MonitoringInstr: Activities that are still in CREATED to STOPPED: 0
11-12 12:55:35.328 7353 7371 I TestRunner: started: testAddObjectsToExistingArray(com.couchbase.lite.ArrayTest)
11-12 12:55:35.329 7353 7353 I MonitoringInstr: Activities that are still in CREATED to STOPPED: 0
11-12 12:55:35.330 7353 7371 I CouchbaseLite/DATABASE: Opening Database{@a0b7e1e, name='testdb'} at path /data/data/com.couchbase.lite.test/files/CBLTestDb/testdb.cblite2
11-12 12:55:35.330 7353 7371 D CouchbaseLite/DATABASE: {N8litecore8DataFile6SharedE#14} adding DataFile 0x7fc02b04a940
11-12 12:55:35.330 7353 7371 I CouchbaseLite/DATABASE: {DB#20}==> N8litecore14SQLiteDataFileE /data/data/com.couchbase.lite.test/files/CBLTestDb/testdb.cblite2/db.sqlite3 @0x7fc02b04a940
11-12 12:55:35.330 7353 7371 I CouchbaseLite/DATABASE: {DB#20} Opening database
11-12 12:55:35.338 7353 7371 D CouchbaseLite/DATABASE: {DB#20} open KVS 'default'
11-12 12:55:35.338 7353 7371 D CouchbaseLite/DATABASE: {DB#20} open KVS 'info'
11-12 12:55:35.339 7353 7371 V CouchbaseLite/DATABASE: {DB#20} begin transaction
11-12 12:55:35.339 7353 7371 V CouchbaseLite/DATABASE: {DB#20} KeyStore(info) set versioning
11-12 12:55:35.339 7353 7371 V CouchbaseLite/DATABASE: {DB#20} KeyStore(info) set publicUUID
11-12 12:55:35.339 7353 7371 V CouchbaseLite/DATABASE: {DB#20} KeyStore(info) set privateUUID
11-12 12:55:35.339 7353 7371 V CouchbaseLite/DATABASE: {DB#20} commit transaction
11-12 12:55:35.339 7353 7371 V CouchbaseLite/DATABASE: {DB#20} Next expiration time is 0
11-12 12:55:35.339 7353 7371 V CouchbaseLite/DATABASE: No pending doc expirations
11-12 12:55:35.339 7353 7371 V CouchbaseLite/DATABASE: {DB#20} begin transaction
11-12 12:55:35.340 7353 7371 V CouchbaseLite/DATABASE: {DB#20} Saved 'doc0' rev #1-1b7e3ab3b2bec0c5adfcdaf67e45ffddb157fd30 as seq 1
11-12 12:55:35.340 7353 7371 V CouchbaseLite/DATABASE: {DB#20} KeyStore(info) set SharedKeys
11-12 12:55:35.340 7353 7371 V CouchbaseLite/DATABASE: {DB#20} commit transaction
11-12 12:55:35.341 7353 7371 V CouchbaseLite/DATABASE: {DB#20} begin transaction
11-12 12:55:35.341 7353 7371 V CouchbaseLite/DATABASE: {DB#20} Saved 'doc0' rev #2-8616499f211378013bdb4059a60183ceb4863c5b as seq 2
11-12 12:55:35.341 7353 7371 V CouchbaseLite/DATABASE: {DB#20} commit transaction
11-12 12:55:35.342 7353 7371 V CouchbaseLite/DATABASE: {DB#20} begin transaction
11-12 12:55:35.344 7353 7371 V CouchbaseLite/DATABASE: {DB#20} Saved 'doc1' rev #1-1b7e3ab3b2bec0c5adfcdaf67e45ffddb157fd30 as seq 3
11-12 12:55:35.344 7353 7371 V CouchbaseLite/DATABASE: {DB#20} commit transaction
11-12 12:55:35.344 7353 7371 V CouchbaseLite/DATABASE: {DB#20} begin transaction
11-12 12:55:35.345 7353 7371 V CouchbaseLite/DATABASE: {DB#20} Saved 'doc1' rev #2-8616499f211378013bdb4059a60183ceb4863c5b as seq 4
11-12 12:55:35.345 7353 7371 V CouchbaseLite/DATABASE: {DB#20} commit transaction
11-12 12:55:35.345 7353 7371 I CouchbaseLite/DATABASE: Closing Database{@a0b7e1e, name='testdb'} at path /data/data/com.couchbase.lite.test/files/CBLTestDb/testdb.cblite2/
11-12 12:55:35.346 7353 7371 V CouchbaseLite/DATABASE: {DB#20} Pre-close housekeeping: 0 of 6 pages free (0%)
11-12 12:55:35.350 7353 7371 V CouchbaseLite/DATABASE: {DB#20} Closed SQLite database
11-12 12:55:35.350 7353 7371 D CouchbaseLite/DATABASE: {N8litecore8DataFile6SharedE#14} Remove DataFile 0x7fc02b04a940
11-12 12:55:35.350 7353 7371 I CouchbaseLite/DATABASE: {DB#20} Closing database
11-12 12:55:35.350 7353 7371 V CouchbaseLite/Test: testdb was closed successfully.
11-12 12:55:35.350 7353 7371 I CouchbaseLite/DATABASE: delete(): path=/data/data/com.couchbase.lite.test/files/CBLTestDb/testdb.cblite2
11-12 12:55:35.350 7353 7371 D CouchbaseLite/DATABASE: {N8litecore8DataFile6SharedE#14} adding DataFile 0x0
11-12 12:55:35.350 7353 7371 V CouchbaseLite/DATABASE: Preparing to delete DataFile /data/data/com.couchbase.lite.test/files/CBLTestDb/testdb.cblite2/db.sqlite3
11-12 12:55:35.350 7353 7371 I CouchbaseLite/DATABASE: Deleting database file /data/data/com.couchbase.lite.test/files/CBLTestDb/testdb.cblite2/db.sqlite3 (with -wal and -shm)
11-12 12:55:35.350 7353 7371 D CouchbaseLite/DATABASE: ...finished deleting database file /data/data/com.couchbase.lite.test/files/CBLTestDb/testdb.cblite2/db.sqlite3 (with -wal and -shm)
11-12 12:55:35.351 7353 7371 V CouchbaseLite/Test: testdb was deleted successfully.
11-12 12:55:35.351 7353 7371 I TestRunner: finished: testAddObjectsToExistingArray(com.couchbase.lite.ArrayTest)
11-12 12:55:35.352 7353 7353 I MonitoringInstr: Activities that are still in CREATED to STOPPED: 0
11-12 12:55:35.353 7353 7371 I TestRunner: started: testAddDouble(com.couchbase.lite.ArrayTest)
11-12 12:55:35.354 7353 7353 I MonitoringInstr: Activities that are still in CREATED to STOPPED: 0
11-12 12:55:35.355 7353 7371 I CouchbaseLite/DATABASE: Opening Database{@308606ff, name='testdb'} at path /data/data/com.couchbase.lite.test/files/CBLTestDb/testdb.cblite2
11-12 12:55:35.355 7353 7371 D CouchbaseLite/DATABASE: {N8litecore8DataFile6SharedE#14} adding DataFile 0x7fc02b04ae40
11-12 12:55:35.355 7353 7371 I CouchbaseLite/DATABASE: {DB#21}==> N8litecore14SQLiteDataFileE /data/data/com.couchbase.lite.test/files/CBLTestDb/testdb.cblite2/db.sqlite3 @0x7fc02b04ae40
11-12 12:55:35.355 7353 7371 I CouchbaseLite/DATABASE: {DB#21} Opening database
11-12 12:55:35.362 7353 7371 D CouchbaseLite/DATABASE: {DB#21} open KVS 'default'
11-12 12:55:35.362 7353 7371 D CouchbaseLite/DATABASE: {DB#21} open KVS 'info'
11-12 12:55:35.362 7353 7371 V CouchbaseLite/DATABASE: {DB#21} begin transaction
11-12 12:55:35.362 7353 7371 V CouchbaseLite/DATABASE: {DB#21} KeyStore(info) set versioning
11-12 12:55:35.362 7353 7371 V CouchbaseLite/DATABASE: {DB#21} KeyStore(info) set publicUUID
11-12 12:55:35.363 7353 7371 V CouchbaseLite/DATABASE: {DB#21} KeyStore(info) set privateUUID
11-12 12:55:35.363 7353 7371 V CouchbaseLite/DATABASE: {DB#21} commit transaction
11-12 12:55:35.363 7353 7371 V CouchbaseLite/DATABASE: {DB#21} Next expiration time is 0
11-12 12:55:35.363 7353 7371 V CouchbaseLite/DATABASE: No pending doc expirations
11-12 12:55:35.363 7353 7371 V CouchbaseLite/DATABASE: {DB#21} begin transaction
11-12 12:55:35.363 7353 7371 V CouchbaseLite/DATABASE: {DB#21} Saved 'test' rev #1-7f5b304e7e736771d8e1f14580e2607a3844ef66 as seq 1
11-12 12:55:35.363 7353 7371 V CouchbaseLite/DATABASE: {DB#21} KeyStore(info) set SharedKeys
11-12 12:55:35.363 7353 7371 V CouchbaseLite/DATABASE: {DB#21} commit transaction
11-12 12:55:35.364 7353 7371 I CouchbaseLite/DATABASE: Closing Database{@308606ff, name='testdb'} at path /data/data/com.couchbase.lite.test/files/CBLTestDb/testdb.cblite2/
11-12 12:55:35.364 7353 7371 V CouchbaseLite/DATABASE: {DB#21} Pre-close housekeeping: 0 of 6 pages free (0%)
11-12 12:55:35.367 7353 7371 V CouchbaseLite/DATABASE: {DB#21} Closed SQLite database
11-12 12:55:35.367 7353 7371 D CouchbaseLite/DATABASE: {N8litecore8DataFile6SharedE#14} Remove DataFile 0x7fc02b04ae40
11-12 12:55:35.367 7353 7371 I CouchbaseLite/DATABASE: {DB#21} Closing database
11-12 12:55:35.367 7353 7371 V CouchbaseLite/Test: testdb was closed successfully.
11-12 12:55:35.368 7353 7371 I CouchbaseLite/DATABASE: delete(): path=/data/data/com.couchbase.lite.test/files/CBLTestDb/testdb.cblite2
11-12 12:55:35.368 7353 7371 D CouchbaseLite/DATABASE: {N8litecore8DataFile6SharedE#14} adding DataFile 0x0
11-12 12:55:35.368 7353 7371 V CouchbaseLite/DATABASE: Preparing to delete DataFile /data/data/com.couchbase.lite.test/files/CBLTestDb/testdb.cblite2/db.sqlite3
11-12 12:55:35.368 7353 7371 I CouchbaseLite/DATABASE: Deleting database file /data/data/com.couchbase.lite.test/files/CBLTestDb/testdb.cblite2/db.sqlite3 (with -wal and -shm)
11-12 12:55:35.368 7353 7371 D CouchbaseLite/DATABASE: ...finished deleting database file /data/data/com.couchbase.lite.test/files/CBLTestDb/testdb.cblite2/db.sqlite3 (with -wal and -shm)
11-12 12:55:35.368 7353 7371 V CouchbaseLite/Test: testdb was deleted successfully.
11-12 12:55:35.368 7353 7371 I TestRunner: finished: testAddDouble(com.couchbase.lite.ArrayTest)
11-12 12:55:35.370 7353 7353 I MonitoringInstr: Activities that are still in CREATED to STOPPED: 0
11-12 12:55:35.370 7353 7371 I TestRunner: started: testSetGetFloatNumbers(com.couchbase.lite.ArrayTest)
11-12 12:55:35.371 7353 7353 I MonitoringInstr: Activities that are still in CREATED to STOPPED: 0
11-12 12:55:35.372 7353 7371 I CouchbaseLite/DATABASE: Opening Database{@276cdccc, name='testdb'} at path /data/data/com.couchbase.lite.test/files/CBLTestDb/testdb.cblite2
11-12 12:55:35.372 7353 7371 D CouchbaseLite/DATABASE: {N8litecore8DataFile6SharedE#14} adding DataFile 0x7fc02b04b340
11-12 12:55:35.372 7353 7371 I CouchbaseLite/DATABASE: {DB#22}==> N8litecore14SQLiteDataFileE /data/data/com.couchbase.lite.test/files/CBLTestDb/testdb.cblite2/db.sqlite3 @0x7fc02b04b340
11-12 12:55:35.372 7353 7371 I CouchbaseLite/DATABASE: {DB#22} Opening database
11-12 12:55:35.380 7353 7371 D CouchbaseLite/DATABASE: {DB#22} open KVS 'default'
11-12 12:55:35.380 7353 7371 D CouchbaseLite/DATABASE: {DB#22} open KVS 'info'
11-12 12:55:35.380 7353 7371 V CouchbaseLite/DATABASE: {DB#22} begin transaction
11-12 12:55:35.380 7353 7371 V CouchbaseLite/DATABASE: {DB#22} KeyStore(info) set versioning
11-12 12:55:35.381 7353 7371 V CouchbaseLite/DATABASE: {DB#22} KeyStore(info) set publicUUID
11-12 12:55:35.381 7353 7371 V CouchbaseLite/DATABASE: {DB#22} KeyStore(info) set privateUUID
11-12 12:55:35.381 7353 7371 V CouchbaseLite/DATABASE: {DB#22} commit transaction
11-12 12:55:35.381 7353 7371 V CouchbaseLite/DATABASE: {DB#22} Next expiration time is 0
11-12 12:55:35.381 7353 7371 V CouchbaseLite/DATABASE: No pending doc expirations
11-12 12:55:35.381 7353 7371 V CouchbaseLite/DATABASE: {DB#22} begin transaction
11-12 12:55:35.381 7353 7371 V CouchbaseLite/DATABASE: {DB#22} Saved 'doc1' rev #1-5dc4fc167f13ef161d5c47ee10a1bb485c0243a4 as seq 1
11-12 12:55:35.381 7353 7371 V CouchbaseLite/DATABASE: {DB#22} KeyStore(info) set SharedKeys
11-12 12:55:35.381 7353 7371 V CouchbaseLite/DATABASE: {DB#22} commit transaction
11-12 12:55:35.382 7353 7371 I CouchbaseLite/DATABASE: Closing Database{@276cdccc, name='testdb'} at path /data/data/com.couchbase.lite.test/files/CBLTestDb/testdb.cblite2/
11-12 12:55:35.382 7353 7371 V CouchbaseLite/DATABASE: {DB#22} Pre-close housekeeping: 0 of 6 pages free (0%)
11-12 12:55:35.386 7353 7371 V CouchbaseLite/DATABASE: {DB#22} Closed SQLite database
11-12 12:55:35.386 7353 7371 D CouchbaseLite/DATABASE: {N8litecore8DataFile6SharedE#14} Remove DataFile 0x7fc02b04b340
11-12 12:55:35.386 7353 7371 I CouchbaseLite/DATABASE: {DB#22} Closing database
11-12 12:55:35.386 7353 7371 V CouchbaseLite/Test: testdb was closed successfully.
11-12 12:55:35.386 7353 7371 I CouchbaseLite/DATABASE: delete(): path=/data/data/com.couchbase.lite.test/files/CBLTestDb/testdb.cblite2
11-12 12:55:35.386 7353 7371 D CouchbaseLite/DATABASE: {N8litecore8DataFile6SharedE#14} adding DataFile 0x0
11-12 12:55:35.386 7353 7371 V CouchbaseLite/DATABASE: Preparing to delete DataFile /data/data/com.couchbase.lite.test/files/CBLTestDb/testdb.cblite2/db.sqlite3
11-12 12:55:35.386 7353 7371 I CouchbaseLite/DATABASE: Deleting database file /data/data/com.couchbase.lite.test/files/CBLTestDb/testdb.cblite2/db.sqlite3 (with -wal and -shm)
11-12 12:55:35.386 7353 7371 D CouchbaseLite/DATABASE: ...finished deleting database file /data/data/com.couchbase.lite.test/files/CBLTestDb/testdb.cblite2/db.sqlite3 (with -wal and -shm)
11-12 12:55:35.387 7353 7371 V CouchbaseLite/Test: testdb was deleted successfully.
11-12 12:55:35.387 7353 7371 I TestRunner: finished: testSetGetFloatNumbers(com.couchbase.lite.ArrayTest)
11-12 12:55:35.389 7353 7353 I MonitoringInstr: Activities that are still in CREATED to STOPPED: 0
11-12 12:55:35.390 7353 7371 I TestRunner: started: testInsertLong(com.couchbase.lite.ArrayTest)
11-12 12:55:35.391 7353 7353 I MonitoringInstr: Activities that are still in CREATED to STOPPED: 0
11-12 12:55:35.392 7353 7371 I CouchbaseLite/DATABASE: Opening Database{@6685b15, name='testdb'} at path /data/data/com.couchbase.lite.test/files/CBLTestDb/testdb.cblite2
11-12 12:55:35.392 7353 7371 D CouchbaseLite/DATABASE: {N8litecore8DataFile6SharedE#14} adding DataFile 0x7fc02b04b840
11-12 12:55:35.392 7353 7371 I CouchbaseLite/DATABASE: {DB#23}==> N8litecore14SQLiteDataFileE /data/data/com.couchbase.lite.test/files/CBLTestDb/testdb.cblite2/db.sqlite3 @0x7fc02b04b840
11-12 12:55:35.392 7353 7371 I CouchbaseLite/DATABASE: {DB#23} Opening database
11-12 12:55:35.402 7353 7371 D CouchbaseLite/DATABASE: {DB#23} open KVS 'default'
11-12 12:55:35.403 7353 7371 D CouchbaseLite/DATABASE: {DB#23} open KVS 'info'
11-12 12:55:35.403 7353 7371 V CouchbaseLite/DATABASE: {DB#23} begin transaction
11-12 12:55:35.404 7353 7371 V CouchbaseLite/DATABASE: {DB#23} KeyStore(info) set versioning
11-12 12:55:35.404 7353 7371 V CouchbaseLite/DATABASE: {DB#23} KeyStore(info) set publicUUID
11-12 12:55:35.404 7353 7371 V CouchbaseLite/DATABASE: {DB#23} KeyStore(info) set privateUUID
11-12 12:55:35.404 7353 7371 V CouchbaseLite/DATABASE: {DB#23} commit transaction
11-12 12:55:35.404 7353 7371 V CouchbaseLite/DATABASE: {DB#23} Next expiration time is 0
11-12 12:55:35.404 7353 7371 V CouchbaseLite/DATABASE: No pending doc expirations
11-12 12:55:35.404 7353 7371 V CouchbaseLite/DATABASE: {DB#23} begin transaction
11-12 12:55:35.405 7353 7371 V CouchbaseLite/DATABASE: {DB#23} Saved 'test' rev #1-1a21b6e89cb25d35f3b9ebb073095871903eafb9 as seq 1
11-12 12:55:35.405 7353 7371 V CouchbaseLite/DATABASE: {DB#23} KeyStore(info) set SharedKeys
11-12 12:55:35.405 7353 7371 V CouchbaseLite/DATABASE: {DB#23} commit transaction
11-12 12:55:35.405 7353 7371 I CouchbaseLite/DATABASE: Closing Database{@6685b15, name='testdb'} at path /data/data/com.couchbase.lite.test/files/CBLTestDb/testdb.cblite2/
11-12 12:55:35.405 7353 7371 V CouchbaseLite/DATABASE: {DB#23} Pre-close housekeeping: 0 of 6 pages free (0%)
11-12 12:55:35.410 7353 7371 V CouchbaseLite/DATABASE: {DB#23} Closed SQLite database
11-12 12:55:35.410 7353 7371 D CouchbaseLite/DATABASE: {N8litecore8DataFile6SharedE#14} Remove DataFile 0x7fc02b04b840
11-12 12:55:35.410 7353 7371 I CouchbaseLite/DATABASE: {DB#23} Closing database
11-12 12:55:35.410 7353 7371 V CouchbaseLite/Test: testdb was closed successfully.
11-12 12:55:35.410 7353 7371 I CouchbaseLite/DATABASE: delete(): path=/data/data/com.couchbase.lite.test/files/CBLTestDb/testdb.cblite2
11-12 12:55:35.410 7353 7371 D CouchbaseLite/DATABASE: {N8litecore8DataFile6SharedE#14} adding DataFile 0x0
11-12 12:55:35.410 7353 7371 V CouchbaseLite/DATABASE: Preparing to delete DataFile /data/data/com.couchbase.lite.test/files/CBLTestDb/testdb.cblite2/db.sqlite3
11-12 12:55:35.410 7353 7371 I CouchbaseLite/DATABASE: Deleting database file /data/data/com.couchbase.lite.test/files/CBLTestDb/testdb.cblite2/db.sqlite3 (with -wal and -shm)
11-12 12:55:35.410 7353 7371 D CouchbaseLite/DATABASE: ...finished deleting database file /data/data/com.couchbase.lite.test/files/CBLTestDb/testdb.cblite2/db.sqlite3 (with -wal and -shm)
11-12 12:55:35.410 7353 7371 V CouchbaseLite/Test: testdb was deleted successfully.
11-12 12:55:35.410 7353 7371 I TestRunner: finished: testInsertLong(com.couchbase.lite.ArrayTest)
11-12 12:55:35.412 7353 7353 I MonitoringInstr: Activities that are still in CREATED to STOPPED: 0
11-12 12:55:35.413 7353 7371 I TestRunner: started: testInsertInt(com.couchbase.lite.ArrayTest)
11-12 12:55:35.414 7353 7353 I MonitoringInstr: Activities that are still in CREATED to STOPPED: 0
11-12 12:55:35.415 7353 7371 I CouchbaseLite/DATABASE: Opening Database{@d6d5e2a, name='testdb'} at path /data/data/com.couchbase.lite.test/files/CBLTestDb/testdb.cblite2
11-12 12:55:35.415 7353 7371 D CouchbaseLite/DATABASE: {N8litecore8DataFile6SharedE#14} adding DataFile 0x7fc02b04c100
11-12 12:55:35.415 7353 7371 I CouchbaseLite/DATABASE: {DB#24}==> N8litecore14SQLiteDataFileE /data/data/com.couchbase.lite.test/files/CBLTestDb/testdb.cblite2/db.sqlite3 @0x7fc02b04c100
11-12 12:55:35.415 7353 7371 I CouchbaseLite/DATABASE: {DB#24} Opening database
11-12 12:55:35.422 7353 7371 D CouchbaseLite/DATABASE: {DB#24} open KVS 'default'
11-12 12:55:35.423 7353 7371 D CouchbaseLite/DATABASE: {DB#24} open KVS 'info'
11-12 12:55:35.423 7353 7371 V CouchbaseLite/DATABASE: {DB#24} begin transaction
11-12 12:55:35.423 7353 7371 V CouchbaseLite/DATABASE: {DB#24} KeyStore(info) set versioning
11-12 12:55:35.423 7353 7371 V CouchbaseLite/DATABASE: {DB#24} KeyStore(info) set publicUUID
11-12 12:55:35.423 7353 7371 V CouchbaseLite/DATABASE: {DB#24} KeyStore(info) set privateUUID
11-12 12:55:35.424 7353 7371 V CouchbaseLite/DATABASE: {DB#24} commit transaction
11-12 12:55:35.424 7353 7371 V CouchbaseLite/DATABASE: {DB#24} Next expiration time is 0
11-12 12:55:35.424 7353 7371 V CouchbaseLite/DATABASE: No pending doc expirations
11-12 12:55:35.424 7353 7371 V CouchbaseLite/DATABASE: {DB#24} begin transaction
11-12 12:55:35.425 7353 7371 V CouchbaseLite/DATABASE: {DB#24} Saved 'test' rev #1-0cda0941ed2a22c75abca7aec37bf4ea4a7a358a as seq 1
11-12 12:55:35.425 7353 7371 V CouchbaseLite/DATABASE: {DB#24} KeyStore(info) set SharedKeys
11-12 12:55:35.425 7353 7371 V CouchbaseLite/DATABASE: {DB#24} commit transaction
11-12 12:55:35.425 7353 7371 I CouchbaseLite/DATABASE: Closing Database{@d6d5e2a, name='testdb'} at path /data/data/com.couchbase.lite.test/files/CBLTestDb/testdb.cblite2/
11-12 12:55:35.425 7353 7371 V CouchbaseLite/DATABASE: {DB#24} Pre-close housekeeping: 0 of 6 pages free (0%)
11-12 12:55:35.430 7353 7371 V CouchbaseLite/DATABASE: {DB#24} Closed SQLite database
11-12 12:55:35.430 7353 7371 D CouchbaseLite/DATABASE: {N8litecore8DataFile6SharedE#14} Remove DataFile 0x7fc02b04c100
11-12 12:55:35.430 7353 7371 I CouchbaseLite/DATABASE: {DB#24} Closing database
11-12 12:55:35.431 7353 7371 V CouchbaseLite/Test: testdb was closed successfully.
11-12 12:55:35.431 7353 7371 I CouchbaseLite/DATABASE: delete(): path=/data/data/com.couchbase.lite.test/files/CBLTestDb/testdb.cblite2
11-12 12:55:35.431 7353 7371 D CouchbaseLite/DATABASE: {N8litecore8DataFile6SharedE#14} adding DataFile 0x0
11-12 12:55:35.431 7353 7371 V CouchbaseLite/DATABASE: Preparing to delete DataFile /data/data/com.couchbase.lite.test/files/CBLTestDb/testdb.cblite2/db.sqlite3
11-12 12:55:35.431 7353 7371 I CouchbaseLite/DATABASE: Deleting database file /data/data/com.couchbase.lite.test/files/CBLTestDb/testdb.cblite2/db.sqlite3 (with -wal and -shm)
11-12 12:55:35.431 7353 7371 D CouchbaseLite/DATABASE: ...finished deleting database file /data/data/com.couchbase.lite.test/files/CBLTestDb/testdb.cblite2/db.sqlite3 (with -wal and -shm)
11-12 12:55:35.431 7353 7371 V CouchbaseLite/Test: testdb was deleted successfully.
11-12 12:55:35.431 7353 7371 I TestRunner: finished: testInsertInt(com.couchbase.lite.ArrayTest)
11-12 12:55:35.433 7353 7353 I MonitoringInstr: Activities that are still in CREATED to STOPPED: 0
11-12 12:55:35.433 7353 7371 I TestRunner: started: testGetBoolean(com.couchbase.lite.ArrayTest)
11-12 12:55:35.434 7353 7353 I MonitoringInstr: Activities that are still in CREATED to STOPPED: 0
11-12 12:55:35.435 7353 7371 I CouchbaseLite/DATABASE: Opening Database{@8be141b, name='testdb'} at path /data/data/com.couchbase.lite.test/files/CBLTestDb/testdb.cblite2
11-12 12:55:35.435 7353 7371 D CouchbaseLite/DATABASE: {N8litecore8DataFile6SharedE#14} adding DataFile 0x7fc02b04cc40
11-12 12:55:35.435 7353 7371 I CouchbaseLite/DATABASE: {DB#25}==> N8litecore14SQLiteDataFileE /data/data/com.couchbase.lite.test/files/CBLTestDb/testdb.cblite2/db.sqlite3 @0x7fc02b04cc40
11-12 12:55:35.435 7353 7371 I CouchbaseLite/DATABASE: {DB#25} Opening database
11-12 12:55:35.443 7353 7371 D CouchbaseLite/DATABASE: {DB#25} open KVS 'default'
11-12 12:55:35.443 7353 7371 D CouchbaseLite/DATABASE: {DB#25} open KVS 'info'
11-12 12:55:35.444 7353 7371 V CouchbaseLite/DATABASE: {DB#25} begin transaction
11-12 12:55:35.444 7353 7371 V CouchbaseLite/DATABASE: {DB#25} KeyStore(info) set versioning
11-12 12:55:35.444 7353 7371 V CouchbaseLite/DATABASE: {DB#25} KeyStore(info) set publicUUID
11-12 12:55:35.444 7353 7371 V CouchbaseLite/DATABASE: {DB#25} KeyStore(info) set privateUUID
11-12 12:55:35.444 7353 7371 V CouchbaseLite/DATABASE: {DB#25} commit transaction
11-12 12:55:35.445 7353 7371 V CouchbaseLite/DATABASE: {DB#25} Next expiration time is 0
11-12 12:55:35.445 7353 7371 V CouchbaseLite/DATABASE: No pending doc expirations
11-12 12:55:35.445 7353 7371 V CouchbaseLite/DATABASE: {DB#25} begin transaction
11-12 12:55:35.445 7353 7371 V CouchbaseLite/DATABASE: {DB#25} Saved 'doc0' rev #1-1b7e3ab3b2bec0c5adfcdaf67e45ffddb157fd30 as seq 1
11-12 12:55:35.446 7353 7371 V CouchbaseLite/DATABASE: {DB#25} KeyStore(info) set SharedKeys
11-12 12:55:35.446 7353 7371 V CouchbaseLite/DATABASE: {DB#25} commit transaction
11-12 12:55:35.446 7353 7371 V CouchbaseLite/DATABASE: {DB#25} begin transaction
11-12 12:55:35.446 7353 7371 V CouchbaseLite/DATABASE: {DB#25} Saved 'doc1' rev #1-1b7e3ab3b2bec0c5adfcdaf67e45ffddb157fd30 as seq 2
11-12 12:55:35.447 7353 7371 V CouchbaseLite/DATABASE: {DB#25} commit transaction
11-12 12:55:35.447 7353 7371 I CouchbaseLite/DATABASE: Closing Database{@8be141b, name='testdb'} at path /data/data/com.couchbase.lite.test/files/CBLTestDb/testdb.cblite2/
