11-12 12:55:35.736 7353 7371 V CouchbaseLite/DATABASE: {DB#37} Pre-close housekeeping: 0 of 6 pages free (0%)
11-12 12:55:35.742 7353 7371 V CouchbaseLite/DATABASE: {DB#37} Closed SQLite database
11-12 12:55:35.742 7353 7371 D CouchbaseLite/DATABASE: {N8litecore8DataFile6SharedE#14} Remove DataFile 0x7fc02b04abc0
11-12 12:55:35.742 7353 7371 I CouchbaseLite/DATABASE: {DB#37} Closing database
11-12 12:55:35.742 7353 7371 V CouchbaseLite/Test: testdb was closed successfully.
11-12 12:55:35.742 7353 7371 I CouchbaseLite/DATABASE: delete(): path=/data/data/com.couchbase.lite.test/files/CBLTestDb/testdb.cblite2
11-12 12:55:35.742 7353 7371 D CouchbaseLite/DATABASE: {N8litecore8DataFile6SharedE#14} adding DataFile 0x0
11-12 12:55:35.742 7353 7371 V CouchbaseLite/DATABASE: Preparing to delete DataFile /data/data/com.couchbase.lite.test/files/CBLTestDb/testdb.cblite2/db.sqlite3
11-12 12:55:35.742 7353 7371 I CouchbaseLite/DATABASE: Deleting database file /data/data/com.couchbase.lite.test/files/CBLTestDb/testdb.cblite2/db.sqlite3 (with -wal and -shm)
11-12 12:55:35.742 7353 7371 D CouchbaseLite/DATABASE: ...finished deleting database file /data/data/com.couchbase.lite.test/files/CBLTestDb/testdb.cblite2/db.sqlite3 (with -wal and -shm)
11-12 12:55:35.742 7353 7371 V CouchbaseLite/Test: testdb was deleted successfully.
11-12 12:55:35.743 7353 7371 I TestRunner: finished: testAddBoolean(com.couchbase.lite.ArrayTest)
11-12 12:55:35.746 7353 7353 I MonitoringInstr: Activities that are still in CREATED to STOPPED: 0
11-12 12:55:35.746 7353 7371 I TestRunner: started: testSetString(com.couchbase.lite.ArrayTest)
11-12 12:55:35.747 7353 7353 I MonitoringInstr: Activities that are still in CREATED to STOPPED: 0
11-12 12:55:35.748 7353 7371 I CouchbaseLite/DATABASE: Opening Database{@14573385, name='testdb'} at path /data/data/com.couchbase.lite.test/files/CBLTestDb/testdb.cblite2
11-12 12:55:35.748 7353 7371 D CouchbaseLite/DATABASE: {N8litecore8DataFile6SharedE#14} adding DataFile 0x7fc02b04b340
11-12 12:55:35.748 7353 7371 I CouchbaseLite/DATABASE: {DB#38}==> N8litecore14SQLiteDataFileE /data/data/com.couchbase.lite.test/files/CBLTestDb/testdb.cblite2/db.sqlite3 @0x7fc02b04b340
11-12 12:55:35.748 7353 7371 I CouchbaseLite/DATABASE: {DB#38} Opening database
11-12 12:55:35.759 7353 7371 D CouchbaseLite/DATABASE: {DB#38} open KVS 'default'
11-12 12:55:35.759 7353 7371 D CouchbaseLite/DATABASE: {DB#38} open KVS 'info'
11-12 12:55:35.759 7353 7371 V CouchbaseLite/DATABASE: {DB#38} begin transaction
11-12 12:55:35.759 7353 7371 V CouchbaseLite/DATABASE: {DB#38} KeyStore(info) set versioning
11-12 12:55:35.760 7353 7371 V CouchbaseLite/DATABASE: {DB#38} KeyStore(info) set publicUUID
11-12 12:55:35.760 7353 7371 V CouchbaseLite/DATABASE: {DB#38} KeyStore(info) set privateUUID
11-12 12:55:35.760 7353 7371 V CouchbaseLite/DATABASE: {DB#38} commit transaction
11-12 12:55:35.760 7353 7371 V CouchbaseLite/DATABASE: {DB#38} Next expiration time is 0
11-12 12:55:35.760 7353 7371 V CouchbaseLite/DATABASE: No pending doc expirations
11-12 12:55:35.760 7353 7371 V CouchbaseLite/DATABASE: {DB#38} begin transaction
11-12 12:55:35.760 7353 7371 V CouchbaseLite/DATABASE: {DB#38} Saved 'test' rev #1-5171da80c2d1ece9ae841f08e1ea9f574866f7c3 as seq 1
11-12 12:55:35.761 7353 7371 V CouchbaseLite/DATABASE: {DB#38} KeyStore(info) set SharedKeys
11-12 12:55:35.761 7353 7371 V CouchbaseLite/DATABASE: {DB#38} commit transaction
11-12 12:55:35.761 7353 7371 I CouchbaseLite/DATABASE: Closing Database{@14573385, name='testdb'} at path /data/data/com.couchbase.lite.test/files/CBLTestDb/testdb.cblite2/
11-12 12:55:35.761 7353 7371 V CouchbaseLite/DATABASE: {DB#38} Pre-close housekeeping: 0 of 6 pages free (0%)
11-12 12:55:35.765 7353 7371 V CouchbaseLite/DATABASE: {DB#38} Closed SQLite database
11-12 12:55:35.765 7353 7371 D CouchbaseLite/DATABASE: {N8litecore8DataFile6SharedE#14} Remove DataFile 0x7fc02b04b340
11-12 12:55:35.765 7353 7371 I CouchbaseLite/DATABASE: {DB#38} Closing database
11-12 12:55:35.765 7353 7371 V CouchbaseLite/Test: testdb was closed successfully.
11-12 12:55:35.765 7353 7371 I CouchbaseLite/DATABASE: delete(): path=/data/data/com.couchbase.lite.test/files/CBLTestDb/testdb.cblite2
11-12 12:55:35.765 7353 7371 D CouchbaseLite/DATABASE: {N8litecore8DataFile6SharedE#14} adding DataFile 0x0
11-12 12:55:35.765 7353 7371 V CouchbaseLite/DATABASE: Preparing to delete DataFile /data/data/com.couchbase.lite.test/files/CBLTestDb/testdb.cblite2/db.sqlite3
11-12 12:55:35.765 7353 7371 I CouchbaseLite/DATABASE: Deleting database file /data/data/com.couchbase.lite.test/files/CBLTestDb/testdb.cblite2/db.sqlite3 (with -wal and -shm)
11-12 12:55:35.766 7353 7371 D CouchbaseLite/DATABASE: ...finished deleting database file /data/data/com.couchbase.lite.test/files/CBLTestDb/testdb.cblite2/db.sqlite3 (with -wal and -shm)
11-12 12:55:35.766 7353 7371 V CouchbaseLite/Test: testdb was deleted successfully.
11-12 12:55:35.766 7353 7371 I TestRunner: finished: testSetString(com.couchbase.lite.ArrayTest)
11-12 12:55:35.768 7353 7353 I MonitoringInstr: Activities that are still in CREATED to STOPPED: 0
11-12 12:55:35.769 7353 7371 I TestRunner: started: testCreate(com.couchbase.lite.ArrayTest)
11-12 12:55:35.769 7353 7353 I MonitoringInstr: Activities that are still in CREATED to STOPPED: 0
11-12 12:55:35.770 7353 7371 I CouchbaseLite/DATABASE: Opening Database{@18b1a5da, name='testdb'} at path /data/data/com.couchbase.lite.test/files/CBLTestDb/testdb.cblite2
11-12 12:55:35.770 7353 7371 D CouchbaseLite/DATABASE: {N8litecore8DataFile6SharedE#14} adding DataFile 0x7fc02b04b840
11-12 12:55:35.770 7353 7371 I CouchbaseLite/DATABASE: {DB#39}==> N8litecore14SQLiteDataFileE /data/data/com.couchbase.lite.test/files/CBLTestDb/testdb.cblite2/db.sqlite3 @0x7fc02b04b840
11-12 12:55:35.770 7353 7371 I CouchbaseLite/DATABASE: {DB#39} Opening database
11-12 12:55:35.780 7353 7371 D CouchbaseLite/DATABASE: {DB#39} open KVS 'default'
11-12 12:55:35.781 7353 7371 D CouchbaseLite/DATABASE: {DB#39} open KVS 'info'
11-12 12:55:35.781 7353 7371 V CouchbaseLite/DATABASE: {DB#39} begin transaction
11-12 12:55:35.781 7353 7371 V CouchbaseLite/DATABASE: {DB#39} KeyStore(info) set versioning
11-12 12:55:35.781 7353 7371 V CouchbaseLite/DATABASE: {DB#39} KeyStore(info) set publicUUID
11-12 12:55:35.781 7353 7371 V CouchbaseLite/DATABASE: {DB#39} KeyStore(info) set privateUUID
11-12 12:55:35.781 7353 7371 V CouchbaseLite/DATABASE: {DB#39} commit transaction
11-12 12:55:35.782 7353 7371 V CouchbaseLite/DATABASE: {DB#39} Next expiration time is 0
11-12 12:55:35.782 7353 7371 V CouchbaseLite/DATABASE: No pending doc expirations
11-12 12:55:35.782 7353 7371 V CouchbaseLite/DATABASE: {DB#39} begin transaction
11-12 12:55:35.782 7353 7371 V CouchbaseLite/DATABASE: {DB#39} Saved 'doc1' rev #1-84f66606a9372292be3838dbd97cd563ee35fcc0 as seq 1
11-12 12:55:35.782 7353 7371 V CouchbaseLite/DATABASE: {DB#39} KeyStore(info) set SharedKeys
11-12 12:55:35.782 7353 7371 V CouchbaseLite/DATABASE: {DB#39} commit transaction
11-12 12:55:35.783 7353 7371 I CouchbaseLite/DATABASE: Closing Database{@18b1a5da, name='testdb'} at path /data/data/com.couchbase.lite.test/files/CBLTestDb/testdb.cblite2/
11-12 12:55:35.783 7353 7371 V CouchbaseLite/DATABASE: {DB#39} Pre-close housekeeping: 0 of 6 pages free (0%)
11-12 12:55:35.787 7353 7371 V CouchbaseLite/DATABASE: {DB#39} Closed SQLite database
11-12 12:55:35.787 7353 7371 D CouchbaseLite/DATABASE: {N8litecore8DataFile6SharedE#14} Remove DataFile 0x7fc02b04b840
11-12 12:55:35.787 7353 7371 I CouchbaseLite/DATABASE: {DB#39} Closing database
11-12 12:55:35.787 7353 7371 V CouchbaseLite/Test: testdb was closed successfully.
11-12 12:55:35.787 7353 7371 I CouchbaseLite/DATABASE: delete(): path=/data/data/com.couchbase.lite.test/files/CBLTestDb/testdb.cblite2
11-12 12:55:35.787 7353 7371 D CouchbaseLite/DATABASE: {N8litecore8DataFile6SharedE#14} adding DataFile 0x0
11-12 12:55:35.787 7353 7371 V CouchbaseLite/DATABASE: Preparing to delete DataFile /data/data/com.couchbase.lite.test/files/CBLTestDb/testdb.cblite2/db.sqlite3
11-12 12:55:35.787 7353 7371 I CouchbaseLite/DATABASE: Deleting database file /data/data/com.couchbase.lite.test/files/CBLTestDb/testdb.cblite2/db.sqlite3 (with -wal and -shm)
11-12 12:55:35.788 7353 7371 D CouchbaseLite/DATABASE: ...finished deleting database file /data/data/com.couchbase.lite.test/files/CBLTestDb/testdb.cblite2/db.sqlite3 (with -wal and -shm)
11-12 12:55:35.788 7353 7371 V CouchbaseLite/Test: testdb was deleted successfully.
11-12 12:55:35.788 7353 7371 I TestRunner: finished: testCreate(com.couchbase.lite.ArrayTest)
11-12 12:55:35.790 7353 7353 I MonitoringInstr: Activities that are still in CREATED to STOPPED: 0
11-12 12:55:35.791 7353 7371 I TestRunner: started: testEquals(com.couchbase.lite.ArrayTest)
11-12 12:55:35.792 7353 7353 I MonitoringInstr: Activities that are still in CREATED to STOPPED: 0
11-12 12:55:35.793 7353 7371 I CouchbaseLite/DATABASE: Opening Database{@4c83a0b, name='testdb'} at path /data/data/com.couchbase.lite.test/files/CBLTestDb/testdb.cblite2
11-12 12:55:35.793 7353 7371 D CouchbaseLite/DATABASE: {N8litecore8DataFile6SharedE#14} adding DataFile 0x7fc02b04be80
11-12 12:55:35.793 7353 7371 I CouchbaseLite/DATABASE: {DB#40}==> N8litecore14SQLiteDataFileE /data/data/com.couchbase.lite.test/files/CBLTestDb/testdb.cblite2/db.sqlite3 @0x7fc02b04be80
11-12 12:55:35.793 7353 7371 I CouchbaseLite/DATABASE: {DB#40} Opening database
11-12 12:55:35.802 7353 7371 D CouchbaseLite/DATABASE: {DB#40} open KVS 'default'
11-12 12:55:35.803 7353 7371 D CouchbaseLite/DATABASE: {DB#40} open KVS 'info'
11-12 12:55:35.803 7353 7371 V CouchbaseLite/DATABASE: {DB#40} begin transaction
11-12 12:55:35.803 7353 7371 V CouchbaseLite/DATABASE: {DB#40} KeyStore(info) set versioning
11-12 12:55:35.804 7353 7371 V CouchbaseLite/DATABASE: {DB#40} KeyStore(info) set publicUUID
11-12 12:55:35.804 7353 7371 V CouchbaseLite/DATABASE: {DB#40} KeyStore(info) set privateUUID
11-12 12:55:35.804 7353 7371 V CouchbaseLite/DATABASE: {DB#40} commit transaction
11-12 12:55:35.804 7353 7371 V CouchbaseLite/DATABASE: {DB#40} Next expiration time is 0
11-12 12:55:35.804 7353 7371 V CouchbaseLite/DATABASE: No pending doc expirations
11-12 12:55:35.804 7353 7371 V CouchbaseLite/DATABASE: {DB#40} begin transaction
11-12 12:55:35.805 7353 7371 V CouchbaseLite/DATABASE: {DB#40} Saved 'test' rev #1-6eee81302252f5f36ee40e3f3541d6da9fdab289 as seq 1
11-12 12:55:35.805 7353 7371 V CouchbaseLite/DATABASE: {DB#40} KeyStore(info) set SharedKeys
11-12 12:55:35.805 7353 7371 V CouchbaseLite/DATABASE: {DB#40} commit transaction
11-12 12:55:35.805 7353 7371 I CouchbaseLite/DATABASE: Closing Database{@4c83a0b, name='testdb'} at path /data/data/com.couchbase.lite.test/files/CBLTestDb/testdb.cblite2/
11-12 12:55:35.806 7353 7371 V CouchbaseLite/DATABASE: {DB#40} Pre-close housekeeping: 0 of 6 pages free (0%)
11-12 12:55:35.810 7353 7371 V CouchbaseLite/DATABASE: {DB#40} Closed SQLite database
11-12 12:55:35.810 7353 7371 D CouchbaseLite/DATABASE: {N8litecore8DataFile6SharedE#14} Remove DataFile 0x7fc02b04be80
11-12 12:55:35.810 7353 7371 I CouchbaseLite/DATABASE: {DB#40} Closing database
11-12 12:55:35.810 7353 7371 V CouchbaseLite/Test: testdb was closed successfully.
11-12 12:55:35.810 7353 7371 I CouchbaseLite/DATABASE: delete(): path=/data/data/com.couchbase.lite.test/files/CBLTestDb/testdb.cblite2
11-12 12:55:35.810 7353 7371 D CouchbaseLite/DATABASE: {N8litecore8DataFile6SharedE#14} adding DataFile 0x0
11-12 12:55:35.810 7353 7371 V CouchbaseLite/DATABASE: Preparing to delete DataFile /data/data/com.couchbase.lite.test/files/CBLTestDb/testdb.cblite2/db.sqlite3
11-12 12:55:35.810 7353 7371 I CouchbaseLite/DATABASE: Deleting database file /data/data/com.couchbase.lite.test/files/CBLTestDb/testdb.cblite2/db.sqlite3 (with -wal and -shm)
11-12 12:55:35.810 7353 7371 D CouchbaseLite/DATABASE: ...finished deleting database file /data/data/com.couchbase.lite.test/files/CBLTestDb/testdb.cblite2/db.sqlite3 (with -wal and -shm)
11-12 12:55:35.810 7353 7371 V CouchbaseLite/Test: testdb was deleted successfully.
11-12 12:55:35.811 7353 7371 I TestRunner: finished: testEquals(com.couchbase.lite.ArrayTest)
11-12 12:55:35.813 7353 7353 I MonitoringInstr: Activities that are still in CREATED to STOPPED: 0
11-12 12:55:35.813 7353 7371 I TestRunner: started: testGetNumber(com.couchbase.lite.ArrayTest)
11-12 12:55:35.815 7353 7353 I MonitoringInstr: Activities that are still in CREATED to STOPPED: 0
11-12 12:55:35.815 7353 7371 I CouchbaseLite/DATABASE: Opening Database{@3a7240e8, name='testdb'} at path /data/data/com.couchbase.lite.test/files/CBLTestDb/testdb.cblite2
11-12 12:55:35.815 7353 7371 D CouchbaseLite/DATABASE: {N8litecore8DataFile6SharedE#14} adding DataFile 0x7fc02b04c600
11-12 12:55:35.816 7353 7371 I CouchbaseLite/DATABASE: {DB#41}==> N8litecore14SQLiteDataFileE /data/data/com.couchbase.lite.test/files/CBLTestDb/testdb.cblite2/db.sqlite3 @0x7fc02b04c600
11-12 12:55:35.816 7353 7371 I CouchbaseLite/DATABASE: {DB#41} Opening database
11-12 12:55:35.824 7353 7371 D CouchbaseLite/DATABASE: {DB#41} open KVS 'default'
11-12 12:55:35.824 7353 7371 D CouchbaseLite/DATABASE: {DB#41} open KVS 'info'
11-12 12:55:35.825 7353 7371 V CouchbaseLite/DATABASE: {DB#41} begin transaction
11-12 12:55:35.825 7353 7371 V CouchbaseLite/DATABASE: {DB#41} KeyStore(info) set versioning
11-12 12:55:35.825 7353 7371 V CouchbaseLite/DATABASE: {DB#41} KeyStore(info) set publicUUID
11-12 12:55:35.825 7353 7371 V CouchbaseLite/DATABASE: {DB#41} KeyStore(info) set privateUUID
11-12 12:55:35.825 7353 7371 V CouchbaseLite/DATABASE: {DB#41} commit transaction
11-12 12:55:35.825 7353 7371 V CouchbaseLite/DATABASE: {DB#41} Next expiration time is 0
11-12 12:55:35.825 7353 7371 V CouchbaseLite/DATABASE: No pending doc expirations
11-12 12:55:35.826 7353 7371 V CouchbaseLite/DATABASE: {DB#41} begin transaction
11-12 12:55:35.826 7353 7371 V CouchbaseLite/DATABASE: {DB#41} Saved 'doc0' rev #1-1b7e3ab3b2bec0c5adfcdaf67e45ffddb157fd30 as seq 1
11-12 12:55:35.826 7353 7371 V CouchbaseLite/DATABASE: {DB#41} KeyStore(info) set SharedKeys
11-12 12:55:35.826 7353 7371 V CouchbaseLite/DATABASE: {DB#41} commit transaction
11-12 12:55:35.827 7353 7371 V CouchbaseLite/DATABASE: {DB#41} begin transaction
11-12 12:55:35.827 7353 7371 V CouchbaseLite/DATABASE: {DB#41} Saved 'doc1' rev #1-1b7e3ab3b2bec0c5adfcdaf67e45ffddb157fd30 as seq 2
11-12 12:55:35.827 7353 7371 V CouchbaseLite/DATABASE: {DB#41} commit transaction
11-12 12:55:35.828 7353 7371 I CouchbaseLite/DATABASE: Closing Database{@3a7240e8, name='testdb'} at path /data/data/com.couchbase.lite.test/files/CBLTestDb/testdb.cblite2/
11-12 12:55:35.828 7353 7371 V CouchbaseLite/DATABASE: {DB#41} Pre-close housekeeping: 0 of 6 pages free (0%)
11-12 12:55:35.832 7353 7371 V CouchbaseLite/DATABASE: {DB#41} Closed SQLite database
11-12 12:55:35.832 7353 7371 D CouchbaseLite/DATABASE: {N8litecore8DataFile6SharedE#14} Remove DataFile 0x7fc02b04c600
11-12 12:55:35.832 7353 7371 I CouchbaseLite/DATABASE: {DB#41} Closing database
11-12 12:55:35.832 7353 7371 V CouchbaseLite/Test: testdb was closed successfully.
11-12 12:55:35.832 7353 7371 I CouchbaseLite/DATABASE: delete(): path=/data/data/com.couchbase.lite.test/files/CBLTestDb/testdb.cblite2
11-12 12:55:35.833 7353 7371 D CouchbaseLite/DATABASE: {N8litecore8DataFile6SharedE#14} adding DataFile 0x0
11-12 12:55:35.833 7353 7371 V CouchbaseLite/DATABASE: Preparing to delete DataFile /data/data/com.couchbase.lite.test/files/CBLTestDb/testdb.cblite2/db.sqlite3
11-12 12:55:35.833 7353 7371 I CouchbaseLite/DATABASE: Deleting database file /data/data/com.couchbase.lite.test/files/CBLTestDb/testdb.cblite2/db.sqlite3 (with -wal and -shm)
11-12 12:55:35.833 7353 7371 D CouchbaseLite/DATABASE: ...finished deleting database file /data/data/com.couchbase.lite.test/files/CBLTestDb/testdb.cblite2/db.sqlite3 (with -wal and -shm)
11-12 12:55:35.833 7353 7371 V CouchbaseLite/Test: testdb was deleted successfully.
11-12 12:55:35.833 7353 7371 I TestRunner: finished: testGetNumber(com.couchbase.lite.ArrayTest)
11-12 12:55:35.835 7353 7353 I MonitoringInstr: Activities that are still in CREATED to STOPPED: 0
11-12 12:55:35.836 7353 7371 I TestRunner: started: testInsertDouble(com.couchbase.lite.ArrayTest)
11-12 12:55:35.837 7353 7353 I MonitoringInstr: Activities that are still in CREATED to STOPPED: 0
11-12 12:55:35.837 7353 7371 I CouchbaseLite/DATABASE: Opening Database{@ddc8301, name='testdb'} at path /data/data/com.couchbase.lite.test/files/CBLTestDb/testdb.cblite2
11-12 12:55:35.837 7353 7371 D CouchbaseLite/DATABASE: {N8litecore8DataFile6SharedE#14} adding DataFile 0x7fc02b04cb00
11-12 12:55:35.837 7353 7371 I CouchbaseLite/DATABASE: {DB#42}==> N8litecore14SQLiteDataFileE /data/data/com.couchbase.lite.test/files/CBLTestDb/testdb.cblite2/db.sqlite3 @0x7fc02b04cb00
11-12 12:55:35.837 7353 7371 I CouchbaseLite/DATABASE: {DB#42} Opening database
11-12 12:55:35.845 7353 7371 D CouchbaseLite/DATABASE: {DB#42} open KVS 'default'
11-12 12:55:35.845 7353 7371 D CouchbaseLite/DATABASE: {DB#42} open KVS 'info'
11-12 12:55:35.845 7353 7371 V CouchbaseLite/DATABASE: {DB#42} begin transaction
11-12 12:55:35.845 7353 7371 V CouchbaseLite/DATABASE: {DB#42} KeyStore(info) set versioning
11-12 12:55:35.846 7353 7371 V CouchbaseLite/DATABASE: {DB#42} KeyStore(info) set publicUUID
11-12 12:55:35.846 7353 7371 V CouchbaseLite/DATABASE: {DB#42} KeyStore(info) set privateUUID
11-12 12:55:35.846 7353 7371 V CouchbaseLite/DATABASE: {DB#42} commit transaction
11-12 12:55:35.846 7353 7371 V CouchbaseLite/DATABASE: {DB#42} Next expiration time is 0
11-12 12:55:35.846 7353 7371 V CouchbaseLite/DATABASE: No pending doc expirations
11-12 12:55:35.846 7353 7371 V CouchbaseLite/DATABASE: {DB#42} begin transaction
11-12 12:55:35.846 7353 7371 V CouchbaseLite/DATABASE: {DB#42} Saved 'test' rev #1-ffa25f4385327bbc138afa74b4de3696b97473d7 as seq 1
11-12 12:55:35.846 7353 7371 V CouchbaseLite/DATABASE: {DB#42} KeyStore(info) set SharedKeys
11-12 12:55:35.846 7353 7371 V CouchbaseLite/DATABASE: {DB#42} commit transaction
11-12 12:55:35.847 7353 7371 I CouchbaseLite/DATABASE: Closing Database{@ddc8301, name='testdb'} at path /data/data/com.couchbase.lite.test/files/CBLTestDb/testdb.cblite2/
11-12 12:55:35.847 7353 7371 V CouchbaseLite/DATABASE: {DB#42} Pre-close housekeeping: 0 of 6 pages free (0%)
11-12 12:55:35.850 7353 7371 V CouchbaseLite/DATABASE: {DB#42} Closed SQLite database
11-12 12:55:35.851 7353 7371 D CouchbaseLite/DATABASE: {N8litecore8DataFile6SharedE#14} Remove DataFile 0x7fc02b04cb00
11-12 12:55:35.851 7353 7371 I CouchbaseLite/DATABASE: {DB#42} Closing database
11-12 12:55:35.851 7353 7371 V CouchbaseLite/Test: testdb was closed successfully.
11-12 12:55:35.851 7353 7371 I CouchbaseLite/DATABASE: delete(): path=/data/data/com.couchbase.lite.test/files/CBLTestDb/testdb.cblite2
11-12 12:55:35.851 7353 7371 D CouchbaseLite/DATABASE: {N8litecore8DataFile6SharedE#14} adding DataFile 0x0
11-12 12:55:35.851 7353 7371 V CouchbaseLite/DATABASE: Preparing to delete DataFile /data/data/com.couchbase.lite.test/files/CBLTestDb/testdb.cblite2/db.sqlite3
11-12 12:55:35.851 7353 7371 I CouchbaseLite/DATABASE: Deleting database file /data/data/com.couchbase.lite.test/files/CBLTestDb/testdb.cblite2/db.sqlite3 (with -wal and -shm)
11-12 12:55:35.851 7353 7371 D CouchbaseLite/DATABASE: ...finished deleting database file /data/data/com.couchbase.lite.test/files/CBLTestDb/testdb.cblite2/db.sqlite3 (with -wal and -shm)
11-12 12:55:35.851 7353 7371 V CouchbaseLite/Test: testdb was deleted successfully.
11-12 12:55:35.851 7353 7371 I TestRunner: finished: testInsertDouble(com.couchbase.lite.ArrayTest)
11-12 12:55:35.854 7353 7353 I MonitoringInstr: Activities that are still in CREATED to STOPPED: 0
11-12 12:55:35.854 7353 7371 I TestRunner: started: testGetMap(com.couchbase.lite.ArrayTest)
11-12 12:55:35.855 7353 7353 I MonitoringInstr: Activities that are still in CREATED to STOPPED: 0
11-12 12:55:35.856 7353 7371 I CouchbaseLite/DATABASE: Opening Database{@2a9445a6, name='testdb'} at path /data/data/com.couchbase.lite.test/files/CBLTestDb/testdb.cblite2
11-12 12:55:35.856 7353 7371 D CouchbaseLite/DATABASE: {N8litecore8DataFile6SharedE#14} adding DataFile 0x7fc02b25f140
11-12 12:55:35.856 7353 7371 I CouchbaseLite/DATABASE: {DB#43}==> N8litecore14SQLiteDataFileE /data/data/com.couchbase.lite.test/files/CBLTestDb/testdb.cblite2/db.sqlite3 @0x7fc02b25f140
11-12 12:55:35.856 7353 7371 I CouchbaseLite/DATABASE: {DB#43} Opening database
11-12 12:55:35.863 7353 7371 D CouchbaseLite/DATABASE: {DB#43} open KVS 'default'
11-12 12:55:35.863 7353 7371 D CouchbaseLite/DATABASE: {DB#43} open KVS 'info'
11-12 12:55:35.863 7353 7371 V CouchbaseLite/DATABASE: {DB#43} begin transaction
11-12 12:55:35.864 7353 7371 V CouchbaseLite/DATABASE: {DB#43} KeyStore(info) set versioning
11-12 12:55:35.864 7353 7371 V CouchbaseLite/DATABASE: {DB#43} KeyStore(info) set publicUUID
11-12 12:55:35.864 7353 7371 V CouchbaseLite/DATABASE: {DB#43} KeyStore(info) set privateUUID
11-12 12:55:35.864 7353 7371 V CouchbaseLite/DATABASE: {DB#43} commit transaction
11-12 12:55:35.864 7353 7371 V CouchbaseLite/DATABASE: {DB#43} Next expiration time is 0
11-12 12:55:35.864 7353 7371 V CouchbaseLite/DATABASE: No pending doc expirations
11-12 12:55:35.865 7353 7371 V CouchbaseLite/DATABASE: {DB#43} begin transaction
11-12 12:55:35.865 7353 7371 V CouchbaseLite/DATABASE: {DB#43} Saved 'doc0' rev #1-1b7e3ab3b2bec0c5adfcdaf67e45ffddb157fd30 as seq 1
11-12 12:55:35.865 7353 7371 V CouchbaseLite/DATABASE: {DB#43} KeyStore(info) set SharedKeys
11-12 12:55:35.865 7353 7371 V CouchbaseLite/DATABASE: {DB#43} commit transaction
11-12 12:55:35.866 7353 7371 V CouchbaseLite/DATABASE: {DB#43} begin transaction
11-12 12:55:35.866 7353 7371 V CouchbaseLite/DATABASE: {DB#43} Saved 'doc1' rev #1-1b7e3ab3b2bec0c5adfcdaf67e45ffddb157fd30 as seq 2
11-12 12:55:35.866 7353 7371 V CouchbaseLite/DATABASE: {DB#43} commit transaction
11-12 12:55:35.867 7353 7371 I CouchbaseLite/DATABASE: Closing Database{@2a9445a6, name='testdb'} at path /data/data/com.couchbase.lite.test/files/CBLTestDb/testdb.cblite2/
11-12 12:55:35.867 7353 7371 V CouchbaseLite/DATABASE: {DB#43} Pre-close housekeeping: 0 of 6 pages free (0%)
11-12 12:55:35.870 7353 7371 V CouchbaseLite/DATABASE: {DB#43} Closed SQLite database
11-12 12:55:35.870 7353 7371 D CouchbaseLite/DATABASE: {N8litecore8DataFile6SharedE#14} Remove DataFile 0x7fc02b25f140
11-12 12:55:35.870 7353 7371 I CouchbaseLite/DATABASE: {DB#43} Closing database
11-12 12:55:35.870 7353 7371 V CouchbaseLite/Test: testdb was closed successfully.
11-12 12:55:35.870 7353 7371 I CouchbaseLite/DATABASE: delete(): path=/data/data/com.couchbase.lite.test/files/CBLTestDb/testdb.cblite2
11-12 12:55:35.870 7353 7371 D CouchbaseLite/DATABASE: {N8litecore8DataFile6SharedE#14} adding DataFile 0x0
11-12 12:55:35.870 7353 7371 V CouchbaseLite/DATABASE: Preparing to delete DataFile /data/data/com.couchbase.lite.test/files/CBLTestDb/testdb.cblite2/db.sqlite3
11-12 12:55:35.870 7353 7371 I CouchbaseLite/DATABASE: Deleting database file /data/data/com.couchbase.lite.test/files/CBLTestDb/testdb.cblite2/db.sqlite3 (with -wal and -shm)
11-12 12:55:35.871 7353 7371 D CouchbaseLite/DATABASE: ...finished deleting database file /data/data/com.couchbase.lite.test/files/CBLTestDb/testdb.cblite2/db.sqlite3 (with -wal and -shm)
11-12 12:55:35.871 7353 7371 V CouchbaseLite/Test: testdb was deleted successfully.
11-12 12:55:35.871 7353 7371 I TestRunner: finished: testGetMap(com.couchbase.lite.ArrayTest)
11-12 12:55:35.872 7353 7353 I MonitoringInstr: Activities that are still in CREATED to STOPPED: 0
11-12 12:55:35.873 7353 7371 I TestRunner: started: testInsertBoolean(com.couchbase.lite.ArrayTest)
11-12 12:55:35.874 7353 7353 I MonitoringInstr: Activities that are still in CREATED to STOPPED: 0
11-12 12:55:35.875 7353 7371 I CouchbaseLite/DATABASE: Opening Database{@12be6be7, name='testdb'} at path /data/data/com.couchbase.lite.test/files/CBLTestDb/testdb.cblite2
11-12 12:55:35.875 7353 7371 D CouchbaseLite/DATABASE: {N8litecore8DataFile6SharedE#14} adding DataFile 0x7fc02b25f640
11-12 12:55:35.875 7353 7371 I CouchbaseLite/DATABASE: {DB#44}==> N8litecore14SQLiteDataFileE /data/data/com.couchbase.lite.test/files/CBLTestDb/testdb.cblite2/db.sqlite3 @0x7fc02b25f640
11-12 12:55:35.875 7353 7371 I CouchbaseLite/DATABASE: {DB#44} Opening database
11-12 12:55:35.883 7353 7371 D CouchbaseLite/DATABASE: {DB#44} open KVS 'default'
11-12 12:55:35.883 7353 7371 D CouchbaseLite/DATABASE: {DB#44} open KVS 'info'
11-12 12:55:35.883 7353 7371 V CouchbaseLite/DATABASE: {DB#44} begin transaction
11-12 12:55:35.883 7353 7371 V CouchbaseLite/DATABASE: {DB#44} KeyStore(info) set versioning
11-12 12:55:35.884 7353 7371 V CouchbaseLite/DATABASE: {DB#44} KeyStore(info) set publicUUID
11-12 12:55:35.884 7353 7371 V CouchbaseLite/DATABASE: {DB#44} KeyStore(info) set privateUUID
11-12 12:55:35.884 7353 7371 V CouchbaseLite/DATABASE: {DB#44} commit transaction
11-12 12:55:35.884 7353 7371 V CouchbaseLite/DATABASE: {DB#44} Next expiration time is 0
11-12 12:55:35.884 7353 7371 V CouchbaseLite/DATABASE: No pending doc expirations
11-12 12:55:35.884 7353 7371 V CouchbaseLite/DATABASE: {DB#44} begin transaction
11-12 12:55:35.884 7353 7371 V CouchbaseLite/DATABASE: {DB#44} Saved 'test' rev #1-90b018f8e1c430cfaa0c7dbc7d5cab46fdf95a71 as seq 1
11-12 12:55:35.884 7353 7371 V CouchbaseLite/DATABASE: {DB#44} KeyStore(info) set SharedKeys
11-12 12:55:35.884 7353 7371 V CouchbaseLite/DATABASE: {DB#44} commit transaction
11-12 12:55:35.885 7353 7371 I CouchbaseLite/DATABASE: Closing Database{@12be6be7, name='testdb'} at path /data/data/com.couchbase.lite.test/files/CBLTestDb/testdb.cblite2/
11-12 12:55:35.885 7353 7371 V CouchbaseLite/DATABASE: {DB#44} Pre-close housekeeping: 0 of 6 pages free (0%)
11-12 12:55:35.888 7353 7371 V CouchbaseLite/DATABASE: {DB#44} Closed SQLite database
11-12 12:55:35.888 7353 7371 D CouchbaseLite/DATABASE: {N8litecore8DataFile6SharedE#14} Remove DataFile 0x7fc02b25f640
11-12 12:55:35.888 7353 7371 I CouchbaseLite/DATABASE: {DB#44} Closing database
11-12 12:55:35.888 7353 7371 V CouchbaseLite/Test: testdb was closed successfully.
11-12 12:55:35.888 7353 7371 I CouchbaseLite/DATABASE: delete(): path=/data/data/com.couchbase.lite.test/files/CBLTestDb/testdb.cblite2
11-12 12:55:35.888 7353 7371 D CouchbaseLite/DATABASE: {N8litecore8DataFile6SharedE#14} adding DataFile 0x0
11-12 12:55:35.888 7353 7371 V CouchbaseLite/DATABASE: Preparing to delete DataFile /data/data/com.couchbase.lite.test/files/CBLTestDb/testdb.cblite2/db.sqlite3
11-12 12:55:35.888 7353 7371 I CouchbaseLite/DATABASE: Deleting database file /data/data/com.couchbase.lite.test/files/CBLTestDb/testdb.cblite2/db.sqlite3 (with -wal and -shm)
11-12 12:55:35.888 7353 7371 D CouchbaseLite/DATABASE: ...finished deleting database file /data/data/com.couchbase.lite.test/files/CBLTestDb/testdb.cblite2/db.sqlite3 (with -wal and -shm)
11-12 12:55:35.888 7353 7371 V CouchbaseLite/Test: testdb was deleted successfully.
11-12 12:55:35.888 7353 7371 I TestRunner: finished: testInsertBoolean(com.couchbase.lite.ArrayTest)
11-12 12:55:35.891 7353 7353 I MonitoringInstr: Activities that are still in CREATED to STOPPED: 0
11-12 12:55:35.892 7353 7371 I TestRunner: started: testReplaceArray(com.couchbase.lite.ArrayTest)
11-12 12:55:35.892 7353 7353 I MonitoringInstr: Activities that are still in CREATED to STOPPED: 0
11-12 12:55:35.893 7353 7371 I CouchbaseLite/DATABASE: Opening Database{@1b9e8394, name='testdb'} at path /data/data/com.couchbase.lite.test/files/CBLTestDb/testdb.cblite2
11-12 12:55:35.893 7353 7371 D CouchbaseLite/DATABASE: {N8litecore8DataFile6SharedE#14} adding DataFile 0x7fc02b25fb40
11-12 12:55:35.893 7353 7371 I CouchbaseLite/DATABASE: {DB#45}==> N8litecore14SQLiteDataFileE /data/data/com.couchbase.lite.test/files/CBLTestDb/testdb.cblite2/db.sqlite3 @0x7fc02b25fb40
11-12 12:55:35.893 7353 7371 I CouchbaseLite/DATABASE: {DB#45} Opening database
11-12 12:55:35.900 7353 7371 D CouchbaseLite/DATABASE: {DB#45} open KVS 'default'
11-12 12:55:35.900 7353 7371 D CouchbaseLite/DATABASE: {DB#45} open KVS 'info'
11-12 12:55:35.900 7353 7371 V CouchbaseLite/DATABASE: {DB#45} begin transaction
11-12 12:55:35.901 7353 7371 V CouchbaseLite/DATABASE: {DB#45} KeyStore(info) set versioning
11-12 12:55:35.901 7353 7371 V CouchbaseLite/DATABASE: {DB#45} KeyStore(info) set publicUUID
11-12 12:55:35.901 7353 7371 V CouchbaseLite/DATABASE: {DB#45} KeyStore(info) set privateUUID
11-12 12:55:35.901 7353 7371 V CouchbaseLite/DATABASE: {DB#45} commit transaction
11-12 12:55:35.901 7353 7371 V CouchbaseLite/DATABASE: {DB#45} Next expiration time is 0
11-12 12:55:35.902 7353 7371 V CouchbaseLite/DATABASE: No pending doc expirations
11-12 12:55:35.902 7353 7371 V CouchbaseLite/DATABASE: {DB#45} begin transaction
11-12 12:55:35.902 7353 7371 V CouchbaseLite/DATABASE: {DB#45} Saved 'doc1' rev #1-195b6412ceb8482ec891842b4923919d0b9c874c as seq 1
11-12 12:55:35.902 7353 7371 V CouchbaseLite/DATABASE: {DB#45} KeyStore(info) set SharedKeys
11-12 12:55:35.902 7353 7371 V CouchbaseLite/DATABASE: {DB#45} commit transaction
11-12 12:55:35.903 7353 7371 I CouchbaseLite/DATABASE: Closing Database{@1b9e8394, name='testdb'} at path /data/data/com.couchbase.lite.test/files/CBLTestDb/testdb.cblite2/
11-12 12:55:35.903 7353 7371 V CouchbaseLite/DATABASE: {DB#45} Pre-close housekeeping: 0 of 6 pages free (0%)
11-12 12:55:35.908 7353 7371 V CouchbaseLite/DATABASE: {DB#45} Closed SQLite database
11-12 12:55:35.908 7353 7371 D CouchbaseLite/DATABASE: {N8litecore8DataFile6SharedE#14} Remove DataFile 0x7fc02b25fb40
11-12 12:55:35.908 7353 7371 I CouchbaseLite/DATABASE: {DB#45} Closing database
11-12 12:55:35.908 7353 7371 V CouchbaseLite/Test: testdb was closed successfully.
11-12 12:55:35.908 7353 7371 I CouchbaseLite/DATABASE: delete(): path=/data/data/com.couchbase.lite.test/files/CBLTestDb/testdb.cblite2
11-12 12:55:35.908 7353 7371 D CouchbaseLite/DATABASE: {N8litecore8DataFile6SharedE#14} adding DataFile 0x0
11-12 12:55:35.908 7353 7371 V CouchbaseLite/DATABASE: Preparing to delete DataFile /data/data/com.couchbase.lite.test/files/CBLTestDb/testdb.cblite2/db.sqlite3
11-12 12:55:35.908 7353 7371 I CouchbaseLite/DATABASE: Deleting database file /data/data/com.couchbase.lite.test/files/CBLTestDb/testdb.cblite2/db.sqlite3 (with -wal and -shm)
11-12 12:55:35.908 7353 7371 D CouchbaseLite/DATABASE: ...finished deleting database file /data/data/com.couchbase.lite.test/files/CBLTestDb/testdb.cblite2/db.sqlite3 (with -wal and -shm)
11-12 12:55:35.908 7353 7371 V CouchbaseLite/Test: testdb was deleted successfully.
11-12 12:55:35.908 7353 7371 I TestRunner: finished: testReplaceArray(com.couchbase.lite.ArrayTest)
11-12 12:55:35.910 7353 7353 I MonitoringInstr: Activities that are still in CREATED to STOPPED: 0
11-12 12:55:35.911 7353 7371 I TestRunner: started: testGetString(com.couchbase.lite.ArrayTest)
11-12 12:55:35.911 7353 7365 D CouchbaseLite/DATABASE: {N8litecore8DataFile6SharedE#14} Remove DataFile 0x7fc02b25fb40
11-12 12:55:35.911 7353 7365 D CouchbaseLite/DATABASE: {N8litecore8DataFile6SharedE#14} Remove DataFile 0x7fc02b25fb40
11-12 12:55:35.911 7353 7365 D CouchbaseLite/DATABASE: {DB#45} destructing (~DataFile)
11-12 12:55:35.911 7353 7365 D CouchbaseLite/DATABASE: {N8litecore8DataFile6SharedE#14} Remove DataFile 0x7fc02b25fb40
11-12 12:55:35.912 7353 7353 I MonitoringInstr: Activities that are still in CREATED to STOPPED: 0
11-12 12:55:35.912 7353 7365 D CouchbaseLite/DATABASE: {N8litecore8DataFile6SharedE#14} Remove DataFile 0x7fc02b25f640
11-12 12:55:35.912 7353 7365 D CouchbaseLite/DATABASE: {N8litecore8DataFile6SharedE#14} Remove DataFile 0x7fc02b25f640
11-12 12:55:35.912 7353 7365 D CouchbaseLite/DATABASE: {DB#44} destructing (~DataFile)
11-12 12:55:35.912 7353 7365 D CouchbaseLite/DATABASE: {N8litecore8DataFile6SharedE#14} Remove DataFile 0x7fc02b25f640
11-12 12:55:35.913 7353 7371 I CouchbaseLite/DATABASE: Opening Database{@270d4e3d, name='testdb'} at path /data/data/com.couchbase.lite.test/files/CBLTestDb/testdb.cblite2
11-12 12:55:35.913 7353 7371 D CouchbaseLite/DATABASE: {N8litecore8DataFile6SharedE#14} adding DataFile 0x7fc02b2607c0
11-12 12:55:35.913 7353 7371 I CouchbaseLite/DATABASE: {DB#46}==> N8litecore14SQLiteDataFileE /data/data/com.couchbase.lite.test/files/CBLTestDb/testdb.cblite2/db.sqlite3 @0x7fc02b2607c0
11-12 12:55:35.913 7353 7371 I CouchbaseLite/DATABASE: {DB#46} Opening database
11-12 12:55:35.914 7353 7365 D CouchbaseLite/DATABASE: {N8litecore8DataFile6SharedE#14} Remove DataFile 0x7fc02b260040
11-12 12:55:35.914 7353 7365 D CouchbaseLite/DATABASE: {N8litecore8DataFile6SharedE#14} Remove DataFile 0x7fc02b260040
11-12 12:55:35.914 7353 7365 D CouchbaseLite/DATABASE: {DB#30} destructing (~DataFile)
11-12 12:55:35.914 7353 7365 D CouchbaseLite/DATABASE: {N8litecore8DataFile6SharedE#14} Remove DataFile 0x7fc02b260040
11-12 12:55:35.916 7353 7365 D CouchbaseLite/DATABASE: {N8litecore8DataFile6SharedE#14} Remove DataFile 0x7fc02b260680
11-12 12:55:35.916 7353 7365 D CouchbaseLite/DATABASE: {N8litecore8DataFile6SharedE#14} Remove DataFile 0x7fc02b260680
11-12 12:55:35.916 7353 7365 D CouchbaseLite/DATABASE: {DB#31} destructing (~DataFile)
11-12 12:55:35.916 7353 7365 D CouchbaseLite/DATABASE: {N8litecore8DataFile6SharedE#14} Remove DataFile 0x7fc02b260680
11-12 12:55:35.917 7353 7365 D CouchbaseLite/DATABASE: {N8litecore8DataFile6SharedE#14} Remove DataFile 0x7fc02b25f140
11-12 12:55:35.917 7353 7365 D CouchbaseLite/DATABASE: {N8litecore8DataFile6SharedE#14} Remove DataFile 0x7fc02b25f140
11-12 12:55:35.917 7353 7365 D CouchbaseLite/DATABASE: {DB#43} destructing (~DataFile)
11-12 12:55:35.917 7353 7365 D CouchbaseLite/DATABASE: {N8litecore8DataFile6SharedE#14} Remove DataFile 0x7fc02b25f140
11-12 12:55:35.919 7353 7365 D CouchbaseLite/DATABASE: {N8litecore8DataFile6SharedE#14} Remove DataFile 0x7fc02b04cb00
11-12 12:55:35.919 7353 7365 D CouchbaseLite/DATABASE: {N8litecore8DataFile6SharedE#14} Remove DataFile 0x7fc02b04cb00
11-12 12:55:35.919 7353 7365 D CouchbaseLite/DATABASE: {DB#42} destructing (~DataFile)
11-12 12:55:35.919 7353 7365 D CouchbaseLite/DATABASE: {N8litecore8DataFile6SharedE#14} Remove DataFile 0x7fc02b04cb00
11-12 12:55:35.921 7353 7365 D CouchbaseLite/DATABASE: {N8litecore8DataFile6SharedE#14} Remove DataFile 0x7fc02b260b80
11-12 12:55:35.921 7353 7365 D CouchbaseLite/DATABASE: {N8litecore8DataFile6SharedE#14} Remove DataFile 0x7fc02b260b80
11-12 12:55:35.921 7353 7365 D CouchbaseLite/DATABASE: {DB#32} destructing (~DataFile)
11-12 12:55:35.921 7353 7365 D CouchbaseLite/DATABASE: {N8litecore8DataFile6SharedE#14} Remove DataFile 0x7fc02b260b80
11-12 12:55:35.922 7353 7365 D CouchbaseLite/DATABASE: {N8litecore8DataFile6SharedE#14} Remove DataFile 0x7fc02b260a40
11-12 12:55:35.922 7353 7365 D CouchbaseLite/DATABASE: {N8litecore8DataFile6SharedE#14} Remove DataFile 0x7fc02b260a40
11-12 12:55:35.922 7353 7365 D CouchbaseLite/DATABASE: {DB#33} destructing (~DataFile)
11-12 12:55:35.923 7353 7365 D CouchbaseLite/DATABASE: {N8litecore8DataFile6SharedE#14} Remove DataFile 0x7fc02b260a40
11-12 12:55:35.924 7353 7365 D CouchbaseLite/DATABASE: {N8litecore8DataFile6SharedE#14} Remove DataFile 0x7fc02b04c600
11-12 12:55:35.924 7353 7365 D CouchbaseLite/DATABASE: {N8litecore8DataFile6SharedE#14} Remove DataFile 0x7fc02b04c600
11-12 12:55:35.924 7353 7365 D CouchbaseLite/DATABASE: {DB#41} destructing (~DataFile)
11-12 12:55:35.924 7353 7365 D CouchbaseLite/DATABASE: {N8litecore8DataFile6SharedE#14} Remove DataFile 0x7fc02b04c600
11-12 12:55:35.926 7353 7371 D CouchbaseLite/DATABASE: {DB#46} open KVS 'default'
11-12 12:55:35.926 7353 7365 D CouchbaseLite/DATABASE: {N8litecore8DataFile6SharedE#14} Remove DataFile 0x7fc02b049680
11-12 12:55:35.926 7353 7365 D CouchbaseLite/DATABASE: {N8litecore8DataFile6SharedE#14} Remove DataFile 0x7fc02b049680
11-12 12:55:35.926 7353 7365 D CouchbaseLite/DATABASE: {DB#34} destructing (~DataFile)
11-12 12:55:35.926 7353 7365 D CouchbaseLite/DATABASE: {N8litecore8DataFile6SharedE#14} Remove DataFile 0x7fc02b049680
11-12 12:55:35.927 7353 7371 D CouchbaseLite/DATABASE: {DB#46} open KVS 'info'
11-12 12:55:35.927 7353 7365 D CouchbaseLite/DATABASE: {N8litecore8DataFile6SharedE#14} Remove DataFile 0x7fc02b04be80
11-12 12:55:35.927 7353 7365 D CouchbaseLite/DATABASE: {N8litecore8DataFile6SharedE#14} Remove DataFile 0x7fc02b04be80
11-12 12:55:35.927 7353 7365 D CouchbaseLite/DATABASE: {DB#40} destructing (~DataFile)
11-12 12:55:35.927 7353 7365 D CouchbaseLite/DATABASE: {N8litecore8DataFile6SharedE#14} Remove DataFile 0x7fc02b04be80
11-12 12:55:35.927 7353 7371 V CouchbaseLite/DATABASE: {DB#46} begin transaction
11-12 12:55:35.927 7353 7371 V CouchbaseLite/DATABASE: {DB#46} KeyStore(info) set versioning
11-12 12:55:35.928 7353 7371 V CouchbaseLite/DATABASE: {DB#46} KeyStore(info) set publicUUID
11-12 12:55:35.928 7353 7371 V CouchbaseLite/DATABASE: {DB#46} KeyStore(info) set privateUUID
11-12 12:55:35.928 7353 7371 V CouchbaseLite/DATABASE: {DB#46} commit transaction
11-12 12:55:35.928 7353 7371 V CouchbaseLite/DATABASE: {DB#46} Next expiration time is 0
11-12 12:55:35.928 7353 7371 V CouchbaseLite/DATABASE: No pending doc expirations
11-12 12:55:35.928 7353 7371 V CouchbaseLite/DATABASE: {DB#46} begin transaction
11-12 12:55:35.929 7353 7371 V CouchbaseLite/DATABASE: {DB#46} Saved 'doc0' rev #1-1b7e3ab3b2bec0c5adfcdaf67e45ffddb157fd30 as seq 1
11-12 12:55:35.929 7353 7365 D CouchbaseLite/DATABASE: {N8litecore8DataFile6SharedE#14} Remove DataFile 0x7fc02b04b840
11-12 12:55:35.930 7353 7365 D CouchbaseLite/DATABASE: {N8litecore8DataFile6SharedE#14} Remove DataFile 0x7fc02b04b840
11-12 12:55:35.930 7353 7365 D CouchbaseLite/DATABASE: {DB#39} destructing (~DataFile)
11-12 12:55:35.930 7353 7365 D CouchbaseLite/DATABASE: {N8litecore8DataFile6SharedE#14} Remove DataFile 0x7fc02b04b840
11-12 12:55:35.930 7353 7371 V CouchbaseLite/DATABASE: {DB#46} KeyStore(info) set SharedKeys
11-12 12:55:35.930 7353 7371 V CouchbaseLite/DATABASE: {DB#46} commit transaction
11-12 12:55:35.930 7353 7365 D CouchbaseLite/DATABASE: {N8litecore8DataFile6SharedE#14} Remove DataFile 0x7fc02b049e00
11-12 12:55:35.931 7353 7365 D CouchbaseLite/DATABASE: {N8litecore8DataFile6SharedE#14} Remove DataFile 0x7fc02b049e00
11-12 12:55:35.931 7353 7365 D CouchbaseLite/DATABASE: {DB#35} destructing (~DataFile)
11-12 12:55:35.931 7353 7365 D CouchbaseLite/DATABASE: {N8litecore8DataFile6SharedE#14} Remove DataFile 0x7fc02b049e00
11-12 12:55:35.931 7353 7371 V CouchbaseLite/DATABASE: {DB#46} begin transaction
11-12 12:55:35.932 7353 7371 V CouchbaseLite/DATABASE: {DB#46} Saved 'doc1' rev #1-1b7e3ab3b2bec0c5adfcdaf67e45ffddb157fd30 as seq 2
11-12 12:55:35.932 7353 7371 V CouchbaseLite/DATABASE: {DB#46} commit transaction
11-12 12:55:35.932 7353 7365 D CouchbaseLite/DATABASE: {N8litecore8DataFile6SharedE#14} Remove DataFile 0x7fc02b04b340
11-12 12:55:35.932 7353 7365 D CouchbaseLite/DATABASE: {N8litecore8DataFile6SharedE#14} Remove DataFile 0x7fc02b04b340
11-12 12:55:35.932 7353 7365 D CouchbaseLite/DATABASE: {DB#38} destructing (~DataFile)
11-12 12:55:35.932 7353 7371 I CouchbaseLite/DATABASE: Closing Database{@270d4e3d, name='testdb'} at path /data/data/com.couchbase.lite.test/files/CBLTestDb/testdb.cblite2/
11-12 12:55:35.932 7353 7365 D CouchbaseLite/DATABASE: {N8litecore8DataFile6SharedE#14} Remove DataFile 0x7fc02b04b340
11-12 12:55:35.932 7353 7371 V CouchbaseLite/DATABASE: {DB#46} Pre-close housekeeping: 0 of 6 pages free (0%)
11-12 12:55:35.934 7353 7365 D CouchbaseLite/DATABASE: {N8litecore8DataFile6SharedE#14} Remove DataFile 0x7fc02b04abc0
11-12 12:55:35.935 7353 7365 D CouchbaseLite/DATABASE: {N8litecore8DataFile6SharedE#14} Remove DataFile 0x7fc02b04abc0
11-12 12:55:35.935 7353 7365 D CouchbaseLite/DATABASE: {DB#37} destructing (~DataFile)
11-12 12:55:35.935 7353 7365 D CouchbaseLite/DATABASE: {N8litecore8DataFile6SharedE#14} Remove DataFile 0x7fc02b04abc0
11-12 12:55:35.935 7353 7365 D CouchbaseLite/DATABASE: {N8litecore8DataFile6SharedE#14} Remove DataFile 0x7fc02b04a580
11-12 12:55:35.935 7353 7365 D CouchbaseLite/DATABASE: {N8litecore8DataFile6SharedE#14} Remove DataFile 0x7fc02b04a580
11-12 12:55:35.935 7353 7365 D CouchbaseLite/DATABASE: {DB#36} destructing (~DataFile)
11-12 12:55:35.935 7353 7365 D CouchbaseLite/DATABASE: {N8litecore8DataFile6SharedE#14} Remove DataFile 0x7fc02b04a580
11-12 12:55:35.937 7353 7371 V CouchbaseLite/DATABASE: {DB#46} Closed SQLite database
11-12 12:55:35.937 7353 7371 D CouchbaseLite/DATABASE: {N8litecore8DataFile6SharedE#14} Remove DataFile 0x7fc02b2607c0
11-12 12:55:35.937 7353 7371 I CouchbaseLite/DATABASE: {DB#46} Closing database
11-12 12:55:35.937 7353 7371 V CouchbaseLite/Test: testdb was closed successfully.
11-12 12:55:35.938 7353 7371 I CouchbaseLite/DATABASE: delete(): path=/data/data/com.couchbase.lite.test/files/CBLTestDb/testdb.cblite2
11-12 12:55:35.938 7353 7371 D CouchbaseLite/DATABASE: {N8litecore8DataFile6SharedE#14} adding DataFile 0x0
11-12 12:55:35.938 7353 7371 V CouchbaseLite/DATABASE: Preparing to delete DataFile /data/data/com.couchbase.lite.test/files/CBLTestDb/testdb.cblite2/db.sqlite3
11-12 12:55:35.938 7353 7371 I CouchbaseLite/DATABASE: Deleting database file /data/data/com.couchbase.lite.test/files/CBLTestDb/testdb.cblite2/db.sqlite3 (with -wal and -shm)
11-12 12:55:35.938 7353 7371 D CouchbaseLite/DATABASE: ...finished deleting database file /data/data/com.couchbase.lite.test/files/CBLTestDb/testdb.cblite2/db.sqlite3 (with -wal and -shm)
11-12 12:55:35.938 7353 7371 V CouchbaseLite/Test: testdb was deleted successfully.
11-12 12:55:35.938 7353 7371 I TestRunner: finished: testGetString(com.couchbase.lite.ArrayTest)
11-12 12:55:35.940 7353 7353 I MonitoringInstr: Activities that are still in CREATED to STOPPED: 0
11-12 12:55:35.941 7353 7371 I TestRunner: started: testRemoveExistingArray(com.couchbase.lite.ArrayTest)
11-12 12:55:35.942 7353 7353 I MonitoringInstr: Activities that are still in CREATED to STOPPED: 0
11-12 12:55:35.944 7353 7371 I CouchbaseLite/DATABASE: Opening Database{@2eaf1632, name='testdb'} at path /data/data/com.couchbase.lite.test/files/CBLTestDb/testdb.cblite2
11-12 12:55:35.944 7353 7371 D CouchbaseLite/DATABASE: {N8litecore8DataFile6SharedE#14} adding DataFile 0x7fc02b261080
11-12 12:55:35.944 7353 7371 I CouchbaseLite/DATABASE: {DB#47}==> N8litecore14SQLiteDataFileE /data/data/com.couchbase.lite.test/files/CBLTestDb/testdb.cblite2/db.sqlite3 @0x7fc02b261080
11-12 12:55:35.944 7353 7371 I CouchbaseLite/DATABASE: {DB#47} Opening database
11-12 12:55:35.953 7353 7371 D CouchbaseLite/DATABASE: {DB#47} open KVS 'default'
11-12 12:55:35.953 7353 7371 D CouchbaseLite/DATABASE: {DB#47} open KVS 'info'
11-12 12:55:35.954 7353 7371 V CouchbaseLite/DATABASE: {DB#47} begin transaction
11-12 12:55:35.954 7353 7371 V CouchbaseLite/DATABASE: {DB#47} KeyStore(info) set versioning
11-12 12:55:35.955 7353 7371 V CouchbaseLite/DATABASE: {DB#47} KeyStore(info) set publicUUID
11-12 12:55:35.955 7353 7371 V CouchbaseLite/DATABASE: {DB#47} KeyStore(info) set privateUUID
11-12 12:55:35.955 7353 7371 V CouchbaseLite/DATABASE: {DB#47} commit transaction
11-12 12:55:35.955 7353 7371 V CouchbaseLite/DATABASE: {DB#47} Next expiration time is 0
11-12 12:55:35.955 7353 7371 V CouchbaseLite/DATABASE: No pending doc expirations
11-12 12:55:35.955 7353 7371 V CouchbaseLite/DATABASE: {DB#47} begin transaction
11-12 12:55:35.956 7353 7371 V CouchbaseLite/DATABASE: {DB#47} Saved 'doc0' rev #1-1b7e3ab3b2bec0c5adfcdaf67e45ffddb157fd30 as seq 1
11-12 12:55:35.956 7353 7371 V CouchbaseLite/DATABASE: {DB#47} KeyStore(info) set SharedKeys
11-12 12:55:35.956 7353 7371 V CouchbaseLite/DATABASE: {DB#47} commit transaction
11-12 12:55:35.956 7353 7371 V CouchbaseLite/DATABASE: {DB#47} begin transaction
11-12 12:55:35.956 7353 7371 V CouchbaseLite/DATABASE: {DB#47} Saved 'doc0' rev #2-35076b89f2516941f89f19cf26ce726c1381c3e1 as seq 2
11-12 12:55:35.957 7353 7371 V CouchbaseLite/DATABASE: {DB#47} commit transaction
11-12 12:55:35.957 7353 7371 V CouchbaseLite/DATABASE: {DB#47} begin transaction
11-12 12:55:35.958 7353 7371 V CouchbaseLite/DATABASE: {DB#47} Saved 'doc1' rev #1-1b7e3ab3b2bec0c5adfcdaf67e45ffddb157fd30 as seq 3
11-12 12:55:35.958 7353 7371 V CouchbaseLite/DATABASE: {DB#47} commit transaction
11-12 12:55:35.958 7353 7371 V CouchbaseLite/DATABASE: {DB#47} begin transaction
11-12 12:55:35.958 7353 7371 V CouchbaseLite/DATABASE: {DB#47} Saved 'doc1' rev #2-35076b89f2516941f89f19cf26ce726c1381c3e1 as seq 4
11-12 12:55:35.958 7353 7371 V CouchbaseLite/DATABASE: {DB#47} commit transaction
11-12 12:55:35.958 7353 7371 I CouchbaseLite/DATABASE: Closing Database{@2eaf1632, name='testdb'} at path /data/data/com.couchbase.lite.test/files/CBLTestDb/testdb.cblite2/
11-12 12:55:35.959 7353 7371 V CouchbaseLite/DATABASE: {DB#47} Pre-close housekeeping: 0 of 6 pages free (0%)
11-12 12:55:35.962 7353 7371 V CouchbaseLite/DATABASE: {DB#47} Closed SQLite database
11-12 12:55:35.963 7353 7371 D CouchbaseLite/DATABASE: {N8litecore8DataFile6SharedE#14} Remove DataFile 0x7fc02b261080
11-12 12:55:35.963 7353 7371 I CouchbaseLite/DATABASE: {DB#47} Closing database
11-12 12:55:35.963 7353 7371 V CouchbaseLite/Test: testdb was closed successfully.
11-12 12:55:35.963 7353 7371 I CouchbaseLite/DATABASE: delete(): path=/data/data/com.couchbase.lite.test/files/CBLTestDb/testdb.cblite2
11-12 12:55:35.963 7353 7371 D CouchbaseLite/DATABASE: {N8litecore8DataFile6SharedE#14} adding DataFile 0x0
11-12 12:55:35.963 7353 7371 V CouchbaseLite/DATABASE: Preparing to delete DataFile /data/data/com.couchbase.lite.test/files/CBLTestDb/testdb.cblite2/db.sqlite3
11-12 12:55:35.963 7353 7371 I CouchbaseLite/DATABASE: Deleting database file /data/data/com.couchbase.lite.test/files/CBLTestDb/testdb.cblite2/db.sqlite3 (with -wal and -shm)
11-12 12:55:35.963 7353 7371 D CouchbaseLite/DATABASE: ...finished deleting database file /data/data/com.couchbase.lite.test/files/CBLTestDb/testdb.cblite2/db.sqlite3 (with -wal and -shm)
11-12 12:55:35.963 7353 7371 V CouchbaseLite/Test: testdb was deleted successfully.
11-12 12:55:35.964 7353 7371 I TestRunner: finished: testRemoveExistingArray(com.couchbase.lite.ArrayTest)
11-12 12:55:35.966 7353 7353 I MonitoringInstr: Activities that are still in CREATED to STOPPED: 0
11-12 12:55:35.966 7353 7371 I TestRunner: started: testSetList(com.couchbase.lite.ArrayTest)
11-12 12:55:35.967 7353 7353 I MonitoringInstr: Activities that are still in CREATED to STOPPED: 0
11-12 12:55:35.967 7353 7371 I CouchbaseLite/DATABASE: Opening Database{@15fbdf83, name='testdb'} at path /data/data/com.couchbase.lite.test/files/CBLTestDb/testdb.cblite2
11-12 12:55:35.967 7353 7371 D CouchbaseLite/DATABASE: {N8litecore8DataFile6SharedE#14} adding DataFile 0x7fc02b261580
11-12 12:55:35.968 7353 7371 I CouchbaseLite/DATABASE: {DB#48}==> N8litecore14SQLiteDataFileE /data/data/com.couchbase.lite.test/files/CBLTestDb/testdb.cblite2/db.sqlite3 @0x7fc02b261580
11-12 12:55:35.968 7353 7371 I CouchbaseLite/DATABASE: {DB#48} Opening database
11-12 12:55:35.975 7353 7371 D CouchbaseLite/DATABASE: {DB#48} open KVS 'default'
11-12 12:55:35.976 7353 7371 D CouchbaseLite/DATABASE: {DB#48} open KVS 'info'
11-12 12:55:35.976 7353 7371 V CouchbaseLite/DATABASE: {DB#48} begin transaction
11-12 12:55:35.976 7353 7371 V CouchbaseLite/DATABASE: {DB#48} KeyStore(info) set versioning
11-12 12:55:35.976 7353 7371 V CouchbaseLite/DATABASE: {DB#48} KeyStore(info) set publicUUID
11-12 12:55:35.976 7353 7371 V CouchbaseLite/DATABASE: {DB#48} KeyStore(info) set privateUUID
11-12 12:55:35.976 7353 7371 V CouchbaseLite/DATABASE: {DB#48} commit transaction
11-12 12:55:35.976 7353 7371 V CouchbaseLite/DATABASE: {DB#48} Next expiration time is 0
11-12 12:55:35.976 7353 7371 V CouchbaseLite/DATABASE: No pending doc expirations
11-12 12:55:35.976 7353 7371 V CouchbaseLite/DATABASE: {DB#48} begin transaction
11-12 12:55:35.977 7353 7371 V CouchbaseLite/DATABASE: {DB#48} Saved 'doc1' rev #1-8a6fd92202ecbc324d954873327e2b8c4261f1fa as seq 1
11-12 12:55:35.977 7353 7371 V CouchbaseLite/DATABASE: {DB#48} KeyStore(info) set SharedKeys
11-12 12:55:35.977 7353 7371 V CouchbaseLite/DATABASE: {DB#48} commit transaction
11-12 12:55:35.977 7353 7371 I CouchbaseLite/DATABASE: Closing Database{@15fbdf83, name='testdb'} at path /data/data/com.couchbase.lite.test/files/CBLTestDb/testdb.cblite2/
11-12 12:55:35.977 7353 7371 V CouchbaseLite/DATABASE: {DB#48} Pre-close housekeeping: 0 of 6 pages free (0%)
11-12 12:55:35.981 7353 7371 V CouchbaseLite/DATABASE: {DB#48} Closed SQLite database
11-12 12:55:35.981 7353 7371 D CouchbaseLite/DATABASE: {N8litecore8DataFile6SharedE#14} Remove DataFile 0x7fc02b261580
11-12 12:55:35.981 7353 7371 I CouchbaseLite/DATABASE: {DB#48} Closing database
11-12 12:55:35.981 7353 7371 V CouchbaseLite/Test: testdb was closed successfully.
11-12 12:55:35.981 7353 7371 I CouchbaseLite/DATABASE: delete(): path=/data/data/com.couchbase.lite.test/files/CBLTestDb/testdb.cblite2
11-12 12:55:35.981 7353 7371 D CouchbaseLite/DATABASE: {N8litecore8DataFile6SharedE#14} adding DataFile 0x0
11-12 12:55:35.981 7353 7371 V CouchbaseLite/DATABASE: Preparing to delete DataFile /data/data/com.couchbase.lite.test/files/CBLTestDb/testdb.cblite2/db.sqlite3
11-12 12:55:35.981 7353 7371 I CouchbaseLite/DATABASE: Deleting database file /data/data/com.couchbase.lite.test/files/CBLTestDb/testdb.cblite2/db.sqlite3 (with -wal and -shm)
11-12 12:55:35.981 7353 7371 D CouchbaseLite/DATABASE: ...finished deleting database file /data/data/com.couchbase.lite.test/files/CBLTestDb/testdb.cblite2/db.sqlite3 (with -wal and -shm)
