11-12 12:55:34.377 7353 7353 I art : Not late-enabling -Xcheck:jni (already on)
11-12 12:55:34.385 1535 1804 I ActivityManager: Start proc 7353:com.couchbase.lite.test/u0a66 for added application com.couchbase.lite.test
11-12 12:55:34.401 7353 7353 W ResourcesManager: Asset path '/system/framework/android.test.runner.jar' does not exist or contains no resources.
11-12 12:55:34.411 7353 7353 I MonitoringInstr: Instrumentation started on process com.couchbase.lite.test
11-12 12:55:34.411 7353 7353 I MonitoringInstr: Setting context classloader to 'dalvik.system.PathClassLoader[DexPathList[[zip file "/system/framework/android.test.runner.jar", zip file "/data/app/com.couchbase.lite.test-1/base.apk", zip file "/data/app/com.couchbase.lite.test-1/base.apk"],nativeLibraryDirectories=[/data/app/com.couchbase.lite.test-1/lib/x86_64, /data/app/com.couchbase.lite.test-1/lib/x86_64, /vendor/lib64, /system/lib64]]]', Original: 'dalvik.system.PathClassLoader[DexPathList[[zip file "/system/framework/android.test.runner.jar", zip file "/data/app/com.couchbase.lite.test-1/base.apk", zip file "/data/app/com.couchbase.lite.test-1/base.apk"],nativeLibraryDirectories=[/data/app/com.couchbase.lite.test-1/lib/x86_64, /data/app/com.couchbase.lite.test-1/lib/x86_64, /vendor/lib64, /system/lib64]]]'
11-12 12:55:34.413 7353 7353 I MonitoringInstr: No JSBridge.
11-12 12:55:34.414 7353 7371 I MonitoringInstr: Setting context classloader to 'dalvik.system.PathClassLoader[DexPathList[[zip file "/system/framework/android.test.runner.jar", zip file "/data/app/com.couchbase.lite.test-1/base.apk", zip file "/data/app/com.couchbase.lite.test-1/base.apk"],nativeLibraryDirectories=[/data/app/com.couchbase.lite.test-1/lib/x86_64, /data/app/com.couchbase.lite.test-1/lib/x86_64, /vendor/lib64, /system/lib64]]]', Original: 'dalvik.system.PathClassLoader[DexPathList[[zip file "/system/framework/android.test.runner.jar", zip file "/data/app/com.couchbase.lite.test-1/base.apk", zip file "/data/app/com.couchbase.lite.test-1/base.apk"],nativeLibraryDirectories=[/data/app/com.couchbase.lite.test-1/lib/x86_64, /data/app/com.couchbase.lite.test-1/lib/x86_64, /vendor/lib64, /system/lib64]]]'
11-12 12:55:34.422 7353 7371 I UsageTrackerFacilitator: Usage tracking enabled
11-12 12:55:34.424 7353 7371 I TestRequestBuilder: Scanning classpath to find tests in paths [/data/app/com.couchbase.lite.test-1/base.apk]
11-12 12:55:34.804 7353 7371 W AndroidJUnit4Builder: java.lang.NoClassDefFoundError: java.util.stream.DoubleStream in hasTestMethods for kotlin.streams.jdk8.StreamsKt
11-12 12:55:34.852 7353 7371 W AndroidJUnit4Builder: java.lang.NoClassDefFoundError: java.nio.file.Path in hasTestMethods for okio.Okio
11-12 12:55:34.861 7353 7371 D TestExecutor: Adding listener android.support.test.internal.runner.listener.LogRunListener
11-12 12:55:34.861 7353 7371 D TestExecutor: Adding listener android.support.test.internal.runner.listener.InstrumentationResultPrinter
11-12 12:55:34.861 7353 7371 D TestExecutor: Adding listener android.support.test.internal.runner.listener.ActivityFinisherRunListener
11-12 12:55:34.861 7353 7371 D TestExecutor: Adding listener android.support.test.internal.runner.listener.CoverageListener
11-12 12:55:34.895 7353 7371 I TestRunner: run started: 545 tests
11-12 12:55:34.897 7353 7371 I TestRunner: ignored: testConcurrentExecutorFailure(com.couchbase.lite.AndroidExecutionServiceTest)
11-12 12:55:34.899 7353 7371 I TestRunner: ignored: testSerialExecutorFailure(com.couchbase.lite.AndroidExecutionServiceTest)
11-12 12:55:34.902 7353 7371 I TestRunner: started: testGetInteger(com.couchbase.lite.ArrayTest)
11-12 12:55:34.903 7353 7353 I MonitoringInstr: Activities that are still in CREATED to STOPPED: 0
11-12 12:55:34.907 7353 7371 W System.err: java.io.FileNotFoundException: /jacoco.exec: open failed: EROFS (Read-only file system)
11-12 12:55:34.908 7353 7371 W System.err: at libcore.io.IoBridge.open(IoBridge.java:456)
11-12 12:55:34.908 7353 7371 W System.err: at java.io.FileOutputStream.(FileOutputStream.java:87)
11-12 12:55:34.908 7353 7371 W System.err: at org.jacoco.agent.rt.internal_8ff85ea.output.FileOutput.openFile(FileOutput.java:67)
11-12 12:55:34.908 7353 7371 W System.err: at org.jacoco.agent.rt.internal_8ff85ea.output.FileOutput.startup(FileOutput.java:49)
11-12 12:55:34.908 7353 7371 W System.err: at org.jacoco.agent.rt.internal_8ff85ea.Agent.startup(Agent.java:122)
11-12 12:55:34.908 7353 7371 W System.err: at org.jacoco.agent.rt.internal_8ff85ea.Agent.getInstance(Agent.java:50)
11-12 12:55:34.908 7353 7371 W System.err: at org.jacoco.agent.rt.internal_8ff85ea.Offline.(Offline.java:31)
11-12 12:55:34.908 7353 7371 W System.err: at com.couchbase.lite.CouchbaseLite.$jacocoInit(CouchbaseLite.java)
11-12 12:55:34.908 7353 7371 W System.err: at com.couchbase.lite.CouchbaseLite.(CouchbaseLite.java)
11-12 12:55:34.908 7353 7371 W System.err: at com.couchbase.lite.PlatformBaseTest.initCouchbaseLite(PlatformBaseTest.java:37)
11-12 12:55:34.908 7353 7371 W System.err: at com.couchbase.lite.BaseTest.setUp(BaseTest.java:81)
11-12 12:55:34.908 7353 7371 W System.err: at java.lang.reflect.Method.invoke(Native Method)
11-12 12:55:34.908 7353 7371 W System.err: at java.lang.reflect.Method.invoke(Method.java:372)
11-12 12:55:34.908 7353 7371 W System.err: at org.junit.runners.model.FrameworkMethod$1.runReflectiveCall(FrameworkMethod.java:50)
11-12 12:55:34.908 7353 7371 W System.err: at org.junit.internal.runners.model.ReflectiveCallable.run(ReflectiveCallable.java:12)
11-12 12:55:34.908 7353 7371 W System.err: at org.junit.runners.model.FrameworkMethod.invokeExplosively(FrameworkMethod.java:47)
11-12 12:55:34.908 7353 7371 W System.err: at android.support.test.internal.runner.junit4.statement.RunBefores.evaluate(RunBefores.java:76)
11-12 12:55:34.908 7353 7371 W System.err: at android.support.test.internal.runner.junit4.statement.RunAfters.evaluate(RunAfters.java:61)
11-12 12:55:34.908 7353 7371 W System.err: at org.junit.rules.ExpectedException$ExpectedExceptionStatement.evaluate(ExpectedException.java:239)
11-12 12:55:34.908 7353 7371 W System.err: at org.junit.rules.RunRules.evaluate(RunRules.java:20)
11-12 12:55:34.908 7353 7371 W System.err: at org.junit.runners.ParentRunner.runLeaf(ParentRunner.java:325)
11-12 12:55:34.908 7353 7371 W System.err: at org.junit.runners.BlockJUnit4ClassRunner.runChild(BlockJUnit4ClassRunner.java:78)
11-12 12:55:34.908 7353 7371 W System.err: at org.junit.runners.BlockJUnit4ClassRunner.runChild(BlockJUnit4ClassRunner.java:57)
11-12 12:55:34.908 7353 7371 W System.err: at org.junit.runners.ParentRunner$3.run(ParentRunner.java:290)
11-12 12:55:34.908 7353 7371 W System.err: at org.junit.runners.ParentRunner$1.schedule(ParentRunner.java:71)
11-12 12:55:34.908 7353 7371 W System.err: at org.junit.runners.ParentRunner.runChildren(ParentRunner.java:288)
11-12 12:55:34.908 7353 7371 W System.err: at org.junit.runners.ParentRunner.access$000(ParentRunner.java:58)
11-12 12:55:34.908 7353 7371 W System.err: at org.junit.runners.ParentRunner$2.evaluate(ParentRunner.java:268)
11-12 12:55:34.908 7353 7371 W System.err: at org.junit.runners.ParentRunner.run(ParentRunner.java:363)
11-12 12:55:34.908 7353 7371 W System.err: at org.junit.runners.Suite.runChild(Suite.java:128)
11-12 12:55:34.908 7353 7371 W System.err: at org.junit.runners.Suite.runChild(Suite.java:27)
11-12 12:55:34.908 7353 7371 W System.err: at org.junit.runners.ParentRunner$3.run(ParentRunner.java:290)
11-12 12:55:34.909 7353 7371 W System.err: at org.junit.runners.ParentRunner$1.schedule(ParentRunner.java:71)
11-12 12:55:34.909 7353 7371 W System.err: at org.junit.runners.ParentRunner.runChildren(ParentRunner.java:288)
11-12 12:55:34.909 7353 7371 W System.err: at org.junit.runners.ParentRunner.access$000(ParentRunner.java:58)
11-12 12:55:34.909 7353 7371 W System.err: at org.junit.runners.ParentRunner$2.evaluate(ParentRunner.java:268)
11-12 12:55:34.909 7353 7371 W System.err: at org.junit.runners.ParentRunner.run(ParentRunner.java:363)
11-12 12:55:34.909 7353 7371 W System.err: at org.junit.runner.JUnitCore.run(JUnitCore.java:137)
11-12 12:55:34.909 7353 7371 W System.err: at org.junit.runner.JUnitCore.run(JUnitCore.java:115)
11-12 12:55:34.909 7353 7371 W System.err: at android.support.test.internal.runner.TestExecutor.execute(TestExecutor.java:56)
11-12 12:55:34.909 7353 7371 W System.err: at android.support.test.runner.AndroidJUnitRunner.onStart(AndroidJUnitRunner.java:384)
11-12 12:55:34.909 7353 7371 W System.err: at android.app.Instrumentation$InstrumentationThread.run(Instrumentation.java:1853)
11-12 12:55:34.909 7353 7371 W System.err: Caused by: android.system.ErrnoException: open failed: EROFS (Read-only file system)
11-12 12:55:34.909 7353 7371 W System.err: at libcore.io.Posix.open(Native Method)
11-12 12:55:34.909 7353 7371 W System.err: at libcore.io.BlockGuardOs.open(BlockGuardOs.java:186)
11-12 12:55:34.909 7353 7371 W System.err: at libcore.io.IoBridge.open(IoBridge.java:442)
11-12 12:55:34.909 7353 7371 W System.err: ... 41 more
11-12 12:55:34.909 7353 7371 W linker : /data/app/com.couchbase.lite.test-1/lib/x86_64/libLiteCoreJNI.so: unused DT entry: type 0x6ffffef5 arg 0x1b51a8
11-12 12:55:34.910 7353 7371 W linker : /data/app/com.couchbase.lite.test-1/lib/x86_64/libLiteCoreJNI.so: unused DT entry: type 0x6ffffffe arg 0x1edd88
11-12 12:55:34.910 7353 7371 W linker : /data/app/com.couchbase.lite.test-1/lib/x86_64/libLiteCoreJNI.so: unused DT entry: type 0x6fffffff arg 0x3
11-12 12:55:34.920 7353 7371 E CouchbaseLite/DATABASE: Failed to load error messages! (org.json.JSONException: Value {"CreateDBDirectoryFailed":"Unable to create database directory.","CloseDBFailedReplications":"Cannot close the database. Please stop all of the replicators before closing the database.","CloseDBFailedQueryListeners":"Cannot close the database. Please remove all of the query listeners before closing the database.","DeleteDBFailedReplications":"Cannot delete the database. Please stop all of the replicators before closing the database.","DeleteDBFailedQueryListeners":"Cannot delete the database. Please remove all of the query listeners before closing the database.","DeleteDocFailedNotSaved":"Cannot delete a document that has not yet been saved.","DocumentNotFound":"The document doesn't exist in the database.","DocumentAnotherDatabase":"Cannot operate on a document from another database.","BlobDifferentDatabase":"A document contains a blob that was saved to a different database. The save operation cannot complete.","BlobContentNull":"No data available to write for install. Please ensure that all blobs in the document have non-null content.","ResolvedDocContainsNull":"Resolved document has a null body.","ResolvedDocFailedLiteCore":"LiteCore failed resolving conflict.","ResolvedDocWrongDb":"Resolved document's database %1$s is different from expected database %2$s.","DBClosed":"Attempt to perform an operation on a closed database.","NoDocumentRevision":"No revision data on the document!","FragmentPathNotExist":"Specified fragment path does not exist in object; cannot set value.","InvalidCouchbaseObjType":"%1$s is not a valid type. You may only pass %2$s, Blob, a one-dimensional array or a dictionary whose members are one of the preceding types.","InvalidValueToBeDeserialized":"Non-string or null key in data to be deserialized.","BlobContainsNoData":"Blob has no data available.","NotFileBasedURL":"%1$s must be a file-based URL.","BlobReadStreamNotOpen":"Stream is not open.","CannotSetLogLevel":"Cannot set logging level without a configuration.","InvalidSchemeURLEndpoint":"Invalid scheme for URLEndpoint url (%1$s). It must be either 'ws:' or 'wss:'.","InvalidEmbeddedCredentialsInURL":"Embedded credentials in a URL (username:password@url) are not allowed. Use the BasicAuthenticator class instead.","ReplicatorNotStopped":"Replicator is not stopped. Resetting checkpoint is only allowed when the replicator is in the stopped state.","QueryParamNotAllowedContainCollections":"Query parameters are not allowed to contain collections.","MissASforJoin":"Missing AS clause for JOIN.","MissONforJoin":"Missing ON statement for JOIN.","ExpressionsMustBeIExpressionOrString":"Expressions must either be %1$s or String.","InvalidExpressionValueBetween":"Invalid expression value for expression of Between(%1$s).","ResultSetAlreadyEnumerated":"This result set has already been enumerated. Please re-execute the original query.","ExpressionsMustContainOnePlusElement":"%1$s expressions must contain at least one element.","DuplicateSelectResultName":"Duplicate select result named %1$s.","NoAliasInJoin":"The default database must have an alias in order to use a JOIN statement (Make sure your data source uses the As() function).","InvalidQueryDBNull":"Invalid query: The database is null.","InvalidQueryMissingSelectOrFrom":"Invalid query: missing Select or From.","PullOnlyPendingDocIDs":"Pending Document IDs are not supported on pull-only replicators."} of type org.json.JSONObject cannot be converted to JSONArray)
11-12 12:55:34.947 7353 7371 I CouchbaseLite/DATABASE: Opening Database{@2d9efce9, name='testdb'} at path /data/data/com.couchbase.lite.test/files/CBLTestDb/testdb.cblite2
11-12 12:55:34.948 7353 7371 I CouchbaseLite/DATABASE: {N8litecore8DataFile6SharedE#1}==> N8litecore8DataFile6SharedE 0x7fc02b048f18 @0x7fc02b048f18
11-12 12:55:34.948 7353 7371 I CouchbaseLite/DATABASE: {N8litecore8DataFile6SharedE#1} instantiated on /data/data/com.couchbase.lite.test/files/CBLTestDb/testdb.cblite2/db.sqlite3
11-12 12:55:34.948 7353 7371 D CouchbaseLite/DATABASE: {N8litecore8DataFile6SharedE#1} created for DataFile 0x7fc02b048dc0 at /data/data/com.couchbase.lite.test/files/CBLTestDb/testdb.cblite2/db.sqlite3
11-12 12:55:34.948 7353 7371 I CouchbaseLite/DATABASE: {DB#2}==> N8litecore14SQLiteDataFileE /data/data/com.couchbase.lite.test/files/CBLTestDb/testdb.cblite2/db.sqlite3 @0x7fc02b048dc0
11-12 12:55:34.948 7353 7371 I CouchbaseLite/DATABASE: {DB#2} Opening database
11-12 12:55:34.964 7353 7371 D CouchbaseLite/DATABASE: {DB#2} open KVS 'default'
11-12 12:55:34.965 7353 7371 D CouchbaseLite/DATABASE: {DB#2} open KVS 'info'
11-12 12:55:34.965 7353 7371 V CouchbaseLite/DATABASE: {DB#2} begin transaction
11-12 12:55:34.965 7353 7371 V CouchbaseLite/DATABASE: {DB#2} KeyStore(info) set versioning
11-12 12:55:34.966 7353 7371 V CouchbaseLite/DATABASE: {DB#2} KeyStore(info) set publicUUID
11-12 12:55:34.966 7353 7371 V CouchbaseLite/DATABASE: {DB#2} KeyStore(info) set privateUUID
11-12 12:55:34.966 7353 7371 V CouchbaseLite/DATABASE: {DB#2} commit transaction
11-12 12:55:34.966 7353 7371 V CouchbaseLite/DATABASE: {DB#2} Next expiration time is 0
11-12 12:55:34.966 7353 7371 V CouchbaseLite/DATABASE: No pending doc expirations
11-12 12:55:34.967 7353 7371 W CouchbaseLite/DATABASE: Database.log.getFile().getConfig() is now null: logging is disabled. Log files required for product support are not being generated.
11-12 12:55:34.971 7353 7371 V CouchbaseLite/DATABASE: {DB#2} begin transaction
11-12 12:55:34.972 7353 7371 V CouchbaseLite/DATABASE: {DB#2} Saved 'doc0' rev #1-1b7e3ab3b2bec0c5adfcdaf67e45ffddb157fd30 as seq 1
11-12 12:55:34.973 7353 7371 V CouchbaseLite/DATABASE: {DB#2} KeyStore(info) set SharedKeys
11-12 12:55:34.973 7353 7371 V CouchbaseLite/DATABASE: {DB#2} commit transaction
11-12 12:55:34.973 7353 7371 I CouchbaseLite/DATABASE: Closing Database{@2d9efce9, name='testdb'} at path /data/data/com.couchbase.lite.test/files/CBLTestDb/testdb.cblite2/
11-12 12:55:34.974 7353 7371 V CouchbaseLite/DATABASE: {DB#2} Pre-close housekeeping: 0 of 6 pages free (0%)
11-12 12:55:34.979 7353 7371 V CouchbaseLite/DATABASE: {DB#2} Closed SQLite database
11-12 12:55:34.979 7353 7371 D CouchbaseLite/DATABASE: {N8litecore8DataFile6SharedE#1} Remove DataFile 0x7fc02b048dc0
11-12 12:55:34.979 7353 7371 I CouchbaseLite/DATABASE: {DB#2} Closing database
11-12 12:55:34.979 7353 7371 V CouchbaseLite/Test: testdb was closed successfully.
11-12 12:55:34.979 7353 7371 I CouchbaseLite/DATABASE: delete(): path=/data/data/com.couchbase.lite.test/files/CBLTestDb/testdb.cblite2
11-12 12:55:34.979 7353 7371 D CouchbaseLite/DATABASE: {N8litecore8DataFile6SharedE#1} adding DataFile 0x0
11-12 12:55:34.979 7353 7371 V CouchbaseLite/DATABASE: Preparing to delete DataFile /data/data/com.couchbase.lite.test/files/CBLTestDb/testdb.cblite2/db.sqlite3
11-12 12:55:34.979 7353 7371 I CouchbaseLite/DATABASE: Deleting database file /data/data/com.couchbase.lite.test/files/CBLTestDb/testdb.cblite2/db.sqlite3 (with -wal and -shm)
11-12 12:55:34.980 7353 7371 D CouchbaseLite/DATABASE: ...finished deleting database file /data/data/com.couchbase.lite.test/files/CBLTestDb/testdb.cblite2/db.sqlite3 (with -wal and -shm)
11-12 12:55:34.980 7353 7371 V CouchbaseLite/Test: testdb was deleted successfully.
11-12 12:55:34.980 7353 7371 I TestRunner: finished: testGetInteger(com.couchbase.lite.ArrayTest)
11-12 12:55:34.982 7353 7353 I MonitoringInstr: Activities that are still in CREATED to STOPPED: 0
11-12 12:55:34.983 7353 7371 I TestRunner: started: testSetBoolean(com.couchbase.lite.ArrayTest)
11-12 12:55:34.984 7353 7353 I MonitoringInstr: Activities that are still in CREATED to STOPPED: 0
11-12 12:55:34.985 7353 7371 I CouchbaseLite/DATABASE: Opening Database{@22f6dd6e, name='testdb'} at path /data/data/com.couchbase.lite.test/files/CBLTestDb/testdb.cblite2
11-12 12:55:34.986 7353 7371 D CouchbaseLite/DATABASE: {N8litecore8DataFile6SharedE#1} adding DataFile 0x7fc02b049040
11-12 12:55:34.986 7353 7371 I CouchbaseLite/DATABASE: {DB#3}==> N8litecore14SQLiteDataFileE /data/data/com.couchbase.lite.test/files/CBLTestDb/testdb.cblite2/db.sqlite3 @0x7fc02b049040
11-12 12:55:34.986 7353 7371 I CouchbaseLite/DATABASE: {DB#3} Opening database
11-12 12:55:34.995 7353 7371 D CouchbaseLite/DATABASE: {DB#3} open KVS 'default'
11-12 12:55:34.995 7353 7371 D CouchbaseLite/DATABASE: {DB#3} open KVS 'info'
11-12 12:55:34.996 7353 7371 V CouchbaseLite/DATABASE: {DB#3} begin transaction
11-12 12:55:34.996 7353 7371 V CouchbaseLite/DATABASE: {DB#3} KeyStore(info) set versioning
11-12 12:55:34.996 7353 7371 V CouchbaseLite/DATABASE: {DB#3} KeyStore(info) set publicUUID
11-12 12:55:34.996 7353 7371 V CouchbaseLite/DATABASE: {DB#3} KeyStore(info) set privateUUID
11-12 12:55:34.996 7353 7371 V CouchbaseLite/DATABASE: {DB#3} commit transaction
11-12 12:55:34.996 7353 7371 V CouchbaseLite/DATABASE: {DB#3} Next expiration time is 0
11-12 12:55:34.996 7353 7371 V CouchbaseLite/DATABASE: No pending doc expirations
11-12 12:55:34.996 7353 7371 V CouchbaseLite/DATABASE: {DB#3} begin transaction
11-12 12:55:34.997 7353 7371 V CouchbaseLite/DATABASE: {DB#3} Saved 'test' rev #1-bc0bb0da4797520b8b12bb042631af4e510e7f6f as seq 1
11-12 12:55:34.997 7353 7371 V CouchbaseLite/DATABASE: {DB#3} KeyStore(info) set SharedKeys
11-12 12:55:34.997 7353 7371 V CouchbaseLite/DATABASE: {DB#3} commit transaction
11-12 12:55:34.997 7353 7371 I CouchbaseLite/DATABASE: Closing Database{@22f6dd6e, name='testdb'} at path /data/data/com.couchbase.lite.test/files/CBLTestDb/testdb.cblite2/
11-12 12:55:34.997 7353 7371 V CouchbaseLite/DATABASE: {DB#3} Pre-close housekeeping: 0 of 6 pages free (0%)
11-12 12:55:35.002 7353 7371 V CouchbaseLite/DATABASE: {DB#3} Closed SQLite database
11-12 12:55:35.002 7353 7371 D CouchbaseLite/DATABASE: {N8litecore8DataFile6SharedE#1} Remove DataFile 0x7fc02b049040
11-12 12:55:35.002 7353 7371 I CouchbaseLite/DATABASE: {DB#3} Closing database
11-12 12:55:35.002 7353 7371 V CouchbaseLite/Test: testdb was closed successfully.
11-12 12:55:35.002 7353 7371 I CouchbaseLite/DATABASE: delete(): path=/data/data/com.couchbase.lite.test/files/CBLTestDb/testdb.cblite2
11-12 12:55:35.002 7353 7371 D CouchbaseLite/DATABASE: {N8litecore8DataFile6SharedE#1} adding DataFile 0x0
11-12 12:55:35.002 7353 7371 V CouchbaseLite/DATABASE: Preparing to delete DataFile /data/data/com.couchbase.lite.test/files/CBLTestDb/testdb.cblite2/db.sqlite3
11-12 12:55:35.002 7353 7371 I CouchbaseLite/DATABASE: Deleting database file /data/data/com.couchbase.lite.test/files/CBLTestDb/testdb.cblite2/db.sqlite3 (with -wal and -shm)
11-12 12:55:35.003 7353 7371 D CouchbaseLite/DATABASE: ...finished deleting database file /data/data/com.couchbase.lite.test/files/CBLTestDb/testdb.cblite2/db.sqlite3 (with -wal and -shm)
11-12 12:55:35.003 7353 7371 V CouchbaseLite/Test: testdb was deleted successfully.
11-12 12:55:35.003 7353 7371 I TestRunner: finished: testSetBoolean(com.couchbase.lite.ArrayTest)
11-12 12:55:35.005 7353 7353 I MonitoringInstr: Activities that are still in CREATED to STOPPED: 0
11-12 12:55:35.006 7353 7371 I TestRunner: started: testSetGetMinMaxNumbers(com.couchbase.lite.ArrayTest)
11-12 12:55:35.006 7353 7353 I MonitoringInstr: Activities that are still in CREATED to STOPPED: 0
11-12 12:55:35.007 7353 7371 I CouchbaseLite/DATABASE: Opening Database{@ba7fc0f, name='testdb'} at path /data/data/com.couchbase.lite.test/files/CBLTestDb/testdb.cblite2
11-12 12:55:35.007 7353 7371 D CouchbaseLite/DATABASE: {N8litecore8DataFile6SharedE#1} adding DataFile 0x7fc02b049540
11-12 12:55:35.007 7353 7371 I CouchbaseLite/DATABASE: {DB#4}==> N8litecore14SQLiteDataFileE /data/data/com.couchbase.lite.test/files/CBLTestDb/testdb.cblite2/db.sqlite3 @0x7fc02b049540
11-12 12:55:35.007 7353 7371 I CouchbaseLite/DATABASE: {DB#4} Opening database
11-12 12:55:35.015 7353 7371 D CouchbaseLite/DATABASE: {DB#4} open KVS 'default'
11-12 12:55:35.016 7353 7371 D CouchbaseLite/DATABASE: {DB#4} open KVS 'info'
11-12 12:55:35.016 7353 7371 V CouchbaseLite/DATABASE: {DB#4} begin transaction
11-12 12:55:35.016 7353 7371 V CouchbaseLite/DATABASE: {DB#4} KeyStore(info) set versioning
11-12 12:55:35.016 7353 7371 V CouchbaseLite/DATABASE: {DB#4} KeyStore(info) set publicUUID
11-12 12:55:35.016 7353 7371 V CouchbaseLite/DATABASE: {DB#4} KeyStore(info) set privateUUID
11-12 12:55:35.016 7353 7371 V CouchbaseLite/DATABASE: {DB#4} commit transaction
11-12 12:55:35.017 7353 7371 V CouchbaseLite/DATABASE: {DB#4} Next expiration time is 0
11-12 12:55:35.017 7353 7371 V CouchbaseLite/DATABASE: No pending doc expirations
11-12 12:55:35.017 7353 7371 V CouchbaseLite/DATABASE: {DB#4} begin transaction
11-12 12:55:35.017 7353 7371 V CouchbaseLite/DATABASE: {DB#4} Saved 'doc1' rev #1-a0091bd4374bacd97b995d63cf339729c12e8f01 as seq 1
11-12 12:55:35.017 7353 7371 V CouchbaseLite/DATABASE: {DB#4} KeyStore(info) set SharedKeys
11-12 12:55:35.017 7353 7371 V CouchbaseLite/DATABASE: {DB#4} commit transaction
11-12 12:55:35.017 7353 7371 I CouchbaseLite/DATABASE: Closing Database{@ba7fc0f, name='testdb'} at path /data/data/com.couchbase.lite.test/files/CBLTestDb/testdb.cblite2/
11-12 12:55:35.018 7353 7371 V CouchbaseLite/DATABASE: {DB#4} Pre-close housekeeping: 0 of 6 pages free (0%)
11-12 12:55:35.021 7353 7371 V CouchbaseLite/DATABASE: {DB#4} Closed SQLite database
11-12 12:55:35.022 7353 7371 D CouchbaseLite/DATABASE: {N8litecore8DataFile6SharedE#1} Remove DataFile 0x7fc02b049540
11-12 12:55:35.022 7353 7371 I CouchbaseLite/DATABASE: {DB#4} Closing database
11-12 12:55:35.022 7353 7371 V CouchbaseLite/Test: testdb was closed successfully.
11-12 12:55:35.022 7353 7371 I CouchbaseLite/DATABASE: delete(): path=/data/data/com.couchbase.lite.test/files/CBLTestDb/testdb.cblite2
11-12 12:55:35.022 7353 7371 D CouchbaseLite/DATABASE: {N8litecore8DataFile6SharedE#1} adding DataFile 0x0
11-12 12:55:35.022 7353 7371 V CouchbaseLite/DATABASE: Preparing to delete DataFile /data/data/com.couchbase.lite.test/files/CBLTestDb/testdb.cblite2/db.sqlite3
11-12 12:55:35.022 7353 7371 I CouchbaseLite/DATABASE: Deleting database file /data/data/com.couchbase.lite.test/files/CBLTestDb/testdb.cblite2/db.sqlite3 (with -wal and -shm)
11-12 12:55:35.022 7353 7371 D CouchbaseLite/DATABASE: ...finished deleting database file /data/data/com.couchbase.lite.test/files/CBLTestDb/testdb.cblite2/db.sqlite3 (with -wal and -shm)
11-12 12:55:35.022 7353 7371 V CouchbaseLite/Test: testdb was deleted successfully.
11-12 12:55:35.022 7353 7371 I TestRunner: finished: testSetGetMinMaxNumbers(com.couchbase.lite.ArrayTest)
11-12 12:55:35.024 7353 7353 I MonitoringInstr: Activities that are still in CREATED to STOPPED: 0
11-12 12:55:35.025 7353 7371 I TestRunner: started: testGetArray(com.couchbase.lite.ArrayTest)
11-12 12:55:35.026 7353 7353 I MonitoringInstr: Activities that are still in CREATED to STOPPED: 0
11-12 12:55:35.026 7353 7371 I CouchbaseLite/DATABASE: Opening Database{@27ed149c, name='testdb'} at path /data/data/com.couchbase.lite.test/files/CBLTestDb/testdb.cblite2
11-12 12:55:35.026 7353 7371 D CouchbaseLite/DATABASE: {N8litecore8DataFile6SharedE#1} adding DataFile 0x7fc02b049f40
11-12 12:55:35.026 7353 7371 I CouchbaseLite/DATABASE: {DB#5}==> N8litecore14SQLiteDataFileE /data/data/com.couchbase.lite.test/files/CBLTestDb/testdb.cblite2/db.sqlite3 @0x7fc02b049f40
11-12 12:55:35.026 7353 7371 I CouchbaseLite/DATABASE: {DB#5} Opening database
11-12 12:55:35.034 7353 7371 D CouchbaseLite/DATABASE: {DB#5} open KVS 'default'
11-12 12:55:35.034 7353 7371 D CouchbaseLite/DATABASE: {DB#5} open KVS 'info'
11-12 12:55:35.034 7353 7371 V CouchbaseLite/DATABASE: {DB#5} begin transaction
11-12 12:55:35.035 7353 7371 V CouchbaseLite/DATABASE: {DB#5} KeyStore(info) set versioning
11-12 12:55:35.035 7353 7371 V CouchbaseLite/DATABASE: {DB#5} KeyStore(info) set publicUUID
11-12 12:55:35.035 7353 7371 V CouchbaseLite/DATABASE: {DB#5} KeyStore(info) set privateUUID
11-12 12:55:35.035 7353 7371 V CouchbaseLite/DATABASE: {DB#5} commit transaction
11-12 12:55:35.035 7353 7371 V CouchbaseLite/DATABASE: {DB#5} Next expiration time is 0
11-12 12:55:35.035 7353 7371 V CouchbaseLite/DATABASE: No pending doc expirations
11-12 12:55:35.035 7353 7371 V CouchbaseLite/DATABASE: {DB#5} begin transaction
11-12 12:55:35.036 7353 7371 V CouchbaseLite/DATABASE: {DB#5} Saved 'doc0' rev #1-1b7e3ab3b2bec0c5adfcdaf67e45ffddb157fd30 as seq 1
11-12 12:55:35.036 7353 7371 V CouchbaseLite/DATABASE: {DB#5} KeyStore(info) set SharedKeys
11-12 12:55:35.036 7353 7371 V CouchbaseLite/DATABASE: {DB#5} commit transaction
11-12 12:55:35.036 7353 7371 V CouchbaseLite/DATABASE: {DB#5} begin transaction
11-12 12:55:35.037 7353 7371 V CouchbaseLite/DATABASE: {DB#5} Saved 'doc1' rev #1-1b7e3ab3b2bec0c5adfcdaf67e45ffddb157fd30 as seq 2
11-12 12:55:35.037 7353 7371 V CouchbaseLite/DATABASE: {DB#5} commit transaction
11-12 12:55:35.037 7353 7371 I CouchbaseLite/DATABASE: Closing Database{@27ed149c, name='testdb'} at path /data/data/com.couchbase.lite.test/files/CBLTestDb/testdb.cblite2/
11-12 12:55:35.038 7353 7371 V CouchbaseLite/DATABASE: {DB#5} Pre-close housekeeping: 0 of 6 pages free (0%)
11-12 12:55:35.042 7353 7371 V CouchbaseLite/DATABASE: {DB#5} Closed SQLite database
11-12 12:55:35.042 7353 7371 D CouchbaseLite/DATABASE: {N8litecore8DataFile6SharedE#1} Remove DataFile 0x7fc02b049f40
11-12 12:55:35.042 7353 7371 I CouchbaseLite/DATABASE: {DB#5} Closing database
11-12 12:55:35.042 7353 7371 V CouchbaseLite/Test: testdb was closed successfully.
11-12 12:55:35.042 7353 7371 I CouchbaseLite/DATABASE: delete(): path=/data/data/com.couchbase.lite.test/files/CBLTestDb/testdb.cblite2
11-12 12:55:35.042 7353 7371 D CouchbaseLite/DATABASE: {N8litecore8DataFile6SharedE#1} adding DataFile 0x0
11-12 12:55:35.042 7353 7371 V CouchbaseLite/DATABASE: Preparing to delete DataFile /data/data/com.couchbase.lite.test/files/CBLTestDb/testdb.cblite2/db.sqlite3
11-12 12:55:35.042 7353 7371 I CouchbaseLite/DATABASE: Deleting database file /data/data/com.couchbase.lite.test/files/CBLTestDb/testdb.cblite2/db.sqlite3 (with -wal and -shm)
11-12 12:55:35.042 7353 7371 D CouchbaseLite/DATABASE: ...finished deleting database file /data/data/com.couchbase.lite.test/files/CBLTestDb/testdb.cblite2/db.sqlite3 (with -wal and -shm)
11-12 12:55:35.043 7353 7371 V CouchbaseLite/Test: testdb was deleted successfully.
11-12 12:55:35.043 7353 7371 I TestRunner: finished: testGetArray(com.couchbase.lite.ArrayTest)
11-12 12:55:35.045 7353 7353 I MonitoringInstr: Activities that are still in CREATED to STOPPED: 0
11-12 12:55:35.045 7353 7371 I TestRunner: started: testGetFloat(com.couchbase.lite.ArrayTest)
11-12 12:55:35.046 7353 7353 I MonitoringInstr: Activities that are still in CREATED to STOPPED: 0
11-12 12:55:35.047 7353 7371 I CouchbaseLite/DATABASE: Opening Database{@8e17ea5, name='testdb'} at path /data/data/com.couchbase.lite.test/files/CBLTestDb/testdb.cblite2
11-12 12:55:35.047 7353 7371 D CouchbaseLite/DATABASE: {N8litecore8DataFile6SharedE#1} adding DataFile 0x7fc02b04a440
11-12 12:55:35.047 7353 7371 I CouchbaseLite/DATABASE: {DB#6}==> N8litecore14SQLiteDataFileE /data/data/com.couchbase.lite.test/files/CBLTestDb/testdb.cblite2/db.sqlite3 @0x7fc02b04a440
11-12 12:55:35.047 7353 7371 I CouchbaseLite/DATABASE: {DB#6} Opening database
11-12 12:55:35.054 7353 7371 D CouchbaseLite/DATABASE: {DB#6} open KVS 'default'
11-12 12:55:35.054 7353 7371 D CouchbaseLite/DATABASE: {DB#6} open KVS 'info'
11-12 12:55:35.055 7353 7371 V CouchbaseLite/DATABASE: {DB#6} begin transaction
11-12 12:55:35.055 7353 7371 V CouchbaseLite/DATABASE: {DB#6} KeyStore(info) set versioning
11-12 12:55:35.055 7353 7371 V CouchbaseLite/DATABASE: {DB#6} KeyStore(info) set publicUUID
11-12 12:55:35.055 7353 7371 V CouchbaseLite/DATABASE: {DB#6} KeyStore(info) set privateUUID
11-12 12:55:35.055 7353 7371 V CouchbaseLite/DATABASE: {DB#6} commit transaction
11-12 12:55:35.055 7353 7371 V CouchbaseLite/DATABASE: {DB#6} Next expiration time is 0
11-12 12:55:35.055 7353 7371 V CouchbaseLite/DATABASE: No pending doc expirations
11-12 12:55:35.056 7353 7371 V CouchbaseLite/DATABASE: {DB#6} begin transaction
11-12 12:55:35.056 7353 7371 V CouchbaseLite/DATABASE: {DB#6} Saved 'doc0' rev #1-1b7e3ab3b2bec0c5adfcdaf67e45ffddb157fd30 as seq 1
11-12 12:55:35.056 7353 7371 V CouchbaseLite/DATABASE: {DB#6} KeyStore(info) set SharedKeys
11-12 12:55:35.056 7353 7371 V CouchbaseLite/DATABASE: {DB#6} commit transaction
11-12 12:55:35.057 7353 7371 V CouchbaseLite/DATABASE: {DB#6} begin transaction
11-12 12:55:35.057 7353 7371 V CouchbaseLite/DATABASE: {DB#6} Saved 'doc1' rev #1-1b7e3ab3b2bec0c5adfcdaf67e45ffddb157fd30 as seq 2
11-12 12:55:35.057 7353 7371 V CouchbaseLite/DATABASE: {DB#6} commit transaction
11-12 12:55:35.057 7353 7371 I CouchbaseLite/DATABASE: Closing Database{@8e17ea5, name='testdb'} at path /data/data/com.couchbase.lite.test/files/CBLTestDb/testdb.cblite2/
11-12 12:55:35.058 7353 7371 V CouchbaseLite/DATABASE: {DB#6} Pre-close housekeeping: 0 of 6 pages free (0%)
11-12 12:55:35.061 7353 7371 V CouchbaseLite/DATABASE: {DB#6} Closed SQLite database
11-12 12:55:35.061 7353 7371 D CouchbaseLite/DATABASE: {N8litecore8DataFile6SharedE#1} Remove DataFile 0x7fc02b04a440
11-12 12:55:35.061 7353 7371 I CouchbaseLite/DATABASE: {DB#6} Closing database
11-12 12:55:35.061 7353 7371 V CouchbaseLite/Test: testdb was closed successfully.
11-12 12:55:35.061 7353 7371 I CouchbaseLite/DATABASE: delete(): path=/data/data/com.couchbase.lite.test/files/CBLTestDb/testdb.cblite2
11-12 12:55:35.061 7353 7371 D CouchbaseLite/DATABASE: {N8litecore8DataFile6SharedE#1} adding DataFile 0x0
11-12 12:55:35.061 7353 7371 V CouchbaseLite/DATABASE: Preparing to delete DataFile /data/data/com.couchbase.lite.test/files/CBLTestDb/testdb.cblite2/db.sqlite3
11-12 12:55:35.062 7353 7371 I CouchbaseLite/DATABASE: Deleting database file /data/data/com.couchbase.lite.test/files/CBLTestDb/testdb.cblite2/db.sqlite3 (with -wal and -shm)
11-12 12:55:35.062 7353 7371 D CouchbaseLite/DATABASE: ...finished deleting database file /data/data/com.couchbase.lite.test/files/CBLTestDb/testdb.cblite2/db.sqlite3 (with -wal and -shm)
11-12 12:55:35.062 7353 7371 V CouchbaseLite/Test: testdb was deleted successfully.
11-12 12:55:35.062 7353 7371 I TestRunner: finished: testGetFloat(com.couchbase.lite.ArrayTest)
11-12 12:55:35.064 7353 7353 I MonitoringInstr: Activities that are still in CREATED to STOPPED: 0
11-12 12:55:35.064 7353 7371 I TestRunner: started: testAddLong(com.couchbase.lite.ArrayTest)
11-12 12:55:35.065 7353 7353 I MonitoringInstr: Activities that are still in CREATED to STOPPED: 0
11-12 12:55:35.066 7353 7371 I CouchbaseLite/DATABASE: Opening Database{@1537627a, name='testdb'} at path /data/data/com.couchbase.lite.test/files/CBLTestDb/testdb.cblite2
11-12 12:55:35.066 7353 7371 D CouchbaseLite/DATABASE: {N8litecore8DataFile6SharedE#1} adding DataFile 0x7fc02b04a940
11-12 12:55:35.066 7353 7371 I CouchbaseLite/DATABASE: {DB#7}==> N8litecore14SQLiteDataFileE /data/data/com.couchbase.lite.test/files/CBLTestDb/testdb.cblite2/db.sqlite3 @0x7fc02b04a940
11-12 12:55:35.066 7353 7371 I CouchbaseLite/DATABASE: {DB#7} Opening database
11-12 12:55:35.073 7353 7371 D CouchbaseLite/DATABASE: {DB#7} open KVS 'default'
11-12 12:55:35.073 7353 7371 D CouchbaseLite/DATABASE: {DB#7} open KVS 'info'
11-12 12:55:35.074 7353 7371 V CouchbaseLite/DATABASE: {DB#7} begin transaction
11-12 12:55:35.074 7353 7371 V CouchbaseLite/DATABASE: {DB#7} KeyStore(info) set versioning
11-12 12:55:35.074 7353 7371 V CouchbaseLite/DATABASE: {DB#7} KeyStore(info) set publicUUID
11-12 12:55:35.074 7353 7371 V CouchbaseLite/DATABASE: {DB#7} KeyStore(info) set privateUUID
11-12 12:55:35.074 7353 7371 V CouchbaseLite/DATABASE: {DB#7} commit transaction
11-12 12:55:35.074 7353 7371 V CouchbaseLite/DATABASE: {DB#7} Next expiration time is 0
11-12 12:55:35.074 7353 7371 V CouchbaseLite/DATABASE: No pending doc expirations
11-12 12:55:35.074 7353 7371 V CouchbaseLite/DATABASE: {DB#7} begin transaction
11-12 12:55:35.075 7353 7371 V CouchbaseLite/DATABASE: {DB#7} Saved 'test' rev #1-ac0cb85a9a29e37074e9143c7eba5ccc07db9065 as seq 1
11-12 12:55:35.075 7353 7371 V CouchbaseLite/DATABASE: {DB#7} KeyStore(info) set SharedKeys
11-12 12:55:35.075 7353 7371 V CouchbaseLite/DATABASE: {DB#7} commit transaction
11-12 12:55:35.075 7353 7371 I CouchbaseLite/DATABASE: Closing Database{@1537627a, name='testdb'} at path /data/data/com.couchbase.lite.test/files/CBLTestDb/testdb.cblite2/
11-12 12:55:35.075 7353 7371 V CouchbaseLite/DATABASE: {DB#7} Pre-close housekeeping: 0 of 6 pages free (0%)
11-12 12:55:35.079 7353 7371 V CouchbaseLite/DATABASE: {DB#7} Closed SQLite database
11-12 12:55:35.079 7353 7371 D CouchbaseLite/DATABASE: {N8litecore8DataFile6SharedE#1} Remove DataFile 0x7fc02b04a940
11-12 12:55:35.079 7353 7371 I CouchbaseLite/DATABASE: {DB#7} Closing database
11-12 12:55:35.079 7353 7371 V CouchbaseLite/Test: testdb was closed successfully.
11-12 12:55:35.079 7353 7371 I CouchbaseLite/DATABASE: delete(): path=/data/data/com.couchbase.lite.test/files/CBLTestDb/testdb.cblite2
11-12 12:55:35.079 7353 7371 D CouchbaseLite/DATABASE: {N8litecore8DataFile6SharedE#1} adding DataFile 0x0
11-12 12:55:35.079 7353 7371 V CouchbaseLite/DATABASE: Preparing to delete DataFile /data/data/com.couchbase.lite.test/files/CBLTestDb/testdb.cblite2/db.sqlite3
11-12 12:55:35.079 7353 7371 I CouchbaseLite/DATABASE: Deleting database file /data/data/com.couchbase.lite.test/files/CBLTestDb/testdb.cblite2/db.sqlite3 (with -wal and -shm)
11-12 12:55:35.079 7353 7371 D CouchbaseLite/DATABASE: ...finished deleting database file /data/data/com.couchbase.lite.test/files/CBLTestDb/testdb.cblite2/db.sqlite3 (with -wal and -shm)
11-12 12:55:35.079 7353 7371 V CouchbaseLite/Test: testdb was deleted successfully.
11-12 12:55:35.079 7353 7371 I TestRunner: finished: testAddLong(com.couchbase.lite.ArrayTest)
11-12 12:55:35.081 7353 7353 I MonitoringInstr: Activities that are still in CREATED to STOPPED: 0
11-12 12:55:35.083 7353 7371 I TestRunner: started: testAddNull(com.couchbase.lite.ArrayTest)
11-12 12:55:35.084 7353 7353 I MonitoringInstr: Activities that are still in CREATED to STOPPED: 0
11-12 12:55:35.085 7353 7371 I CouchbaseLite/DATABASE: Opening Database{@cf24a2b, name='testdb'} at path /data/data/com.couchbase.lite.test/files/CBLTestDb/testdb.cblite2
11-12 12:55:35.085 7353 7371 D CouchbaseLite/DATABASE: {N8litecore8DataFile6SharedE#1} adding DataFile 0x7fc02b04ae40
11-12 12:55:35.085 7353 7371 I CouchbaseLite/DATABASE: {DB#8}==> N8litecore14SQLiteDataFileE /data/data/com.couchbase.lite.test/files/CBLTestDb/testdb.cblite2/db.sqlite3 @0x7fc02b04ae40
11-12 12:55:35.085 7353 7371 I CouchbaseLite/DATABASE: {DB#8} Opening database
11-12 12:55:35.092 7353 7371 D CouchbaseLite/DATABASE: {DB#8} open KVS 'default'
11-12 12:55:35.092 7353 7371 D CouchbaseLite/DATABASE: {DB#8} open KVS 'info'
11-12 12:55:35.093 7353 7371 V CouchbaseLite/DATABASE: {DB#8} begin transaction
11-12 12:55:35.093 7353 7371 V CouchbaseLite/DATABASE: {DB#8} KeyStore(info) set versioning
11-12 12:55:35.093 7353 7371 V CouchbaseLite/DATABASE: {DB#8} KeyStore(info) set publicUUID
11-12 12:55:35.093 7353 7371 V CouchbaseLite/DATABASE: {DB#8} KeyStore(info) set privateUUID
11-12 12:55:35.093 7353 7371 V CouchbaseLite/DATABASE: {DB#8} commit transaction
11-12 12:55:35.093 7353 7371 V CouchbaseLite/DATABASE: {DB#8} Next expiration time is 0
11-12 12:55:35.093 7353 7371 V CouchbaseLite/DATABASE: No pending doc expirations
11-12 12:55:35.093 7353 7371 V CouchbaseLite/DATABASE: {DB#8} begin transaction
11-12 12:55:35.094 7353 7371 V CouchbaseLite/DATABASE: {DB#8} Saved 'doc1' rev #1-9ff9e3886c81fa5171fca54414438f28b6caffbb as seq 1
11-12 12:55:35.094 7353 7371 V CouchbaseLite/DATABASE: {DB#8} KeyStore(info) set SharedKeys
11-12 12:55:35.094 7353 7371 V CouchbaseLite/DATABASE: {DB#8} commit transaction
11-12 12:55:35.094 7353 7371 I CouchbaseLite/DATABASE: Closing Database{@cf24a2b, name='testdb'} at path /data/data/com.couchbase.lite.test/files/CBLTestDb/testdb.cblite2/
11-12 12:55:35.094 7353 7371 V CouchbaseLite/DATABASE: {DB#8} Pre-close housekeeping: 0 of 6 pages free (0%)
11-12 12:55:35.097 7353 7371 V CouchbaseLite/DATABASE: {DB#8} Closed SQLite database
11-12 12:55:35.097 7353 7371 D CouchbaseLite/DATABASE: {N8litecore8DataFile6SharedE#1} Remove DataFile 0x7fc02b04ae40
11-12 12:55:35.097 7353 7371 I CouchbaseLite/DATABASE: {DB#8} Closing database
11-12 12:55:35.097 7353 7371 V CouchbaseLite/Test: testdb was closed successfully.
11-12 12:55:35.097 7353 7371 I CouchbaseLite/DATABASE: delete(): path=/data/data/com.couchbase.lite.test/files/CBLTestDb/testdb.cblite2
11-12 12:55:35.097 7353 7371 D CouchbaseLite/DATABASE: {N8litecore8DataFile6SharedE#1} adding DataFile 0x0
11-12 12:55:35.097 7353 7371 V CouchbaseLite/DATABASE: Preparing to delete DataFile /data/data/com.couchbase.lite.test/files/CBLTestDb/testdb.cblite2/db.sqlite3
11-12 12:55:35.097 7353 7371 I CouchbaseLite/DATABASE: Deleting database file /data/data/com.couchbase.lite.test/files/CBLTestDb/testdb.cblite2/db.sqlite3 (with -wal and -shm)
11-12 12:55:35.098 7353 7371 D CouchbaseLite/DATABASE: ...finished deleting database file /data/data/com.couchbase.lite.test/files/CBLTestDb/testdb.cblite2/db.sqlite3 (with -wal and -shm)
11-12 12:55:35.098 7353 7371 V CouchbaseLite/Test: testdb was deleted successfully.
11-12 12:55:35.098 7353 7371 I TestRunner: finished: testAddNull(com.couchbase.lite.ArrayTest)
11-12 12:55:35.100 7353 7353 I MonitoringInstr: Activities that are still in CREATED to STOPPED: 0
11-12 12:55:35.100 7353 7371 I TestRunner: started: testCreateWithList(com.couchbase.lite.ArrayTest)
11-12 12:55:35.101 7353 7353 I MonitoringInstr: Activities that are still in CREATED to STOPPED: 0
11-12 12:55:35.101 7353 7371 I CouchbaseLite/DATABASE: Opening Database{@1e04de88, name='testdb'} at path /data/data/com.couchbase.lite.test/files/CBLTestDb/testdb.cblite2
11-12 12:55:35.102 7353 7371 D CouchbaseLite/DATABASE: {N8litecore8DataFile6SharedE#1} adding DataFile 0x7fc02b04b480
11-12 12:55:35.102 7353 7371 I CouchbaseLite/DATABASE: {DB#9}==> N8litecore14SQLiteDataFileE /data/data/com.couchbase.lite.test/files/CBLTestDb/testdb.cblite2/db.sqlite3 @0x7fc02b04b480
11-12 12:55:35.102 7353 7371 I CouchbaseLite/DATABASE: {DB#9} Opening database
11-12 12:55:35.108 7353 7371 D CouchbaseLite/DATABASE: {DB#9} open KVS 'default'
11-12 12:55:35.109 7353 7371 D CouchbaseLite/DATABASE: {DB#9} open KVS 'info'
11-12 12:55:35.109 7353 7371 V CouchbaseLite/DATABASE: {DB#9} begin transaction
11-12 12:55:35.109 7353 7371 V CouchbaseLite/DATABASE: {DB#9} KeyStore(info) set versioning
11-12 12:55:35.109 7353 7371 V CouchbaseLite/DATABASE: {DB#9} KeyStore(info) set publicUUID
11-12 12:55:35.109 7353 7371 V CouchbaseLite/DATABASE: {DB#9} KeyStore(info) set privateUUID
11-12 12:55:35.109 7353 7371 V CouchbaseLite/DATABASE: {DB#9} commit transaction
11-12 12:55:35.110 7353 7371 V CouchbaseLite/DATABASE: {DB#9} Next expiration time is 0
11-12 12:55:35.110 7353 7371 V CouchbaseLite/DATABASE: No pending doc expirations
11-12 12:55:35.110 7353 7371 V CouchbaseLite/DATABASE: {DB#9} begin transaction
11-12 12:55:35.110 7353 7371 V CouchbaseLite/DATABASE: {DB#9} Saved 'doc1' rev #1-8a6fd92202ecbc324d954873327e2b8c4261f1fa as seq 1
11-12 12:55:35.110 7353 7371 V CouchbaseLite/DATABASE: {DB#9} KeyStore(info) set SharedKeys
11-12 12:55:35.110 7353 7371 V CouchbaseLite/DATABASE: {DB#9} commit transaction
11-12 12:55:35.110 7353 7371 I CouchbaseLite/DATABASE: Closing Database{@1e04de88, name='testdb'} at path /data/data/com.couchbase.lite.test/files/CBLTestDb/testdb.cblite2/
11-12 12:55:35.110 7353 7371 V CouchbaseLite/DATABASE: {DB#9} Pre-close housekeeping: 0 of 6 pages free (0%)
11-12 12:55:35.115 7353 7371 V CouchbaseLite/DATABASE: {DB#9} Closed SQLite database
11-12 12:55:35.115 7353 7371 D CouchbaseLite/DATABASE: {N8litecore8DataFile6SharedE#1} Remove DataFile 0x7fc02b04b480
11-12 12:55:35.115 7353 7371 I CouchbaseLite/DATABASE: {DB#9} Closing database
11-12 12:55:35.115 7353 7371 V CouchbaseLite/Test: testdb was closed successfully.
11-12 12:55:35.115 7353 7371 I CouchbaseLite/DATABASE: delete(): path=/data/data/com.couchbase.lite.test/files/CBLTestDb/testdb.cblite2
11-12 12:55:35.115 7353 7371 D CouchbaseLite/DATABASE: {N8litecore8DataFile6SharedE#1} adding DataFile 0x0
11-12 12:55:35.115 7353 7371 V CouchbaseLite/DATABASE: Preparing to delete DataFile /data/data/com.couchbase.lite.test/files/CBLTestDb/testdb.cblite2/db.sqlite3
11-12 12:55:35.115 7353 7371 I CouchbaseLite/DATABASE: Deleting database file /data/data/com.couchbase.lite.test/files/CBLTestDb/testdb.cblite2/db.sqlite3 (with -wal and -shm)
11-12 12:55:35.115 7353 7371 D CouchbaseLite/DATABASE: ...finished deleting database file /data/data/com.couchbase.lite.test/files/CBLTestDb/testdb.cblite2/db.sqlite3 (with -wal and -shm)
11-12 12:55:35.115 7353 7371 V CouchbaseLite/Test: testdb was deleted successfully.
11-12 12:55:35.115 7353 7371 I TestRunner: finished: testCreateWithList(com.couchbase.lite.ArrayTest)
11-12 12:55:35.117 7353 7353 I MonitoringInstr: Activities that are still in CREATED to STOPPED: 0
11-12 12:55:35.118 7353 7371 I TestRunner: started: testCount(com.couchbase.lite.ArrayTest)
11-12 12:55:35.118 7353 7353 I MonitoringInstr: Activities that are still in CREATED to STOPPED: 0
11-12 12:55:35.119 7353 7371 I CouchbaseLite/DATABASE: Opening Database{@29106021, name='testdb'} at path /data/data/com.couchbase.lite.test/files/CBLTestDb/testdb.cblite2
11-12 12:55:35.119 7353 7371 D CouchbaseLite/DATABASE: {N8litecore8DataFile6SharedE#1} adding DataFile 0x7fc02b04b840
11-12 12:55:35.119 7353 7371 I CouchbaseLite/DATABASE: {DB#10}==> N8litecore14SQLiteDataFileE /data/data/com.couchbase.lite.test/files/CBLTestDb/testdb.cblite2/db.sqlite3 @0x7fc02b04b840
11-12 12:55:35.119 7353 7371 I CouchbaseLite/DATABASE: {DB#10} Opening database
11-12 12:55:35.143 7353 7371 D CouchbaseLite/DATABASE: {DB#10} open KVS 'default'
11-12 12:55:35.144 7353 7371 D CouchbaseLite/DATABASE: {DB#10} open KVS 'info'
11-12 12:55:35.144 7353 7371 V CouchbaseLite/DATABASE: {DB#10} begin transaction
11-12 12:55:35.144 7353 7371 V CouchbaseLite/DATABASE: {DB#10} KeyStore(info) set versioning
11-12 12:55:35.145 7353 7371 V CouchbaseLite/DATABASE: {DB#10} KeyStore(info) set publicUUID
11-12 12:55:35.145 7353 7371 V CouchbaseLite/DATABASE: {DB#10} KeyStore(info) set privateUUID
11-12 12:55:35.145 7353 7371 V CouchbaseLite/DATABASE: {DB#10} commit transaction
11-12 12:55:35.145 7353 7371 V CouchbaseLite/DATABASE: {DB#10} Next expiration time is 0
11-12 12:55:35.145 7353 7371 V CouchbaseLite/DATABASE: No pending doc expirations
11-12 12:55:35.145 7353 7371 V CouchbaseLite/DATABASE: {DB#10} begin transaction
11-12 12:55:35.146 7353 7371 V CouchbaseLite/DATABASE: {DB#10} Saved 'doc0' rev #1-1b7e3ab3b2bec0c5adfcdaf67e45ffddb157fd30 as seq 1
11-12 12:55:35.146 7353 7371 V CouchbaseLite/DATABASE: {DB#10} KeyStore(info) set SharedKeys
11-12 12:55:35.146 7353 7371 V CouchbaseLite/DATABASE: {DB#10} commit transaction
11-12 12:55:35.146 7353 7371 V CouchbaseLite/DATABASE: {DB#10} begin transaction
11-12 12:55:35.147 7353 7371 V CouchbaseLite/DATABASE: {DB#10} Saved 'doc1' rev #1-1b7e3ab3b2bec0c5adfcdaf67e45ffddb157fd30 as seq 2
11-12 12:55:35.147 7353 7371 V CouchbaseLite/DATABASE: {DB#10} commit transaction
11-12 12:55:35.147 7353 7371 I CouchbaseLite/DATABASE: Closing Database{@29106021, name='testdb'} at path /data/data/com.couchbase.lite.test/files/CBLTestDb/testdb.cblite2/
11-12 12:55:35.147 7353 7371 V CouchbaseLite/DATABASE: {DB#10} Pre-close housekeeping: 0 of 6 pages free (0%)
11-12 12:55:35.159 7353 7371 V CouchbaseLite/DATABASE: {DB#10} Closed SQLite database
11-12 12:55:35.159 7353 7371 D CouchbaseLite/DATABASE: {N8litecore8DataFile6SharedE#1} Remove DataFile 0x7fc02b04b840
11-12 12:55:35.159 7353 7371 I CouchbaseLite/DATABASE: {DB#10} Closing database
11-12 12:55:35.159 7353 7371 V CouchbaseLite/Test: testdb was closed successfully.
11-12 12:55:35.159 7353 7371 I CouchbaseLite/DATABASE: delete(): path=/data/data/com.couchbase.lite.test/files/CBLTestDb/testdb.cblite2
11-12 12:55:35.160 7353 7371 D CouchbaseLite/DATABASE: {N8litecore8DataFile6SharedE#1} adding DataFile 0x0
11-12 12:55:35.160 7353 7371 V CouchbaseLite/DATABASE: Preparing to delete DataFile /data/data/com.couchbase.lite.test/files/CBLTestDb/testdb.cblite2/db.sqlite3
11-12 12:55:35.160 7353 7371 I CouchbaseLite/DATABASE: Deleting database file /data/data/com.couchbase.lite.test/files/CBLTestDb/testdb.cblite2/db.sqlite3 (with -wal and -shm)
11-12 12:55:35.160 7353 7371 D CouchbaseLite/DATABASE: ...finished deleting database file /data/data/com.couchbase.lite.test/files/CBLTestDb/testdb.cblite2/db.sqlite3 (with -wal and -shm)
11-12 12:55:35.160 7353 7371 V CouchbaseLite/Test: testdb was deleted successfully.
11-12 12:55:35.160 7353 7371 I TestRunner: finished: testCount(com.couchbase.lite.ArrayTest)
11-12 12:55:35.163 7353 7353 I MonitoringInstr: Activities that are still in CREATED to STOPPED: 0
11-12 12:55:35.163 7353 7371 I TestRunner: started: testSetNestedArray(com.couchbase.lite.ArrayTest)
11-12 12:55:35.164 7353 7353 I MonitoringInstr: Activities that are still in CREATED to STOPPED: 0
11-12 12:55:35.165 7353 7371 I CouchbaseLite/DATABASE: Opening Database{@33c92c46, name='testdb'} at path /data/data/com.couchbase.lite.test/files/CBLTestDb/testdb.cblite2
11-12 12:55:35.165 7353 7371 D CouchbaseLite/DATABASE: {N8litecore8DataFile6SharedE#1} adding DataFile 0x7fc02b04bd40
11-12 12:55:35.165 7353 7371 I CouchbaseLite/DATABASE: {DB#11}==> N8litecore14SQLiteDataFileE /data/data/com.couchbase.lite.test/files/CBLTestDb/testdb.cblite2/db.sqlite3 @0x7fc02b04bd40
11-12 12:55:35.165 7353 7371 I CouchbaseLite/DATABASE: {DB#11} Opening database
11-12 12:55:35.175 7353 7371 D CouchbaseLite/DATABASE: {DB#11} open KVS 'default'
11-12 12:55:35.175 7353 7371 D CouchbaseLite/DATABASE: {DB#11} open KVS 'info'
11-12 12:55:35.176 7353 7371 V CouchbaseLite/DATABASE: {DB#11} begin transaction
11-12 12:55:35.176 7353 7371 V CouchbaseLite/DATABASE: {DB#11} KeyStore(info) set versioning
11-12 12:55:35.176 7353 7371 V CouchbaseLite/DATABASE: {DB#11} KeyStore(info) set publicUUID
11-12 12:55:35.176 7353 7371 V CouchbaseLite/DATABASE: {DB#11} KeyStore(info) set privateUUID
11-12 12:55:35.176 7353 7371 V CouchbaseLite/DATABASE: {DB#11} commit transaction
11-12 12:55:35.176 7353 7371 V CouchbaseLite/DATABASE: {DB#11} Next expiration time is 0
11-12 12:55:35.176 7353 7371 V CouchbaseLite/DATABASE: No pending doc expirations
11-12 12:55:35.176 7353 7371 V CouchbaseLite/DATABASE: {DB#11} begin transaction
11-12 12:55:35.177 7353 7371 V CouchbaseLite/DATABASE: {DB#11} Saved 'doc1' rev #1-3771e875942382e54d76b402f04dcd2238d13200 as seq 1
11-12 12:55:35.177 7353 7371 V CouchbaseLite/DATABASE: {DB#11} KeyStore(info) set SharedKeys
11-12 12:55:35.177 7353 7371 V CouchbaseLite/DATABASE: {DB#11} commit transaction
11-12 12:55:35.178 7353 7371 I CouchbaseLite/DATABASE: Closing Database{@33c92c46, name='testdb'} at path /data/data/com.couchbase.lite.test/files/CBLTestDb/testdb.cblite2/
11-12 12:55:35.178 7353 7371 V CouchbaseLite/DATABASE: {DB#11} Pre-close housekeeping: 0 of 6 pages free (0%)
11-12 12:55:35.185 7353 7371 V CouchbaseLite/DATABASE: {DB#11} Closed SQLite database
11-12 12:55:35.185 7353 7371 D CouchbaseLite/DATABASE: {N8litecore8DataFile6SharedE#1} Remove DataFile 0x7fc02b04bd40
11-12 12:55:35.185 7353 7371 I CouchbaseLite/DATABASE: {DB#11} Closing database
11-12 12:55:35.185 7353 7371 V CouchbaseLite/Test: testdb was closed successfully.
11-12 12:55:35.185 7353 7371 I CouchbaseLite/DATABASE: delete(): path=/data/data/com.couchbase.lite.test/files/CBLTestDb/testdb.cblite2
11-12 12:55:35.185 7353 7371 D CouchbaseLite/DATABASE: {N8litecore8DataFile6SharedE#1} adding DataFile 0x0
11-12 12:55:35.185 7353 7371 V CouchbaseLite/DATABASE: Preparing to delete DataFile /data/data/com.couchbase.lite.test/files/CBLTestDb/testdb.cblite2/db.sqlite3
11-12 12:55:35.185 7353 7371 I CouchbaseLite/DATABASE: Deleting database file /data/data/com.couchbase.lite.test/files/CBLTestDb/testdb.cblite2/db.sqlite3 (with -wal and -shm)
