11-12 12:55:36.214 7353 7371 I CouchbaseLite/DATABASE: delete(): path=/data/data/com.couchbase.lite.test/files/CBLTestDb/testdb.cblite2
11-12 12:55:36.215 7353 7371 D CouchbaseLite/DATABASE: {N8litecore8DataFile6SharedE#14} adding DataFile 0x0
11-12 12:55:36.215 7353 7371 V CouchbaseLite/DATABASE: Preparing to delete DataFile /data/data/com.couchbase.lite.test/files/CBLTestDb/testdb.cblite2/db.sqlite3
11-12 12:55:36.215 7353 7371 I CouchbaseLite/DATABASE: Deleting database file /data/data/com.couchbase.lite.test/files/CBLTestDb/testdb.cblite2/db.sqlite3 (with -wal and -shm)
11-12 12:55:36.215 7353 7371 D CouchbaseLite/DATABASE: ...finished deleting database file /data/data/com.couchbase.lite.test/files/CBLTestDb/testdb.cblite2/db.sqlite3 (with -wal and -shm)
11-12 12:55:36.215 7353 7371 V CouchbaseLite/Test: testdb was deleted successfully.
11-12 12:55:36.215 7353 7371 I TestRunner: finished: testGetDictionary(com.couchbase.lite.ArrayTest)
11-12 12:55:36.216 7353 7365 D CouchbaseLite/DATABASE: {N8litecore8DataFile6SharedE#14} Remove DataFile 0x7fc02b04a080
11-12 12:55:36.216 7353 7365 D CouchbaseLite/DATABASE: {N8litecore8DataFile6SharedE#14} Remove DataFile 0x7fc02b04a080
11-12 12:55:36.216 7353 7365 D CouchbaseLite/DATABASE: {DB#51} destructing (~DataFile)
11-12 12:55:36.216 7353 7365 D CouchbaseLite/DATABASE: {N8litecore8DataFile6SharedE#14} Remove DataFile 0x7fc02b04a080
11-12 12:55:36.218 7353 7353 I MonitoringInstr: Activities that are still in CREATED to STOPPED: 0
11-12 12:55:36.218 7353 7371 I TestRunner: started: testSetFloat(com.couchbase.lite.ArrayTest)
11-12 12:55:36.219 7353 7353 I MonitoringInstr: Activities that are still in CREATED to STOPPED: 0
11-12 12:55:36.219 7353 7371 I CouchbaseLite/DATABASE: Opening Database{@3233f9c4, name='testdb'} at path /data/data/com.couchbase.lite.test/files/CBLTestDb/testdb.cblite2
11-12 12:55:36.219 7353 7371 D CouchbaseLite/DATABASE: {N8litecore8DataFile6SharedE#14} adding DataFile 0x7fc02b25f3c0
11-12 12:55:36.219 7353 7371 I CouchbaseLite/DATABASE: {DB#61}==> N8litecore14SQLiteDataFileE /data/data/com.couchbase.lite.test/files/CBLTestDb/testdb.cblite2/db.sqlite3 @0x7fc02b25f3c0
11-12 12:55:36.219 7353 7371 I CouchbaseLite/DATABASE: {DB#61} Opening database
11-12 12:55:36.227 7353 7371 D CouchbaseLite/DATABASE: {DB#61} open KVS 'default'
11-12 12:55:36.227 7353 7371 D CouchbaseLite/DATABASE: {DB#61} open KVS 'info'
11-12 12:55:36.228 7353 7371 V CouchbaseLite/DATABASE: {DB#61} begin transaction
11-12 12:55:36.228 7353 7371 V CouchbaseLite/DATABASE: {DB#61} KeyStore(info) set versioning
11-12 12:55:36.228 7353 7371 V CouchbaseLite/DATABASE: {DB#61} KeyStore(info) set publicUUID
11-12 12:55:36.228 7353 7371 V CouchbaseLite/DATABASE: {DB#61} KeyStore(info) set privateUUID
11-12 12:55:36.228 7353 7371 V CouchbaseLite/DATABASE: {DB#61} commit transaction
11-12 12:55:36.228 7353 7371 V CouchbaseLite/DATABASE: {DB#61} Next expiration time is 0
11-12 12:55:36.228 7353 7371 V CouchbaseLite/DATABASE: No pending doc expirations
11-12 12:55:36.228 7353 7371 V CouchbaseLite/DATABASE: {DB#61} begin transaction
11-12 12:55:36.229 7353 7371 V CouchbaseLite/DATABASE: {DB#61} Saved 'test' rev #1-3ec51c12f6a400706f92018247ceb44663a3ce5e as seq 1
11-12 12:55:36.229 7353 7371 V CouchbaseLite/DATABASE: {DB#61} KeyStore(info) set SharedKeys
11-12 12:55:36.229 7353 7371 V CouchbaseLite/DATABASE: {DB#61} commit transaction
11-12 12:55:36.229 7353 7371 I CouchbaseLite/DATABASE: Closing Database{@3233f9c4, name='testdb'} at path /data/data/com.couchbase.lite.test/files/CBLTestDb/testdb.cblite2/
11-12 12:55:36.229 7353 7371 V CouchbaseLite/DATABASE: {DB#61} Pre-close housekeeping: 0 of 6 pages free (0%)
11-12 12:55:36.232 7353 7371 V CouchbaseLite/DATABASE: {DB#61} Closed SQLite database
11-12 12:55:36.232 7353 7371 D CouchbaseLite/DATABASE: {N8litecore8DataFile6SharedE#14} Remove DataFile 0x7fc02b25f3c0
11-12 12:55:36.233 7353 7371 I CouchbaseLite/DATABASE: {DB#61} Closing database
11-12 12:55:36.233 7353 7371 V CouchbaseLite/Test: testdb was closed successfully.
11-12 12:55:36.233 7353 7371 I CouchbaseLite/DATABASE: delete(): path=/data/data/com.couchbase.lite.test/files/CBLTestDb/testdb.cblite2
11-12 12:55:36.233 7353 7371 D CouchbaseLite/DATABASE: {N8litecore8DataFile6SharedE#14} adding DataFile 0x0
11-12 12:55:36.233 7353 7371 V CouchbaseLite/DATABASE: Preparing to delete DataFile /data/data/com.couchbase.lite.test/files/CBLTestDb/testdb.cblite2/db.sqlite3
11-12 12:55:36.233 7353 7371 I CouchbaseLite/DATABASE: Deleting database file /data/data/com.couchbase.lite.test/files/CBLTestDb/testdb.cblite2/db.sqlite3 (with -wal and -shm)
11-12 12:55:36.233 7353 7371 D CouchbaseLite/DATABASE: ...finished deleting database file /data/data/com.couchbase.lite.test/files/CBLTestDb/testdb.cblite2/db.sqlite3 (with -wal and -shm)
11-12 12:55:36.233 7353 7371 V CouchbaseLite/Test: testdb was deleted successfully.
11-12 12:55:36.233 7353 7371 I TestRunner: finished: testSetFloat(com.couchbase.lite.ArrayTest)
11-12 12:55:36.235 7353 7353 I MonitoringInstr: Activities that are still in CREATED to STOPPED: 0
11-12 12:55:36.236 7353 7371 I TestRunner: started: testBasicAuthenticatorWithEmptyArgs(com.couchbase.lite.AuthenticatorTest)
11-12 12:55:36.237 7353 7353 I MonitoringInstr: Activities that are still in CREATED to STOPPED: 0
11-12 12:55:36.237 7353 7371 I CouchbaseLite/DATABASE: Opening Database{@27d340ad, name='testdb'} at path /data/data/com.couchbase.lite.test/files/CBLTestDb/testdb.cblite2
11-12 12:55:36.237 7353 7371 D CouchbaseLite/DATABASE: {N8litecore8DataFile6SharedE#14} adding DataFile 0x7fc02b25f280
11-12 12:55:36.237 7353 7371 I CouchbaseLite/DATABASE: {DB#62}==> N8litecore14SQLiteDataFileE /data/data/com.couchbase.lite.test/files/CBLTestDb/testdb.cblite2/db.sqlite3 @0x7fc02b25f280
11-12 12:55:36.237 7353 7371 I CouchbaseLite/DATABASE: {DB#62} Opening database
11-12 12:55:36.245 7353 7371 D CouchbaseLite/DATABASE: {DB#62} open KVS 'default'
11-12 12:55:36.245 7353 7371 D CouchbaseLite/DATABASE: {DB#62} open KVS 'info'
11-12 12:55:36.246 7353 7371 V CouchbaseLite/DATABASE: {DB#62} begin transaction
11-12 12:55:36.246 7353 7371 V CouchbaseLite/DATABASE: {DB#62} KeyStore(info) set versioning
11-12 12:55:36.246 7353 7371 V CouchbaseLite/DATABASE: {DB#62} KeyStore(info) set publicUUID
11-12 12:55:36.246 7353 7371 V CouchbaseLite/DATABASE: {DB#62} KeyStore(info) set privateUUID
11-12 12:55:36.246 7353 7371 V CouchbaseLite/DATABASE: {DB#62} commit transaction
11-12 12:55:36.246 7353 7371 V CouchbaseLite/DATABASE: {DB#62} Next expiration time is 0
11-12 12:55:36.246 7353 7371 V CouchbaseLite/DATABASE: No pending doc expirations
11-12 12:55:36.247 7353 7371 I CouchbaseLite/DATABASE: Closing Database{@27d340ad, name='testdb'} at path /data/data/com.couchbase.lite.test/files/CBLTestDb/testdb.cblite2/
11-12 12:55:36.247 7353 7371 V CouchbaseLite/DATABASE: {DB#62} Pre-close housekeeping: 0 of 6 pages free (0%)
11-12 12:55:36.250 7353 7371 V CouchbaseLite/DATABASE: {DB#62} Closed SQLite database
11-12 12:55:36.250 7353 7371 D CouchbaseLite/DATABASE: {N8litecore8DataFile6SharedE#14} Remove DataFile 0x7fc02b25f280
11-12 12:55:36.250 7353 7371 I CouchbaseLite/DATABASE: {DB#62} Closing database
11-12 12:55:36.250 7353 7371 D CouchbaseLite/DATABASE: {N8litecore8DataFile6SharedE#14} Remove DataFile 0x7fc02b25f280
11-12 12:55:36.250 7353 7371 D CouchbaseLite/DATABASE: {N8litecore8DataFile6SharedE#14} Remove DataFile 0x7fc02b25f280
11-12 12:55:36.250 7353 7371 D CouchbaseLite/DATABASE: {DB#62} destructing (~DataFile)
11-12 12:55:36.250 7353 7371 D CouchbaseLite/DATABASE: {N8litecore8DataFile6SharedE#14} Remove DataFile 0x7fc02b25f280
11-12 12:55:36.250 7353 7371 V CouchbaseLite/Test: testdb was closed successfully.
11-12 12:55:36.251 7353 7371 I CouchbaseLite/DATABASE: delete(): path=/data/data/com.couchbase.lite.test/files/CBLTestDb/testdb.cblite2
11-12 12:55:36.251 7353 7371 D CouchbaseLite/DATABASE: {N8litecore8DataFile6SharedE#14} adding DataFile 0x0
11-12 12:55:36.251 7353 7371 V CouchbaseLite/DATABASE: Preparing to delete DataFile /data/data/com.couchbase.lite.test/files/CBLTestDb/testdb.cblite2/db.sqlite3
11-12 12:55:36.251 7353 7371 I CouchbaseLite/DATABASE: Deleting database file /data/data/com.couchbase.lite.test/files/CBLTestDb/testdb.cblite2/db.sqlite3 (with -wal and -shm)
11-12 12:55:36.251 7353 7371 D CouchbaseLite/DATABASE: ...finished deleting database file /data/data/com.couchbase.lite.test/files/CBLTestDb/testdb.cblite2/db.sqlite3 (with -wal and -shm)
11-12 12:55:36.251 7353 7371 V CouchbaseLite/Test: testdb was deleted successfully.
11-12 12:55:36.251 7353 7371 I TestRunner: finished: testBasicAuthenticatorWithEmptyArgs(com.couchbase.lite.AuthenticatorTest)
11-12 12:55:36.253 7353 7353 I MonitoringInstr: Activities that are still in CREATED to STOPPED: 0
11-12 12:55:36.253 7353 7371 I TestRunner: started: testSessionAuthenticatorEmptySessionID(com.couchbase.lite.AuthenticatorTest)
11-12 12:55:36.254 7353 7353 I MonitoringInstr: Activities that are still in CREATED to STOPPED: 0
11-12 12:55:36.255 7353 7371 I CouchbaseLite/DATABASE: Opening Database{@5756fe2, name='testdb'} at path /data/data/com.couchbase.lite.test/files/CBLTestDb/testdb.cblite2
11-12 12:55:36.255 7353 7371 D CouchbaseLite/DATABASE: {N8litecore8DataFile6SharedE#14} adding DataFile 0x7fc02b25f280
11-12 12:55:36.255 7353 7371 I CouchbaseLite/DATABASE: {DB#63}==> N8litecore14SQLiteDataFileE /data/data/com.couchbase.lite.test/files/CBLTestDb/testdb.cblite2/db.sqlite3 @0x7fc02b25f280
11-12 12:55:36.255 7353 7371 I CouchbaseLite/DATABASE: {DB#63} Opening database
11-12 12:55:36.263 7353 7371 D CouchbaseLite/DATABASE: {DB#63} open KVS 'default'
11-12 12:55:36.263 7353 7371 D CouchbaseLite/DATABASE: {DB#63} open KVS 'info'
11-12 12:55:36.263 7353 7371 V CouchbaseLite/DATABASE: {DB#63} begin transaction
11-12 12:55:36.264 7353 7371 V CouchbaseLite/DATABASE: {DB#63} KeyStore(info) set versioning
11-12 12:55:36.264 7353 7371 V CouchbaseLite/DATABASE: {DB#63} KeyStore(info) set publicUUID
11-12 12:55:36.264 7353 7371 V CouchbaseLite/DATABASE: {DB#63} KeyStore(info) set privateUUID
11-12 12:55:36.264 7353 7371 V CouchbaseLite/DATABASE: {DB#63} commit transaction
11-12 12:55:36.264 7353 7371 V CouchbaseLite/DATABASE: {DB#63} Next expiration time is 0
11-12 12:55:36.264 7353 7371 V CouchbaseLite/DATABASE: No pending doc expirations
11-12 12:55:36.265 7353 7371 I CouchbaseLite/DATABASE: Closing Database{@5756fe2, name='testdb'} at path /data/data/com.couchbase.lite.test/files/CBLTestDb/testdb.cblite2/
11-12 12:55:36.265 7353 7371 V CouchbaseLite/DATABASE: {DB#63} Pre-close housekeeping: 0 of 6 pages free (0%)
11-12 12:55:36.269 7353 7371 V CouchbaseLite/DATABASE: {DB#63} Closed SQLite database
11-12 12:55:36.269 7353 7371 D CouchbaseLite/DATABASE: {N8litecore8DataFile6SharedE#14} Remove DataFile 0x7fc02b25f280
11-12 12:55:36.269 7353 7371 I CouchbaseLite/DATABASE: {DB#63} Closing database
11-12 12:55:36.269 7353 7371 D CouchbaseLite/DATABASE: {N8litecore8DataFile6SharedE#14} Remove DataFile 0x7fc02b25f280
11-12 12:55:36.269 7353 7371 D CouchbaseLite/DATABASE: {N8litecore8DataFile6SharedE#14} Remove DataFile 0x7fc02b25f280
11-12 12:55:36.269 7353 7371 D CouchbaseLite/DATABASE: {DB#63} destructing (~DataFile)
11-12 12:55:36.269 7353 7371 D CouchbaseLite/DATABASE: {N8litecore8DataFile6SharedE#14} Remove DataFile 0x7fc02b25f280
11-12 12:55:36.269 7353 7371 V CouchbaseLite/Test: testdb was closed successfully.
11-12 12:55:36.269 7353 7371 I CouchbaseLite/DATABASE: delete(): path=/data/data/com.couchbase.lite.test/files/CBLTestDb/testdb.cblite2
11-12 12:55:36.269 7353 7371 D CouchbaseLite/DATABASE: {N8litecore8DataFile6SharedE#14} adding DataFile 0x0
11-12 12:55:36.269 7353 7371 V CouchbaseLite/DATABASE: Preparing to delete DataFile /data/data/com.couchbase.lite.test/files/CBLTestDb/testdb.cblite2/db.sqlite3
11-12 12:55:36.269 7353 7371 I CouchbaseLite/DATABASE: Deleting database file /data/data/com.couchbase.lite.test/files/CBLTestDb/testdb.cblite2/db.sqlite3 (with -wal and -shm)
11-12 12:55:36.269 7353 7371 D CouchbaseLite/DATABASE: ...finished deleting database file /data/data/com.couchbase.lite.test/files/CBLTestDb/testdb.cblite2/db.sqlite3 (with -wal and -shm)
11-12 12:55:36.269 7353 7371 V CouchbaseLite/Test: testdb was deleted successfully.
11-12 12:55:36.269 7353 7371 I TestRunner: finished: testSessionAuthenticatorEmptySessionID(com.couchbase.lite.AuthenticatorTest)
11-12 12:55:36.271 7353 7353 I MonitoringInstr: Activities that are still in CREATED to STOPPED: 0
11-12 12:55:36.272 7353 7371 I TestRunner: started: testSessionAuthenticatorEmptyCookie(com.couchbase.lite.AuthenticatorTest)
11-12 12:55:36.273 7353 7353 I MonitoringInstr: Activities that are still in CREATED to STOPPED: 0
11-12 12:55:36.273 7353 7371 I CouchbaseLite/DATABASE: Opening Database{@5e3af73, name='testdb'} at path /data/data/com.couchbase.lite.test/files/CBLTestDb/testdb.cblite2
11-12 12:55:36.274 7353 7371 D CouchbaseLite/DATABASE: {N8litecore8DataFile6SharedE#14} adding DataFile 0x7fc02b25f280
11-12 12:55:36.274 7353 7371 I CouchbaseLite/DATABASE: {DB#64}==> N8litecore14SQLiteDataFileE /data/data/com.couchbase.lite.test/files/CBLTestDb/testdb.cblite2/db.sqlite3 @0x7fc02b25f280
11-12 12:55:36.274 7353 7371 I CouchbaseLite/DATABASE: {DB#64} Opening database
11-12 12:55:36.280 7353 7371 D CouchbaseLite/DATABASE: {DB#64} open KVS 'default'
11-12 12:55:36.280 7353 7371 D CouchbaseLite/DATABASE: {DB#64} open KVS 'info'
11-12 12:55:36.281 7353 7371 V CouchbaseLite/DATABASE: {DB#64} begin transaction
11-12 12:55:36.281 7353 7371 V CouchbaseLite/DATABASE: {DB#64} KeyStore(info) set versioning
11-12 12:55:36.281 7353 7371 V CouchbaseLite/DATABASE: {DB#64} KeyStore(info) set publicUUID
11-12 12:55:36.281 7353 7371 V CouchbaseLite/DATABASE: {DB#64} KeyStore(info) set privateUUID
11-12 12:55:36.281 7353 7371 V CouchbaseLite/DATABASE: {DB#64} commit transaction
11-12 12:55:36.281 7353 7371 V CouchbaseLite/DATABASE: {DB#64} Next expiration time is 0
11-12 12:55:36.281 7353 7371 V CouchbaseLite/DATABASE: No pending doc expirations
11-12 12:55:36.281 7353 7371 I CouchbaseLite/DATABASE: Closing Database{@5e3af73, name='testdb'} at path /data/data/com.couchbase.lite.test/files/CBLTestDb/testdb.cblite2/
11-12 12:55:36.281 7353 7371 V CouchbaseLite/DATABASE: {DB#64} Pre-close housekeeping: 0 of 6 pages free (0%)
11-12 12:55:36.286 7353 7371 V CouchbaseLite/DATABASE: {DB#64} Closed SQLite database
11-12 12:55:36.286 7353 7371 D CouchbaseLite/DATABASE: {N8litecore8DataFile6SharedE#14} Remove DataFile 0x7fc02b25f280
11-12 12:55:36.286 7353 7371 I CouchbaseLite/DATABASE: {DB#64} Closing database
11-12 12:55:36.286 7353 7371 D CouchbaseLite/DATABASE: {N8litecore8DataFile6SharedE#14} Remove DataFile 0x7fc02b25f280
11-12 12:55:36.286 7353 7371 D CouchbaseLite/DATABASE: {N8litecore8DataFile6SharedE#14} Remove DataFile 0x7fc02b25f280
11-12 12:55:36.287 7353 7371 D CouchbaseLite/DATABASE: {DB#64} destructing (~DataFile)
11-12 12:55:36.287 7353 7371 D CouchbaseLite/DATABASE: {N8litecore8DataFile6SharedE#14} Remove DataFile 0x7fc02b25f280
11-12 12:55:36.287 7353 7371 V CouchbaseLite/Test: testdb was closed successfully.
11-12 12:55:36.287 7353 7371 I CouchbaseLite/DATABASE: delete(): path=/data/data/com.couchbase.lite.test/files/CBLTestDb/testdb.cblite2
11-12 12:55:36.287 7353 7371 D CouchbaseLite/DATABASE: {N8litecore8DataFile6SharedE#14} adding DataFile 0x0
11-12 12:55:36.287 7353 7371 V CouchbaseLite/DATABASE: Preparing to delete DataFile /data/data/com.couchbase.lite.test/files/CBLTestDb/testdb.cblite2/db.sqlite3
11-12 12:55:36.287 7353 7371 I CouchbaseLite/DATABASE: Deleting database file /data/data/com.couchbase.lite.test/files/CBLTestDb/testdb.cblite2/db.sqlite3 (with -wal and -shm)
11-12 12:55:36.287 7353 7371 D CouchbaseLite/DATABASE: ...finished deleting database file /data/data/com.couchbase.lite.test/files/CBLTestDb/testdb.cblite2/db.sqlite3 (with -wal and -shm)
11-12 12:55:36.287 7353 7371 V CouchbaseLite/Test: testdb was deleted successfully.
11-12 12:55:36.287 7353 7371 I TestRunner: finished: testSessionAuthenticatorEmptyCookie(com.couchbase.lite.AuthenticatorTest)
11-12 12:55:36.289 7353 7353 I MonitoringInstr: Activities that are still in CREATED to STOPPED: 0
11-12 12:55:36.289 7353 7371 I TestRunner: started: testSessionAuthenticatorWithSessionID(com.couchbase.lite.AuthenticatorTest)
11-12 12:55:36.290 7353 7353 I MonitoringInstr: Activities that are still in CREATED to STOPPED: 0
11-12 12:55:36.291 7353 7371 I CouchbaseLite/DATABASE: Opening Database{@758ee30, name='testdb'} at path /data/data/com.couchbase.lite.test/files/CBLTestDb/testdb.cblite2
11-12 12:55:36.291 7353 7371 D CouchbaseLite/DATABASE: {N8litecore8DataFile6SharedE#14} adding DataFile 0x7fc02b25f280
11-12 12:55:36.291 7353 7371 I CouchbaseLite/DATABASE: {DB#65}==> N8litecore14SQLiteDataFileE /data/data/com.couchbase.lite.test/files/CBLTestDb/testdb.cblite2/db.sqlite3 @0x7fc02b25f280
11-12 12:55:36.291 7353 7371 I CouchbaseLite/DATABASE: {DB#65} Opening database
11-12 12:55:36.299 7353 7371 D CouchbaseLite/DATABASE: {DB#65} open KVS 'default'
11-12 12:55:36.299 7353 7371 D CouchbaseLite/DATABASE: {DB#65} open KVS 'info'
11-12 12:55:36.299 7353 7371 V CouchbaseLite/DATABASE: {DB#65} begin transaction
11-12 12:55:36.299 7353 7371 V CouchbaseLite/DATABASE: {DB#65} KeyStore(info) set versioning
11-12 12:55:36.299 7353 7371 V CouchbaseLite/DATABASE: {DB#65} KeyStore(info) set publicUUID
11-12 12:55:36.299 7353 7371 V CouchbaseLite/DATABASE: {DB#65} KeyStore(info) set privateUUID
11-12 12:55:36.300 7353 7371 V CouchbaseLite/DATABASE: {DB#65} commit transaction
11-12 12:55:36.300 7353 7371 V CouchbaseLite/DATABASE: {DB#65} Next expiration time is 0
11-12 12:55:36.300 7353 7371 V CouchbaseLite/DATABASE: No pending doc expirations
11-12 12:55:36.300 7353 7371 I CouchbaseLite/DATABASE: Closing Database{@758ee30, name='testdb'} at path /data/data/com.couchbase.lite.test/files/CBLTestDb/testdb.cblite2/
11-12 12:55:36.300 7353 7371 V CouchbaseLite/DATABASE: {DB#65} Pre-close housekeeping: 0 of 6 pages free (0%)
11-12 12:55:36.304 7353 7371 V CouchbaseLite/DATABASE: {DB#65} Closed SQLite database
11-12 12:55:36.304 7353 7371 D CouchbaseLite/DATABASE: {N8litecore8DataFile6SharedE#14} Remove DataFile 0x7fc02b25f280
11-12 12:55:36.304 7353 7371 I CouchbaseLite/DATABASE: {DB#65} Closing database
11-12 12:55:36.304 7353 7371 D CouchbaseLite/DATABASE: {N8litecore8DataFile6SharedE#14} Remove DataFile 0x7fc02b25f280
11-12 12:55:36.304 7353 7371 D CouchbaseLite/DATABASE: {N8litecore8DataFile6SharedE#14} Remove DataFile 0x7fc02b25f280
11-12 12:55:36.304 7353 7371 D CouchbaseLite/DATABASE: {DB#65} destructing (~DataFile)
11-12 12:55:36.304 7353 7371 D CouchbaseLite/DATABASE: {N8litecore8DataFile6SharedE#14} Remove DataFile 0x7fc02b25f280
11-12 12:55:36.304 7353 7371 V CouchbaseLite/Test: testdb was closed successfully.
11-12 12:55:36.304 7353 7371 I CouchbaseLite/DATABASE: delete(): path=/data/data/com.couchbase.lite.test/files/CBLTestDb/testdb.cblite2
11-12 12:55:36.304 7353 7371 D CouchbaseLite/DATABASE: {N8litecore8DataFile6SharedE#14} adding DataFile 0x0
11-12 12:55:36.304 7353 7371 V CouchbaseLite/DATABASE: Preparing to delete DataFile /data/data/com.couchbase.lite.test/files/CBLTestDb/testdb.cblite2/db.sqlite3
11-12 12:55:36.304 7353 7371 I CouchbaseLite/DATABASE: Deleting database file /data/data/com.couchbase.lite.test/files/CBLTestDb/testdb.cblite2/db.sqlite3 (with -wal and -shm)
11-12 12:55:36.305 7353 7371 D CouchbaseLite/DATABASE: ...finished deleting database file /data/data/com.couchbase.lite.test/files/CBLTestDb/testdb.cblite2/db.sqlite3 (with -wal and -shm)
11-12 12:55:36.305 7353 7371 V CouchbaseLite/Test: testdb was deleted successfully.
11-12 12:55:36.305 7353 7371 I TestRunner: finished: testSessionAuthenticatorWithSessionID(com.couchbase.lite.AuthenticatorTest)
11-12 12:55:36.307 7353 7353 I MonitoringInstr: Activities that are still in CREATED to STOPPED: 0
11-12 12:55:36.308 7353 7371 I TestRunner: started: testBasicAuthenticatorInstance(com.couchbase.lite.AuthenticatorTest)
11-12 12:55:36.309 7353 7353 I MonitoringInstr: Activities that are still in CREATED to STOPPED: 0
11-12 12:55:36.309 7353 7371 I CouchbaseLite/DATABASE: Opening Database{@22903aa9, name='testdb'} at path /data/data/com.couchbase.lite.test/files/CBLTestDb/testdb.cblite2
11-12 12:55:36.309 7353 7371 D CouchbaseLite/DATABASE: {N8litecore8DataFile6SharedE#14} adding DataFile 0x7fc02b25f280
11-12 12:55:36.309 7353 7371 I CouchbaseLite/DATABASE: {DB#66}==> N8litecore14SQLiteDataFileE /data/data/com.couchbase.lite.test/files/CBLTestDb/testdb.cblite2/db.sqlite3 @0x7fc02b25f280
11-12 12:55:36.309 7353 7371 I CouchbaseLite/DATABASE: {DB#66} Opening database
11-12 12:55:36.317 7353 7371 D CouchbaseLite/DATABASE: {DB#66} open KVS 'default'
11-12 12:55:36.317 7353 7371 D CouchbaseLite/DATABASE: {DB#66} open KVS 'info'
11-12 12:55:36.318 7353 7371 V CouchbaseLite/DATABASE: {DB#66} begin transaction
11-12 12:55:36.318 7353 7371 V CouchbaseLite/DATABASE: {DB#66} KeyStore(info) set versioning
11-12 12:55:36.318 7353 7371 V CouchbaseLite/DATABASE: {DB#66} KeyStore(info) set publicUUID
11-12 12:55:36.318 7353 7371 V CouchbaseLite/DATABASE: {DB#66} KeyStore(info) set privateUUID
11-12 12:55:36.318 7353 7371 V CouchbaseLite/DATABASE: {DB#66} commit transaction
11-12 12:55:36.318 7353 7371 V CouchbaseLite/DATABASE: {DB#66} Next expiration time is 0
11-12 12:55:36.318 7353 7371 V CouchbaseLite/DATABASE: No pending doc expirations
11-12 12:55:36.318 7353 7371 I CouchbaseLite/DATABASE: Closing Database{@22903aa9, name='testdb'} at path /data/data/com.couchbase.lite.test/files/CBLTestDb/testdb.cblite2/
11-12 12:55:36.318 7353 7371 V CouchbaseLite/DATABASE: {DB#66} Pre-close housekeeping: 0 of 6 pages free (0%)
11-12 12:55:36.322 7353 7371 V CouchbaseLite/DATABASE: {DB#66} Closed SQLite database
11-12 12:55:36.322 7353 7371 D CouchbaseLite/DATABASE: {N8litecore8DataFile6SharedE#14} Remove DataFile 0x7fc02b25f280
11-12 12:55:36.322 7353 7371 I CouchbaseLite/DATABASE: {DB#66} Closing database
11-12 12:55:36.322 7353 7371 D CouchbaseLite/DATABASE: {N8litecore8DataFile6SharedE#14} Remove DataFile 0x7fc02b25f280
11-12 12:55:36.322 7353 7371 D CouchbaseLite/DATABASE: {N8litecore8DataFile6SharedE#14} Remove DataFile 0x7fc02b25f280
11-12 12:55:36.322 7353 7371 D CouchbaseLite/DATABASE: {DB#66} destructing (~DataFile)
11-12 12:55:36.322 7353 7371 D CouchbaseLite/DATABASE: {N8litecore8DataFile6SharedE#14} Remove DataFile 0x7fc02b25f280
11-12 12:55:36.322 7353 7371 V CouchbaseLite/Test: testdb was closed successfully.
11-12 12:55:36.322 7353 7371 I CouchbaseLite/DATABASE: delete(): path=/data/data/com.couchbase.lite.test/files/CBLTestDb/testdb.cblite2
11-12 12:55:36.322 7353 7371 D CouchbaseLite/DATABASE: {N8litecore8DataFile6SharedE#14} adding DataFile 0x0
11-12 12:55:36.323 7353 7371 V CouchbaseLite/DATABASE: Preparing to delete DataFile /data/data/com.couchbase.lite.test/files/CBLTestDb/testdb.cblite2/db.sqlite3
11-12 12:55:36.323 7353 7371 I CouchbaseLite/DATABASE: Deleting database file /data/data/com.couchbase.lite.test/files/CBLTestDb/testdb.cblite2/db.sqlite3 (with -wal and -shm)
11-12 12:55:36.323 7353 7371 D CouchbaseLite/DATABASE: ...finished deleting database file /data/data/com.couchbase.lite.test/files/CBLTestDb/testdb.cblite2/db.sqlite3 (with -wal and -shm)
11-12 12:55:36.323 7353 7371 V CouchbaseLite/Test: testdb was deleted successfully.
11-12 12:55:36.323 7353 7371 I TestRunner: finished: testBasicAuthenticatorInstance(com.couchbase.lite.AuthenticatorTest)
11-12 12:55:36.325 7353 7353 I MonitoringInstr: Activities that are still in CREATED to STOPPED: 0
11-12 12:55:36.325 7353 7371 I TestRunner: started: testSessionAuthenticatorWithSessionIDAndCookie(com.couchbase.lite.AuthenticatorTest)
11-12 12:55:36.326 7353 7353 I MonitoringInstr: Activities that are still in CREATED to STOPPED: 0
11-12 12:55:36.327 7353 7371 I CouchbaseLite/DATABASE: Opening Database{@30fea82e, name='testdb'} at path /data/data/com.couchbase.lite.test/files/CBLTestDb/testdb.cblite2
11-12 12:55:36.327 7353 7371 D CouchbaseLite/DATABASE: {N8litecore8DataFile6SharedE#14} adding DataFile 0x7fc02b25f280
11-12 12:55:36.327 7353 7371 I CouchbaseLite/DATABASE: {DB#67}==> N8litecore14SQLiteDataFileE /data/data/com.couchbase.lite.test/files/CBLTestDb/testdb.cblite2/db.sqlite3 @0x7fc02b25f280
11-12 12:55:36.327 7353 7371 I CouchbaseLite/DATABASE: {DB#67} Opening database
11-12 12:55:36.336 7353 7371 D CouchbaseLite/DATABASE: {DB#67} open KVS 'default'
11-12 12:55:36.336 7353 7371 D CouchbaseLite/DATABASE: {DB#67} open KVS 'info'
11-12 12:55:36.336 7353 7371 V CouchbaseLite/DATABASE: {DB#67} begin transaction
11-12 12:55:36.336 7353 7371 V CouchbaseLite/DATABASE: {DB#67} KeyStore(info) set versioning
11-12 12:55:36.337 7353 7371 V CouchbaseLite/DATABASE: {DB#67} KeyStore(info) set publicUUID
11-12 12:55:36.337 7353 7371 V CouchbaseLite/DATABASE: {DB#67} KeyStore(info) set privateUUID
11-12 12:55:36.337 7353 7371 V CouchbaseLite/DATABASE: {DB#67} commit transaction
11-12 12:55:36.337 7353 7371 V CouchbaseLite/DATABASE: {DB#67} Next expiration time is 0
11-12 12:55:36.337 7353 7371 V CouchbaseLite/DATABASE: No pending doc expirations
11-12 12:55:36.337 7353 7371 I CouchbaseLite/DATABASE: Closing Database{@30fea82e, name='testdb'} at path /data/data/com.couchbase.lite.test/files/CBLTestDb/testdb.cblite2/
11-12 12:55:36.337 7353 7371 V CouchbaseLite/DATABASE: {DB#67} Pre-close housekeeping: 0 of 6 pages free (0%)
11-12 12:55:36.341 7353 7371 V CouchbaseLite/DATABASE: {DB#67} Closed SQLite database
11-12 12:55:36.342 7353 7371 D CouchbaseLite/DATABASE: {N8litecore8DataFile6SharedE#14} Remove DataFile 0x7fc02b25f280
11-12 12:55:36.342 7353 7371 I CouchbaseLite/DATABASE: {DB#67} Closing database
11-12 12:55:36.342 7353 7371 D CouchbaseLite/DATABASE: {N8litecore8DataFile6SharedE#14} Remove DataFile 0x7fc02b25f280
11-12 12:55:36.342 7353 7371 D CouchbaseLite/DATABASE: {N8litecore8DataFile6SharedE#14} Remove DataFile 0x7fc02b25f280
11-12 12:55:36.342 7353 7371 D CouchbaseLite/DATABASE: {DB#67} destructing (~DataFile)
11-12 12:55:36.342 7353 7371 D CouchbaseLite/DATABASE: {N8litecore8DataFile6SharedE#14} Remove DataFile 0x7fc02b25f280
11-12 12:55:36.342 7353 7371 V CouchbaseLite/Test: testdb was closed successfully.
11-12 12:55:36.342 7353 7371 I CouchbaseLite/DATABASE: delete(): path=/data/data/com.couchbase.lite.test/files/CBLTestDb/testdb.cblite2
11-12 12:55:36.342 7353 7371 D CouchbaseLite/DATABASE: {N8litecore8DataFile6SharedE#14} adding DataFile 0x0
11-12 12:55:36.342 7353 7371 V CouchbaseLite/DATABASE: Preparing to delete DataFile /data/data/com.couchbase.lite.test/files/CBLTestDb/testdb.cblite2/db.sqlite3
11-12 12:55:36.342 7353 7371 I CouchbaseLite/DATABASE: Deleting database file /data/data/com.couchbase.lite.test/files/CBLTestDb/testdb.cblite2/db.sqlite3 (with -wal and -shm)
11-12 12:55:36.342 7353 7371 D CouchbaseLite/DATABASE: ...finished deleting database file /data/data/com.couchbase.lite.test/files/CBLTestDb/testdb.cblite2/db.sqlite3 (with -wal and -shm)
11-12 12:55:36.342 7353 7371 V CouchbaseLite/Test: testdb was deleted successfully.
11-12 12:55:36.342 7353 7371 I TestRunner: finished: testSessionAuthenticatorWithSessionIDAndCookie(com.couchbase.lite.AuthenticatorTest)
11-12 12:55:36.345 7353 7353 I MonitoringInstr: Activities that are still in CREATED to STOPPED: 0
11-12 12:55:36.345 7353 7371 I TestRunner: started: testGetNonCachedContent6MBFile(com.couchbase.lite.BlobTest)
11-12 12:55:36.346 7353 7353 I MonitoringInstr: Activities that are still in CREATED to STOPPED: 0
11-12 12:55:36.347 7353 7371 I CouchbaseLite/DATABASE: Opening Database{@353fcfcf, name='testdb'} at path /data/data/com.couchbase.lite.test/files/CBLTestDb/testdb.cblite2
11-12 12:55:36.347 7353 7371 D CouchbaseLite/DATABASE: {N8litecore8DataFile6SharedE#14} adding DataFile 0x7fc02b25f280
11-12 12:55:36.347 7353 7371 I CouchbaseLite/DATABASE: {DB#68}==> N8litecore14SQLiteDataFileE /data/data/com.couchbase.lite.test/files/CBLTestDb/testdb.cblite2/db.sqlite3 @0x7fc02b25f280
11-12 12:55:36.347 7353 7371 I CouchbaseLite/DATABASE: {DB#68} Opening database
11-12 12:55:36.355 7353 7371 D CouchbaseLite/DATABASE: {DB#68} open KVS 'default'
11-12 12:55:36.355 7353 7371 D CouchbaseLite/DATABASE: {DB#68} open KVS 'info'
11-12 12:55:36.355 7353 7371 V CouchbaseLite/DATABASE: {DB#68} begin transaction
11-12 12:55:36.355 7353 7371 V CouchbaseLite/DATABASE: {DB#68} KeyStore(info) set versioning
11-12 12:55:36.355 7353 7371 V CouchbaseLite/DATABASE: {DB#68} KeyStore(info) set publicUUID
11-12 12:55:36.355 7353 7371 V CouchbaseLite/DATABASE: {DB#68} KeyStore(info) set privateUUID
11-12 12:55:36.356 7353 7371 V CouchbaseLite/DATABASE: {DB#68} commit transaction
11-12 12:55:36.356 7353 7371 V CouchbaseLite/DATABASE: {DB#68} Next expiration time is 0
11-12 12:55:36.356 7353 7371 V CouchbaseLite/DATABASE: No pending doc expirations
11-12 12:55:36.364 7353 7365 D CouchbaseLite/DATABASE: {N8litecore8DataFile6SharedE#14} Remove DataFile 0x7fc02b04c880
11-12 12:55:36.364 7353 7365 D CouchbaseLite/DATABASE: {N8litecore8DataFile6SharedE#14} Remove DataFile 0x7fc02b04c880
11-12 12:55:36.364 7353 7365 D CouchbaseLite/DATABASE: {DB#59} destructing (~DataFile)
11-12 12:55:36.364 7353 7365 D CouchbaseLite/DATABASE: {N8litecore8DataFile6SharedE#14} Remove DataFile 0x7fc02b04c880
11-12 12:55:36.367 7353 7365 D CouchbaseLite/DATABASE: {N8litecore8DataFile6SharedE#14} Remove DataFile 0x7fc02b04cd80
11-12 12:55:36.367 7353 7365 D CouchbaseLite/DATABASE: {N8litecore8DataFile6SharedE#14} Remove DataFile 0x7fc02b04cd80
11-12 12:55:36.367 7353 7365 D CouchbaseLite/DATABASE: {DB#60} destructing (~DataFile)
11-12 12:55:36.367 7353 7365 D CouchbaseLite/DATABASE: {N8litecore8DataFile6SharedE#14} Remove DataFile 0x7fc02b04cd80
11-12 12:55:36.368 7353 7365 D CouchbaseLite/DATABASE: {N8litecore8DataFile6SharedE#14} Remove DataFile 0x7fc02b25f3c0
11-12 12:55:36.368 7353 7365 D CouchbaseLite/DATABASE: {N8litecore8DataFile6SharedE#14} Remove DataFile 0x7fc02b25f3c0
11-12 12:55:36.369 7353 7365 D CouchbaseLite/DATABASE: {DB#61} destructing (~DataFile)
11-12 12:55:36.369 7353 7365 D CouchbaseLite/DATABASE: {N8litecore8DataFile6SharedE#14} Remove DataFile 0x7fc02b25f3c0
11-12 12:55:36.396 7353 7371 V CouchbaseLite/DATABASE: {DB#68} begin transaction
11-12 12:55:36.427 7353 7371 V CouchbaseLite/DATABASE: {DB#68} Saved 'doc1' rev #1-b9dc999b4a0eb2e8829439cda607448e07ea77d1 as seq 1
11-12 12:55:36.427 7353 7371 V CouchbaseLite/DATABASE: {DB#68} KeyStore(info) set SharedKeys
11-12 12:55:36.427 7353 7371 V CouchbaseLite/DATABASE: {DB#68} commit transaction
11-12 12:55:36.474 7353 7371 I CouchbaseLite/DATABASE: Closing Database{@353fcfcf, name='testdb'} at path /data/data/com.couchbase.lite.test/files/CBLTestDb/testdb.cblite2/
11-12 12:55:36.475 7353 7371 V CouchbaseLite/DATABASE: {DB#68} Pre-close housekeeping: 0 of 6 pages free (0%)
11-12 12:55:36.480 7353 7371 V CouchbaseLite/DATABASE: {DB#68} Closed SQLite database
11-12 12:55:36.480 7353 7371 D CouchbaseLite/DATABASE: {N8litecore8DataFile6SharedE#14} Remove DataFile 0x7fc02b25f280
11-12 12:55:36.480 7353 7371 I CouchbaseLite/DATABASE: {DB#68} Closing database
11-12 12:55:36.480 7353 7371 V CouchbaseLite/Test: testdb was closed successfully.
11-12 12:55:36.480 7353 7371 I CouchbaseLite/DATABASE: delete(): path=/data/data/com.couchbase.lite.test/files/CBLTestDb/testdb.cblite2
11-12 12:55:36.480 7353 7371 D CouchbaseLite/DATABASE: {N8litecore8DataFile6SharedE#14} adding DataFile 0x0
11-12 12:55:36.480 7353 7371 V CouchbaseLite/DATABASE: Preparing to delete DataFile /data/data/com.couchbase.lite.test/files/CBLTestDb/testdb.cblite2/db.sqlite3
11-12 12:55:36.480 7353 7371 I CouchbaseLite/DATABASE: Deleting database file /data/data/com.couchbase.lite.test/files/CBLTestDb/testdb.cblite2/db.sqlite3 (with -wal and -shm)
11-12 12:55:36.480 7353 7371 D CouchbaseLite/DATABASE: ...finished deleting database file /data/data/com.couchbase.lite.test/files/CBLTestDb/testdb.cblite2/db.sqlite3 (with -wal and -shm)
11-12 12:55:36.481 7353 7371 V CouchbaseLite/Test: testdb was deleted successfully.
11-12 12:55:36.482 7353 7371 I TestRunner: finished: testGetNonCachedContent6MBFile(com.couchbase.lite.BlobTest)
11-12 12:55:36.484 7353 7353 I MonitoringInstr: Activities that are still in CREATED to STOPPED: 0
11-12 12:55:36.484 7353 7371 I TestRunner: started: testBlobReadFunctions(com.couchbase.lite.BlobTest)
11-12 12:55:36.485 7353 7353 I MonitoringInstr: Activities that are still in CREATED to STOPPED: 0
11-12 12:55:36.486 7353 7371 I CouchbaseLite/DATABASE: Opening Database{@2d08d865, name='testdb'} at path /data/data/com.couchbase.lite.test/files/CBLTestDb/testdb.cblite2
11-12 12:55:36.487 7353 7371 D CouchbaseLite/DATABASE: {N8litecore8DataFile6SharedE#14} adding DataFile 0x7fc02b049680
11-12 12:55:36.487 7353 7371 I CouchbaseLite/DATABASE: {DB#69}==> N8litecore14SQLiteDataFileE /data/data/com.couchbase.lite.test/files/CBLTestDb/testdb.cblite2/db.sqlite3 @0x7fc02b049680
11-12 12:55:36.487 7353 7371 I CouchbaseLite/DATABASE: {DB#69} Opening database
11-12 12:55:36.496 7353 7371 D CouchbaseLite/DATABASE: {DB#69} open KVS 'default'
11-12 12:55:36.496 7353 7371 D CouchbaseLite/DATABASE: {DB#69} open KVS 'info'
11-12 12:55:36.496 7353 7371 V CouchbaseLite/DATABASE: {DB#69} begin transaction
11-12 12:55:36.496 7353 7371 V CouchbaseLite/DATABASE: {DB#69} KeyStore(info) set versioning
11-12 12:55:36.496 7353 7371 V CouchbaseLite/DATABASE: {DB#69} KeyStore(info) set publicUUID
11-12 12:55:36.496 7353 7371 V CouchbaseLite/DATABASE: {DB#69} KeyStore(info) set privateUUID
11-12 12:55:36.496 7353 7371 V CouchbaseLite/DATABASE: {DB#69} commit transaction
11-12 12:55:36.497 7353 7371 V CouchbaseLite/DATABASE: {DB#69} Next expiration time is 0
11-12 12:55:36.497 7353 7371 V CouchbaseLite/DATABASE: No pending doc expirations
11-12 12:55:36.516 7353 7365 D CouchbaseLite/DATABASE: {N8litecore8DataFile6SharedE#14} Remove DataFile 0x7fc02b25f280
11-12 12:55:36.517 7353 7365 D CouchbaseLite/DATABASE: {N8litecore8DataFile6SharedE#14} Remove DataFile 0x7fc02b25f280
11-12 12:55:36.517 7353 7365 D CouchbaseLite/DATABASE: {DB#68} destructing (~DataFile)
11-12 12:55:36.517 7353 7365 D CouchbaseLite/DATABASE: {N8litecore8DataFile6SharedE#14} Remove DataFile 0x7fc02b25f280
11-12 12:55:36.563 7353 7371 I CouchbaseLite/DATABASE: Closing Database{@2d08d865, name='testdb'} at path /data/data/com.couchbase.lite.test/files/CBLTestDb/testdb.cblite2/
11-12 12:55:36.563 7353 7371 V CouchbaseLite/DATABASE: {DB#69} Pre-close housekeeping: 0 of 6 pages free (0%)
11-12 12:55:36.570 7353 7371 V CouchbaseLite/DATABASE: {DB#69} Closed SQLite database
11-12 12:55:36.570 7353 7371 D CouchbaseLite/DATABASE: {N8litecore8DataFile6SharedE#14} Remove DataFile 0x7fc02b049680
11-12 12:55:36.570 7353 7371 I CouchbaseLite/DATABASE: {DB#69} Closing database
11-12 12:55:36.570 7353 7371 D CouchbaseLite/DATABASE: {N8litecore8DataFile6SharedE#14} Remove DataFile 0x7fc02b049680
11-12 12:55:36.570 7353 7371 D CouchbaseLite/DATABASE: {N8litecore8DataFile6SharedE#14} Remove DataFile 0x7fc02b049680
11-12 12:55:36.570 7353 7371 D CouchbaseLite/DATABASE: {DB#69} destructing (~DataFile)
11-12 12:55:36.570 7353 7371 D CouchbaseLite/DATABASE: {N8litecore8DataFile6SharedE#14} Remove DataFile 0x7fc02b049680
11-12 12:55:36.570 7353 7371 D CouchbaseLite/DATABASE: {N8litecore8DataFile6SharedE#14} destructing
11-12 12:55:36.571 7353 7371 V CouchbaseLite/Test: testdb was closed successfully.
11-12 12:55:36.571 7353 7371 I CouchbaseLite/DATABASE: delete(): path=/data/data/com.couchbase.lite.test/files/CBLTestDb/testdb.cblite2
11-12 12:55:36.571 7353 7371 I CouchbaseLite/DATABASE: {N8litecore8DataFile6SharedE#70}==> N8litecore8DataFile6SharedE 0x7fc02b048c98 @0x7fc02b048c98
11-12 12:55:36.571 7353 7371 I CouchbaseLite/DATABASE: {N8litecore8DataFile6SharedE#70} instantiated on /data/data/com.couchbase.lite.test/files/CBLTestDb/testdb.cblite2/db.sqlite3
11-12 12:55:36.571 7353 7371 D CouchbaseLite/DATABASE: {N8litecore8DataFile6SharedE#70} created for DataFile 0x0 at /data/data/com.couchbase.lite.test/files/CBLTestDb/testdb.cblite2/db.sqlite3
11-12 12:55:36.571 7353 7371 V CouchbaseLite/DATABASE: Preparing to delete DataFile /data/data/com.couchbase.lite.test/files/CBLTestDb/testdb.cblite2/db.sqlite3
11-12 12:55:36.571 7353 7371 I CouchbaseLite/DATABASE: Deleting database file /data/data/com.couchbase.lite.test/files/CBLTestDb/testdb.cblite2/db.sqlite3 (with -wal and -shm)
11-12 12:55:36.571 7353 7371 D CouchbaseLite/DATABASE: ...finished deleting database file /data/data/com.couchbase.lite.test/files/CBLTestDb/testdb.cblite2/db.sqlite3 (with -wal and -shm)
11-12 12:55:36.571 7353 7371 D CouchbaseLite/DATABASE: {N8litecore8DataFile6SharedE#70} destructing
11-12 12:55:36.571 7353 7371 V CouchbaseLite/Test: testdb was deleted successfully.
11-12 12:55:36.571 7353 7371 I TestRunner: finished: testBlobReadFunctions(com.couchbase.lite.BlobTest)
11-12 12:55:36.574 7353 7353 I MonitoringInstr: Activities that are still in CREATED to STOPPED: 0
11-12 12:55:36.576 7353 7371 I TestRunner: started: testGetContent6MBFile(com.couchbase.lite.BlobTest)
11-12 12:55:36.576 7353 7353 I MonitoringInstr: Activities that are still in CREATED to STOPPED: 0
11-12 12:55:36.577 7353 7371 I CouchbaseLite/DATABASE: Opening Database{@189399eb, name='testdb'} at path /data/data/com.couchbase.lite.test/files/CBLTestDb/testdb.cblite2
11-12 12:55:36.577 7353 7371 I CouchbaseLite/DATABASE: {N8litecore8DataFile6SharedE#71}==> N8litecore8DataFile6SharedE 0x7fc02b048f18 @0x7fc02b048f18
11-12 12:55:36.577 7353 7371 I CouchbaseLite/DATABASE: {N8litecore8DataFile6SharedE#71} instantiated on /data/data/com.couchbase.lite.test/files/CBLTestDb/testdb.cblite2/db.sqlite3
11-12 12:55:36.577 7353 7371 D CouchbaseLite/DATABASE: {N8litecore8DataFile6SharedE#71} created for DataFile 0x7fc02b049680 at /data/data/com.couchbase.lite.test/files/CBLTestDb/testdb.cblite2/db.sqlite3
11-12 12:55:36.577 7353 7371 I CouchbaseLite/DATABASE: {DB#72}==> N8litecore14SQLiteDataFileE /data/data/com.couchbase.lite.test/files/CBLTestDb/testdb.cblite2/db.sqlite3 @0x7fc02b049680
11-12 12:55:36.578 7353 7371 I CouchbaseLite/DATABASE: {DB#72} Opening database
11-12 12:55:36.585 7353 7371 D CouchbaseLite/DATABASE: {DB#72} open KVS 'default'
11-12 12:55:36.586 7353 7371 D CouchbaseLite/DATABASE: {DB#72} open KVS 'info'
11-12 12:55:36.586 7353 7371 V CouchbaseLite/DATABASE: {DB#72} begin transaction
11-12 12:55:36.586 7353 7371 V CouchbaseLite/DATABASE: {DB#72} KeyStore(info) set versioning
11-12 12:55:36.586 7353 7371 V CouchbaseLite/DATABASE: {DB#72} KeyStore(info) set publicUUID
11-12 12:55:36.586 7353 7371 V CouchbaseLite/DATABASE: {DB#72} KeyStore(info) set privateUUID
11-12 12:55:36.586 7353 7371 V CouchbaseLite/DATABASE: {DB#72} commit transaction
11-12 12:55:36.587 7353 7371 V CouchbaseLite/DATABASE: {DB#72} Next expiration time is 0
11-12 12:55:36.587 7353 7371 V CouchbaseLite/DATABASE: No pending doc expirations
11-12 12:55:36.627 7353 7371 V CouchbaseLite/DATABASE: {DB#72} begin transaction
11-12 12:55:36.655 7353 7371 V CouchbaseLite/DATABASE: {DB#72} Saved 'doc1' rev #1-b9dc999b4a0eb2e8829439cda607448e07ea77d1 as seq 1
11-12 12:55:36.655 7353 7371 V CouchbaseLite/DATABASE: {DB#72} KeyStore(info) set SharedKeys
11-12 12:55:36.655 7353 7371 V CouchbaseLite/DATABASE: {DB#72} commit transaction
11-12 12:55:36.670 7353 7371 I CouchbaseLite/DATABASE: Closing Database{@189399eb, name='testdb'} at path /data/data/com.couchbase.lite.test/files/CBLTestDb/testdb.cblite2/
11-12 12:55:36.671 7353 7371 V CouchbaseLite/DATABASE: {DB#72} Pre-close housekeeping: 0 of 6 pages free (0%)
11-12 12:55:36.675 7353 7371 V CouchbaseLite/DATABASE: {DB#72} Closed SQLite database
11-12 12:55:36.675 7353 7371 D CouchbaseLite/DATABASE: {N8litecore8DataFile6SharedE#71} Remove DataFile 0x7fc02b049680
11-12 12:55:36.675 7353 7371 I CouchbaseLite/DATABASE: {DB#72} Closing database
11-12 12:55:36.675 7353 7371 V CouchbaseLite/Test: testdb was closed successfully.
11-12 12:55:36.675 7353 7371 I CouchbaseLite/DATABASE: delete(): path=/data/data/com.couchbase.lite.test/files/CBLTestDb/testdb.cblite2
11-12 12:55:36.675 7353 7371 D CouchbaseLite/DATABASE: {N8litecore8DataFile6SharedE#71} adding DataFile 0x0
11-12 12:55:36.676 7353 7371 V CouchbaseLite/DATABASE: Preparing to delete DataFile /data/data/com.couchbase.lite.test/files/CBLTestDb/testdb.cblite2/db.sqlite3
11-12 12:55:36.676 7353 7371 I CouchbaseLite/DATABASE: Deleting database file /data/data/com.couchbase.lite.test/files/CBLTestDb/testdb.cblite2/db.sqlite3 (with -wal and -shm)
11-12 12:55:36.676 7353 7371 D CouchbaseLite/DATABASE: ...finished deleting database file /data/data/com.couchbase.lite.test/files/CBLTestDb/testdb.cblite2/db.sqlite3 (with -wal and -shm)
11-12 12:55:36.676 7353 7371 V CouchbaseLite/Test: testdb was deleted successfully.
11-12 12:55:36.677 7353 7371 I TestRunner: finished: testGetContent6MBFile(com.couchbase.lite.BlobTest)
11-12 12:55:36.678 7353 7353 I MonitoringInstr: Activities that are still in CREATED to STOPPED: 0
11-12 12:55:36.679 7353 7371 I TestRunner: started: testReadBlobStream(com.couchbase.lite.BlobTest)
11-12 12:55:36.680 7353 7353 I MonitoringInstr: Activities that are still in CREATED to STOPPED: 0
11-12 12:55:36.680 7353 7371 I CouchbaseLite/DATABASE: Opening Database{@2fb395e1, name='testdb'} at path /data/data/com.couchbase.lite.test/files/CBLTestDb/testdb.cblite2
11-12 12:55:36.681 7353 7371 D CouchbaseLite/DATABASE: {N8litecore8DataFile6SharedE#71} adding DataFile 0x7fc02b049cc0
11-12 12:55:36.681 7353 7371 I CouchbaseLite/DATABASE: {DB#73}==> N8litecore14SQLiteDataFileE /data/data/com.couchbase.lite.test/files/CBLTestDb/testdb.cblite2/db.sqlite3 @0x7fc02b049cc0
11-12 12:55:36.681 7353 7371 I CouchbaseLite/DATABASE: {DB#73} Opening database
11-12 12:55:36.689 7353 7371 D CouchbaseLite/DATABASE: {DB#73} open KVS 'default'
11-12 12:55:36.689 7353 7371 D CouchbaseLite/DATABASE: {DB#73} open KVS 'info'
11-12 12:55:36.690 7353 7371 V CouchbaseLite/DATABASE: {DB#73} begin transaction
11-12 12:55:36.690 7353 7371 V CouchbaseLite/DATABASE: {DB#73} KeyStore(info) set versioning
11-12 12:55:36.690 7353 7371 V CouchbaseLite/DATABASE: {DB#73} KeyStore(info) set publicUUID
11-12 12:55:36.690 7353 7371 V CouchbaseLite/DATABASE: {DB#73} KeyStore(info) set privateUUID
11-12 12:55:36.690 7353 7371 V CouchbaseLite/DATABASE: {DB#73} commit transaction
11-12 12:55:36.691 7353 7371 V CouchbaseLite/DATABASE: {DB#73} Next expiration time is 0
11-12 12:55:36.691 7353 7371 V CouchbaseLite/DATABASE: No pending doc expirations
11-12 12:55:36.692 7353 7371 V CouchbaseLite/DATABASE: {DB#73} begin transaction
11-12 12:55:36.694 7353 7371 V CouchbaseLite/DATABASE: {DB#73} Saved 'doc1' rev #1-46524dff0ff7b364c10de0c6f02ec615a0e8f5c8 as seq 1
11-12 12:55:36.695 7353 7371 V CouchbaseLite/DATABASE: {DB#73} KeyStore(info) set SharedKeys
11-12 12:55:36.695 7353 7371 V CouchbaseLite/DATABASE: {DB#73} commit transaction
11-12 12:55:36.697 7353 7371 I CouchbaseLite/DATABASE: Closing Database{@2fb395e1, name='testdb'} at path /data/data/com.couchbase.lite.test/files/CBLTestDb/testdb.cblite2/
11-12 12:55:36.697 7353 7371 V CouchbaseLite/DATABASE: {DB#73} Pre-close housekeeping: 0 of 6 pages free (0%)
11-12 12:55:36.704 7353 7371 V CouchbaseLite/DATABASE: {DB#73} Closed SQLite database
11-12 12:55:36.704 7353 7371 D CouchbaseLite/DATABASE: {N8litecore8DataFile6SharedE#71} Remove DataFile 0x7fc02b049cc0
11-12 12:55:36.704 7353 7371 I CouchbaseLite/DATABASE: {DB#73} Closing database
11-12 12:55:36.704 7353 7371 V CouchbaseLite/Test: testdb was closed successfully.
11-12 12:55:36.704 7353 7371 I CouchbaseLite/DATABASE: delete(): path=/data/data/com.couchbase.lite.test/files/CBLTestDb/testdb.cblite2
11-12 12:55:36.704 7353 7371 D CouchbaseLite/DATABASE: {N8litecore8DataFile6SharedE#71} adding DataFile 0x0
11-12 12:55:36.704 7353 7371 V CouchbaseLite/DATABASE: Preparing to delete DataFile /data/data/com.couchbase.lite.test/files/CBLTestDb/testdb.cblite2/db.sqlite3
11-12 12:55:36.704 7353 7371 I CouchbaseLite/DATABASE: Deleting database file /data/data/com.couchbase.lite.test/files/CBLTestDb/testdb.cblite2/db.sqlite3 (with -wal and -shm)
11-12 12:55:36.704 7353 7371 D CouchbaseLite/DATABASE: ...finished deleting database file /data/data/com.couchbase.lite.test/files/CBLTestDb/testdb.cblite2/db.sqlite3 (with -wal and -shm)
11-12 12:55:36.704 7353 7371 V CouchbaseLite/Test: testdb was deleted successfully.
11-12 12:55:36.705 7353 7371 I TestRunner: finished: testReadBlobStream(com.couchbase.lite.BlobTest)
11-12 12:55:36.707 7353 7353 I MonitoringInstr: Activities that are still in CREATED to STOPPED: 0
11-12 12:55:36.707 7353 7371 I TestRunner: started: testBlobContentStream(com.couchbase.lite.BlobTest)
11-12 12:55:36.708 7353 7353 I MonitoringInstr: Activities that are still in CREATED to STOPPED: 0
11-12 12:55:36.708 7353 7371 I CouchbaseLite/DATABASE: Opening Database{@70fe9c7, name='testdb'} at path /data/data/com.couchbase.lite.test/files/CBLTestDb/testdb.cblite2
11-12 12:55:36.709 7353 7371 D CouchbaseLite/DATABASE: {N8litecore8DataFile6SharedE#71} adding DataFile 0x7fc02b049400
11-12 12:55:36.709 7353 7371 I CouchbaseLite/DATABASE: {DB#74}==> N8litecore14SQLiteDataFileE /data/data/com.couchbase.lite.test/files/CBLTestDb/testdb.cblite2/db.sqlite3 @0x7fc02b049400
11-12 12:55:36.709 7353 7371 I CouchbaseLite/DATABASE: {DB#74} Opening database
11-12 12:55:36.716 7353 7371 D CouchbaseLite/DATABASE: {DB#74} open KVS 'default'
11-12 12:55:36.716 7353 7371 D CouchbaseLite/DATABASE: {DB#74} open KVS 'info'
11-12 12:55:36.717 7353 7371 V CouchbaseLite/DATABASE: {DB#74} begin transaction
11-12 12:55:36.717 7353 7371 V CouchbaseLite/DATABASE: {DB#74} KeyStore(info) set versioning
11-12 12:55:36.717 7353 7371 V CouchbaseLite/DATABASE: {DB#74} KeyStore(info) set publicUUID
11-12 12:55:36.717 7353 7371 V CouchbaseLite/DATABASE: {DB#74} KeyStore(info) set privateUUID
11-12 12:55:36.717 7353 7371 V CouchbaseLite/DATABASE: {DB#74} commit transaction
11-12 12:55:36.717 7353 7371 V CouchbaseLite/DATABASE: {DB#74} Next expiration time is 0
11-12 12:55:36.717 7353 7371 V CouchbaseLite/DATABASE: No pending doc expirations
11-12 12:55:36.717 7353 7371 V CouchbaseLite/DATABASE: {DB#74} begin transaction
11-12 12:55:36.720 7353 7371 V CouchbaseLite/DATABASE: {DB#74} Saved 'doc1' rev #1-46524dff0ff7b364c10de0c6f02ec615a0e8f5c8 as seq 1
11-12 12:55:36.720 7353 7371 V CouchbaseLite/DATABASE: {DB#74} KeyStore(info) set SharedKeys
11-12 12:55:36.720 7353 7371 V CouchbaseLite/DATABASE: {DB#74} commit transaction
11-12 12:55:36.725 7353 7371 I CouchbaseLite/DATABASE: Closing Database{@70fe9c7, name='testdb'} at path /data/data/com.couchbase.lite.test/files/CBLTestDb/testdb.cblite2/
11-12 12:55:36.725 7353 7371 V CouchbaseLite/DATABASE: {DB#74} Pre-close housekeeping: 0 of 6 pages free (0%)
11-12 12:55:36.732 7353 7371 V CouchbaseLite/DATABASE: {DB#74} Closed SQLite database
11-12 12:55:36.732 7353 7371 D CouchbaseLite/DATABASE: {N8litecore8DataFile6SharedE#71} Remove DataFile 0x7fc02b049400
11-12 12:55:36.732 7353 7371 I CouchbaseLite/DATABASE: {DB#74} Closing database
11-12 12:55:36.732 7353 7371 V CouchbaseLite/Test: testdb was closed successfully.
11-12 12:55:36.732 7353 7371 I CouchbaseLite/DATABASE: delete(): path=/data/data/com.couchbase.lite.test/files/CBLTestDb/testdb.cblite2
11-12 12:55:36.732 7353 7371 D CouchbaseLite/DATABASE: {N8litecore8DataFile6SharedE#71} adding DataFile 0x0
11-12 12:55:36.732 7353 7371 V CouchbaseLite/DATABASE: Preparing to delete DataFile /data/data/com.couchbase.lite.test/files/CBLTestDb/testdb.cblite2/db.sqlite3
11-12 12:55:36.732 7353 7371 I CouchbaseLite/DATABASE: Deleting database file /data/data/com.couchbase.lite.test/files/CBLTestDb/testdb.cblite2/db.sqlite3 (with -wal and -shm)
11-12 12:55:36.732 7353 7371 D CouchbaseLite/DATABASE: ...finished deleting database file /data/data/com.couchbase.lite.test/files/CBLTestDb/testdb.cblite2/db.sqlite3 (with -wal and -shm)
11-12 12:55:36.733 7353 7371 V CouchbaseLite/Test: testdb was deleted successfully.
11-12 12:55:36.733 7353 7371 I TestRunner: finished: testBlobContentStream(com.couchbase.lite.BlobTest)
11-12 12:55:36.733 7353 7365 D CouchbaseLite/DATABASE: {N8litecore8DataFile6SharedE#71} Remove DataFile 0x7fc02b049680
11-12 12:55:36.733 7353 7365 D CouchbaseLite/DATABASE: {N8litecore8DataFile6SharedE#71} Remove DataFile 0x7fc02b049680
11-12 12:55:36.733 7353 7365 D CouchbaseLite/DATABASE: {DB#72} destructing (~DataFile)
11-12 12:55:36.734 7353 7365 D CouchbaseLite/DATABASE: {N8litecore8DataFile6SharedE#71} Remove DataFile 0x7fc02b049680
11-12 12:55:36.734 7353 7365 D CouchbaseLite/DATABASE: {N8litecore8DataFile6SharedE#71} Remove DataFile 0x7fc02b049cc0
11-12 12:55:36.734 7353 7365 D CouchbaseLite/DATABASE: {N8litecore8DataFile6SharedE#71} Remove DataFile 0x7fc02b049cc0
11-12 12:55:36.734 7353 7365 D CouchbaseLite/DATABASE: {DB#73} destructing (~DataFile)
11-12 12:55:36.734 7353 7365 D CouchbaseLite/DATABASE: {N8litecore8DataFile6SharedE#71} Remove DataFile 0x7fc02b049cc0
11-12 12:55:36.735 7353 7353 I MonitoringInstr: Activities that are still in CREATED to STOPPED: 0
11-12 12:55:36.736 7353 7371 I TestRunner: started: testBlobConstructorsWithEmptyArgs(com.couchbase.lite.BlobTest)
11-12 12:55:36.737 7353 7353 I MonitoringInstr: Activities that are still in CREATED to STOPPED: 0
11-12 12:55:36.738 7353 7371 I CouchbaseLite/DATABASE: Opening Database{@3b1d9592, name='testdb'} at path /data/data/com.couchbase.lite.test/files/CBLTestDb/testdb.cblite2
11-12 12:55:36.738 7353 7371 D CouchbaseLite/DATABASE: {N8litecore8DataFile6SharedE#71} adding DataFile 0x7fc02b04a440
