11-12 12:55:36.738 7353 7371 I CouchbaseLite/DATABASE: {DB#75}==> N8litecore14SQLiteDataFileE /data/data/com.couchbase.lite.test/files/CBLTestDb/testdb.cblite2/db.sqlite3 @0x7fc02b04a440
11-12 12:55:36.738 7353 7371 I CouchbaseLite/DATABASE: {DB#75} Opening database
11-12 12:55:36.746 7353 7371 D CouchbaseLite/DATABASE: {DB#75} open KVS 'default'
11-12 12:55:36.746 7353 7371 D CouchbaseLite/DATABASE: {DB#75} open KVS 'info'
11-12 12:55:36.747 7353 7371 V CouchbaseLite/DATABASE: {DB#75} begin transaction
11-12 12:55:36.747 7353 7371 V CouchbaseLite/DATABASE: {DB#75} KeyStore(info) set versioning
11-12 12:55:36.747 7353 7371 V CouchbaseLite/DATABASE: {DB#75} KeyStore(info) set publicUUID
11-12 12:55:36.747 7353 7371 V CouchbaseLite/DATABASE: {DB#75} KeyStore(info) set privateUUID
11-12 12:55:36.747 7353 7371 V CouchbaseLite/DATABASE: {DB#75} commit transaction
11-12 12:55:36.747 7353 7371 V CouchbaseLite/DATABASE: {DB#75} Next expiration time is 0
11-12 12:55:36.747 7353 7371 V CouchbaseLite/DATABASE: No pending doc expirations
11-12 12:55:36.749 7353 7371 I CouchbaseLite/DATABASE: Closing Database{@3b1d9592, name='testdb'} at path /data/data/com.couchbase.lite.test/files/CBLTestDb/testdb.cblite2/
11-12 12:55:36.749 7353 7371 V CouchbaseLite/DATABASE: {DB#75} Pre-close housekeeping: 0 of 6 pages free (0%)
11-12 12:55:36.752 7353 7371 V CouchbaseLite/DATABASE: {DB#75} Closed SQLite database
11-12 12:55:36.752 7353 7371 D CouchbaseLite/DATABASE: {N8litecore8DataFile6SharedE#71} Remove DataFile 0x7fc02b04a440
11-12 12:55:36.752 7353 7371 I CouchbaseLite/DATABASE: {DB#75} Closing database
11-12 12:55:36.752 7353 7371 D CouchbaseLite/DATABASE: {N8litecore8DataFile6SharedE#71} Remove DataFile 0x7fc02b04a440
11-12 12:55:36.752 7353 7371 D CouchbaseLite/DATABASE: {N8litecore8DataFile6SharedE#71} Remove DataFile 0x7fc02b04a440
11-12 12:55:36.752 7353 7371 D CouchbaseLite/DATABASE: {DB#75} destructing (~DataFile)
11-12 12:55:36.752 7353 7371 D CouchbaseLite/DATABASE: {N8litecore8DataFile6SharedE#71} Remove DataFile 0x7fc02b04a440
11-12 12:55:36.752 7353 7371 V CouchbaseLite/Test: testdb was closed successfully.
11-12 12:55:36.753 7353 7371 I CouchbaseLite/DATABASE: delete(): path=/data/data/com.couchbase.lite.test/files/CBLTestDb/testdb.cblite2
11-12 12:55:36.753 7353 7371 D CouchbaseLite/DATABASE: {N8litecore8DataFile6SharedE#71} adding DataFile 0x0
11-12 12:55:36.753 7353 7371 V CouchbaseLite/DATABASE: Preparing to delete DataFile /data/data/com.couchbase.lite.test/files/CBLTestDb/testdb.cblite2/db.sqlite3
11-12 12:55:36.753 7353 7371 I CouchbaseLite/DATABASE: Deleting database file /data/data/com.couchbase.lite.test/files/CBLTestDb/testdb.cblite2/db.sqlite3 (with -wal and -shm)
11-12 12:55:36.753 7353 7371 D CouchbaseLite/DATABASE: ...finished deleting database file /data/data/com.couchbase.lite.test/files/CBLTestDb/testdb.cblite2/db.sqlite3 (with -wal and -shm)
11-12 12:55:36.753 7353 7371 V CouchbaseLite/Test: testdb was deleted successfully.
11-12 12:55:36.753 7353 7371 I TestRunner: finished: testBlobConstructorsWithEmptyArgs(com.couchbase.lite.BlobTest)
11-12 12:55:36.756 7353 7353 I MonitoringInstr: Activities that are still in CREATED to STOPPED: 0
11-12 12:55:36.756 7353 7371 I TestRunner: started: testHashCode(com.couchbase.lite.BlobTest)
11-12 12:55:36.757 7353 7353 I MonitoringInstr: Activities that are still in CREATED to STOPPED: 0
11-12 12:55:36.757 7353 7371 I CouchbaseLite/DATABASE: Opening Database{@295c4360, name='testdb'} at path /data/data/com.couchbase.lite.test/files/CBLTestDb/testdb.cblite2
11-12 12:55:36.758 7353 7371 D CouchbaseLite/DATABASE: {N8litecore8DataFile6SharedE#71} adding DataFile 0x7fc02b04a440
11-12 12:55:36.758 7353 7371 I CouchbaseLite/DATABASE: {DB#76}==> N8litecore14SQLiteDataFileE /data/data/com.couchbase.lite.test/files/CBLTestDb/testdb.cblite2/db.sqlite3 @0x7fc02b04a440
11-12 12:55:36.758 7353 7371 I CouchbaseLite/DATABASE: {DB#76} Opening database
11-12 12:55:36.765 7353 7371 D CouchbaseLite/DATABASE: {DB#76} open KVS 'default'
11-12 12:55:36.765 7353 7371 D CouchbaseLite/DATABASE: {DB#76} open KVS 'info'
11-12 12:55:36.765 7353 7371 V CouchbaseLite/DATABASE: {DB#76} begin transaction
11-12 12:55:36.766 7353 7371 V CouchbaseLite/DATABASE: {DB#76} KeyStore(info) set versioning
11-12 12:55:36.766 7353 7371 V CouchbaseLite/DATABASE: {DB#76} KeyStore(info) set publicUUID
11-12 12:55:36.766 7353 7371 V CouchbaseLite/DATABASE: {DB#76} KeyStore(info) set privateUUID
11-12 12:55:36.766 7353 7371 V CouchbaseLite/DATABASE: {DB#76} commit transaction
11-12 12:55:36.766 7353 7371 V CouchbaseLite/DATABASE: {DB#76} Next expiration time is 0
11-12 12:55:36.766 7353 7371 V CouchbaseLite/DATABASE: No pending doc expirations
11-12 12:55:36.766 7353 7371 V CouchbaseLite/DATABASE: {DB#76} begin transaction
11-12 12:55:36.767 7353 7371 V CouchbaseLite/DATABASE: {DB#76} Saved '67ece56e-549d-43b7-bf68-91455fb9b677' rev #1-92bdc5b245043a435494747563e8653426bf247e as seq 1
11-12 12:55:36.767 7353 7371 V CouchbaseLite/DATABASE: {DB#76} KeyStore(info) set SharedKeys
11-12 12:55:36.767 7353 7371 V CouchbaseLite/DATABASE: {DB#76} commit transaction
11-12 12:55:36.767 7353 7371 I CouchbaseLite/DATABASE: Closing Database{@295c4360, name='testdb'} at path /data/data/com.couchbase.lite.test/files/CBLTestDb/testdb.cblite2/
11-12 12:55:36.768 7353 7371 V CouchbaseLite/DATABASE: {DB#76} Pre-close housekeeping: 0 of 6 pages free (0%)
11-12 12:55:36.770 7353 7371 V CouchbaseLite/DATABASE: {DB#76} Closed SQLite database
11-12 12:55:36.770 7353 7371 D CouchbaseLite/DATABASE: {N8litecore8DataFile6SharedE#71} Remove DataFile 0x7fc02b04a440
11-12 12:55:36.770 7353 7371 I CouchbaseLite/DATABASE: {DB#76} Closing database
11-12 12:55:36.770 7353 7371 V CouchbaseLite/Test: testdb was closed successfully.
11-12 12:55:36.770 7353 7371 I CouchbaseLite/DATABASE: delete(): path=/data/data/com.couchbase.lite.test/files/CBLTestDb/testdb.cblite2
11-12 12:55:36.771 7353 7371 D CouchbaseLite/DATABASE: {N8litecore8DataFile6SharedE#71} adding DataFile 0x0
11-12 12:55:36.771 7353 7371 V CouchbaseLite/DATABASE: Preparing to delete DataFile /data/data/com.couchbase.lite.test/files/CBLTestDb/testdb.cblite2/db.sqlite3
11-12 12:55:36.771 7353 7371 I CouchbaseLite/DATABASE: Deleting database file /data/data/com.couchbase.lite.test/files/CBLTestDb/testdb.cblite2/db.sqlite3 (with -wal and -shm)
11-12 12:55:36.771 7353 7371 D CouchbaseLite/DATABASE: ...finished deleting database file /data/data/com.couchbase.lite.test/files/CBLTestDb/testdb.cblite2/db.sqlite3 (with -wal and -shm)
11-12 12:55:36.775 7353 7371 V CouchbaseLite/Test: testdb was deleted successfully.
11-12 12:55:36.775 7353 7371 I TestRunner: finished: testHashCode(com.couchbase.lite.BlobTest)
11-12 12:55:36.777 7353 7353 I MonitoringInstr: Activities that are still in CREATED to STOPPED: 0
11-12 12:55:36.777 7353 7371 I TestRunner: started: testBlobFromFileURL(com.couchbase.lite.BlobTest)
11-12 12:55:36.778 7353 7353 I MonitoringInstr: Activities that are still in CREATED to STOPPED: 0
11-12 12:55:36.779 7353 7371 I CouchbaseLite/DATABASE: Opening Database{@35102019, name='testdb'} at path /data/data/com.couchbase.lite.test/files/CBLTestDb/testdb.cblite2
11-12 12:55:36.779 7353 7371 D CouchbaseLite/DATABASE: {N8litecore8DataFile6SharedE#71} adding DataFile 0x7fc02b04a800
11-12 12:55:36.779 7353 7371 I CouchbaseLite/DATABASE: {DB#77}==> N8litecore14SQLiteDataFileE /data/data/com.couchbase.lite.test/files/CBLTestDb/testdb.cblite2/db.sqlite3 @0x7fc02b04a800
11-12 12:55:36.779 7353 7371 I CouchbaseLite/DATABASE: {DB#77} Opening database
11-12 12:55:36.788 7353 7371 D CouchbaseLite/DATABASE: {DB#77} open KVS 'default'
11-12 12:55:36.788 7353 7371 D CouchbaseLite/DATABASE: {DB#77} open KVS 'info'
11-12 12:55:36.788 7353 7371 V CouchbaseLite/DATABASE: {DB#77} begin transaction
11-12 12:55:36.788 7353 7371 V CouchbaseLite/DATABASE: {DB#77} KeyStore(info) set versioning
11-12 12:55:36.789 7353 7371 V CouchbaseLite/DATABASE: {DB#77} KeyStore(info) set publicUUID
11-12 12:55:36.789 7353 7371 V CouchbaseLite/DATABASE: {DB#77} KeyStore(info) set privateUUID
11-12 12:55:36.789 7353 7371 V CouchbaseLite/DATABASE: {DB#77} commit transaction
11-12 12:55:36.789 7353 7371 V CouchbaseLite/DATABASE: {DB#77} Next expiration time is 0
11-12 12:55:36.789 7353 7371 V CouchbaseLite/DATABASE: No pending doc expirations
11-12 12:55:36.800 7353 7365 D CouchbaseLite/DATABASE: {N8litecore8DataFile6SharedE#71} Remove DataFile 0x7fc02b04a440
11-12 12:55:36.800 7353 7365 D CouchbaseLite/DATABASE: {N8litecore8DataFile6SharedE#71} Remove DataFile 0x7fc02b04a440
11-12 12:55:36.800 7353 7365 D CouchbaseLite/DATABASE: {DB#76} destructing (~DataFile)
11-12 12:55:36.800 7353 7365 D CouchbaseLite/DATABASE: {N8litecore8DataFile6SharedE#71} Remove DataFile 0x7fc02b04a440
11-12 12:55:36.802 7353 7371 I CouchbaseLite/DATABASE: Closing Database{@35102019, name='testdb'} at path /data/data/com.couchbase.lite.test/files/CBLTestDb/testdb.cblite2/
11-12 12:55:36.803 7353 7371 V CouchbaseLite/DATABASE: {DB#77} Pre-close housekeeping: 0 of 6 pages free (0%)
11-12 12:55:36.809 7353 7371 V CouchbaseLite/DATABASE: {DB#77} Closed SQLite database
11-12 12:55:36.809 7353 7371 D CouchbaseLite/DATABASE: {N8litecore8DataFile6SharedE#71} Remove DataFile 0x7fc02b04a800
11-12 12:55:36.809 7353 7371 I CouchbaseLite/DATABASE: {DB#77} Closing database
11-12 12:55:36.809 7353 7371 D CouchbaseLite/DATABASE: {N8litecore8DataFile6SharedE#71} Remove DataFile 0x7fc02b04a800
11-12 12:55:36.809 7353 7371 D CouchbaseLite/DATABASE: {N8litecore8DataFile6SharedE#71} Remove DataFile 0x7fc02b04a800
11-12 12:55:36.809 7353 7371 D CouchbaseLite/DATABASE: {DB#77} destructing (~DataFile)
11-12 12:55:36.809 7353 7371 D CouchbaseLite/DATABASE: {N8litecore8DataFile6SharedE#71} Remove DataFile 0x7fc02b04a800
11-12 12:55:36.809 7353 7371 V CouchbaseLite/Test: testdb was closed successfully.
11-12 12:55:36.809 7353 7365 D CouchbaseLite/DATABASE: {N8litecore8DataFile6SharedE#71} Remove DataFile 0x7fc02b049400
11-12 12:55:36.809 7353 7365 D CouchbaseLite/DATABASE: {N8litecore8DataFile6SharedE#71} Remove DataFile 0x7fc02b049400
11-12 12:55:36.809 7353 7371 I CouchbaseLite/DATABASE: delete(): path=/data/data/com.couchbase.lite.test/files/CBLTestDb/testdb.cblite2
11-12 12:55:36.809 7353 7365 D CouchbaseLite/DATABASE: {DB#74} destructing (~DataFile)
11-12 12:55:36.809 7353 7365 D CouchbaseLite/DATABASE: {N8litecore8DataFile6SharedE#71} Remove DataFile 0x7fc02b049400
11-12 12:55:36.809 7353 7365 D CouchbaseLite/DATABASE: {N8litecore8DataFile6SharedE#71} destructing
11-12 12:55:36.809 7353 7371 D CouchbaseLite/DATABASE: {N8litecore8DataFile6SharedE#71} adding DataFile 0x0
11-12 12:55:36.816 7353 7365 E libc++abi: terminating with uncaught exception of type std::runtime_error: RefCounted object at 0x7fc02b048f00 destructed while it had an invalid refCount of 1
11-12 12:55:36.816 7353 7371 E libc++abi: terminating with uncaught exception of type std::runtime_error: RefCounted object at 0x7fc02b048f00 retained while it had an invalid refCount of 0 --------- beginning of crash
11-12 12:55:36.816 7353 7371 F libc : Fatal signal 6 (SIGABRT), code -6 in tid 7371 (roidJUnitRunner)
11-12 12:55:36.816 7353 7365 F libc : Fatal signal 6 (SIGABRT), code -6 in tid 7365 (FinalizerDaemon)
11-12 12:55:36.880 1173 1173 I DEBUG : *** *** *** *** *** *** *** *** *** *** *** *** *** *** *** ***
11-12 12:55:36.880 1173 1173 I DEBUG : Build fingerprint: 'Android/sdk_google_phone_x86_64/generic_x86_64:5.1.1/LMY48X/5525941:userdebug/test-keys'
11-12 12:55:36.880 1173 1173 I DEBUG : Revision: '0'
11-12 12:55:36.881 1173 1173 I DEBUG : ABI: 'x86_64'
11-12 12:55:36.881 1173 1173 I DEBUG : pid: 7353, tid: 7371, name: roidJUnitRunner >>> com.couchbase.lite.test <<<
11-12 12:55:36.881 1173 1173 I DEBUG : signal 6 (SIGABRT), code -6 (SI_TKILL), fault addr --------
11-12 12:55:36.902 1173 1173 I DEBUG : Abort message: 'terminating with uncaught exception of type std::runtime_error: RefCounted object at 0x7fc02b048f00 destructed while it had an invalid refCount of 1'
11-12 12:55:36.902 1173 1173 I DEBUG : rax 0000000000000000 rbx 0000000000001ccb rcx ffffffffffffffff rdx 0000000000000006
11-12 12:55:36.902 1173 1173 I DEBUG : rsi 0000000000001ccb rdi 0000000000001cb9
11-12 12:55:36.902 1173 1173 I DEBUG : r8 0000000000000092 r9 0000000000001ccb r10 0000000000000000 r11 0000000000000206
11-12 12:55:36.902 1173 1173 I DEBUG : r12 0000000000000058 r13 0000000000000006 r14 00007fc01fb7e852 r15 00007fc02aefff60
11-12 12:55:36.902 1173 1173 I DEBUG : cs 0000000000000033 ss 000000000000002b
11-12 12:55:36.902 1173 1173 I DEBUG : rip 00007fc0350514d7 rbp 00007fc02af01b70 rsp 00007fc02aeffe78 eflags 0000000000000206
11-12 12:55:36.902 1173 1173 I DEBUG :
11-12 12:55:36.902 1173 1173 I DEBUG : backtrace:
11-12 12:55:36.902 1173 1173 I DEBUG : #00 pc 00000000000774d7 /system/lib64/libc.so (tgkill+7)
11-12 12:55:36.903 1173 1173 I DEBUG : #01 pc 0000000000028b0f /system/lib64/libc.so (pthread_kill+143)
11-12 12:55:36.903 1173 1173 I DEBUG : #02 pc 0000000000029de1 /system/lib64/libc.so (raise+17)
11-12 12:55:36.903 1173 1173 I DEBUG : #03 pc 000000000002356d /system/lib64/libc.so (abort+61)
11-12 12:55:36.903 1173 1173 I DEBUG : #04 pc 000000000070e7ab /data/app/com.couchbase.lite.test-1/lib/x86_64/libLiteCoreJNI.so
11-12 12:55:36.903 1173 1173 I DEBUG : #05 pc 000000000070e8dd /data/app/com.couchbase.lite.test-1/lib/x86_64/libLiteCoreJNI.so
11-12 12:55:36.903 1173 1173 I DEBUG : #06 pc 000000000070ba72 /data/app/com.couchbase.lite.test-1/lib/x86_64/libLiteCoreJNI.so
11-12 12:55:36.903 1173 1173 I DEBUG : #07 pc 000000000070ba08 /data/app/com.couchbase.lite.test-1/lib/x86_64/libLiteCoreJNI.so (std::terminate()+40)
11-12 12:55:36.903 1173 1173 I DEBUG : #08 pc 00000000002a680e /data/app/com.couchbase.lite.test-1/lib/x86_64/libLiteCoreJNI.so
11-12 12:55:36.903 1173 1173 I DEBUG : #09 pc 000000000062b598 /data/app/com.couchbase.lite.test-1/lib/x86_64/libLiteCoreJNI.so (fleece::RefCounted::_careful_retain() const+152)
11-12 12:55:36.903 1173 1173 I DEBUG : #10 pc 00000000002ccb44 /data/app/com.couchbase.lite.test-1/lib/x86_64/libLiteCoreJNI.so (fleece::RefCounted::_retain() const+20)
11-12 12:55:36.903 1173 1173 I DEBUG : #11 pc 0000000000344612 /data/app/com.couchbase.lite.test-1/lib/x86_64/libLiteCoreJNI.so (litecore::DataFile::Shared* fleece::retain(litecore::DataFile::Shared*)+34)
11-12 12:55:36.903 1173 1173 I DEBUG : #12 pc 0000000000338dc0 /data/app/com.couchbase.lite.test-1/lib/x86_64/libLiteCoreJNI.so (fleece::Retained::Retained(litecore::DataFile::Shared*)+32)
11-12 12:55:36.903 1173 1173 I DEBUG : #13 pc 0000000000338d21 /data/app/com.couchbase.lite.test-1/lib/x86_64/libLiteCoreJNI.so (litecore::DataFile::Factory::deleteFile(litecore::FilePath const&, litecore::DataFile::Options const*)+81)
11-12 12:55:36.903 1173 1173 I DEBUG : #14 pc 00000000002ebc97 /data/app/com.couchbase.lite.test-1/lib/x86_64/libLiteCoreJNI.so (c4Internal::Database::deleteDatabaseFileAtPath(std::__ndk1::basic_string, std::__ndk1::allocator > const&, char const*)+295)
11-12 12:55:36.903 1173 1173 I DEBUG : #15 pc 00000000002eb9df /data/app/com.couchbase.lite.test-1/lib/x86_64/libLiteCoreJNI.so (c4Internal::Database::deleteDatabaseAtPath(std::__ndk1::basic_string, std::__ndk1::allocator > const&)+207)
11-12 12:55:36.903 1173 1173 I DEBUG : #16 pc 00000000002cd621 /data/app/com.couchbase.lite.test-1/lib/x86_64/libLiteCoreJNI.so
11-12 12:55:36.903 1173 1173 I DEBUG : #17 pc 00000000002cd5df /data/app/com.couchbase.lite.test-1/lib/x86_64/libLiteCoreJNI.so
11-12 12:55:36.904 1173 1173 I DEBUG : #18 pc 00000000002cd56c /data/app/com.couchbase.lite.test-1/lib/x86_64/libLiteCoreJNI.so (_ZNSt6__ndk16__bindIPFbRKNS_12basic_stringIcNS_11char_traitsIcEENS_9allocatorIcEEEEEJS6_EEclIJEEENS_13__bind_returnISA_NS_5tupleIJS6_EEENSE_IJDpOT_EEEXsr22__is_valid_bind_returnISA_SF_SJ_EE5valueEE4typeESI_+76)
11-12 12:55:36.904 1173 1173 I DEBUG : #19 pc 00000000002cd514 /data/app/com.couchbase.lite.test-1/lib/x86_64/libLiteCoreJNI.so (_ZN6fleece12function_refIFbvEE11callback_fnINSt6__ndk16__bindIPFbRKNS4_12basic_stringIcNS4_11char_traitsIcEENS4_9allocatorIcEEEEEJSB_EEEEEbl+20)
11-12 12:55:36.904 1173 1173 I DEBUG : #20 pc 00000000002cd4e8 /data/app/com.couchbase.lite.test-1/lib/x86_64/libLiteCoreJNI.so (fleece::function_ref::operator()() const+24)
11-12 12:55:36.904 1173 1173 I DEBUG : #21 pc 00000000002cafd9 /data/app/com.couchbase.lite.test-1/lib/x86_64/libLiteCoreJNI.so (bool c4Internal::tryCatch(C4Error*, fleece::function_ref)+41)
11-12 12:55:36.904 1173 1173 I DEBUG : #22 pc 00000000002caf10 /data/app/com.couchbase.lite.test-1/lib/x86_64/libLiteCoreJNI.so (c4db_deleteAtPath+224)
11-12 12:55:36.904 1173 1173 I DEBUG : #23 pc 00000000002a89ca /data/app/com.couchbase.lite.test-1/lib/x86_64/libLiteCoreJNI.so (Java_com_couchbase_lite_internal_core_C4Database_deleteAtPath+138)
11-12 12:55:36.904 1173 1173 I DEBUG : #24 pc 00000000000ab13c /data/dalvik-cache/x86_64/data@app@com.couchbase.lite.test-1@base.apk@classes.dex
11-12 12:55:37.089 1173 1173 I DEBUG :
11-12 12:55:37.089 1173 1173 I DEBUG : Tombstone written to: /data/tombstones/tombstone_00
11-12 12:55:37.094 1535 3144 I ActivityManager: Process com.couchbase.lite.test (pid 7353) has died
11-12 12:55:37.095 1535 3144 W ActivityManager: Crash of app com.couchbase.lite.test running instrumentation ComponentInfo{com.couchbase.lite.test/android.support.test.runner.AndroidJUnitRunner}
11-12 12:55:37.096 7340 7340 D AndroidRuntime: Shutting down VM
11-12 12:55:37.142 1173 1173 E DEBUG : unexpected waitpid response: n=7365, status=00000006
11-12 12:55:37.142 1173 1173 E DEBUG : tid exited before attach completed: tid 7365
11-12 12:55:37.142 1182 1182 I Zygote : Process 7353 exited due to signal (6)