11-12 12:55:35.981 7353 7371 V CouchbaseLite/Test: testdb was deleted successfully.
11-12 12:55:35.981 7353 7371 I TestRunner: finished: testSetList(com.couchbase.lite.ArrayTest)
11-12 12:55:35.984 7353 7353 I MonitoringInstr: Activities that are still in CREATED to STOPPED: 0
11-12 12:55:35.984 7353 7371 I TestRunner: started: testSetLong(com.couchbase.lite.ArrayTest)
11-12 12:55:35.985 7353 7353 I MonitoringInstr: Activities that are still in CREATED to STOPPED: 0
11-12 12:55:35.986 7353 7371 I CouchbaseLite/DATABASE: Opening Database{@3caa4500, name='testdb'} at path /data/data/com.couchbase.lite.test/files/CBLTestDb/testdb.cblite2
11-12 12:55:35.986 7353 7371 D CouchbaseLite/DATABASE: {N8litecore8DataFile6SharedE#14} adding DataFile 0x7fc02b049900
11-12 12:55:35.986 7353 7371 I CouchbaseLite/DATABASE: {DB#49}==> N8litecore14SQLiteDataFileE /data/data/com.couchbase.lite.test/files/CBLTestDb/testdb.cblite2/db.sqlite3 @0x7fc02b049900
11-12 12:55:35.986 7353 7371 I CouchbaseLite/DATABASE: {DB#49} Opening database
11-12 12:55:35.994 7353 7371 D CouchbaseLite/DATABASE: {DB#49} open KVS 'default'
11-12 12:55:35.994 7353 7371 D CouchbaseLite/DATABASE: {DB#49} open KVS 'info'
11-12 12:55:35.994 7353 7371 V CouchbaseLite/DATABASE: {DB#49} begin transaction
11-12 12:55:35.994 7353 7371 V CouchbaseLite/DATABASE: {DB#49} KeyStore(info) set versioning
11-12 12:55:35.995 7353 7371 V CouchbaseLite/DATABASE: {DB#49} KeyStore(info) set publicUUID
11-12 12:55:35.995 7353 7371 V CouchbaseLite/DATABASE: {DB#49} KeyStore(info) set privateUUID
11-12 12:55:35.995 7353 7371 V CouchbaseLite/DATABASE: {DB#49} commit transaction
11-12 12:55:35.995 7353 7371 V CouchbaseLite/DATABASE: {DB#49} Next expiration time is 0
11-12 12:55:35.995 7353 7371 V CouchbaseLite/DATABASE: No pending doc expirations
11-12 12:55:35.995 7353 7371 V CouchbaseLite/DATABASE: {DB#49} begin transaction
11-12 12:55:35.995 7353 7371 V CouchbaseLite/DATABASE: {DB#49} Saved 'test' rev #1-ee4aa7716648b02cbb193e7af4b4d5bfc590f734 as seq 1
11-12 12:55:35.995 7353 7371 V CouchbaseLite/DATABASE: {DB#49} KeyStore(info) set SharedKeys
11-12 12:55:35.995 7353 7371 V CouchbaseLite/DATABASE: {DB#49} commit transaction
11-12 12:55:35.996 7353 7371 I CouchbaseLite/DATABASE: Closing Database{@3caa4500, name='testdb'} at path /data/data/com.couchbase.lite.test/files/CBLTestDb/testdb.cblite2/
11-12 12:55:35.996 7353 7371 V CouchbaseLite/DATABASE: {DB#49} Pre-close housekeeping: 0 of 6 pages free (0%)
11-12 12:55:35.999 7353 7371 V CouchbaseLite/DATABASE: {DB#49} Closed SQLite database
11-12 12:55:35.999 7353 7371 D CouchbaseLite/DATABASE: {N8litecore8DataFile6SharedE#14} Remove DataFile 0x7fc02b049900
11-12 12:55:35.999 7353 7371 I CouchbaseLite/DATABASE: {DB#49} Closing database
11-12 12:55:35.999 7353 7371 V CouchbaseLite/Test: testdb was closed successfully.
11-12 12:55:35.999 7353 7371 I CouchbaseLite/DATABASE: delete(): path=/data/data/com.couchbase.lite.test/files/CBLTestDb/testdb.cblite2
11-12 12:55:35.999 7353 7371 D CouchbaseLite/DATABASE: {N8litecore8DataFile6SharedE#14} adding DataFile 0x0
11-12 12:55:35.999 7353 7371 V CouchbaseLite/DATABASE: Preparing to delete DataFile /data/data/com.couchbase.lite.test/files/CBLTestDb/testdb.cblite2/db.sqlite3
11-12 12:55:36.000 7353 7371 I CouchbaseLite/DATABASE: Deleting database file /data/data/com.couchbase.lite.test/files/CBLTestDb/testdb.cblite2/db.sqlite3 (with -wal and -shm)
11-12 12:55:36.000 7353 7371 D CouchbaseLite/DATABASE: ...finished deleting database file /data/data/com.couchbase.lite.test/files/CBLTestDb/testdb.cblite2/db.sqlite3 (with -wal and -shm)
11-12 12:55:36.000 7353 7371 V CouchbaseLite/Test: testdb was deleted successfully.
11-12 12:55:36.000 7353 7371 I TestRunner: finished: testSetLong(com.couchbase.lite.ArrayTest)
11-12 12:55:36.002 7353 7353 I MonitoringInstr: Activities that are still in CREATED to STOPPED: 0
11-12 12:55:36.002 7353 7371 I TestRunner: started: testSetNull(com.couchbase.lite.ArrayTest)
11-12 12:55:36.003 7353 7353 I MonitoringInstr: Activities that are still in CREATED to STOPPED: 0
11-12 12:55:36.004 7353 7371 I CouchbaseLite/DATABASE: Opening Database{@13859139, name='testdb'} at path /data/data/com.couchbase.lite.test/files/CBLTestDb/testdb.cblite2
11-12 12:55:36.004 7353 7371 D CouchbaseLite/DATABASE: {N8litecore8DataFile6SharedE#14} adding DataFile 0x7fc02b049a40
11-12 12:55:36.004 7353 7371 I CouchbaseLite/DATABASE: {DB#50}==> N8litecore14SQLiteDataFileE /data/data/com.couchbase.lite.test/files/CBLTestDb/testdb.cblite2/db.sqlite3 @0x7fc02b049a40
11-12 12:55:36.004 7353 7371 I CouchbaseLite/DATABASE: {DB#50} Opening database
11-12 12:55:36.011 7353 7371 D CouchbaseLite/DATABASE: {DB#50} open KVS 'default'
11-12 12:55:36.011 7353 7371 D CouchbaseLite/DATABASE: {DB#50} open KVS 'info'
11-12 12:55:36.011 7353 7371 V CouchbaseLite/DATABASE: {DB#50} begin transaction
11-12 12:55:36.012 7353 7371 V CouchbaseLite/DATABASE: {DB#50} KeyStore(info) set versioning
11-12 12:55:36.012 7353 7371 V CouchbaseLite/DATABASE: {DB#50} KeyStore(info) set publicUUID
11-12 12:55:36.012 7353 7371 V CouchbaseLite/DATABASE: {DB#50} KeyStore(info) set privateUUID
11-12 12:55:36.012 7353 7371 V CouchbaseLite/DATABASE: {DB#50} commit transaction
11-12 12:55:36.012 7353 7371 V CouchbaseLite/DATABASE: {DB#50} Next expiration time is 0
11-12 12:55:36.012 7353 7371 V CouchbaseLite/DATABASE: No pending doc expirations
11-12 12:55:36.012 7353 7371 V CouchbaseLite/DATABASE: {DB#50} begin transaction
11-12 12:55:36.012 7353 7371 V CouchbaseLite/DATABASE: {DB#50} Saved 'test' rev #1-f3af304e2d9cb3e6abd874a6ffb2e07efbaae6cb as seq 1
11-12 12:55:36.012 7353 7371 V CouchbaseLite/DATABASE: {DB#50} KeyStore(info) set SharedKeys
11-12 12:55:36.012 7353 7371 V CouchbaseLite/DATABASE: {DB#50} commit transaction
11-12 12:55:36.013 7353 7371 I CouchbaseLite/DATABASE: Closing Database{@13859139, name='testdb'} at path /data/data/com.couchbase.lite.test/files/CBLTestDb/testdb.cblite2/
11-12 12:55:36.013 7353 7371 V CouchbaseLite/DATABASE: {DB#50} Pre-close housekeeping: 0 of 6 pages free (0%)
11-12 12:55:36.016 7353 7371 V CouchbaseLite/DATABASE: {DB#50} Closed SQLite database
11-12 12:55:36.017 7353 7371 D CouchbaseLite/DATABASE: {N8litecore8DataFile6SharedE#14} Remove DataFile 0x7fc02b049a40
11-12 12:55:36.017 7353 7371 I CouchbaseLite/DATABASE: {DB#50} Closing database
11-12 12:55:36.017 7353 7371 V CouchbaseLite/Test: testdb was closed successfully.
11-12 12:55:36.017 7353 7371 I CouchbaseLite/DATABASE: delete(): path=/data/data/com.couchbase.lite.test/files/CBLTestDb/testdb.cblite2
11-12 12:55:36.017 7353 7371 D CouchbaseLite/DATABASE: {N8litecore8DataFile6SharedE#14} adding DataFile 0x0
11-12 12:55:36.017 7353 7371 V CouchbaseLite/DATABASE: Preparing to delete DataFile /data/data/com.couchbase.lite.test/files/CBLTestDb/testdb.cblite2/db.sqlite3
11-12 12:55:36.017 7353 7371 I CouchbaseLite/DATABASE: Deleting database file /data/data/com.couchbase.lite.test/files/CBLTestDb/testdb.cblite2/db.sqlite3 (with -wal and -shm)
11-12 12:55:36.017 7353 7371 D CouchbaseLite/DATABASE: ...finished deleting database file /data/data/com.couchbase.lite.test/files/CBLTestDb/testdb.cblite2/db.sqlite3 (with -wal and -shm)
11-12 12:55:36.017 7353 7371 V CouchbaseLite/Test: testdb was deleted successfully.
11-12 12:55:36.017 7353 7371 I TestRunner: finished: testSetNull(com.couchbase.lite.ArrayTest)
11-12 12:55:36.019 7353 7353 I MonitoringInstr: Activities that are still in CREATED to STOPPED: 0
11-12 12:55:36.020 7353 7371 I TestRunner: started: testInsertObjectToExistingArray(com.couchbase.lite.ArrayTest)
11-12 12:55:36.020 7353 7353 I MonitoringInstr: Activities that are still in CREATED to STOPPED: 0
11-12 12:55:36.021 7353 7371 I CouchbaseLite/DATABASE: Opening Database{@d34637e, name='testdb'} at path /data/data/com.couchbase.lite.test/files/CBLTestDb/testdb.cblite2
11-12 12:55:36.021 7353 7371 D CouchbaseLite/DATABASE: {N8litecore8DataFile6SharedE#14} adding DataFile 0x7fc02b04a080
11-12 12:55:36.021 7353 7371 I CouchbaseLite/DATABASE: {DB#51}==> N8litecore14SQLiteDataFileE /data/data/com.couchbase.lite.test/files/CBLTestDb/testdb.cblite2/db.sqlite3 @0x7fc02b04a080
11-12 12:55:36.021 7353 7371 I CouchbaseLite/DATABASE: {DB#51} Opening database
11-12 12:55:36.030 7353 7371 D CouchbaseLite/DATABASE: {DB#51} open KVS 'default'
11-12 12:55:36.030 7353 7371 D CouchbaseLite/DATABASE: {DB#51} open KVS 'info'
11-12 12:55:36.030 7353 7371 V CouchbaseLite/DATABASE: {DB#51} begin transaction
11-12 12:55:36.030 7353 7371 V CouchbaseLite/DATABASE: {DB#51} KeyStore(info) set versioning
11-12 12:55:36.030 7353 7371 V CouchbaseLite/DATABASE: {DB#51} KeyStore(info) set publicUUID
11-12 12:55:36.030 7353 7371 V CouchbaseLite/DATABASE: {DB#51} KeyStore(info) set privateUUID
11-12 12:55:36.030 7353 7371 V CouchbaseLite/DATABASE: {DB#51} commit transaction
11-12 12:55:36.031 7353 7371 V CouchbaseLite/DATABASE: {DB#51} Next expiration time is 0
11-12 12:55:36.031 7353 7371 V CouchbaseLite/DATABASE: No pending doc expirations
11-12 12:55:36.031 7353 7371 V CouchbaseLite/DATABASE: {DB#51} begin transaction
11-12 12:55:36.031 7353 7371 V CouchbaseLite/DATABASE: {DB#51} Saved 'doc1' rev #1-84f66606a9372292be3838dbd97cd563ee35fcc0 as seq 1
11-12 12:55:36.031 7353 7371 V CouchbaseLite/DATABASE: {DB#51} KeyStore(info) set SharedKeys
11-12 12:55:36.031 7353 7371 V CouchbaseLite/DATABASE: {DB#51} commit transaction
11-12 12:55:36.031 7353 7371 V CouchbaseLite/DATABASE: {DB#51} begin transaction
11-12 12:55:36.032 7353 7371 V CouchbaseLite/DATABASE: {DB#51} Saved 'doc1' rev #2-50e6ba47f7eceea18d5df29cf6e8ee0fa66d12b1 as seq 2
11-12 12:55:36.032 7353 7371 V CouchbaseLite/DATABASE: {DB#51} commit transaction
11-12 12:55:36.032 7353 7371 V CouchbaseLite/DATABASE: {DB#51} begin transaction
11-12 12:55:36.032 7353 7371 V CouchbaseLite/DATABASE: {DB#51} Saved 'doc1' rev #3-13f56ec9bfcb1626a82d3d49b8e2936abc0c7db1 as seq 3
11-12 12:55:36.032 7353 7371 V CouchbaseLite/DATABASE: {DB#51} commit transaction
11-12 12:55:36.032 7353 7371 V CouchbaseLite/DATABASE: {DB#51} begin transaction
11-12 12:55:36.033 7353 7371 V CouchbaseLite/DATABASE: {DB#51} Saved 'doc1' rev #4-dc97029e9e579e595993bb4eed13c2f4151c98c9 as seq 4
11-12 12:55:36.033 7353 7371 V CouchbaseLite/DATABASE: {DB#51} commit transaction
11-12 12:55:36.033 7353 7371 V CouchbaseLite/DATABASE: {DB#51} begin transaction
11-12 12:55:36.033 7353 7371 V CouchbaseLite/DATABASE: {DB#51} Saved 'doc1' rev #5-3a89875a784ee316e0bbb4a9fb24f99147ba07d9 as seq 5
11-12 12:55:36.033 7353 7371 V CouchbaseLite/DATABASE: {DB#51} commit transaction
11-12 12:55:36.033 7353 7371 V CouchbaseLite/DATABASE: {DB#51} begin transaction
11-12 12:55:36.034 7353 7371 V CouchbaseLite/DATABASE: {DB#51} Saved 'doc1' rev #6-c12d2255aabb8da50725fe4dae0ceb99efb867b0 as seq 6
11-12 12:55:36.034 7353 7371 V CouchbaseLite/DATABASE: {DB#51} commit transaction
11-12 12:55:36.034 7353 7371 I CouchbaseLite/DATABASE: Closing Database{@d34637e, name='testdb'} at path /data/data/com.couchbase.lite.test/files/CBLTestDb/testdb.cblite2/
11-12 12:55:36.035 7353 7371 V CouchbaseLite/DATABASE: {DB#51} Pre-close housekeeping: 0 of 6 pages free (0%)
11-12 12:55:36.039 7353 7371 V CouchbaseLite/DATABASE: {DB#51} Closed SQLite database
11-12 12:55:36.039 7353 7371 D CouchbaseLite/DATABASE: {N8litecore8DataFile6SharedE#14} Remove DataFile 0x7fc02b04a080
11-12 12:55:36.039 7353 7371 I CouchbaseLite/DATABASE: {DB#51} Closing database
11-12 12:55:36.039 7353 7371 V CouchbaseLite/Test: testdb was closed successfully.
11-12 12:55:36.039 7353 7371 I CouchbaseLite/DATABASE: delete(): path=/data/data/com.couchbase.lite.test/files/CBLTestDb/testdb.cblite2
11-12 12:55:36.039 7353 7371 D CouchbaseLite/DATABASE: {N8litecore8DataFile6SharedE#14} adding DataFile 0x0
11-12 12:55:36.039 7353 7371 V CouchbaseLite/DATABASE: Preparing to delete DataFile /data/data/com.couchbase.lite.test/files/CBLTestDb/testdb.cblite2/db.sqlite3
11-12 12:55:36.039 7353 7371 I CouchbaseLite/DATABASE: Deleting database file /data/data/com.couchbase.lite.test/files/CBLTestDb/testdb.cblite2/db.sqlite3 (with -wal and -shm)
11-12 12:55:36.039 7353 7371 D CouchbaseLite/DATABASE: ...finished deleting database file /data/data/com.couchbase.lite.test/files/CBLTestDb/testdb.cblite2/db.sqlite3 (with -wal and -shm)
11-12 12:55:36.039 7353 7371 V CouchbaseLite/Test: testdb was deleted successfully.
11-12 12:55:36.040 7353 7371 I TestRunner: finished: testInsertObjectToExistingArray(com.couchbase.lite.ArrayTest)
11-12 12:55:36.042 7353 7353 I MonitoringInstr: Activities that are still in CREATED to STOPPED: 0
11-12 12:55:36.042 7353 7371 I TestRunner: started: testInsertNumber(com.couchbase.lite.ArrayTest)
11-12 12:55:36.043 7353 7353 I MonitoringInstr: Activities that are still in CREATED to STOPPED: 0
11-12 12:55:36.044 7353 7371 I CouchbaseLite/DATABASE: Opening Database{@712f0df, name='testdb'} at path /data/data/com.couchbase.lite.test/files/CBLTestDb/testdb.cblite2
11-12 12:55:36.044 7353 7371 D CouchbaseLite/DATABASE: {N8litecore8DataFile6SharedE#14} adding DataFile 0x7fc02b04a6c0
11-12 12:55:36.044 7353 7371 I CouchbaseLite/DATABASE: {DB#52}==> N8litecore14SQLiteDataFileE /data/data/com.couchbase.lite.test/files/CBLTestDb/testdb.cblite2/db.sqlite3 @0x7fc02b04a6c0
11-12 12:55:36.044 7353 7371 I CouchbaseLite/DATABASE: {DB#52} Opening database
11-12 12:55:36.052 7353 7371 D CouchbaseLite/DATABASE: {DB#52} open KVS 'default'
11-12 12:55:36.052 7353 7371 D CouchbaseLite/DATABASE: {DB#52} open KVS 'info'
11-12 12:55:36.052 7353 7371 V CouchbaseLite/DATABASE: {DB#52} begin transaction
11-12 12:55:36.052 7353 7371 V CouchbaseLite/DATABASE: {DB#52} KeyStore(info) set versioning
11-12 12:55:36.052 7353 7371 V CouchbaseLite/DATABASE: {DB#52} KeyStore(info) set publicUUID
11-12 12:55:36.053 7353 7371 V CouchbaseLite/DATABASE: {DB#52} KeyStore(info) set privateUUID
11-12 12:55:36.053 7353 7371 V CouchbaseLite/DATABASE: {DB#52} commit transaction
11-12 12:55:36.053 7353 7371 V CouchbaseLite/DATABASE: {DB#52} Next expiration time is 0
11-12 12:55:36.053 7353 7371 V CouchbaseLite/DATABASE: No pending doc expirations
11-12 12:55:36.053 7353 7371 V CouchbaseLite/DATABASE: {DB#52} begin transaction
11-12 12:55:36.053 7353 7371 V CouchbaseLite/DATABASE: {DB#52} Saved 'test' rev #1-1b6bcb629b953ee2451c740c28405fcdfc0bbe1e as seq 1
11-12 12:55:36.053 7353 7371 V CouchbaseLite/DATABASE: {DB#52} KeyStore(info) set SharedKeys
11-12 12:55:36.053 7353 7371 V CouchbaseLite/DATABASE: {DB#52} commit transaction
11-12 12:55:36.054 7353 7371 I CouchbaseLite/DATABASE: Closing Database{@712f0df, name='testdb'} at path /data/data/com.couchbase.lite.test/files/CBLTestDb/testdb.cblite2/
11-12 12:55:36.054 7353 7371 V CouchbaseLite/DATABASE: {DB#52} Pre-close housekeeping: 0 of 6 pages free (0%)
11-12 12:55:36.058 7353 7371 V CouchbaseLite/DATABASE: {DB#52} Closed SQLite database
11-12 12:55:36.058 7353 7371 D CouchbaseLite/DATABASE: {N8litecore8DataFile6SharedE#14} Remove DataFile 0x7fc02b04a6c0
11-12 12:55:36.058 7353 7371 I CouchbaseLite/DATABASE: {DB#52} Closing database
11-12 12:55:36.058 7353 7371 V CouchbaseLite/Test: testdb was closed successfully.
11-12 12:55:36.058 7353 7371 I CouchbaseLite/DATABASE: delete(): path=/data/data/com.couchbase.lite.test/files/CBLTestDb/testdb.cblite2
11-12 12:55:36.058 7353 7371 D CouchbaseLite/DATABASE: {N8litecore8DataFile6SharedE#14} adding DataFile 0x0
11-12 12:55:36.058 7353 7371 V CouchbaseLite/DATABASE: Preparing to delete DataFile /data/data/com.couchbase.lite.test/files/CBLTestDb/testdb.cblite2/db.sqlite3
11-12 12:55:36.058 7353 7371 I CouchbaseLite/DATABASE: Deleting database file /data/data/com.couchbase.lite.test/files/CBLTestDb/testdb.cblite2/db.sqlite3 (with -wal and -shm)
11-12 12:55:36.058 7353 7371 D CouchbaseLite/DATABASE: ...finished deleting database file /data/data/com.couchbase.lite.test/files/CBLTestDb/testdb.cblite2/db.sqlite3 (with -wal and -shm)
11-12 12:55:36.058 7353 7371 V CouchbaseLite/Test: testdb was deleted successfully.
11-12 12:55:36.058 7353 7371 I TestRunner: finished: testInsertNumber(com.couchbase.lite.ArrayTest)
11-12 12:55:36.060 7353 7353 I MonitoringInstr: Activities that are still in CREATED to STOPPED: 0
11-12 12:55:36.061 7353 7371 I TestRunner: started: testInsertObject(com.couchbase.lite.ArrayTest)
11-12 12:55:36.062 7353 7353 I MonitoringInstr: Activities that are still in CREATED to STOPPED: 0
11-12 12:55:36.062 7353 7371 I CouchbaseLite/DATABASE: Opening Database{@33eeb12c, name='testdb'} at path /data/data/com.couchbase.lite.test/files/CBLTestDb/testdb.cblite2
11-12 12:55:36.062 7353 7371 D CouchbaseLite/DATABASE: {N8litecore8DataFile6SharedE#14} adding DataFile 0x7fc02b04ae40
11-12 12:55:36.062 7353 7371 I CouchbaseLite/DATABASE: {DB#53}==> N8litecore14SQLiteDataFileE /data/data/com.couchbase.lite.test/files/CBLTestDb/testdb.cblite2/db.sqlite3 @0x7fc02b04ae40
11-12 12:55:36.062 7353 7371 I CouchbaseLite/DATABASE: {DB#53} Opening database
11-12 12:55:36.068 7353 7371 D CouchbaseLite/DATABASE: {DB#53} open KVS 'default'
11-12 12:55:36.068 7353 7371 D CouchbaseLite/DATABASE: {DB#53} open KVS 'info'
11-12 12:55:36.069 7353 7371 V CouchbaseLite/DATABASE: {DB#53} begin transaction
11-12 12:55:36.069 7353 7371 V CouchbaseLite/DATABASE: {DB#53} KeyStore(info) set versioning
11-12 12:55:36.069 7353 7371 V CouchbaseLite/DATABASE: {DB#53} KeyStore(info) set publicUUID
11-12 12:55:36.069 7353 7371 V CouchbaseLite/DATABASE: {DB#53} KeyStore(info) set privateUUID
11-12 12:55:36.069 7353 7371 V CouchbaseLite/DATABASE: {DB#53} commit transaction
11-12 12:55:36.069 7353 7371 V CouchbaseLite/DATABASE: {DB#53} Next expiration time is 0
11-12 12:55:36.069 7353 7371 V CouchbaseLite/DATABASE: No pending doc expirations
11-12 12:55:36.069 7353 7371 I CouchbaseLite/DATABASE: Closing Database{@33eeb12c, name='testdb'} at path /data/data/com.couchbase.lite.test/files/CBLTestDb/testdb.cblite2/
11-12 12:55:36.070 7353 7371 V CouchbaseLite/DATABASE: {DB#53} Pre-close housekeeping: 0 of 6 pages free (0%)
11-12 12:55:36.073 7353 7371 V CouchbaseLite/DATABASE: {DB#53} Closed SQLite database
11-12 12:55:36.073 7353 7371 D CouchbaseLite/DATABASE: {N8litecore8DataFile6SharedE#14} Remove DataFile 0x7fc02b04ae40
11-12 12:55:36.073 7353 7371 I CouchbaseLite/DATABASE: {DB#53} Closing database
11-12 12:55:36.073 7353 7371 D CouchbaseLite/DATABASE: {N8litecore8DataFile6SharedE#14} Remove DataFile 0x7fc02b04ae40
11-12 12:55:36.073 7353 7371 D CouchbaseLite/DATABASE: {N8litecore8DataFile6SharedE#14} Remove DataFile 0x7fc02b04ae40
11-12 12:55:36.073 7353 7371 D CouchbaseLite/DATABASE: {DB#53} destructing (~DataFile)
11-12 12:55:36.073 7353 7371 D CouchbaseLite/DATABASE: {N8litecore8DataFile6SharedE#14} Remove DataFile 0x7fc02b04ae40
11-12 12:55:36.073 7353 7371 V CouchbaseLite/Test: testdb was closed successfully.
11-12 12:55:36.073 7353 7371 I CouchbaseLite/DATABASE: delete(): path=/data/data/com.couchbase.lite.test/files/CBLTestDb/testdb.cblite2
11-12 12:55:36.073 7353 7371 D CouchbaseLite/DATABASE: {N8litecore8DataFile6SharedE#14} adding DataFile 0x0
11-12 12:55:36.073 7353 7371 V CouchbaseLite/DATABASE: Preparing to delete DataFile /data/data/com.couchbase.lite.test/files/CBLTestDb/testdb.cblite2/db.sqlite3
11-12 12:55:36.073 7353 7371 I CouchbaseLite/DATABASE: Deleting database file /data/data/com.couchbase.lite.test/files/CBLTestDb/testdb.cblite2/db.sqlite3 (with -wal and -shm)
11-12 12:55:36.073 7353 7371 D CouchbaseLite/DATABASE: ...finished deleting database file /data/data/com.couchbase.lite.test/files/CBLTestDb/testdb.cblite2/db.sqlite3 (with -wal and -shm)
11-12 12:55:36.073 7353 7371 V CouchbaseLite/Test: testdb was deleted successfully.
11-12 12:55:36.074 7353 7371 I TestRunner: finished: testInsertObject(com.couchbase.lite.ArrayTest)
11-12 12:55:36.076 7353 7353 I MonitoringInstr: Activities that are still in CREATED to STOPPED: 0
11-12 12:55:36.076 7353 7371 I TestRunner: started: testRemove(com.couchbase.lite.ArrayTest)
11-12 12:55:36.077 7353 7353 I MonitoringInstr: Activities that are still in CREATED to STOPPED: 0
11-12 12:55:36.077 7353 7371 I CouchbaseLite/DATABASE: Opening Database{@aa507f5, name='testdb'} at path /data/data/com.couchbase.lite.test/files/CBLTestDb/testdb.cblite2
11-12 12:55:36.078 7353 7371 D CouchbaseLite/DATABASE: {N8litecore8DataFile6SharedE#14} adding DataFile 0x7fc02b04ae40
11-12 12:55:36.078 7353 7371 I CouchbaseLite/DATABASE: {DB#54}==> N8litecore14SQLiteDataFileE /data/data/com.couchbase.lite.test/files/CBLTestDb/testdb.cblite2/db.sqlite3 @0x7fc02b04ae40
11-12 12:55:36.078 7353 7371 I CouchbaseLite/DATABASE: {DB#54} Opening database
11-12 12:55:36.084 7353 7371 D CouchbaseLite/DATABASE: {DB#54} open KVS 'default'
11-12 12:55:36.085 7353 7371 D CouchbaseLite/DATABASE: {DB#54} open KVS 'info'
11-12 12:55:36.085 7353 7371 V CouchbaseLite/DATABASE: {DB#54} begin transaction
11-12 12:55:36.085 7353 7371 V CouchbaseLite/DATABASE: {DB#54} KeyStore(info) set versioning
11-12 12:55:36.085 7353 7371 V CouchbaseLite/DATABASE: {DB#54} KeyStore(info) set publicUUID
11-12 12:55:36.085 7353 7371 V CouchbaseLite/DATABASE: {DB#54} KeyStore(info) set privateUUID
11-12 12:55:36.085 7353 7371 V CouchbaseLite/DATABASE: {DB#54} commit transaction
11-12 12:55:36.085 7353 7371 V CouchbaseLite/DATABASE: {DB#54} Next expiration time is 0
11-12 12:55:36.085 7353 7371 V CouchbaseLite/DATABASE: No pending doc expirations
11-12 12:55:36.086 7353 7371 V CouchbaseLite/DATABASE: {DB#54} begin transaction
11-12 12:55:36.086 7353 7371 V CouchbaseLite/DATABASE: {DB#54} Saved 'doc0' rev #1-84f66606a9372292be3838dbd97cd563ee35fcc0 as seq 1
11-12 12:55:36.086 7353 7371 V CouchbaseLite/DATABASE: {DB#54} KeyStore(info) set SharedKeys
11-12 12:55:36.086 7353 7371 V CouchbaseLite/DATABASE: {DB#54} commit transaction
11-12 12:55:36.086 7353 7371 V CouchbaseLite/DATABASE: {DB#54} begin transaction
11-12 12:55:36.086 7353 7371 V CouchbaseLite/DATABASE: {DB#54} Saved 'doc1' rev #1-84f66606a9372292be3838dbd97cd563ee35fcc0 as seq 2
11-12 12:55:36.087 7353 7371 V CouchbaseLite/DATABASE: {DB#54} commit transaction
11-12 12:55:36.087 7353 7371 I CouchbaseLite/DATABASE: Closing Database{@aa507f5, name='testdb'} at path /data/data/com.couchbase.lite.test/files/CBLTestDb/testdb.cblite2/
11-12 12:55:36.087 7353 7371 V CouchbaseLite/DATABASE: {DB#54} Pre-close housekeeping: 0 of 6 pages free (0%)
11-12 12:55:36.091 7353 7371 V CouchbaseLite/DATABASE: {DB#54} Closed SQLite database
11-12 12:55:36.091 7353 7371 D CouchbaseLite/DATABASE: {N8litecore8DataFile6SharedE#14} Remove DataFile 0x7fc02b04ae40
11-12 12:55:36.091 7353 7371 I CouchbaseLite/DATABASE: {DB#54} Closing database
11-12 12:55:36.091 7353 7371 V CouchbaseLite/Test: testdb was closed successfully.
11-12 12:55:36.091 7353 7371 I CouchbaseLite/DATABASE: delete(): path=/data/data/com.couchbase.lite.test/files/CBLTestDb/testdb.cblite2
11-12 12:55:36.091 7353 7371 D CouchbaseLite/DATABASE: {N8litecore8DataFile6SharedE#14} adding DataFile 0x0
11-12 12:55:36.091 7353 7371 V CouchbaseLite/DATABASE: Preparing to delete DataFile /data/data/com.couchbase.lite.test/files/CBLTestDb/testdb.cblite2/db.sqlite3
11-12 12:55:36.091 7353 7371 I CouchbaseLite/DATABASE: Deleting database file /data/data/com.couchbase.lite.test/files/CBLTestDb/testdb.cblite2/db.sqlite3 (with -wal and -shm)
11-12 12:55:36.091 7353 7371 D CouchbaseLite/DATABASE: ...finished deleting database file /data/data/com.couchbase.lite.test/files/CBLTestDb/testdb.cblite2/db.sqlite3 (with -wal and -shm)
11-12 12:55:36.091 7353 7371 V CouchbaseLite/Test: testdb was deleted successfully.
11-12 12:55:36.091 7353 7371 I TestRunner: finished: testRemove(com.couchbase.lite.ArrayTest)
11-12 12:55:36.093 7353 7353 I MonitoringInstr: Activities that are still in CREATED to STOPPED: 0
11-12 12:55:36.093 7353 7371 I TestRunner: started: testSetInt(com.couchbase.lite.ArrayTest)
11-12 12:55:36.095 7353 7353 I MonitoringInstr: Activities that are still in CREATED to STOPPED: 0
11-12 12:55:36.095 7353 7371 I CouchbaseLite/DATABASE: Opening Database{@2d2f398a, name='testdb'} at path /data/data/com.couchbase.lite.test/files/CBLTestDb/testdb.cblite2
11-12 12:55:36.095 7353 7371 D CouchbaseLite/DATABASE: {N8litecore8DataFile6SharedE#14} adding DataFile 0x7fc02b04b480
11-12 12:55:36.095 7353 7371 I CouchbaseLite/DATABASE: {DB#55}==> N8litecore14SQLiteDataFileE /data/data/com.couchbase.lite.test/files/CBLTestDb/testdb.cblite2/db.sqlite3 @0x7fc02b04b480
11-12 12:55:36.095 7353 7371 I CouchbaseLite/DATABASE: {DB#55} Opening database
11-12 12:55:36.102 7353 7371 D CouchbaseLite/DATABASE: {DB#55} open KVS 'default'
11-12 12:55:36.103 7353 7371 D CouchbaseLite/DATABASE: {DB#55} open KVS 'info'
11-12 12:55:36.103 7353 7371 V CouchbaseLite/DATABASE: {DB#55} begin transaction
11-12 12:55:36.103 7353 7371 V CouchbaseLite/DATABASE: {DB#55} KeyStore(info) set versioning
11-12 12:55:36.103 7353 7371 V CouchbaseLite/DATABASE: {DB#55} KeyStore(info) set publicUUID
11-12 12:55:36.104 7353 7371 V CouchbaseLite/DATABASE: {DB#55} KeyStore(info) set privateUUID
11-12 12:55:36.104 7353 7371 V CouchbaseLite/DATABASE: {DB#55} commit transaction
11-12 12:55:36.104 7353 7371 V CouchbaseLite/DATABASE: {DB#55} Next expiration time is 0
11-12 12:55:36.104 7353 7371 V CouchbaseLite/DATABASE: No pending doc expirations
11-12 12:55:36.104 7353 7371 V CouchbaseLite/DATABASE: {DB#55} begin transaction
11-12 12:55:36.104 7353 7371 V CouchbaseLite/DATABASE: {DB#55} Saved 'test' rev #1-12290f4fc478b55900f2b796f4da4848ef5bc4b9 as seq 1
11-12 12:55:36.104 7353 7371 V CouchbaseLite/DATABASE: {DB#55} KeyStore(info) set SharedKeys
11-12 12:55:36.104 7353 7371 V CouchbaseLite/DATABASE: {DB#55} commit transaction
11-12 12:55:36.105 7353 7371 I CouchbaseLite/DATABASE: Closing Database{@2d2f398a, name='testdb'} at path /data/data/com.couchbase.lite.test/files/CBLTestDb/testdb.cblite2/
11-12 12:55:36.105 7353 7371 V CouchbaseLite/DATABASE: {DB#55} Pre-close housekeeping: 0 of 6 pages free (0%)
11-12 12:55:36.108 7353 7371 V CouchbaseLite/DATABASE: {DB#55} Closed SQLite database
11-12 12:55:36.108 7353 7371 D CouchbaseLite/DATABASE: {N8litecore8DataFile6SharedE#14} Remove DataFile 0x7fc02b04b480
11-12 12:55:36.108 7353 7371 I CouchbaseLite/DATABASE: {DB#55} Closing database
11-12 12:55:36.108 7353 7371 V CouchbaseLite/Test: testdb was closed successfully.
11-12 12:55:36.108 7353 7371 I CouchbaseLite/DATABASE: delete(): path=/data/data/com.couchbase.lite.test/files/CBLTestDb/testdb.cblite2
11-12 12:55:36.108 7353 7371 D CouchbaseLite/DATABASE: {N8litecore8DataFile6SharedE#14} adding DataFile 0x0
11-12 12:55:36.108 7353 7371 V CouchbaseLite/DATABASE: Preparing to delete DataFile /data/data/com.couchbase.lite.test/files/CBLTestDb/testdb.cblite2/db.sqlite3
11-12 12:55:36.108 7353 7371 I CouchbaseLite/DATABASE: Deleting database file /data/data/com.couchbase.lite.test/files/CBLTestDb/testdb.cblite2/db.sqlite3 (with -wal and -shm)
11-12 12:55:36.108 7353 7371 D CouchbaseLite/DATABASE: ...finished deleting database file /data/data/com.couchbase.lite.test/files/CBLTestDb/testdb.cblite2/db.sqlite3 (with -wal and -shm)
11-12 12:55:36.109 7353 7371 V CouchbaseLite/Test: testdb was deleted successfully.
11-12 12:55:36.109 7353 7371 I TestRunner: finished: testSetInt(com.couchbase.lite.ArrayTest)
11-12 12:55:36.110 7353 7353 I MonitoringInstr: Activities that are still in CREATED to STOPPED: 0
11-12 12:55:36.111 7353 7371 I TestRunner: started: testSetObjectOutOfBound(com.couchbase.lite.ArrayTest)
11-12 12:55:36.112 7353 7353 I MonitoringInstr: Activities that are still in CREATED to STOPPED: 0
11-12 12:55:36.112 7353 7371 I CouchbaseLite/DATABASE: Opening Database{@2b5fbbfb, name='testdb'} at path /data/data/com.couchbase.lite.test/files/CBLTestDb/testdb.cblite2
11-12 12:55:36.113 7353 7371 D CouchbaseLite/DATABASE: {N8litecore8DataFile6SharedE#14} adding DataFile 0x7fc02b04bc00
11-12 12:55:36.113 7353 7371 I CouchbaseLite/DATABASE: {DB#56}==> N8litecore14SQLiteDataFileE /data/data/com.couchbase.lite.test/files/CBLTestDb/testdb.cblite2/db.sqlite3 @0x7fc02b04bc00
11-12 12:55:36.113 7353 7371 I CouchbaseLite/DATABASE: {DB#56} Opening database
11-12 12:55:36.121 7353 7371 D CouchbaseLite/DATABASE: {DB#56} open KVS 'default'
11-12 12:55:36.121 7353 7371 D CouchbaseLite/DATABASE: {DB#56} open KVS 'info'
11-12 12:55:36.122 7353 7371 V CouchbaseLite/DATABASE: {DB#56} begin transaction
11-12 12:55:36.122 7353 7371 V CouchbaseLite/DATABASE: {DB#56} KeyStore(info) set versioning
11-12 12:55:36.122 7353 7371 V CouchbaseLite/DATABASE: {DB#56} KeyStore(info) set publicUUID
11-12 12:55:36.122 7353 7371 V CouchbaseLite/DATABASE: {DB#56} KeyStore(info) set privateUUID
11-12 12:55:36.122 7353 7371 V CouchbaseLite/DATABASE: {DB#56} commit transaction
11-12 12:55:36.122 7353 7371 V CouchbaseLite/DATABASE: {DB#56} Next expiration time is 0
11-12 12:55:36.122 7353 7371 V CouchbaseLite/DATABASE: No pending doc expirations
11-12 12:55:36.123 7353 7371 I CouchbaseLite/DATABASE: Closing Database{@2b5fbbfb, name='testdb'} at path /data/data/com.couchbase.lite.test/files/CBLTestDb/testdb.cblite2/
11-12 12:55:36.123 7353 7371 V CouchbaseLite/DATABASE: {DB#56} Pre-close housekeeping: 0 of 6 pages free (0%)
11-12 12:55:36.127 7353 7371 V CouchbaseLite/DATABASE: {DB#56} Closed SQLite database
11-12 12:55:36.127 7353 7371 D CouchbaseLite/DATABASE: {N8litecore8DataFile6SharedE#14} Remove DataFile 0x7fc02b04bc00
11-12 12:55:36.127 7353 7371 I CouchbaseLite/DATABASE: {DB#56} Closing database
11-12 12:55:36.127 7353 7371 D CouchbaseLite/DATABASE: {N8litecore8DataFile6SharedE#14} Remove DataFile 0x7fc02b04bc00
11-12 12:55:36.127 7353 7371 D CouchbaseLite/DATABASE: {N8litecore8DataFile6SharedE#14} Remove DataFile 0x7fc02b04bc00
11-12 12:55:36.127 7353 7371 D CouchbaseLite/DATABASE: {DB#56} destructing (~DataFile)
11-12 12:55:36.127 7353 7371 D CouchbaseLite/DATABASE: {N8litecore8DataFile6SharedE#14} Remove DataFile 0x7fc02b04bc00
11-12 12:55:36.127 7353 7371 V CouchbaseLite/Test: testdb was closed successfully.
11-12 12:55:36.127 7353 7371 I CouchbaseLite/DATABASE: delete(): path=/data/data/com.couchbase.lite.test/files/CBLTestDb/testdb.cblite2
11-12 12:55:36.127 7353 7371 D CouchbaseLite/DATABASE: {N8litecore8DataFile6SharedE#14} adding DataFile 0x0
11-12 12:55:36.127 7353 7371 V CouchbaseLite/DATABASE: Preparing to delete DataFile /data/data/com.couchbase.lite.test/files/CBLTestDb/testdb.cblite2/db.sqlite3
11-12 12:55:36.127 7353 7371 I CouchbaseLite/DATABASE: Deleting database file /data/data/com.couchbase.lite.test/files/CBLTestDb/testdb.cblite2/db.sqlite3 (with -wal and -shm)
11-12 12:55:36.127 7353 7371 D CouchbaseLite/DATABASE: ...finished deleting database file /data/data/com.couchbase.lite.test/files/CBLTestDb/testdb.cblite2/db.sqlite3 (with -wal and -shm)
11-12 12:55:36.127 7353 7371 V CouchbaseLite/Test: testdb was deleted successfully.
11-12 12:55:36.127 7353 7371 I TestRunner: finished: testSetObjectOutOfBound(com.couchbase.lite.ArrayTest)
11-12 12:55:36.129 7353 7353 I MonitoringInstr: Activities that are still in CREATED to STOPPED: 0
11-12 12:55:36.129 7353 7371 I TestRunner: started: testSetObjectToExistingArray(com.couchbase.lite.ArrayTest)
11-12 12:55:36.130 7353 7353 I MonitoringInstr: Activities that are still in CREATED to STOPPED: 0
11-12 12:55:36.131 7353 7371 I CouchbaseLite/DATABASE: Opening Database{@22bb418, name='testdb'} at path /data/data/com.couchbase.lite.test/files/CBLTestDb/testdb.cblite2
11-12 12:55:36.131 7353 7371 D CouchbaseLite/DATABASE: {N8litecore8DataFile6SharedE#14} adding DataFile 0x7fc02b04bc00
11-12 12:55:36.131 7353 7371 I CouchbaseLite/DATABASE: {DB#57}==> N8litecore14SQLiteDataFileE /data/data/com.couchbase.lite.test/files/CBLTestDb/testdb.cblite2/db.sqlite3 @0x7fc02b04bc00
11-12 12:55:36.131 7353 7371 I CouchbaseLite/DATABASE: {DB#57} Opening database
11-12 12:55:36.139 7353 7371 D CouchbaseLite/DATABASE: {DB#57} open KVS 'default'
11-12 12:55:36.140 7353 7371 D CouchbaseLite/DATABASE: {DB#57} open KVS 'info'
11-12 12:55:36.140 7353 7371 V CouchbaseLite/DATABASE: {DB#57} begin transaction
11-12 12:55:36.140 7353 7371 V CouchbaseLite/DATABASE: {DB#57} KeyStore(info) set versioning
11-12 12:55:36.140 7353 7371 V CouchbaseLite/DATABASE: {DB#57} KeyStore(info) set publicUUID
11-12 12:55:36.140 7353 7371 V CouchbaseLite/DATABASE: {DB#57} KeyStore(info) set privateUUID
11-12 12:55:36.140 7353 7371 V CouchbaseLite/DATABASE: {DB#57} commit transaction
11-12 12:55:36.141 7353 7371 V CouchbaseLite/DATABASE: {DB#57} Next expiration time is 0
11-12 12:55:36.141 7353 7371 V CouchbaseLite/DATABASE: No pending doc expirations
11-12 12:55:36.141 7353 7371 V CouchbaseLite/DATABASE: {DB#57} begin transaction
11-12 12:55:36.141 7353 7371 V CouchbaseLite/DATABASE: {DB#57} Saved 'doc0' rev #1-1b7e3ab3b2bec0c5adfcdaf67e45ffddb157fd30 as seq 1
11-12 12:55:36.142 7353 7371 V CouchbaseLite/DATABASE: {DB#57} KeyStore(info) set SharedKeys
11-12 12:55:36.142 7353 7371 V CouchbaseLite/DATABASE: {DB#57} commit transaction
11-12 12:55:36.142 7353 7371 V CouchbaseLite/DATABASE: {DB#57} begin transaction
11-12 12:55:36.142 7353 7371 V CouchbaseLite/DATABASE: {DB#57} Saved 'doc0' rev #2-9412d646abae721dcdfddee4749d777f9ea4a8d5 as seq 2
11-12 12:55:36.142 7353 7371 V CouchbaseLite/DATABASE: {DB#57} commit transaction
11-12 12:55:36.143 7353 7371 V CouchbaseLite/DATABASE: {DB#57} begin transaction
11-12 12:55:36.145 7353 7371 V CouchbaseLite/DATABASE: {DB#57} Saved 'doc1' rev #1-1b7e3ab3b2bec0c5adfcdaf67e45ffddb157fd30 as seq 3
11-12 12:55:36.146 7353 7371 V CouchbaseLite/DATABASE: {DB#57} commit transaction
11-12 12:55:36.146 7353 7371 V CouchbaseLite/DATABASE: {DB#57} begin transaction
11-12 12:55:36.146 7353 7371 V CouchbaseLite/DATABASE: {DB#57} Saved 'doc1' rev #2-9412d646abae721dcdfddee4749d777f9ea4a8d5 as seq 4
11-12 12:55:36.146 7353 7371 V CouchbaseLite/DATABASE: {DB#57} commit transaction
11-12 12:55:36.147 7353 7371 I CouchbaseLite/DATABASE: Closing Database{@22bb418, name='testdb'} at path /data/data/com.couchbase.lite.test/files/CBLTestDb/testdb.cblite2/
11-12 12:55:36.147 7353 7371 V CouchbaseLite/DATABASE: {DB#57} Pre-close housekeeping: 0 of 6 pages free (0%)
11-12 12:55:36.152 7353 7371 V CouchbaseLite/DATABASE: {DB#57} Closed SQLite database
11-12 12:55:36.152 7353 7371 D CouchbaseLite/DATABASE: {N8litecore8DataFile6SharedE#14} Remove DataFile 0x7fc02b04bc00
11-12 12:55:36.152 7353 7371 I CouchbaseLite/DATABASE: {DB#57} Closing database
11-12 12:55:36.152 7353 7371 V CouchbaseLite/Test: testdb was closed successfully.
11-12 12:55:36.152 7353 7371 I CouchbaseLite/DATABASE: delete(): path=/data/data/com.couchbase.lite.test/files/CBLTestDb/testdb.cblite2
11-12 12:55:36.152 7353 7371 D CouchbaseLite/DATABASE: {N8litecore8DataFile6SharedE#14} adding DataFile 0x0
11-12 12:55:36.152 7353 7371 V CouchbaseLite/DATABASE: Preparing to delete DataFile /data/data/com.couchbase.lite.test/files/CBLTestDb/testdb.cblite2/db.sqlite3
11-12 12:55:36.152 7353 7371 I CouchbaseLite/DATABASE: Deleting database file /data/data/com.couchbase.lite.test/files/CBLTestDb/testdb.cblite2/db.sqlite3 (with -wal and -shm)
11-12 12:55:36.152 7353 7371 D CouchbaseLite/DATABASE: ...finished deleting database file /data/data/com.couchbase.lite.test/files/CBLTestDb/testdb.cblite2/db.sqlite3 (with -wal and -shm)
11-12 12:55:36.152 7353 7371 V CouchbaseLite/Test: testdb was deleted successfully.
11-12 12:55:36.152 7353 7371 I TestRunner: finished: testSetObjectToExistingArray(com.couchbase.lite.ArrayTest)
11-12 12:55:36.155 7353 7353 I MonitoringInstr: Activities that are still in CREATED to STOPPED: 0
11-12 12:55:36.155 7353 7371 I TestRunner: started: testInsertString(com.couchbase.lite.ArrayTest)
11-12 12:55:36.156 7353 7353 I MonitoringInstr: Activities that are still in CREATED to STOPPED: 0
11-12 12:55:36.157 7353 7371 I CouchbaseLite/DATABASE: Opening Database{@200b2e71, name='testdb'} at path /data/data/com.couchbase.lite.test/files/CBLTestDb/testdb.cblite2
11-12 12:55:36.157 7353 7371 D CouchbaseLite/DATABASE: {N8litecore8DataFile6SharedE#14} adding DataFile 0x7fc02b04c100
11-12 12:55:36.157 7353 7371 I CouchbaseLite/DATABASE: {DB#58}==> N8litecore14SQLiteDataFileE /data/data/com.couchbase.lite.test/files/CBLTestDb/testdb.cblite2/db.sqlite3 @0x7fc02b04c100
11-12 12:55:36.157 7353 7371 I CouchbaseLite/DATABASE: {DB#58} Opening database
11-12 12:55:36.164 7353 7371 D CouchbaseLite/DATABASE: {DB#58} open KVS 'default'
11-12 12:55:36.165 7353 7371 D CouchbaseLite/DATABASE: {DB#58} open KVS 'info'
11-12 12:55:36.165 7353 7371 V CouchbaseLite/DATABASE: {DB#58} begin transaction
11-12 12:55:36.165 7353 7371 V CouchbaseLite/DATABASE: {DB#58} KeyStore(info) set versioning
11-12 12:55:36.165 7353 7371 V CouchbaseLite/DATABASE: {DB#58} KeyStore(info) set publicUUID
11-12 12:55:36.165 7353 7371 V CouchbaseLite/DATABASE: {DB#58} KeyStore(info) set privateUUID
11-12 12:55:36.165 7353 7371 V CouchbaseLite/DATABASE: {DB#58} commit transaction
11-12 12:55:36.165 7353 7371 V CouchbaseLite/DATABASE: {DB#58} Next expiration time is 0
11-12 12:55:36.166 7353 7371 V CouchbaseLite/DATABASE: No pending doc expirations
11-12 12:55:36.166 7353 7371 V CouchbaseLite/DATABASE: {DB#58} begin transaction
11-12 12:55:36.166 7353 7371 V CouchbaseLite/DATABASE: {DB#58} Saved 'test' rev #1-fb102bea80e4ce94fbf87127d81f00324c9bd9d2 as seq 1
11-12 12:55:36.166 7353 7371 V CouchbaseLite/DATABASE: {DB#58} KeyStore(info) set SharedKeys
11-12 12:55:36.166 7353 7371 V CouchbaseLite/DATABASE: {DB#58} commit transaction
11-12 12:55:36.166 7353 7371 I CouchbaseLite/DATABASE: Closing Database{@200b2e71, name='testdb'} at path /data/data/com.couchbase.lite.test/files/CBLTestDb/testdb.cblite2/
11-12 12:55:36.166 7353 7371 V CouchbaseLite/DATABASE: {DB#58} Pre-close housekeeping: 0 of 6 pages free (0%)
11-12 12:55:36.170 7353 7371 V CouchbaseLite/DATABASE: {DB#58} Closed SQLite database
11-12 12:55:36.170 7353 7371 D CouchbaseLite/DATABASE: {N8litecore8DataFile6SharedE#14} Remove DataFile 0x7fc02b04c100
11-12 12:55:36.170 7353 7371 I CouchbaseLite/DATABASE: {DB#58} Closing database
11-12 12:55:36.170 7353 7371 V CouchbaseLite/Test: testdb was closed successfully.
11-12 12:55:36.170 7353 7371 I CouchbaseLite/DATABASE: delete(): path=/data/data/com.couchbase.lite.test/files/CBLTestDb/testdb.cblite2
11-12 12:55:36.170 7353 7371 D CouchbaseLite/DATABASE: {N8litecore8DataFile6SharedE#14} adding DataFile 0x0
11-12 12:55:36.170 7353 7371 V CouchbaseLite/DATABASE: Preparing to delete DataFile /data/data/com.couchbase.lite.test/files/CBLTestDb/testdb.cblite2/db.sqlite3
11-12 12:55:36.170 7353 7371 I CouchbaseLite/DATABASE: Deleting database file /data/data/com.couchbase.lite.test/files/CBLTestDb/testdb.cblite2/db.sqlite3 (with -wal and -shm)
11-12 12:55:36.170 7353 7371 D CouchbaseLite/DATABASE: ...finished deleting database file /data/data/com.couchbase.lite.test/files/CBLTestDb/testdb.cblite2/db.sqlite3 (with -wal and -shm)
11-12 12:55:36.170 7353 7371 V CouchbaseLite/Test: testdb was deleted successfully.
11-12 12:55:36.170 7353 7371 I TestRunner: finished: testInsertString(com.couchbase.lite.ArrayTest)
11-12 12:55:36.172 7353 7353 I MonitoringInstr: Activities that are still in CREATED to STOPPED: 0
11-12 12:55:36.173 7353 7371 I TestRunner: started: testReplaceArrayDifferentType(com.couchbase.lite.ArrayTest)
11-12 12:55:36.174 7353 7353 I MonitoringInstr: Activities that are still in CREATED to STOPPED: 0
11-12 12:55:36.174 7353 7371 I CouchbaseLite/DATABASE: Opening Database{@294f6456, name='testdb'} at path /data/data/com.couchbase.lite.test/files/CBLTestDb/testdb.cblite2
11-12 12:55:36.174 7353 7371 D CouchbaseLite/DATABASE: {N8litecore8DataFile6SharedE#14} adding DataFile 0x7fc02b04c880
11-12 12:55:36.174 7353 7371 I CouchbaseLite/DATABASE: {DB#59}==> N8litecore14SQLiteDataFileE /data/data/com.couchbase.lite.test/files/CBLTestDb/testdb.cblite2/db.sqlite3 @0x7fc02b04c880
11-12 12:55:36.174 7353 7371 I CouchbaseLite/DATABASE: {DB#59} Opening database
11-12 12:55:36.184 7353 7365 D CouchbaseLite/DATABASE: {N8litecore8DataFile6SharedE#14} Remove DataFile 0x7fc02b04c100
11-12 12:55:36.184 7353 7365 D CouchbaseLite/DATABASE: {N8litecore8DataFile6SharedE#14} Remove DataFile 0x7fc02b04c100
11-12 12:55:36.184 7353 7365 D CouchbaseLite/DATABASE: {DB#58} destructing (~DataFile)
11-12 12:55:36.185 7353 7365 D CouchbaseLite/DATABASE: {N8litecore8DataFile6SharedE#14} Remove DataFile 0x7fc02b04c100
11-12 12:55:36.185 7353 7371 D CouchbaseLite/DATABASE: {DB#59} open KVS 'default'
11-12 12:55:36.185 7353 7371 D CouchbaseLite/DATABASE: {DB#59} open KVS 'info'
11-12 12:55:36.185 7353 7371 V CouchbaseLite/DATABASE: {DB#59} begin transaction
11-12 12:55:36.186 7353 7371 V CouchbaseLite/DATABASE: {DB#59} KeyStore(info) set versioning
11-12 12:55:36.186 7353 7371 V CouchbaseLite/DATABASE: {DB#59} KeyStore(info) set publicUUID
11-12 12:55:36.186 7353 7371 V CouchbaseLite/DATABASE: {DB#59} KeyStore(info) set privateUUID
11-12 12:55:36.186 7353 7371 V CouchbaseLite/DATABASE: {DB#59} commit transaction
11-12 12:55:36.186 7353 7371 V CouchbaseLite/DATABASE: {DB#59} Next expiration time is 0
11-12 12:55:36.186 7353 7371 V CouchbaseLite/DATABASE: No pending doc expirations
11-12 12:55:36.186 7353 7371 V CouchbaseLite/DATABASE: {DB#59} begin transaction
11-12 12:55:36.187 7353 7371 V CouchbaseLite/DATABASE: {DB#59} Saved 'doc1' rev #1-bf499f139d1d78da733a43e9d33dfcf38e654744 as seq 1
11-12 12:55:36.187 7353 7371 V CouchbaseLite/DATABASE: {DB#59} KeyStore(info) set SharedKeys
11-12 12:55:36.187 7353 7371 V CouchbaseLite/DATABASE: {DB#59} commit transaction
11-12 12:55:36.187 7353 7371 I CouchbaseLite/DATABASE: Closing Database{@294f6456, name='testdb'} at path /data/data/com.couchbase.lite.test/files/CBLTestDb/testdb.cblite2/
11-12 12:55:36.187 7353 7371 V CouchbaseLite/DATABASE: {DB#59} Pre-close housekeeping: 0 of 6 pages free (0%)
11-12 12:55:36.191 7353 7365 D CouchbaseLite/DATABASE: {N8litecore8DataFile6SharedE#14} Remove DataFile 0x7fc02b2607c0
11-12 12:55:36.191 7353 7365 D CouchbaseLite/DATABASE: {N8litecore8DataFile6SharedE#14} Remove DataFile 0x7fc02b2607c0
11-12 12:55:36.191 7353 7365 D CouchbaseLite/DATABASE: {DB#46} destructing (~DataFile)
11-12 12:55:36.191 7353 7365 D CouchbaseLite/DATABASE: {N8litecore8DataFile6SharedE#14} Remove DataFile 0x7fc02b2607c0
11-12 12:55:36.191 7353 7371 V CouchbaseLite/DATABASE: {DB#59} Closed SQLite database
11-12 12:55:36.191 7353 7371 D CouchbaseLite/DATABASE: {N8litecore8DataFile6SharedE#14} Remove DataFile 0x7fc02b04c880
11-12 12:55:36.192 7353 7371 I CouchbaseLite/DATABASE: {DB#59} Closing database
11-12 12:55:36.192 7353 7371 V CouchbaseLite/Test: testdb was closed successfully.
11-12 12:55:36.192 7353 7371 I CouchbaseLite/DATABASE: delete(): path=/data/data/com.couchbase.lite.test/files/CBLTestDb/testdb.cblite2
11-12 12:55:36.192 7353 7371 D CouchbaseLite/DATABASE: {N8litecore8DataFile6SharedE#14} adding DataFile 0x0
11-12 12:55:36.192 7353 7371 V CouchbaseLite/DATABASE: Preparing to delete DataFile /data/data/com.couchbase.lite.test/files/CBLTestDb/testdb.cblite2/db.sqlite3
11-12 12:55:36.192 7353 7371 I CouchbaseLite/DATABASE: Deleting database file /data/data/com.couchbase.lite.test/files/CBLTestDb/testdb.cblite2/db.sqlite3 (with -wal and -shm)
11-12 12:55:36.192 7353 7371 D CouchbaseLite/DATABASE: ...finished deleting database file /data/data/com.couchbase.lite.test/files/CBLTestDb/testdb.cblite2/db.sqlite3 (with -wal and -shm)
11-12 12:55:36.192 7353 7371 V CouchbaseLite/Test: testdb was deleted successfully.
11-12 12:55:36.192 7353 7371 I TestRunner: finished: testReplaceArrayDifferentType(com.couchbase.lite.ArrayTest)
11-12 12:55:36.195 7353 7353 I MonitoringInstr: Activities that are still in CREATED to STOPPED: 0
11-12 12:55:36.196 7353 7371 I TestRunner: started: testGetDictionary(com.couchbase.lite.ArrayTest)
11-12 12:55:36.196 7353 7353 I MonitoringInstr: Activities that are still in CREATED to STOPPED: 0
11-12 12:55:36.197 7353 7371 I CouchbaseLite/DATABASE: Opening Database{@37e41cd7, name='testdb'} at path /data/data/com.couchbase.lite.test/files/CBLTestDb/testdb.cblite2
11-12 12:55:36.197 7353 7365 D CouchbaseLite/DATABASE: {N8litecore8DataFile6SharedE#14} Remove DataFile 0x7fc02b04bc00
11-12 12:55:36.197 7353 7365 D CouchbaseLite/DATABASE: {N8litecore8DataFile6SharedE#14} Remove DataFile 0x7fc02b04bc00
11-12 12:55:36.197 7353 7365 D CouchbaseLite/DATABASE: {DB#57} destructing (~DataFile)
11-12 12:55:36.197 7353 7365 D CouchbaseLite/DATABASE: {N8litecore8DataFile6SharedE#14} Remove DataFile 0x7fc02b04bc00
11-12 12:55:36.197 7353 7371 D CouchbaseLite/DATABASE: {N8litecore8DataFile6SharedE#14} adding DataFile 0x7fc02b04cd80
11-12 12:55:36.197 7353 7371 I CouchbaseLite/DATABASE: {DB#60}==> N8litecore14SQLiteDataFileE /data/data/com.couchbase.lite.test/files/CBLTestDb/testdb.cblite2/db.sqlite3 @0x7fc02b04cd80
11-12 12:55:36.197 7353 7371 I CouchbaseLite/DATABASE: {DB#60} Opening database
11-12 12:55:36.199 7353 7365 D CouchbaseLite/DATABASE: {N8litecore8DataFile6SharedE#14} Remove DataFile 0x7fc02b261080
11-12 12:55:36.199 7353 7365 D CouchbaseLite/DATABASE: {N8litecore8DataFile6SharedE#14} Remove DataFile 0x7fc02b261080
11-12 12:55:36.199 7353 7365 D CouchbaseLite/DATABASE: {DB#47} destructing (~DataFile)
11-12 12:55:36.199 7353 7365 D CouchbaseLite/DATABASE: {N8litecore8DataFile6SharedE#14} Remove DataFile 0x7fc02b261080
11-12 12:55:36.201 7353 7365 D CouchbaseLite/DATABASE: {N8litecore8DataFile6SharedE#14} Remove DataFile 0x7fc02b261580
11-12 12:55:36.201 7353 7365 D CouchbaseLite/DATABASE: {N8litecore8DataFile6SharedE#14} Remove DataFile 0x7fc02b261580
11-12 12:55:36.201 7353 7365 D CouchbaseLite/DATABASE: {DB#48} destructing (~DataFile)
11-12 12:55:36.201 7353 7365 D CouchbaseLite/DATABASE: {N8litecore8DataFile6SharedE#14} Remove DataFile 0x7fc02b261580
11-12 12:55:36.202 7353 7365 D CouchbaseLite/DATABASE: {N8litecore8DataFile6SharedE#14} Remove DataFile 0x7fc02b04b480
11-12 12:55:36.202 7353 7365 D CouchbaseLite/DATABASE: {N8litecore8DataFile6SharedE#14} Remove DataFile 0x7fc02b04b480
11-12 12:55:36.202 7353 7365 D CouchbaseLite/DATABASE: {DB#55} destructing (~DataFile)
11-12 12:55:36.202 7353 7365 D CouchbaseLite/DATABASE: {N8litecore8DataFile6SharedE#14} Remove DataFile 0x7fc02b04b480
11-12 12:55:36.205 7353 7365 D CouchbaseLite/DATABASE: {N8litecore8DataFile6SharedE#14} Remove DataFile 0x7fc02b049900
11-12 12:55:36.205 7353 7365 D CouchbaseLite/DATABASE: {N8litecore8DataFile6SharedE#14} Remove DataFile 0x7fc02b049900
11-12 12:55:36.205 7353 7365 D CouchbaseLite/DATABASE: {DB#49} destructing (~DataFile)
11-12 12:55:36.205 7353 7365 D CouchbaseLite/DATABASE: {N8litecore8DataFile6SharedE#14} Remove DataFile 0x7fc02b049900
11-12 12:55:36.207 7353 7365 D CouchbaseLite/DATABASE: {N8litecore8DataFile6SharedE#14} Remove DataFile 0x7fc02b04ae40
11-12 12:55:36.207 7353 7365 D CouchbaseLite/DATABASE: {N8litecore8DataFile6SharedE#14} Remove DataFile 0x7fc02b04ae40
11-12 12:55:36.207 7353 7365 D CouchbaseLite/DATABASE: {DB#54} destructing (~DataFile)
11-12 12:55:36.207 7353 7365 D CouchbaseLite/DATABASE: {N8litecore8DataFile6SharedE#14} Remove DataFile 0x7fc02b04ae40
11-12 12:55:36.208 7353 7371 D CouchbaseLite/DATABASE: {DB#60} open KVS 'default'
11-12 12:55:36.208 7353 7365 D CouchbaseLite/DATABASE: {N8litecore8DataFile6SharedE#14} Remove DataFile 0x7fc02b049a40
11-12 12:55:36.208 7353 7365 D CouchbaseLite/DATABASE: {N8litecore8DataFile6SharedE#14} Remove DataFile 0x7fc02b049a40
11-12 12:55:36.208 7353 7365 D CouchbaseLite/DATABASE: {DB#50} destructing (~DataFile)
11-12 12:55:36.208 7353 7365 D CouchbaseLite/DATABASE: {N8litecore8DataFile6SharedE#14} Remove DataFile 0x7fc02b049a40
11-12 12:55:36.208 7353 7371 D CouchbaseLite/DATABASE: {DB#60} open KVS 'info'
11-12 12:55:36.208 7353 7371 V CouchbaseLite/DATABASE: {DB#60} begin transaction
11-12 12:55:36.208 7353 7371 V CouchbaseLite/DATABASE: {DB#60} KeyStore(info) set versioning
11-12 12:55:36.208 7353 7371 V CouchbaseLite/DATABASE: {DB#60} KeyStore(info) set publicUUID
11-12 12:55:36.209 7353 7371 V CouchbaseLite/DATABASE: {DB#60} KeyStore(info) set privateUUID
11-12 12:55:36.209 7353 7371 V CouchbaseLite/DATABASE: {DB#60} commit transaction
11-12 12:55:36.209 7353 7371 V CouchbaseLite/DATABASE: {DB#60} Next expiration time is 0
11-12 12:55:36.209 7353 7371 V CouchbaseLite/DATABASE: No pending doc expirations
11-12 12:55:36.209 7353 7371 V CouchbaseLite/DATABASE: {DB#60} begin transaction
11-12 12:55:36.209 7353 7371 V CouchbaseLite/DATABASE: {DB#60} Saved 'test' rev #1-551284ad384d064cb9da84e73a9970dfe4fd4677 as seq 1
11-12 12:55:36.209 7353 7371 V CouchbaseLite/DATABASE: {DB#60} KeyStore(info) set SharedKeys
11-12 12:55:36.210 7353 7371 V CouchbaseLite/DATABASE: {DB#60} commit transaction
11-12 12:55:36.210 7353 7371 I CouchbaseLite/DATABASE: Closing Database{@37e41cd7, name='testdb'} at path /data/data/com.couchbase.lite.test/files/CBLTestDb/testdb.cblite2/
11-12 12:55:36.210 7353 7371 V CouchbaseLite/DATABASE: {DB#60} Pre-close housekeeping: 0 of 6 pages free (0%)
11-12 12:55:36.211 7353 7365 D CouchbaseLite/DATABASE: {N8litecore8DataFile6SharedE#14} Remove DataFile 0x7fc02b04a6c0
11-12 12:55:36.211 7353 7365 D CouchbaseLite/DATABASE: {N8litecore8DataFile6SharedE#14} Remove DataFile 0x7fc02b04a6c0
11-12 12:55:36.211 7353 7365 D CouchbaseLite/DATABASE: {DB#52} destructing (~DataFile)
11-12 12:55:36.211 7353 7365 D CouchbaseLite/DATABASE: {N8litecore8DataFile6SharedE#14} Remove DataFile 0x7fc02b04a6c0
11-12 12:55:36.214 7353 7371 V CouchbaseLite/DATABASE: {DB#60} Closed SQLite database
11-12 12:55:36.214 7353 7371 D CouchbaseLite/DATABASE: {N8litecore8DataFile6SharedE#14} Remove DataFile 0x7fc02b04cd80
11-12 12:55:36.214 7353 7371 I CouchbaseLite/DATABASE: {DB#60} Closing database
11-12 12:55:36.214 7353 7371 V CouchbaseLite/Test: testdb was closed successfully.
