11-12 12:55:35.447 7353 7371 V CouchbaseLite/DATABASE: {DB#25} Pre-close housekeeping: 0 of 6 pages free (0%)
11-12 12:55:35.451 7353 7371 V CouchbaseLite/DATABASE: {DB#25} Closed SQLite database
11-12 12:55:35.451 7353 7371 D CouchbaseLite/DATABASE: {N8litecore8DataFile6SharedE#14} Remove DataFile 0x7fc02b04cc40
11-12 12:55:35.451 7353 7371 I CouchbaseLite/DATABASE: {DB#25} Closing database
11-12 12:55:35.451 7353 7371 V CouchbaseLite/Test: testdb was closed successfully.
11-12 12:55:35.451 7353 7371 I CouchbaseLite/DATABASE: delete(): path=/data/data/com.couchbase.lite.test/files/CBLTestDb/testdb.cblite2
11-12 12:55:35.451 7353 7371 D CouchbaseLite/DATABASE: {N8litecore8DataFile6SharedE#14} adding DataFile 0x0
11-12 12:55:35.451 7353 7371 V CouchbaseLite/DATABASE: Preparing to delete DataFile /data/data/com.couchbase.lite.test/files/CBLTestDb/testdb.cblite2/db.sqlite3
11-12 12:55:35.451 7353 7371 I CouchbaseLite/DATABASE: Deleting database file /data/data/com.couchbase.lite.test/files/CBLTestDb/testdb.cblite2/db.sqlite3 (with -wal and -shm)
11-12 12:55:35.451 7353 7371 D CouchbaseLite/DATABASE: ...finished deleting database file /data/data/com.couchbase.lite.test/files/CBLTestDb/testdb.cblite2/db.sqlite3 (with -wal and -shm)
11-12 12:55:35.451 7353 7371 V CouchbaseLite/Test: testdb was deleted successfully.
11-12 12:55:35.452 7353 7371 I TestRunner: finished: testGetBoolean(com.couchbase.lite.ArrayTest)
11-12 12:55:35.454 7353 7353 I MonitoringInstr: Activities that are still in CREATED to STOPPED: 0
11-12 12:55:35.454 7353 7371 I TestRunner: started: testAddNumber(com.couchbase.lite.ArrayTest)
11-12 12:55:35.455 7353 7353 I MonitoringInstr: Activities that are still in CREATED to STOPPED: 0
11-12 12:55:35.456 7353 7371 I CouchbaseLite/DATABASE: Opening Database{@af0f9b8, name='testdb'} at path /data/data/com.couchbase.lite.test/files/CBLTestDb/testdb.cblite2
11-12 12:55:35.456 7353 7371 D CouchbaseLite/DATABASE: {N8litecore8DataFile6SharedE#14} adding DataFile 0x7fc02b25f280
11-12 12:55:35.456 7353 7371 I CouchbaseLite/DATABASE: {DB#26}==> N8litecore14SQLiteDataFileE /data/data/com.couchbase.lite.test/files/CBLTestDb/testdb.cblite2/db.sqlite3 @0x7fc02b25f280
11-12 12:55:35.456 7353 7371 I CouchbaseLite/DATABASE: {DB#26} Opening database
11-12 12:55:35.467 7353 7371 D CouchbaseLite/DATABASE: {DB#26} open KVS 'default'
11-12 12:55:35.467 7353 7371 D CouchbaseLite/DATABASE: {DB#26} open KVS 'info'
11-12 12:55:35.468 7353 7371 V CouchbaseLite/DATABASE: {DB#26} begin transaction
11-12 12:55:35.468 7353 7371 V CouchbaseLite/DATABASE: {DB#26} KeyStore(info) set versioning
11-12 12:55:35.468 7353 7371 V CouchbaseLite/DATABASE: {DB#26} KeyStore(info) set publicUUID
11-12 12:55:35.468 7353 7371 V CouchbaseLite/DATABASE: {DB#26} KeyStore(info) set privateUUID
11-12 12:55:35.468 7353 7371 V CouchbaseLite/DATABASE: {DB#26} commit transaction
11-12 12:55:35.468 7353 7371 V CouchbaseLite/DATABASE: {DB#26} Next expiration time is 0
11-12 12:55:35.468 7353 7371 V CouchbaseLite/DATABASE: No pending doc expirations
11-12 12:55:35.469 7353 7371 V CouchbaseLite/DATABASE: {DB#26} begin transaction
11-12 12:55:35.469 7353 7371 V CouchbaseLite/DATABASE: {DB#26} Saved 'test' rev #1-710a6103fc0c175ce60d605c5c0f0e7aed2c0c7b as seq 1
11-12 12:55:35.469 7353 7371 V CouchbaseLite/DATABASE: {DB#26} KeyStore(info) set SharedKeys
11-12 12:55:35.469 7353 7371 V CouchbaseLite/DATABASE: {DB#26} commit transaction
11-12 12:55:35.469 7353 7371 I CouchbaseLite/DATABASE: Closing Database{@af0f9b8, name='testdb'} at path /data/data/com.couchbase.lite.test/files/CBLTestDb/testdb.cblite2/
11-12 12:55:35.470 7353 7371 V CouchbaseLite/DATABASE: {DB#26} Pre-close housekeeping: 0 of 6 pages free (0%)
11-12 12:55:35.475 7353 7371 V CouchbaseLite/DATABASE: {DB#26} Closed SQLite database
11-12 12:55:35.475 7353 7371 D CouchbaseLite/DATABASE: {N8litecore8DataFile6SharedE#14} Remove DataFile 0x7fc02b25f280
11-12 12:55:35.475 7353 7371 I CouchbaseLite/DATABASE: {DB#26} Closing database
11-12 12:55:35.475 7353 7371 V CouchbaseLite/Test: testdb was closed successfully.
11-12 12:55:35.475 7353 7371 I CouchbaseLite/DATABASE: delete(): path=/data/data/com.couchbase.lite.test/files/CBLTestDb/testdb.cblite2
11-12 12:55:35.475 7353 7371 D CouchbaseLite/DATABASE: {N8litecore8DataFile6SharedE#14} adding DataFile 0x0
11-12 12:55:35.476 7353 7371 V CouchbaseLite/DATABASE: Preparing to delete DataFile /data/data/com.couchbase.lite.test/files/CBLTestDb/testdb.cblite2/db.sqlite3
11-12 12:55:35.476 7353 7371 I CouchbaseLite/DATABASE: Deleting database file /data/data/com.couchbase.lite.test/files/CBLTestDb/testdb.cblite2/db.sqlite3 (with -wal and -shm)
11-12 12:55:35.476 7353 7371 D CouchbaseLite/DATABASE: ...finished deleting database file /data/data/com.couchbase.lite.test/files/CBLTestDb/testdb.cblite2/db.sqlite3 (with -wal and -shm)
11-12 12:55:35.476 7353 7371 V CouchbaseLite/Test: testdb was deleted successfully.
11-12 12:55:35.476 7353 7371 I TestRunner: finished: testAddNumber(com.couchbase.lite.ArrayTest)
11-12 12:55:35.478 7353 7353 I MonitoringInstr: Activities that are still in CREATED to STOPPED: 0
11-12 12:55:35.479 7353 7371 I TestRunner: started: testAddString(com.couchbase.lite.ArrayTest)
11-12 12:55:35.480 7353 7353 I MonitoringInstr: Activities that are still in CREATED to STOPPED: 0
11-12 12:55:35.480 7353 7371 I CouchbaseLite/DATABASE: Opening Database{@31009391, name='testdb'} at path /data/data/com.couchbase.lite.test/files/CBLTestDb/testdb.cblite2
11-12 12:55:35.481 7353 7371 D CouchbaseLite/DATABASE: {N8litecore8DataFile6SharedE#14} adding DataFile 0x7fc02b25f780
11-12 12:55:35.481 7353 7371 I CouchbaseLite/DATABASE: {DB#27}==> N8litecore14SQLiteDataFileE /data/data/com.couchbase.lite.test/files/CBLTestDb/testdb.cblite2/db.sqlite3 @0x7fc02b25f780
11-12 12:55:35.481 7353 7371 I CouchbaseLite/DATABASE: {DB#27} Opening database
11-12 12:55:35.491 7353 7371 D CouchbaseLite/DATABASE: {DB#27} open KVS 'default'
11-12 12:55:35.491 7353 7371 D CouchbaseLite/DATABASE: {DB#27} open KVS 'info'
11-12 12:55:35.491 7353 7371 V CouchbaseLite/DATABASE: {DB#27} begin transaction
11-12 12:55:35.492 7353 7371 V CouchbaseLite/DATABASE: {DB#27} KeyStore(info) set versioning
11-12 12:55:35.492 7353 7371 V CouchbaseLite/DATABASE: {DB#27} KeyStore(info) set publicUUID
11-12 12:55:35.492 7353 7371 V CouchbaseLite/DATABASE: {DB#27} KeyStore(info) set privateUUID
11-12 12:55:35.492 7353 7371 V CouchbaseLite/DATABASE: {DB#27} commit transaction
11-12 12:55:35.492 7353 7371 V CouchbaseLite/DATABASE: {DB#27} Next expiration time is 0
11-12 12:55:35.492 7353 7371 V CouchbaseLite/DATABASE: No pending doc expirations
11-12 12:55:35.492 7353 7371 V CouchbaseLite/DATABASE: {DB#27} begin transaction
11-12 12:55:35.493 7353 7371 V CouchbaseLite/DATABASE: {DB#27} Saved 'test' rev #1-c084e97c7adf04bd94b95455b33957051caf0f08 as seq 1
11-12 12:55:35.493 7353 7371 V CouchbaseLite/DATABASE: {DB#27} KeyStore(info) set SharedKeys
11-12 12:55:35.493 7353 7371 V CouchbaseLite/DATABASE: {DB#27} commit transaction
11-12 12:55:35.493 7353 7371 I CouchbaseLite/DATABASE: Closing Database{@31009391, name='testdb'} at path /data/data/com.couchbase.lite.test/files/CBLTestDb/testdb.cblite2/
11-12 12:55:35.494 7353 7371 V CouchbaseLite/DATABASE: {DB#27} Pre-close housekeeping: 0 of 6 pages free (0%)
11-12 12:55:35.498 7353 7371 V CouchbaseLite/DATABASE: {DB#27} Closed SQLite database
11-12 12:55:35.498 7353 7371 D CouchbaseLite/DATABASE: {N8litecore8DataFile6SharedE#14} Remove DataFile 0x7fc02b25f780
11-12 12:55:35.498 7353 7371 I CouchbaseLite/DATABASE: {DB#27} Closing database
11-12 12:55:35.498 7353 7371 V CouchbaseLite/Test: testdb was closed successfully.
11-12 12:55:35.498 7353 7371 I CouchbaseLite/DATABASE: delete(): path=/data/data/com.couchbase.lite.test/files/CBLTestDb/testdb.cblite2
11-12 12:55:35.498 7353 7371 D CouchbaseLite/DATABASE: {N8litecore8DataFile6SharedE#14} adding DataFile 0x0
11-12 12:55:35.498 7353 7371 V CouchbaseLite/DATABASE: Preparing to delete DataFile /data/data/com.couchbase.lite.test/files/CBLTestDb/testdb.cblite2/db.sqlite3
11-12 12:55:35.499 7353 7371 I CouchbaseLite/DATABASE: Deleting database file /data/data/com.couchbase.lite.test/files/CBLTestDb/testdb.cblite2/db.sqlite3 (with -wal and -shm)
11-12 12:55:35.499 7353 7371 D CouchbaseLite/DATABASE: ...finished deleting database file /data/data/com.couchbase.lite.test/files/CBLTestDb/testdb.cblite2/db.sqlite3 (with -wal and -shm)
11-12 12:55:35.499 7353 7371 V CouchbaseLite/Test: testdb was deleted successfully.
11-12 12:55:35.499 7353 7371 I TestRunner: finished: testAddString(com.couchbase.lite.ArrayTest)
11-12 12:55:35.502 7353 7353 I MonitoringInstr: Activities that are still in CREATED to STOPPED: 0
11-12 12:55:35.502 7353 7371 I TestRunner: started: testInsertObjectOutOfBound(com.couchbase.lite.ArrayTest)
11-12 12:55:35.504 7353 7353 I MonitoringInstr: Activities that are still in CREATED to STOPPED: 0
11-12 12:55:35.504 7353 7371 I CouchbaseLite/DATABASE: Opening Database{@3d5b32f6, name='testdb'} at path /data/data/com.couchbase.lite.test/files/CBLTestDb/testdb.cblite2
11-12 12:55:35.505 7353 7371 D CouchbaseLite/DATABASE: {N8litecore8DataFile6SharedE#14} adding DataFile 0x7fc02b25fc80
11-12 12:55:35.505 7353 7371 I CouchbaseLite/DATABASE: {DB#28}==> N8litecore14SQLiteDataFileE /data/data/com.couchbase.lite.test/files/CBLTestDb/testdb.cblite2/db.sqlite3 @0x7fc02b25fc80
11-12 12:55:35.505 7353 7371 I CouchbaseLite/DATABASE: {DB#28} Opening database
11-12 12:55:35.514 7353 7371 D CouchbaseLite/DATABASE: {DB#28} open KVS 'default'
11-12 12:55:35.515 7353 7371 D CouchbaseLite/DATABASE: {DB#28} open KVS 'info'
11-12 12:55:35.515 7353 7371 V CouchbaseLite/DATABASE: {DB#28} begin transaction
11-12 12:55:35.515 7353 7371 V CouchbaseLite/DATABASE: {DB#28} KeyStore(info) set versioning
11-12 12:55:35.516 7353 7371 V CouchbaseLite/DATABASE: {DB#28} KeyStore(info) set publicUUID
11-12 12:55:35.516 7353 7371 V CouchbaseLite/DATABASE: {DB#28} KeyStore(info) set privateUUID
11-12 12:55:35.516 7353 7371 V CouchbaseLite/DATABASE: {DB#28} commit transaction
11-12 12:55:35.516 7353 7371 V CouchbaseLite/DATABASE: {DB#28} Next expiration time is 0
11-12 12:55:35.516 7353 7371 V CouchbaseLite/DATABASE: No pending doc expirations
11-12 12:55:35.516 7353 7371 I CouchbaseLite/DATABASE: Closing Database{@3d5b32f6, name='testdb'} at path /data/data/com.couchbase.lite.test/files/CBLTestDb/testdb.cblite2/
11-12 12:55:35.517 7353 7371 V CouchbaseLite/DATABASE: {DB#28} Pre-close housekeeping: 0 of 6 pages free (0%)
11-12 12:55:35.521 7353 7371 V CouchbaseLite/DATABASE: {DB#28} Closed SQLite database
11-12 12:55:35.521 7353 7371 D CouchbaseLite/DATABASE: {N8litecore8DataFile6SharedE#14} Remove DataFile 0x7fc02b25fc80
11-12 12:55:35.521 7353 7371 I CouchbaseLite/DATABASE: {DB#28} Closing database
11-12 12:55:35.521 7353 7371 D CouchbaseLite/DATABASE: {N8litecore8DataFile6SharedE#14} Remove DataFile 0x7fc02b25fc80
11-12 12:55:35.521 7353 7371 D CouchbaseLite/DATABASE: {N8litecore8DataFile6SharedE#14} Remove DataFile 0x7fc02b25fc80
11-12 12:55:35.521 7353 7371 D CouchbaseLite/DATABASE: {DB#28} destructing (~DataFile)
11-12 12:55:35.522 7353 7371 D CouchbaseLite/DATABASE: {N8litecore8DataFile6SharedE#14} Remove DataFile 0x7fc02b25fc80
11-12 12:55:35.522 7353 7371 V CouchbaseLite/Test: testdb was closed successfully.
11-12 12:55:35.522 7353 7371 I CouchbaseLite/DATABASE: delete(): path=/data/data/com.couchbase.lite.test/files/CBLTestDb/testdb.cblite2
11-12 12:55:35.522 7353 7371 D CouchbaseLite/DATABASE: {N8litecore8DataFile6SharedE#14} adding DataFile 0x0
11-12 12:55:35.522 7353 7371 V CouchbaseLite/DATABASE: Preparing to delete DataFile /data/data/com.couchbase.lite.test/files/CBLTestDb/testdb.cblite2/db.sqlite3
11-12 12:55:35.522 7353 7371 I CouchbaseLite/DATABASE: Deleting database file /data/data/com.couchbase.lite.test/files/CBLTestDb/testdb.cblite2/db.sqlite3 (with -wal and -shm)
11-12 12:55:35.522 7353 7371 D CouchbaseLite/DATABASE: ...finished deleting database file /data/data/com.couchbase.lite.test/files/CBLTestDb/testdb.cblite2/db.sqlite3 (with -wal and -shm)
11-12 12:55:35.522 7353 7371 V CouchbaseLite/Test: testdb was deleted successfully.
11-12 12:55:35.522 7353 7371 I TestRunner: finished: testInsertObjectOutOfBound(com.couchbase.lite.ArrayTest)
11-12 12:55:35.525 7353 7353 I MonitoringInstr: Activities that are still in CREATED to STOPPED: 0
11-12 12:55:35.525 7353 7371 I TestRunner: started: testSetDouble(com.couchbase.lite.ArrayTest)
11-12 12:55:35.527 7353 7353 I MonitoringInstr: Activities that are still in CREATED to STOPPED: 0
11-12 12:55:35.527 7353 7371 I CouchbaseLite/DATABASE: Opening Database{@99fd6f7, name='testdb'} at path /data/data/com.couchbase.lite.test/files/CBLTestDb/testdb.cblite2
11-12 12:55:35.528 7353 7371 D CouchbaseLite/DATABASE: {N8litecore8DataFile6SharedE#14} adding DataFile 0x7fc02b25fc80
11-12 12:55:35.528 7353 7371 I CouchbaseLite/DATABASE: {DB#29}==> N8litecore14SQLiteDataFileE /data/data/com.couchbase.lite.test/files/CBLTestDb/testdb.cblite2/db.sqlite3 @0x7fc02b25fc80
11-12 12:55:35.528 7353 7371 I CouchbaseLite/DATABASE: {DB#29} Opening database
11-12 12:55:35.538 7353 7371 D CouchbaseLite/DATABASE: {DB#29} open KVS 'default'
11-12 12:55:35.538 7353 7371 D CouchbaseLite/DATABASE: {DB#29} open KVS 'info'
11-12 12:55:35.539 7353 7371 V CouchbaseLite/DATABASE: {DB#29} begin transaction
11-12 12:55:35.539 7353 7371 V CouchbaseLite/DATABASE: {DB#29} KeyStore(info) set versioning
11-12 12:55:35.539 7353 7371 V CouchbaseLite/DATABASE: {DB#29} KeyStore(info) set publicUUID
11-12 12:55:35.539 7353 7371 V CouchbaseLite/DATABASE: {DB#29} KeyStore(info) set privateUUID
11-12 12:55:35.539 7353 7371 V CouchbaseLite/DATABASE: {DB#29} commit transaction
11-12 12:55:35.539 7353 7371 V CouchbaseLite/DATABASE: {DB#29} Next expiration time is 0
11-12 12:55:35.539 7353 7371 V CouchbaseLite/DATABASE: No pending doc expirations
11-12 12:55:35.540 7353 7371 V CouchbaseLite/DATABASE: {DB#29} begin transaction
11-12 12:55:35.540 7353 7371 V CouchbaseLite/DATABASE: {DB#29} Saved 'test' rev #1-c86aa6a0ebc7123b0b8e14bc6ca98ed4fb48b0fe as seq 1
11-12 12:55:35.540 7353 7371 V CouchbaseLite/DATABASE: {DB#29} KeyStore(info) set SharedKeys
11-12 12:55:35.540 7353 7371 V CouchbaseLite/DATABASE: {DB#29} commit transaction
11-12 12:55:35.541 7353 7371 I CouchbaseLite/DATABASE: Closing Database{@99fd6f7, name='testdb'} at path /data/data/com.couchbase.lite.test/files/CBLTestDb/testdb.cblite2/
11-12 12:55:35.541 7353 7371 V CouchbaseLite/DATABASE: {DB#29} Pre-close housekeeping: 0 of 6 pages free (0%)
11-12 12:55:35.546 7353 7371 V CouchbaseLite/DATABASE: {DB#29} Closed SQLite database
11-12 12:55:35.546 7353 7371 D CouchbaseLite/DATABASE: {N8litecore8DataFile6SharedE#14} Remove DataFile 0x7fc02b25fc80
11-12 12:55:35.546 7353 7371 I CouchbaseLite/DATABASE: {DB#29} Closing database
11-12 12:55:35.546 7353 7371 V CouchbaseLite/Test: testdb was closed successfully.
11-12 12:55:35.546 7353 7371 I CouchbaseLite/DATABASE: delete(): path=/data/data/com.couchbase.lite.test/files/CBLTestDb/testdb.cblite2
11-12 12:55:35.546 7353 7371 D CouchbaseLite/DATABASE: {N8litecore8DataFile6SharedE#14} adding DataFile 0x0
11-12 12:55:35.546 7353 7371 V CouchbaseLite/DATABASE: Preparing to delete DataFile /data/data/com.couchbase.lite.test/files/CBLTestDb/testdb.cblite2/db.sqlite3
11-12 12:55:35.546 7353 7371 I CouchbaseLite/DATABASE: Deleting database file /data/data/com.couchbase.lite.test/files/CBLTestDb/testdb.cblite2/db.sqlite3 (with -wal and -shm)
11-12 12:55:35.546 7353 7371 D CouchbaseLite/DATABASE: ...finished deleting database file /data/data/com.couchbase.lite.test/files/CBLTestDb/testdb.cblite2/db.sqlite3 (with -wal and -shm)
11-12 12:55:35.546 7353 7371 V CouchbaseLite/Test: testdb was deleted successfully.
11-12 12:55:35.546 7353 7371 I TestRunner: finished: testSetDouble(com.couchbase.lite.ArrayTest)
11-12 12:55:35.548 7353 7353 I MonitoringInstr: Activities that are still in CREATED to STOPPED: 0
11-12 12:55:35.549 7353 7371 I TestRunner: started: testHashCode(com.couchbase.lite.ArrayTest)
11-12 12:55:35.550 7353 7353 I MonitoringInstr: Activities that are still in CREATED to STOPPED: 0
11-12 12:55:35.551 7353 7371 I CouchbaseLite/DATABASE: Opening Database{@697f964, name='testdb'} at path /data/data/com.couchbase.lite.test/files/CBLTestDb/testdb.cblite2
11-12 12:55:35.551 7353 7371 D CouchbaseLite/DATABASE: {N8litecore8DataFile6SharedE#14} adding DataFile 0x7fc02b260040
11-12 12:55:35.552 7353 7371 I CouchbaseLite/DATABASE: {DB#30}==> N8litecore14SQLiteDataFileE /data/data/com.couchbase.lite.test/files/CBLTestDb/testdb.cblite2/db.sqlite3 @0x7fc02b260040
11-12 12:55:35.552 7353 7371 I CouchbaseLite/DATABASE: {DB#30} Opening database
11-12 12:55:35.562 7353 7365 D CouchbaseLite/DATABASE: {N8litecore8DataFile6SharedE#14} Remove DataFile 0x7fc02b25fc80
11-12 12:55:35.562 7353 7365 D CouchbaseLite/DATABASE: {N8litecore8DataFile6SharedE#14} Remove DataFile 0x7fc02b25fc80
11-12 12:55:35.563 7353 7365 D CouchbaseLite/DATABASE: {DB#29} destructing (~DataFile)
11-12 12:55:35.563 7353 7365 D CouchbaseLite/DATABASE: {N8litecore8DataFile6SharedE#14} Remove DataFile 0x7fc02b25fc80
11-12 12:55:35.564 7353 7371 D CouchbaseLite/DATABASE: {DB#30} open KVS 'default'
11-12 12:55:35.565 7353 7371 D CouchbaseLite/DATABASE: {DB#30} open KVS 'info'
11-12 12:55:35.565 7353 7371 V CouchbaseLite/DATABASE: {DB#30} begin transaction
11-12 12:55:35.566 7353 7371 V CouchbaseLite/DATABASE: {DB#30} KeyStore(info) set versioning
11-12 12:55:35.566 7353 7371 V CouchbaseLite/DATABASE: {DB#30} KeyStore(info) set publicUUID
11-12 12:55:35.566 7353 7371 V CouchbaseLite/DATABASE: {DB#30} KeyStore(info) set privateUUID
11-12 12:55:35.566 7353 7371 V CouchbaseLite/DATABASE: {DB#30} commit transaction
11-12 12:55:35.566 7353 7365 D CouchbaseLite/DATABASE: {N8litecore8DataFile6SharedE#14} Remove DataFile 0x7fc02b25f780
11-12 12:55:35.566 7353 7365 D CouchbaseLite/DATABASE: {N8litecore8DataFile6SharedE#14} Remove DataFile 0x7fc02b25f780
11-12 12:55:35.566 7353 7365 D CouchbaseLite/DATABASE: {DB#27} destructing (~DataFile)
11-12 12:55:35.566 7353 7365 D CouchbaseLite/DATABASE: {N8litecore8DataFile6SharedE#14} Remove DataFile 0x7fc02b25f780
11-12 12:55:35.566 7353 7371 V CouchbaseLite/DATABASE: {DB#30} Next expiration time is 0
11-12 12:55:35.566 7353 7371 V CouchbaseLite/DATABASE: No pending doc expirations
11-12 12:55:35.567 7353 7371 V CouchbaseLite/DATABASE: {DB#30} begin transaction
11-12 12:55:35.567 7353 7365 D CouchbaseLite/DATABASE: {N8litecore8DataFile6SharedE#14} Remove DataFile 0x7fc02b04c240
11-12 12:55:35.567 7353 7365 D CouchbaseLite/DATABASE: {N8litecore8DataFile6SharedE#14} Remove DataFile 0x7fc02b04c240
11-12 12:55:35.567 7353 7365 D CouchbaseLite/DATABASE: {DB#15} destructing (~DataFile)
11-12 12:55:35.567 7353 7365 D CouchbaseLite/DATABASE: {N8litecore8DataFile6SharedE#14} Remove DataFile 0x7fc02b04c240
11-12 12:55:35.567 7353 7371 V CouchbaseLite/DATABASE: {DB#30} Saved 'test' rev #1-6eee81302252f5f36ee40e3f3541d6da9fdab289 as seq 1
11-12 12:55:35.567 7353 7371 V CouchbaseLite/DATABASE: {DB#30} KeyStore(info) set SharedKeys
11-12 12:55:35.567 7353 7371 V CouchbaseLite/DATABASE: {DB#30} commit transaction
11-12 12:55:35.568 7353 7371 I CouchbaseLite/DATABASE: Closing Database{@697f964, name='testdb'} at path /data/data/com.couchbase.lite.test/files/CBLTestDb/testdb.cblite2/
11-12 12:55:35.569 7353 7371 V CouchbaseLite/DATABASE: {DB#30} Pre-close housekeeping: 0 of 6 pages free (0%)
11-12 12:55:35.569 7353 7365 D CouchbaseLite/DATABASE: {N8litecore8DataFile6SharedE#14} Remove DataFile 0x7fc02b25f280
11-12 12:55:35.569 7353 7365 D CouchbaseLite/DATABASE: {N8litecore8DataFile6SharedE#14} Remove DataFile 0x7fc02b25f280
11-12 12:55:35.569 7353 7365 D CouchbaseLite/DATABASE: {DB#26} destructing (~DataFile)
11-12 12:55:35.569 7353 7365 D CouchbaseLite/DATABASE: {N8litecore8DataFile6SharedE#14} Remove DataFile 0x7fc02b25f280
11-12 12:55:35.570 7353 7365 D CouchbaseLite/DATABASE: {N8litecore8DataFile6SharedE#14} Remove DataFile 0x7fc02b04c600
11-12 12:55:35.570 7353 7365 D CouchbaseLite/DATABASE: {N8litecore8DataFile6SharedE#14} Remove DataFile 0x7fc02b04c600
11-12 12:55:35.570 7353 7365 D CouchbaseLite/DATABASE: {DB#16} destructing (~DataFile)
11-12 12:55:35.570 7353 7365 D CouchbaseLite/DATABASE: {N8litecore8DataFile6SharedE#14} Remove DataFile 0x7fc02b04c600
11-12 12:55:35.574 7353 7371 V CouchbaseLite/DATABASE: {DB#30} Closed SQLite database
11-12 12:55:35.574 7353 7371 D CouchbaseLite/DATABASE: {N8litecore8DataFile6SharedE#14} Remove DataFile 0x7fc02b260040
11-12 12:55:35.574 7353 7371 I CouchbaseLite/DATABASE: {DB#30} Closing database
11-12 12:55:35.574 7353 7371 V CouchbaseLite/Test: testdb was closed successfully.
11-12 12:55:35.574 7353 7371 I CouchbaseLite/DATABASE: delete(): path=/data/data/com.couchbase.lite.test/files/CBLTestDb/testdb.cblite2
11-12 12:55:35.575 7353 7371 D CouchbaseLite/DATABASE: {N8litecore8DataFile6SharedE#14} adding DataFile 0x0
11-12 12:55:35.575 7353 7371 V CouchbaseLite/DATABASE: Preparing to delete DataFile /data/data/com.couchbase.lite.test/files/CBLTestDb/testdb.cblite2/db.sqlite3
11-12 12:55:35.575 7353 7371 I CouchbaseLite/DATABASE: Deleting database file /data/data/com.couchbase.lite.test/files/CBLTestDb/testdb.cblite2/db.sqlite3 (with -wal and -shm)
11-12 12:55:35.575 7353 7371 D CouchbaseLite/DATABASE: ...finished deleting database file /data/data/com.couchbase.lite.test/files/CBLTestDb/testdb.cblite2/db.sqlite3 (with -wal and -shm)
11-12 12:55:35.575 7353 7371 V CouchbaseLite/Test: testdb was deleted successfully.
11-12 12:55:35.575 7353 7371 I TestRunner: finished: testHashCode(com.couchbase.lite.ArrayTest)
11-12 12:55:35.575 7353 7365 D CouchbaseLite/DATABASE: {N8litecore8DataFile6SharedE#14} Remove DataFile 0x7fc02b04cc40
11-12 12:55:35.575 7353 7365 D CouchbaseLite/DATABASE: {N8litecore8DataFile6SharedE#14} Remove DataFile 0x7fc02b04cc40
11-12 12:55:35.575 7353 7365 D CouchbaseLite/DATABASE: {DB#25} destructing (~DataFile)
11-12 12:55:35.575 7353 7365 D CouchbaseLite/DATABASE: {N8litecore8DataFile6SharedE#14} Remove DataFile 0x7fc02b04cc40
11-12 12:55:35.576 7353 7365 D CouchbaseLite/DATABASE: {N8litecore8DataFile6SharedE#14} Remove DataFile 0x7fc02b048dc0
11-12 12:55:35.576 7353 7365 D CouchbaseLite/DATABASE: {N8litecore8DataFile6SharedE#14} Remove DataFile 0x7fc02b048dc0
11-12 12:55:35.577 7353 7365 D CouchbaseLite/DATABASE: {DB#17} destructing (~DataFile)
11-12 12:55:35.577 7353 7365 D CouchbaseLite/DATABASE: {N8litecore8DataFile6SharedE#14} Remove DataFile 0x7fc02b048dc0
11-12 12:55:35.577 7353 7353 I MonitoringInstr: Activities that are still in CREATED to STOPPED: 0
11-12 12:55:35.578 7353 7371 I TestRunner: started: testGetArray2(com.couchbase.lite.ArrayTest)
11-12 12:55:35.578 7353 7365 D CouchbaseLite/DATABASE: {N8litecore8DataFile6SharedE#14} Remove DataFile 0x7fc02b04c100
11-12 12:55:35.578 7353 7365 D CouchbaseLite/DATABASE: {N8litecore8DataFile6SharedE#14} Remove DataFile 0x7fc02b04c100
11-12 12:55:35.578 7353 7365 D CouchbaseLite/DATABASE: {DB#24} destructing (~DataFile)
11-12 12:55:35.578 7353 7365 D CouchbaseLite/DATABASE: {N8litecore8DataFile6SharedE#14} Remove DataFile 0x7fc02b04c100
11-12 12:55:35.578 7353 7353 I MonitoringInstr: Activities that are still in CREATED to STOPPED: 0
11-12 12:55:35.579 7353 7371 I CouchbaseLite/DATABASE: Opening Database{@d7f8882, name='testdb'} at path /data/data/com.couchbase.lite.test/files/CBLTestDb/testdb.cblite2
11-12 12:55:35.579 7353 7371 D CouchbaseLite/DATABASE: {N8litecore8DataFile6SharedE#14} adding DataFile 0x7fc02b260680
11-12 12:55:35.579 7353 7371 I CouchbaseLite/DATABASE: {DB#31}==> N8litecore14SQLiteDataFileE /data/data/com.couchbase.lite.test/files/CBLTestDb/testdb.cblite2/db.sqlite3 @0x7fc02b260680
11-12 12:55:35.579 7353 7371 I CouchbaseLite/DATABASE: {DB#31} Opening database
11-12 12:55:35.580 7353 7365 D CouchbaseLite/DATABASE: {N8litecore8DataFile6SharedE#14} Remove DataFile 0x7fc02b04b840
11-12 12:55:35.580 7353 7365 D CouchbaseLite/DATABASE: {N8litecore8DataFile6SharedE#14} Remove DataFile 0x7fc02b04b840
11-12 12:55:35.580 7353 7365 D CouchbaseLite/DATABASE: {DB#23} destructing (~DataFile)
11-12 12:55:35.580 7353 7365 D CouchbaseLite/DATABASE: {N8litecore8DataFile6SharedE#14} Remove DataFile 0x7fc02b04b840
11-12 12:55:35.582 7353 7365 D CouchbaseLite/DATABASE: {N8litecore8DataFile6SharedE#14} Remove DataFile 0x7fc02b04b340
11-12 12:55:35.582 7353 7365 D CouchbaseLite/DATABASE: {N8litecore8DataFile6SharedE#14} Remove DataFile 0x7fc02b04b340
11-12 12:55:35.582 7353 7365 D CouchbaseLite/DATABASE: {DB#22} destructing (~DataFile)
11-12 12:55:35.582 7353 7365 D CouchbaseLite/DATABASE: {N8litecore8DataFile6SharedE#14} Remove DataFile 0x7fc02b04b340
11-12 12:55:35.582 7353 7365 D CouchbaseLite/DATABASE: {N8litecore8DataFile6SharedE#14} Remove DataFile 0x7fc02b049a40
11-12 12:55:35.582 7353 7365 D CouchbaseLite/DATABASE: {N8litecore8DataFile6SharedE#14} Remove DataFile 0x7fc02b049a40
11-12 12:55:35.582 7353 7365 D CouchbaseLite/DATABASE: {DB#18} destructing (~DataFile)
11-12 12:55:35.582 7353 7365 D CouchbaseLite/DATABASE: {N8litecore8DataFile6SharedE#14} Remove DataFile 0x7fc02b049a40
11-12 12:55:35.584 7353 7365 D CouchbaseLite/DATABASE: {N8litecore8DataFile6SharedE#14} Remove DataFile 0x7fc02b04ae40
11-12 12:55:35.585 7353 7365 D CouchbaseLite/DATABASE: {N8litecore8DataFile6SharedE#14} Remove DataFile 0x7fc02b04ae40
11-12 12:55:35.585 7353 7365 D CouchbaseLite/DATABASE: {DB#21} destructing (~DataFile)
11-12 12:55:35.585 7353 7365 D CouchbaseLite/DATABASE: {N8litecore8DataFile6SharedE#14} Remove DataFile 0x7fc02b04ae40
11-12 12:55:35.588 7353 7365 D CouchbaseLite/DATABASE: {N8litecore8DataFile6SharedE#14} Remove DataFile 0x7fc02b04a1c0
11-12 12:55:35.588 7353 7365 D CouchbaseLite/DATABASE: {N8litecore8DataFile6SharedE#14} Remove DataFile 0x7fc02b04a1c0
11-12 12:55:35.588 7353 7365 D CouchbaseLite/DATABASE: {DB#19} destructing (~DataFile)
11-12 12:55:35.588 7353 7365 D CouchbaseLite/DATABASE: {N8litecore8DataFile6SharedE#14} Remove DataFile 0x7fc02b04a1c0
11-12 12:55:35.589 7353 7371 D CouchbaseLite/DATABASE: {DB#31} open KVS 'default'
11-12 12:55:35.589 7353 7371 D CouchbaseLite/DATABASE: {DB#31} open KVS 'info'
11-12 12:55:35.589 7353 7371 V CouchbaseLite/DATABASE: {DB#31} begin transaction
11-12 12:55:35.590 7353 7371 V CouchbaseLite/DATABASE: {DB#31} KeyStore(info) set versioning
11-12 12:55:35.590 7353 7371 V CouchbaseLite/DATABASE: {DB#31} KeyStore(info) set publicUUID
11-12 12:55:35.590 7353 7371 V CouchbaseLite/DATABASE: {DB#31} KeyStore(info) set privateUUID
11-12 12:55:35.590 7353 7371 V CouchbaseLite/DATABASE: {DB#31} commit transaction
11-12 12:55:35.590 7353 7371 V CouchbaseLite/DATABASE: {DB#31} Next expiration time is 0
11-12 12:55:35.590 7353 7371 V CouchbaseLite/DATABASE: No pending doc expirations
11-12 12:55:35.590 7353 7371 V CouchbaseLite/DATABASE: {DB#31} begin transaction
11-12 12:55:35.591 7353 7371 V CouchbaseLite/DATABASE: {DB#31} Saved 'test' rev #1-8be90fa9528151b9421ea22db0f32a47b7cacf2e as seq 1
11-12 12:55:35.591 7353 7371 V CouchbaseLite/DATABASE: {DB#31} KeyStore(info) set SharedKeys
11-12 12:55:35.591 7353 7371 V CouchbaseLite/DATABASE: {DB#31} commit transaction
11-12 12:55:35.591 7353 7371 I CouchbaseLite/DATABASE: Closing Database{@d7f8882, name='testdb'} at path /data/data/com.couchbase.lite.test/files/CBLTestDb/testdb.cblite2/
11-12 12:55:35.592 7353 7371 V CouchbaseLite/DATABASE: {DB#31} Pre-close housekeeping: 0 of 6 pages free (0%)
11-12 12:55:35.592 7353 7365 D CouchbaseLite/DATABASE: {N8litecore8DataFile6SharedE#14} Remove DataFile 0x7fc02b04a940
11-12 12:55:35.592 7353 7365 D CouchbaseLite/DATABASE: {N8litecore8DataFile6SharedE#14} Remove DataFile 0x7fc02b04a940
11-12 12:55:35.592 7353 7365 D CouchbaseLite/DATABASE: {DB#20} destructing (~DataFile)
11-12 12:55:35.592 7353 7365 D CouchbaseLite/DATABASE: {N8litecore8DataFile6SharedE#14} Remove DataFile 0x7fc02b04a940
11-12 12:55:35.596 7353 7371 V CouchbaseLite/DATABASE: {DB#31} Closed SQLite database
11-12 12:55:35.596 7353 7371 D CouchbaseLite/DATABASE: {N8litecore8DataFile6SharedE#14} Remove DataFile 0x7fc02b260680
11-12 12:55:35.596 7353 7371 I CouchbaseLite/DATABASE: {DB#31} Closing database
11-12 12:55:35.596 7353 7371 V CouchbaseLite/Test: testdb was closed successfully.
11-12 12:55:35.596 7353 7371 I CouchbaseLite/DATABASE: delete(): path=/data/data/com.couchbase.lite.test/files/CBLTestDb/testdb.cblite2
11-12 12:55:35.596 7353 7371 D CouchbaseLite/DATABASE: {N8litecore8DataFile6SharedE#14} adding DataFile 0x0
11-12 12:55:35.596 7353 7371 V CouchbaseLite/DATABASE: Preparing to delete DataFile /data/data/com.couchbase.lite.test/files/CBLTestDb/testdb.cblite2/db.sqlite3
11-12 12:55:35.596 7353 7371 I CouchbaseLite/DATABASE: Deleting database file /data/data/com.couchbase.lite.test/files/CBLTestDb/testdb.cblite2/db.sqlite3 (with -wal and -shm)
11-12 12:55:35.596 7353 7371 D CouchbaseLite/DATABASE: ...finished deleting database file /data/data/com.couchbase.lite.test/files/CBLTestDb/testdb.cblite2/db.sqlite3 (with -wal and -shm)
11-12 12:55:35.596 7353 7371 V CouchbaseLite/Test: testdb was deleted successfully.
11-12 12:55:35.596 7353 7371 I TestRunner: finished: testGetArray2(com.couchbase.lite.ArrayTest)
11-12 12:55:35.598 7353 7353 I MonitoringInstr: Activities that are still in CREATED to STOPPED: 0
11-12 12:55:35.599 7353 7371 I TestRunner: started: testGetDouble(com.couchbase.lite.ArrayTest)
11-12 12:55:35.600 7353 7353 I MonitoringInstr: Activities that are still in CREATED to STOPPED: 0
11-12 12:55:35.601 7353 7371 I CouchbaseLite/DATABASE: Opening Database{@3170eb93, name='testdb'} at path /data/data/com.couchbase.lite.test/files/CBLTestDb/testdb.cblite2
11-12 12:55:35.601 7353 7371 D CouchbaseLite/DATABASE: {N8litecore8DataFile6SharedE#14} adding DataFile 0x7fc02b260b80
11-12 12:55:35.601 7353 7371 I CouchbaseLite/DATABASE: {DB#32}==> N8litecore14SQLiteDataFileE /data/data/com.couchbase.lite.test/files/CBLTestDb/testdb.cblite2/db.sqlite3 @0x7fc02b260b80
11-12 12:55:35.601 7353 7371 I CouchbaseLite/DATABASE: {DB#32} Opening database
11-12 12:55:35.609 7353 7371 D CouchbaseLite/DATABASE: {DB#32} open KVS 'default'
11-12 12:55:35.609 7353 7371 D CouchbaseLite/DATABASE: {DB#32} open KVS 'info'
11-12 12:55:35.610 7353 7371 V CouchbaseLite/DATABASE: {DB#32} begin transaction
11-12 12:55:35.610 7353 7371 V CouchbaseLite/DATABASE: {DB#32} KeyStore(info) set versioning
11-12 12:55:35.610 7353 7371 V CouchbaseLite/DATABASE: {DB#32} KeyStore(info) set publicUUID
11-12 12:55:35.610 7353 7371 V CouchbaseLite/DATABASE: {DB#32} KeyStore(info) set privateUUID
11-12 12:55:35.610 7353 7371 V CouchbaseLite/DATABASE: {DB#32} commit transaction
11-12 12:55:35.610 7353 7371 V CouchbaseLite/DATABASE: {DB#32} Next expiration time is 0
11-12 12:55:35.610 7353 7371 V CouchbaseLite/DATABASE: No pending doc expirations
11-12 12:55:35.610 7353 7371 V CouchbaseLite/DATABASE: {DB#32} begin transaction
11-12 12:55:35.611 7353 7371 V CouchbaseLite/DATABASE: {DB#32} Saved 'doc0' rev #1-1b7e3ab3b2bec0c5adfcdaf67e45ffddb157fd30 as seq 1
11-12 12:55:35.611 7353 7371 V CouchbaseLite/DATABASE: {DB#32} KeyStore(info) set SharedKeys
11-12 12:55:35.611 7353 7371 V CouchbaseLite/DATABASE: {DB#32} commit transaction
11-12 12:55:35.611 7353 7371 V CouchbaseLite/DATABASE: {DB#32} begin transaction
11-12 12:55:35.612 7353 7371 V CouchbaseLite/DATABASE: {DB#32} Saved 'doc1' rev #1-1b7e3ab3b2bec0c5adfcdaf67e45ffddb157fd30 as seq 2
11-12 12:55:35.612 7353 7371 V CouchbaseLite/DATABASE: {DB#32} commit transaction
11-12 12:55:35.612 7353 7371 I CouchbaseLite/DATABASE: Closing Database{@3170eb93, name='testdb'} at path /data/data/com.couchbase.lite.test/files/CBLTestDb/testdb.cblite2/
11-12 12:55:35.612 7353 7371 V CouchbaseLite/DATABASE: {DB#32} Pre-close housekeeping: 0 of 6 pages free (0%)
11-12 12:55:35.617 7353 7371 V CouchbaseLite/DATABASE: {DB#32} Closed SQLite database
11-12 12:55:35.617 7353 7371 D CouchbaseLite/DATABASE: {N8litecore8DataFile6SharedE#14} Remove DataFile 0x7fc02b260b80
11-12 12:55:35.617 7353 7371 I CouchbaseLite/DATABASE: {DB#32} Closing database
11-12 12:55:35.617 7353 7371 V CouchbaseLite/Test: testdb was closed successfully.
11-12 12:55:35.617 7353 7371 I CouchbaseLite/DATABASE: delete(): path=/data/data/com.couchbase.lite.test/files/CBLTestDb/testdb.cblite2
11-12 12:55:35.617 7353 7371 D CouchbaseLite/DATABASE: {N8litecore8DataFile6SharedE#14} adding DataFile 0x0
11-12 12:55:35.617 7353 7371 V CouchbaseLite/DATABASE: Preparing to delete DataFile /data/data/com.couchbase.lite.test/files/CBLTestDb/testdb.cblite2/db.sqlite3
11-12 12:55:35.617 7353 7371 I CouchbaseLite/DATABASE: Deleting database file /data/data/com.couchbase.lite.test/files/CBLTestDb/testdb.cblite2/db.sqlite3 (with -wal and -shm)
11-12 12:55:35.617 7353 7371 D CouchbaseLite/DATABASE: ...finished deleting database file /data/data/com.couchbase.lite.test/files/CBLTestDb/testdb.cblite2/db.sqlite3 (with -wal and -shm)
11-12 12:55:35.626 7353 7371 V CouchbaseLite/Test: testdb was deleted successfully.
11-12 12:55:35.627 7353 7371 I TestRunner: finished: testGetDouble(com.couchbase.lite.ArrayTest)
11-12 12:55:35.629 7353 7353 I MonitoringInstr: Activities that are still in CREATED to STOPPED: 0
11-12 12:55:35.629 7353 7371 I TestRunner: started: testSetNumber(com.couchbase.lite.ArrayTest)
11-12 12:55:35.630 7353 7353 I MonitoringInstr: Activities that are still in CREATED to STOPPED: 0
11-12 12:55:35.631 7353 7371 I CouchbaseLite/DATABASE: Opening Database{@3b8d47d0, name='testdb'} at path /data/data/com.couchbase.lite.test/files/CBLTestDb/testdb.cblite2
11-12 12:55:35.631 7353 7371 D CouchbaseLite/DATABASE: {N8litecore8DataFile6SharedE#14} adding DataFile 0x7fc02b260a40
11-12 12:55:35.631 7353 7371 I CouchbaseLite/DATABASE: {DB#33}==> N8litecore14SQLiteDataFileE /data/data/com.couchbase.lite.test/files/CBLTestDb/testdb.cblite2/db.sqlite3 @0x7fc02b260a40
11-12 12:55:35.631 7353 7371 I CouchbaseLite/DATABASE: {DB#33} Opening database
11-12 12:55:35.643 7353 7371 D CouchbaseLite/DATABASE: {DB#33} open KVS 'default'
11-12 12:55:35.643 7353 7371 D CouchbaseLite/DATABASE: {DB#33} open KVS 'info'
11-12 12:55:35.644 7353 7371 V CouchbaseLite/DATABASE: {DB#33} begin transaction
11-12 12:55:35.644 7353 7371 V CouchbaseLite/DATABASE: {DB#33} KeyStore(info) set versioning
11-12 12:55:35.644 7353 7371 V CouchbaseLite/DATABASE: {DB#33} KeyStore(info) set publicUUID
11-12 12:55:35.644 7353 7371 V CouchbaseLite/DATABASE: {DB#33} KeyStore(info) set privateUUID
11-12 12:55:35.644 7353 7371 V CouchbaseLite/DATABASE: {DB#33} commit transaction
11-12 12:55:35.645 7353 7371 V CouchbaseLite/DATABASE: {DB#33} Next expiration time is 0
11-12 12:55:35.645 7353 7371 V CouchbaseLite/DATABASE: No pending doc expirations
11-12 12:55:35.645 7353 7371 V CouchbaseLite/DATABASE: {DB#33} begin transaction
11-12 12:55:35.645 7353 7371 V CouchbaseLite/DATABASE: {DB#33} Saved 'test' rev #1-e34a29513d36b84ac438b30fbb2b1a5c6125183c as seq 1
11-12 12:55:35.645 7353 7371 V CouchbaseLite/DATABASE: {DB#33} KeyStore(info) set SharedKeys
11-12 12:55:35.645 7353 7371 V CouchbaseLite/DATABASE: {DB#33} commit transaction
11-12 12:55:35.646 7353 7371 I CouchbaseLite/DATABASE: Closing Database{@3b8d47d0, name='testdb'} at path /data/data/com.couchbase.lite.test/files/CBLTestDb/testdb.cblite2/
11-12 12:55:35.646 7353 7371 V CouchbaseLite/DATABASE: {DB#33} Pre-close housekeeping: 0 of 6 pages free (0%)
11-12 12:55:35.651 7353 7371 V CouchbaseLite/DATABASE: {DB#33} Closed SQLite database
11-12 12:55:35.651 7353 7371 D CouchbaseLite/DATABASE: {N8litecore8DataFile6SharedE#14} Remove DataFile 0x7fc02b260a40
11-12 12:55:35.651 7353 7371 I CouchbaseLite/DATABASE: {DB#33} Closing database
11-12 12:55:35.651 7353 7371 V CouchbaseLite/Test: testdb was closed successfully.
11-12 12:55:35.651 7353 7371 I CouchbaseLite/DATABASE: delete(): path=/data/data/com.couchbase.lite.test/files/CBLTestDb/testdb.cblite2
11-12 12:55:35.651 7353 7371 D CouchbaseLite/DATABASE: {N8litecore8DataFile6SharedE#14} adding DataFile 0x0
11-12 12:55:35.652 7353 7371 V CouchbaseLite/DATABASE: Preparing to delete DataFile /data/data/com.couchbase.lite.test/files/CBLTestDb/testdb.cblite2/db.sqlite3
11-12 12:55:35.652 7353 7371 I CouchbaseLite/DATABASE: Deleting database file /data/data/com.couchbase.lite.test/files/CBLTestDb/testdb.cblite2/db.sqlite3 (with -wal and -shm)
11-12 12:55:35.652 7353 7371 D CouchbaseLite/DATABASE: ...finished deleting database file /data/data/com.couchbase.lite.test/files/CBLTestDb/testdb.cblite2/db.sqlite3 (with -wal and -shm)
11-12 12:55:35.652 7353 7371 V CouchbaseLite/Test: testdb was deleted successfully.
11-12 12:55:35.652 7353 7371 I TestRunner: finished: testSetNumber(com.couchbase.lite.ArrayTest)
11-12 12:55:35.655 7353 7353 I MonitoringInstr: Activities that are still in CREATED to STOPPED: 0
11-12 12:55:35.655 7353 7371 I TestRunner: started: testSetObject(com.couchbase.lite.ArrayTest)
11-12 12:55:35.657 7353 7353 I MonitoringInstr: Activities that are still in CREATED to STOPPED: 0
11-12 12:55:35.657 7353 7371 I CouchbaseLite/DATABASE: Opening Database{@1e923c9, name='testdb'} at path /data/data/com.couchbase.lite.test/files/CBLTestDb/testdb.cblite2
11-12 12:55:35.657 7353 7371 D CouchbaseLite/DATABASE: {N8litecore8DataFile6SharedE#14} adding DataFile 0x7fc02b049680
11-12 12:55:35.657 7353 7371 I CouchbaseLite/DATABASE: {DB#34}==> N8litecore14SQLiteDataFileE /data/data/com.couchbase.lite.test/files/CBLTestDb/testdb.cblite2/db.sqlite3 @0x7fc02b049680
11-12 12:55:35.657 7353 7371 I CouchbaseLite/DATABASE: {DB#34} Opening database
11-12 12:55:35.665 7353 7371 D CouchbaseLite/DATABASE: {DB#34} open KVS 'default'
11-12 12:55:35.666 7353 7371 D CouchbaseLite/DATABASE: {DB#34} open KVS 'info'
11-12 12:55:35.666 7353 7371 V CouchbaseLite/DATABASE: {DB#34} begin transaction
11-12 12:55:35.667 7353 7371 V CouchbaseLite/DATABASE: {DB#34} KeyStore(info) set versioning
11-12 12:55:35.667 7353 7371 V CouchbaseLite/DATABASE: {DB#34} KeyStore(info) set publicUUID
11-12 12:55:35.667 7353 7371 V CouchbaseLite/DATABASE: {DB#34} KeyStore(info) set privateUUID
11-12 12:55:35.667 7353 7371 V CouchbaseLite/DATABASE: {DB#34} commit transaction
11-12 12:55:35.667 7353 7371 V CouchbaseLite/DATABASE: {DB#34} Next expiration time is 0
11-12 12:55:35.667 7353 7371 V CouchbaseLite/DATABASE: No pending doc expirations
11-12 12:55:35.667 7353 7371 V CouchbaseLite/DATABASE: {DB#34} begin transaction
11-12 12:55:35.668 7353 7371 V CouchbaseLite/DATABASE: {DB#34} Saved 'doc1' rev #1-1b7e3ab3b2bec0c5adfcdaf67e45ffddb157fd30 as seq 1
11-12 12:55:35.668 7353 7371 V CouchbaseLite/DATABASE: {DB#34} KeyStore(info) set SharedKeys
11-12 12:55:35.668 7353 7371 V CouchbaseLite/DATABASE: {DB#34} commit transaction
11-12 12:55:35.669 7353 7371 I CouchbaseLite/DATABASE: Closing Database{@1e923c9, name='testdb'} at path /data/data/com.couchbase.lite.test/files/CBLTestDb/testdb.cblite2/
11-12 12:55:35.669 7353 7371 V CouchbaseLite/DATABASE: {DB#34} Pre-close housekeeping: 0 of 6 pages free (0%)
11-12 12:55:35.673 7353 7371 V CouchbaseLite/DATABASE: {DB#34} Closed SQLite database
11-12 12:55:35.673 7353 7371 D CouchbaseLite/DATABASE: {N8litecore8DataFile6SharedE#14} Remove DataFile 0x7fc02b049680
11-12 12:55:35.673 7353 7371 I CouchbaseLite/DATABASE: {DB#34} Closing database
11-12 12:55:35.673 7353 7371 V CouchbaseLite/Test: testdb was closed successfully.
11-12 12:55:35.673 7353 7371 I CouchbaseLite/DATABASE: delete(): path=/data/data/com.couchbase.lite.test/files/CBLTestDb/testdb.cblite2
11-12 12:55:35.673 7353 7371 D CouchbaseLite/DATABASE: {N8litecore8DataFile6SharedE#14} adding DataFile 0x0
11-12 12:55:35.673 7353 7371 V CouchbaseLite/DATABASE: Preparing to delete DataFile /data/data/com.couchbase.lite.test/files/CBLTestDb/testdb.cblite2/db.sqlite3
11-12 12:55:35.673 7353 7371 I CouchbaseLite/DATABASE: Deleting database file /data/data/com.couchbase.lite.test/files/CBLTestDb/testdb.cblite2/db.sqlite3 (with -wal and -shm)
11-12 12:55:35.674 7353 7371 D CouchbaseLite/DATABASE: ...finished deleting database file /data/data/com.couchbase.lite.test/files/CBLTestDb/testdb.cblite2/db.sqlite3 (with -wal and -shm)
11-12 12:55:35.674 7353 7371 V CouchbaseLite/Test: testdb was deleted successfully.
11-12 12:55:35.674 7353 7371 I TestRunner: finished: testSetObject(com.couchbase.lite.ArrayTest)
11-12 12:55:35.677 7353 7353 I MonitoringInstr: Activities that are still in CREATED to STOPPED: 0
11-12 12:55:35.678 7353 7371 I TestRunner: started: testEnumeratingArray(com.couchbase.lite.ArrayTest)
11-12 12:55:35.679 7353 7353 I MonitoringInstr: Activities that are still in CREATED to STOPPED: 0
11-12 12:55:35.679 7353 7371 I CouchbaseLite/DATABASE: Opening Database{@fa1aace, name='testdb'} at path /data/data/com.couchbase.lite.test/files/CBLTestDb/testdb.cblite2
11-12 12:55:35.680 7353 7371 D CouchbaseLite/DATABASE: {N8litecore8DataFile6SharedE#14} adding DataFile 0x7fc02b049e00
11-12 12:55:35.680 7353 7371 I CouchbaseLite/DATABASE: {DB#35}==> N8litecore14SQLiteDataFileE /data/data/com.couchbase.lite.test/files/CBLTestDb/testdb.cblite2/db.sqlite3 @0x7fc02b049e00
11-12 12:55:35.680 7353 7371 I CouchbaseLite/DATABASE: {DB#35} Opening database
11-12 12:55:35.689 7353 7371 D CouchbaseLite/DATABASE: {DB#35} open KVS 'default'
11-12 12:55:35.689 7353 7371 D CouchbaseLite/DATABASE: {DB#35} open KVS 'info'
11-12 12:55:35.690 7353 7371 V CouchbaseLite/DATABASE: {DB#35} begin transaction
11-12 12:55:35.690 7353 7371 V CouchbaseLite/DATABASE: {DB#35} KeyStore(info) set versioning
11-12 12:55:35.690 7353 7371 V CouchbaseLite/DATABASE: {DB#35} KeyStore(info) set publicUUID
11-12 12:55:35.690 7353 7371 V CouchbaseLite/DATABASE: {DB#35} KeyStore(info) set privateUUID
11-12 12:55:35.690 7353 7371 V CouchbaseLite/DATABASE: {DB#35} commit transaction
11-12 12:55:35.690 7353 7371 V CouchbaseLite/DATABASE: {DB#35} Next expiration time is 0
11-12 12:55:35.690 7353 7371 V CouchbaseLite/DATABASE: No pending doc expirations
11-12 12:55:35.691 7353 7371 V CouchbaseLite/DATABASE: {DB#35} begin transaction
11-12 12:55:35.691 7353 7371 V CouchbaseLite/DATABASE: {DB#35} Saved 'doc1' rev #1-bfb12a1ebfc74d9760c8be01b991635e4787f3d5 as seq 1
11-12 12:55:35.691 7353 7371 V CouchbaseLite/DATABASE: {DB#35} KeyStore(info) set SharedKeys
11-12 12:55:35.691 7353 7371 V CouchbaseLite/DATABASE: {DB#35} commit transaction
11-12 12:55:35.691 7353 7371 I CouchbaseLite/DATABASE: Closing Database{@fa1aace, name='testdb'} at path /data/data/com.couchbase.lite.test/files/CBLTestDb/testdb.cblite2/
11-12 12:55:35.692 7353 7371 V CouchbaseLite/DATABASE: {DB#35} Pre-close housekeeping: 0 of 6 pages free (0%)
11-12 12:55:35.696 7353 7371 V CouchbaseLite/DATABASE: {DB#35} Closed SQLite database
11-12 12:55:35.697 7353 7371 D CouchbaseLite/DATABASE: {N8litecore8DataFile6SharedE#14} Remove DataFile 0x7fc02b049e00
11-12 12:55:35.697 7353 7371 I CouchbaseLite/DATABASE: {DB#35} Closing database
11-12 12:55:35.697 7353 7371 V CouchbaseLite/Test: testdb was closed successfully.
11-12 12:55:35.697 7353 7371 I CouchbaseLite/DATABASE: delete(): path=/data/data/com.couchbase.lite.test/files/CBLTestDb/testdb.cblite2
11-12 12:55:35.697 7353 7371 D CouchbaseLite/DATABASE: {N8litecore8DataFile6SharedE#14} adding DataFile 0x0
11-12 12:55:35.697 7353 7371 V CouchbaseLite/DATABASE: Preparing to delete DataFile /data/data/com.couchbase.lite.test/files/CBLTestDb/testdb.cblite2/db.sqlite3
11-12 12:55:35.697 7353 7371 I CouchbaseLite/DATABASE: Deleting database file /data/data/com.couchbase.lite.test/files/CBLTestDb/testdb.cblite2/db.sqlite3 (with -wal and -shm)
11-12 12:55:35.697 7353 7371 D CouchbaseLite/DATABASE: ...finished deleting database file /data/data/com.couchbase.lite.test/files/CBLTestDb/testdb.cblite2/db.sqlite3 (with -wal and -shm)
11-12 12:55:35.697 7353 7371 V CouchbaseLite/Test: testdb was deleted successfully.
11-12 12:55:35.697 7353 7371 I TestRunner: finished: testEnumeratingArray(com.couchbase.lite.ArrayTest)
11-12 12:55:35.700 7353 7353 I MonitoringInstr: Activities that are still in CREATED to STOPPED: 0
11-12 12:55:35.701 7353 7371 I TestRunner: started: testAddInt(com.couchbase.lite.ArrayTest)
11-12 12:55:35.702 7353 7353 I MonitoringInstr: Activities that are still in CREATED to STOPPED: 0
11-12 12:55:35.702 7353 7371 I CouchbaseLite/DATABASE: Opening Database{@1334adef, name='testdb'} at path /data/data/com.couchbase.lite.test/files/CBLTestDb/testdb.cblite2
11-12 12:55:35.702 7353 7371 D CouchbaseLite/DATABASE: {N8litecore8DataFile6SharedE#14} adding DataFile 0x7fc02b04a580
11-12 12:55:35.702 7353 7371 I CouchbaseLite/DATABASE: {DB#36}==> N8litecore14SQLiteDataFileE /data/data/com.couchbase.lite.test/files/CBLTestDb/testdb.cblite2/db.sqlite3 @0x7fc02b04a580
11-12 12:55:35.702 7353 7371 I CouchbaseLite/DATABASE: {DB#36} Opening database
11-12 12:55:35.713 7353 7371 D CouchbaseLite/DATABASE: {DB#36} open KVS 'default'
11-12 12:55:35.713 7353 7371 D CouchbaseLite/DATABASE: {DB#36} open KVS 'info'
11-12 12:55:35.713 7353 7371 V CouchbaseLite/DATABASE: {DB#36} begin transaction
11-12 12:55:35.714 7353 7371 V CouchbaseLite/DATABASE: {DB#36} KeyStore(info) set versioning
11-12 12:55:35.714 7353 7371 V CouchbaseLite/DATABASE: {DB#36} KeyStore(info) set publicUUID
11-12 12:55:35.714 7353 7371 V CouchbaseLite/DATABASE: {DB#36} KeyStore(info) set privateUUID
11-12 12:55:35.714 7353 7371 V CouchbaseLite/DATABASE: {DB#36} commit transaction
11-12 12:55:35.714 7353 7371 V CouchbaseLite/DATABASE: {DB#36} Next expiration time is 0
11-12 12:55:35.714 7353 7371 V CouchbaseLite/DATABASE: No pending doc expirations
11-12 12:55:35.715 7353 7371 V CouchbaseLite/DATABASE: {DB#36} begin transaction
11-12 12:55:35.715 7353 7371 V CouchbaseLite/DATABASE: {DB#36} Saved 'test' rev #1-819e90fcea82d7e8fc47894f8896331abded9d02 as seq 1
11-12 12:55:35.715 7353 7371 V CouchbaseLite/DATABASE: {DB#36} KeyStore(info) set SharedKeys
11-12 12:55:35.715 7353 7371 V CouchbaseLite/DATABASE: {DB#36} commit transaction
11-12 12:55:35.716 7353 7371 I CouchbaseLite/DATABASE: Closing Database{@1334adef, name='testdb'} at path /data/data/com.couchbase.lite.test/files/CBLTestDb/testdb.cblite2/
11-12 12:55:35.716 7353 7371 V CouchbaseLite/DATABASE: {DB#36} Pre-close housekeeping: 0 of 6 pages free (0%)
11-12 12:55:35.720 7353 7371 V CouchbaseLite/DATABASE: {DB#36} Closed SQLite database
11-12 12:55:35.720 7353 7371 D CouchbaseLite/DATABASE: {N8litecore8DataFile6SharedE#14} Remove DataFile 0x7fc02b04a580
11-12 12:55:35.720 7353 7371 I CouchbaseLite/DATABASE: {DB#36} Closing database
11-12 12:55:35.720 7353 7371 V CouchbaseLite/Test: testdb was closed successfully.
11-12 12:55:35.720 7353 7371 I CouchbaseLite/DATABASE: delete(): path=/data/data/com.couchbase.lite.test/files/CBLTestDb/testdb.cblite2
11-12 12:55:35.720 7353 7371 D CouchbaseLite/DATABASE: {N8litecore8DataFile6SharedE#14} adding DataFile 0x0
11-12 12:55:35.720 7353 7371 V CouchbaseLite/DATABASE: Preparing to delete DataFile /data/data/com.couchbase.lite.test/files/CBLTestDb/testdb.cblite2/db.sqlite3
11-12 12:55:35.720 7353 7371 I CouchbaseLite/DATABASE: Deleting database file /data/data/com.couchbase.lite.test/files/CBLTestDb/testdb.cblite2/db.sqlite3 (with -wal and -shm)
11-12 12:55:35.720 7353 7371 D CouchbaseLite/DATABASE: ...finished deleting database file /data/data/com.couchbase.lite.test/files/CBLTestDb/testdb.cblite2/db.sqlite3 (with -wal and -shm)
11-12 12:55:35.720 7353 7371 V CouchbaseLite/Test: testdb was deleted successfully.
11-12 12:55:35.721 7353 7371 I TestRunner: finished: testAddInt(com.couchbase.lite.ArrayTest)
11-12 12:55:35.723 7353 7353 I MonitoringInstr: Activities that are still in CREATED to STOPPED: 0
11-12 12:55:35.723 7353 7371 I TestRunner: started: testAddBoolean(com.couchbase.lite.ArrayTest)
11-12 12:55:35.724 7353 7353 I MonitoringInstr: Activities that are still in CREATED to STOPPED: 0
11-12 12:55:35.725 7353 7371 I CouchbaseLite/DATABASE: Opening Database{@304710fc, name='testdb'} at path /data/data/com.couchbase.lite.test/files/CBLTestDb/testdb.cblite2
11-12 12:55:35.725 7353 7371 D CouchbaseLite/DATABASE: {N8litecore8DataFile6SharedE#14} adding DataFile 0x7fc02b04abc0
11-12 12:55:35.725 7353 7371 I CouchbaseLite/DATABASE: {DB#37}==> N8litecore14SQLiteDataFileE /data/data/com.couchbase.lite.test/files/CBLTestDb/testdb.cblite2/db.sqlite3 @0x7fc02b04abc0
11-12 12:55:35.725 7353 7371 I CouchbaseLite/DATABASE: {DB#37} Opening database
11-12 12:55:35.733 7353 7371 D CouchbaseLite/DATABASE: {DB#37} open KVS 'default'
11-12 12:55:35.733 7353 7371 D CouchbaseLite/DATABASE: {DB#37} open KVS 'info'
11-12 12:55:35.734 7353 7371 V CouchbaseLite/DATABASE: {DB#37} begin transaction
11-12 12:55:35.734 7353 7371 V CouchbaseLite/DATABASE: {DB#37} KeyStore(info) set versioning
11-12 12:55:35.735 7353 7371 V CouchbaseLite/DATABASE: {DB#37} KeyStore(info) set publicUUID
11-12 12:55:35.735 7353 7371 V CouchbaseLite/DATABASE: {DB#37} KeyStore(info) set privateUUID
11-12 12:55:35.735 7353 7371 V CouchbaseLite/DATABASE: {DB#37} commit transaction
11-12 12:55:35.735 7353 7371 V CouchbaseLite/DATABASE: {DB#37} Next expiration time is 0
11-12 12:55:35.735 7353 7371 V CouchbaseLite/DATABASE: No pending doc expirations
11-12 12:55:35.735 7353 7371 V CouchbaseLite/DATABASE: {DB#37} begin transaction
11-12 12:55:35.736 7353 7371 V CouchbaseLite/DATABASE: {DB#37} Saved 'test' rev #1-12df773e6249522da6a0a23f258877ce426584b6 as seq 1
11-12 12:55:35.736 7353 7371 V CouchbaseLite/DATABASE: {DB#37} KeyStore(info) set SharedKeys
11-12 12:55:35.736 7353 7371 V CouchbaseLite/DATABASE: {DB#37} commit transaction
11-12 12:55:35.736 7353 7371 I CouchbaseLite/DATABASE: Closing Database{@304710fc, name='testdb'} at path /data/data/com.couchbase.lite.test/files/CBLTestDb/testdb.cblite2/
