2020-04-15 11:28:17.619 2612-2612/? I/art: Late-enabling -Xcheck:jni
2020-04-15 11:28:17.619 2612-2612/? W/art: Unexpected CPU variant for X86 using defaults: x86
2020-04-15 11:28:17.640 2612-2619/? I/art: Debugger is no longer active
2020-04-15 11:28:17.640 2612-2619/? I/art: Starting a blocking GC Instrumentation
2020-04-15 11:28:17.666 2612-2612/? W/art: Before Android 4.1, method android.graphics.PorterDuffColorFilter android.support.graphics.drawable.VectorDrawableCompat.updateTintFilter(android.graphics.PorterDuffColorFilter, android.content.res.ColorStateList, android.graphics.PorterDuff$Mode) would have incorrectly overridden the package-private method in android.graphics.drawable.Drawable
2020-04-15 11:28:17.670 2612-2612/? D/TestServerContext: intf_name: ifb0
2020-04-15 11:28:17.670 2612-2612/? D/TestServerContext: intf_name: ifb1
2020-04-15 11:28:17.670 2612-2612/? D/TestServerContext: intf_name: sit0
2020-04-15 11:28:17.670 2612-2612/? D/TestServerContext: intf_name: lo
2020-04-15 11:28:17.670 2612-2612/? D/TestServerContext: intf_name: eth0
2020-04-15 11:28:17.670 2612-2612/? D/TestServerContext: intf_name: eth1
2020-04-15 11:28:17.715 2612-2612/? I/art: Rejecting re-init on previously-failed class java.lang.Class: java.lang.NoClassDefFoundError: Failed resolution of: Landroid/view/View$OnUnhandledKeyEventListener;
2020-04-15 11:28:17.715 2612-2612/? I/art: at void android.support.v4.view.ViewCompat.setBackground(android.view.View, android.graphics.drawable.Drawable) (ViewCompat.java:2341)
2020-04-15 11:28:17.715 2612-2612/? I/art: at void android.support.v7.widget.ActionBarContainer.(android.content.Context, android.util.AttributeSet) (ActionBarContainer.java:62)
2020-04-15 11:28:17.715 2612-2612/? I/art: at java.lang.Object java.lang.reflect.Constructor.newInstance0!(java.lang.Object[]) (Constructor.java:-2)
2020-04-15 11:28:17.715 2612-2612/? I/art: at java.lang.Object java.lang.reflect.Constructor.newInstance(java.lang.Object[]) (Constructor.java:430)
2020-04-15 11:28:17.715 2612-2612/? I/art: at android.view.View android.view.LayoutInflater.createView(java.lang.String, java.lang.String, android.util.AttributeSet) (LayoutInflater.java:645)
2020-04-15 11:28:17.715 2612-2612/? I/art: at android.view.View android.view.LayoutInflater.createViewFromTag(android.view.View, java.lang.String, android.content.Context, android.util.AttributeSet, boolean) (LayoutInflater.java:787)
2020-04-15 11:28:17.715 2612-2612/? I/art: at android.view.View android.view.LayoutInflater.createViewFromTag(android.view.View, java.lang.String, android.content.Context, android.util.AttributeSet) (LayoutInflater.java:727)
2020-04-15 11:28:17.715 2612-2612/? I/art: at void android.view.LayoutInflater.rInflate(org.xmlpull.v1.XmlPullParser, android.view.View, android.content.Context, android.util.AttributeSet, boolean) (LayoutInflater.java:858)
2020-04-15 11:28:17.715 2612-2612/? I/art: at void android.view.LayoutInflater.rInflateChildren(org.xmlpull.v1.XmlPullParser, android.view.View, android.util.AttributeSet, boolean) (LayoutInflater.java:821)
2020-04-15 11:28:17.715 2612-2612/? I/art: at android.view.View android.view.LayoutInflater.inflate(org.xmlpull.v1.XmlPullParser, android.view.ViewGroup, boolean) (LayoutInflater.java:518)
2020-04-15 11:28:17.715 2612-2612/? I/art: at android.view.View android.view.LayoutInflater.inflate(int, android.view.ViewGroup, boolean) (LayoutInflater.java:426)
2020-04-15 11:28:17.715 2612-2612/? I/art: at android.view.View android.view.LayoutInflater.inflate(int, android.view.ViewGroup) (LayoutInflater.java:377)
2020-04-15 11:28:17.716 2612-2612/? I/art: at android.view.ViewGroup android.support.v7.app.AppCompatDelegateImpl.createSubDecor() (AppCompatDelegateImpl.java:607)
2020-04-15 11:28:17.716 2612-2612/? I/art: at void android.support.v7.app.AppCompatDelegateImpl.ensureSubDecor() (AppCompatDelegateImpl.java:518)
2020-04-15 11:28:17.716 2612-2612/? I/art: at void android.support.v7.app.AppCompatDelegateImpl.setContentView(int) (AppCompatDelegateImpl.java:466)
2020-04-15 11:28:17.716 2612-2612/? I/art: at void android.support.v7.app.AppCompatActivity.setContentView(int) (AppCompatActivity.java:140)
2020-04-15 11:28:17.716 2612-2612/? I/art: at void com.couchbase.CouchbaseLiteServ.MainActivity.onCreate(android.os.Bundle) (MainActivity.java:29)
2020-04-15 11:28:17.716 2612-2612/? I/art: at void android.app.Activity.performCreate(android.os.Bundle) (Activity.java:6664)
2020-04-15 11:28:17.716 2612-2612/? I/art: at void android.app.Instrumentation.callActivityOnCreate(android.app.Activity, android.os.Bundle) (Instrumentation.java:1118)
2020-04-15 11:28:17.716 2612-2612/? I/art: at android.app.Activity android.app.ActivityThread.performLaunchActivity(android.app.ActivityThread$ActivityClientRecord, android.content.Intent) (ActivityThread.java:2599)
2020-04-15 11:28:17.716 2612-2612/? I/art: at void android.app.ActivityThread.handleLaunchActivity(android.app.ActivityThread$ActivityClientRecord, android.content.Intent, java.lang.String) (ActivityThread.java:2707)
2020-04-15 11:28:17.716 2612-2612/? I/art: at void android.app.ActivityThread.-wrap12(android.app.ActivityThread, android.app.ActivityThread$ActivityClientRecord, android.content.Intent, java.lang.String) (ActivityThread.java:-1)
2020-04-15 11:28:17.716 2612-2612/? I/art: at void android.app.ActivityThread$H.handleMessage(android.os.Message) (ActivityThread.java:1460)
2020-04-15 11:28:17.716 2612-2612/? I/art: at void android.os.Handler.dispatchMessage(android.os.Message) (Handler.java:102)
2020-04-15 11:28:17.716 2612-2612/? I/art: at void android.os.Looper.loop() (Looper.java:154)
2020-04-15 11:28:17.716 2612-2612/? I/art: at void android.app.ActivityThread.main(java.lang.String[]) (ActivityThread.java:6077)
2020-04-15 11:28:17.716 2612-2612/? I/art: at java.lang.Object java.lang.reflect.Method.invoke!(java.lang.Object, java.lang.Object[]) (Method.java:-2)
2020-04-15 11:28:17.716 2612-2612/? I/art: at void com.android.internal.os.ZygoteInit$MethodAndArgsCaller.run() (ZygoteInit.java:865)
2020-04-15 11:28:17.716 2612-2612/? I/art: at void com.android.internal.os.ZygoteInit.main(java.lang.String[]) (ZygoteInit.java:755)
2020-04-15 11:28:17.716 2612-2612/? I/art: Caused by: java.lang.ClassNotFoundException: Didn't find class "android.view.View$OnUnhandledKeyEventListener" on path: DexPathList[[zip file "/data/app/com.couchbase.TestServerApp-2/base.apk"],nativeLibraryDirectories=[/data/app/com.couchbase.TestServerApp-2/lib/x86, /data/app/com.couchbase.TestServerApp-2/base.apk!/lib/x86, /system/lib, /vendor/lib]]
2020-04-15 11:28:17.716 2612-2612/? I/art: at java.lang.Class dalvik.system.BaseDexClassLoader.findClass(java.lang.String) (BaseDexClassLoader.java:56)
2020-04-15 11:28:17.716 2612-2612/? I/art: at java.lang.Class java.lang.ClassLoader.loadClass(java.lang.String, boolean) (ClassLoader.java:380)
2020-04-15 11:28:17.716 2612-2612/? I/art: at java.lang.Class java.lang.ClassLoader.loadClass(java.lang.String) (ClassLoader.java:312)
2020-04-15 11:28:17.716 2612-2612/? I/art: at void android.support.v4.view.ViewCompat.setBackground(android.view.View, android.graphics.drawable.Drawable) (ViewCompat.java:2341)
2020-04-15 11:28:17.716 2612-2612/? I/art: at void android.support.v7.widget.ActionBarContainer.(android.content.Context, android.util.AttributeSet) (ActionBarContainer.java:62)
2020-04-15 11:28:17.722 2612-2612/? I/art: at java.lang.Object java.lang.reflect.Constructor.newInstance0!(java.lang.Object[]) (Constructor.java:-2)
2020-04-15 11:28:17.722 2612-2612/? I/art: at java.lang.Object java.lang.reflect.Constructor.newInstance(java.lang.Object[]) (Constructor.java:430)
2020-04-15 11:28:17.722 2612-2612/? I/art: at android.view.View android.view.LayoutInflater.createView(java.lang.String, java.lang.String, android.util.AttributeSet) (LayoutInflater.java:645)
2020-04-15 11:28:17.722 2612-2612/? I/art: at android.view.View android.view.LayoutInflater.createViewFromTag(android.view.View, java.lang.String, android.content.Context, android.util.AttributeSet, boolean) (LayoutInflater.java:787)
2020-04-15 11:28:17.722 2612-2612/? I/art: at android.view.View android.view.LayoutInflater.createViewFromTag(android.view.View, java.lang.String, android.content.Context, android.util.AttributeSet) (LayoutInflater.java:727)
2020-04-15 11:28:17.722 2612-2612/? I/art: at void android.view.LayoutInflater.rInflate(org.xmlpull.v1.XmlPullParser, android.view.View, android.content.Context, android.util.AttributeSet, boolean) (LayoutInflater.java:858)
2020-04-15 11:28:17.722 2612-2612/? I/art: at void android.view.LayoutInflater.rInflateChildren(org.xmlpull.v1.XmlPullParser, android.view.View, android.util.AttributeSet, boolean) (LayoutInflater.java:821)
2020-04-15 11:28:17.722 2612-2612/? I/art: at android.view.View android.view.LayoutInflater.inflate(org.xmlpull.v1.XmlPullParser, android.view.ViewGroup, boolean) (LayoutInflater.java:518)
2020-04-15 11:28:17.722 2612-2612/? I/art: at android.view.View android.view.LayoutInflater.inflate(int, android.view.ViewGroup, boolean) (LayoutInflater.java:426)
2020-04-15 11:28:17.722 2612-2612/? I/art: at android.view.View android.view.LayoutInflater.inflate(int, android.view.ViewGroup) (LayoutInflater.java:377)
2020-04-15 11:28:17.722 2612-2612/? I/art: at android.view.ViewGroup android.support.v7.app.AppCompatDelegateImpl.createSubDecor() (AppCompatDelegateImpl.java:607)
2020-04-15 11:28:17.722 2612-2612/? I/art: at void android.support.v7.app.AppCompatDelegateImpl.ensureSubDecor() (AppCompatDelegateImpl.java:518)
2020-04-15 11:28:17.722 2612-2612/? I/art: at void android.support.v7.app.AppCompatDelegateImpl.setContentView(int) (AppCompatDelegateImpl.java:466)
2020-04-15 11:28:17.722 2612-2612/? I/art: at void android.support.v7.app.AppCompatActivity.setContentView(int) (AppCompatActivity.java:140)
2020-04-15 11:28:17.722 2612-2612/? I/art: at void com.couchbase.CouchbaseLiteServ.MainActivity.onCreate(android.os.Bundle) (MainActivity.java:29)
2020-04-15 11:28:17.722 2612-2612/? I/art: at void android.app.Activity.performCreate(android.os.Bundle) (Activity.java:6664)
2020-04-15 11:28:17.722 2612-2612/? I/art: at void android.app.Instrumentation.callActivityOnCreate(android.app.Activity, android.os.Bundle) (Instrumentation.java:1118)
2020-04-15 11:28:17.722 2612-2612/? I/art: at android.app.Activity android.app.ActivityThread.performLaunchActivity(android.app.ActivityThread$ActivityClientRecord, android.content.Intent) (ActivityThread.java:2599)
2020-04-15 11:28:17.722 2612-2612/? I/art: at void android.app.ActivityThread.handleLaunchActivity(android.app.ActivityThread$ActivityClientRecord, android.content.Intent, java.lang.String) (ActivityThread.java:2707)
2020-04-15 11:28:17.722 2612-2612/? I/art: at void android.app.ActivityThread.-wrap12(android.app.ActivityThread, android.app.ActivityThread$ActivityClientRecord, android.content.Intent, java.lang.String) (ActivityThread.java:-1)
2020-04-15 11:28:17.722 2612-2612/? I/art: at void android.app.ActivityThread$H.handleMessage(android.os.Message) (ActivityThread.java:1460)
2020-04-15 11:28:17.722 2612-2612/? I/art: at void android.os.Handler.dispatchMessage(android.os.Message) (Handler.java:102)
2020-04-15 11:28:17.722 2612-2612/? I/art: at void android.os.Looper.loop() (Looper.java:154)
2020-04-15 11:28:17.722 2612-2612/? I/art: at void android.app.ActivityThread.main(java.lang.String[]) (ActivityThread.java:6077)
2020-04-15 11:28:17.722 2612-2612/? I/art: at java.lang.Object java.lang.reflect.Method.invoke!(java.lang.Object, java.lang.Object[]) (Method.java:-2)
2020-04-15 11:28:17.722 2612-2612/? I/art: at void com.android.internal.os.ZygoteInit$MethodAndArgsCaller.run() (ZygoteInit.java:865)
2020-04-15 11:28:17.722 2612-2612/? I/art: at void com.android.internal.os.ZygoteInit.main(java.lang.String[]) (ZygoteInit.java:755)
2020-04-15 11:28:17.756 2612-2612/? I/MAIN: Starting the server at 192.168.33.101, port = 8080
2020-04-15 11:28:17.947 2612-2628/? D/libEGL: Emulator has host GPU support, qemu.gles is set to 1.
2020-04-15 11:28:17.954 2612-2628/? E/libEGL: load_driver(/system/lib/egl/libGLES_emulation.so): dlopen failed: library "/system/lib/egl/libGLES_emulation.so" not found
2020-04-15 11:28:17.955 2612-2628/? D/libEGL: loaded /system/lib/egl/libEGL_emulation.so
2020-04-15 11:28:17.955 2612-2628/? D/libEGL: loaded /system/lib/egl/libGLESv1_CM_emulation.so
2020-04-15 11:28:17.962 2612-2628/? D/libEGL: loaded /system/lib/egl/libGLESv2_emulation.so
2020-04-15 11:28:18.020 2612-2628/? I/OpenGLRenderer: Initialized EGL, version 1.4
2020-04-15 11:28:18.020 2612-2628/? D/OpenGLRenderer: Swap behavior 1
2020-04-15 11:29:35.371 2612-2647/com.couchbase.TestServerApp I/SERVER: Request URI: /logging_configure
2020-04-15 11:29:35.374 2612-2647/com.couchbase.TestServerApp I/LOGREQHANDLER: File logging configured at: /data/user/0/com.couchbase.TestServerApp/files/logs_1586975375
2020-04-15 11:29:35.378 2612-2647/com.couchbase.TestServerApp I/SERVER: Request URI: /logging_getDirectory
2020-04-15 11:29:35.383 2612-2648/com.couchbase.TestServerApp I/SERVER: Request URI: /databaseConfiguration_configure
2020-04-15 11:29:35.383 2612-2648/com.couchbase.TestServerApp I/DATABASE_CONFIG: No directory is set, now point to /data/user/0/com.couchbase.TestServerApp/files
2020-04-15 11:29:35.383 2612-2648/com.couchbase.TestServerApp I/DATABASE_CONFIG: DatabaseConfiguration_configure directory=/data/user/0/com.couchbase.TestServerApp/files
2020-04-15 11:29:35.481 2612-2648/com.couchbase.TestServerApp I/SERVER: Request URI: /database_create
2020-04-15 11:29:35.481 2612-2648/com.couchbase.TestServerApp I/DATABASE: database_create name=cbl-test1586976878.764931
2020-04-15 11:29:35.481 2612-2648/com.couchbase.TestServerApp I/DATABASE: database_create directory=/data/user/0/com.couchbase.TestServerApp/files
2020-04-15 11:29:35.481 2612-2648/com.couchbase.TestServerApp I/CouchbaseLite/DATABASE: Opening Database{@9d2c4e3, name='cbl-test1586976878.764931'} at path /data/user/0/com.couchbase.TestServerApp/files/cbl-test1586976878.764931.cblite2
2020-04-15 11:29:35.482 2612-2648/com.couchbase.TestServerApp I/CouchbaseLite/DATABASE: {N8litecore8DataFile6SharedE#1}==> N8litecore8DataFile6SharedE 0xdca054e8 @0xdca054e8
2020-04-15 11:29:35.482 2612-2648/com.couchbase.TestServerApp I/CouchbaseLite/DATABASE: {N8litecore8DataFile6SharedE#1} instantiated on /data/data/com.couchbase.TestServerApp/files/cbl-test1586976878.764931.cblite2/db.sqlite3
2020-04-15 11:29:35.482 2612-2648/com.couchbase.TestServerApp D/CouchbaseLite/DATABASE: {N8litecore8DataFile6SharedE#1} created for DataFile 0xdca323c0 at /data/data/com.couchbase.TestServerApp/files/cbl-test1586976878.764931.cblite2/db.sqlite3
2020-04-15 11:29:35.482 2612-2648/com.couchbase.TestServerApp I/CouchbaseLite/DATABASE: {DB#2}==> N8litecore14SQLiteDataFileE /data/user/0/com.couchbase.TestServerApp/files/cbl-test1586976878.764931.cblite2/db.sqlite3 @0xdca323c0
2020-04-15 11:29:35.482 2612-2648/com.couchbase.TestServerApp I/CouchbaseLite/DATABASE: {DB#2} Opening database
2020-04-15 11:29:35.487 2612-2648/com.couchbase.TestServerApp V/CouchbaseLite/DATABASE: {DB#2} begin transaction
2020-04-15 11:29:35.487 2612-2648/com.couchbase.TestServerApp V/CouchbaseLite/DATABASE: {DB#2} KeyStore(info) set versioning
2020-04-15 11:29:35.487 2612-2648/com.couchbase.TestServerApp V/CouchbaseLite/DATABASE: {DB#2} KeyStore(info) set publicUUID
2020-04-15 11:29:35.487 2612-2648/com.couchbase.TestServerApp V/CouchbaseLite/DATABASE: {DB#2} KeyStore(info) set privateUUID
2020-04-15 11:29:35.487 2612-2648/com.couchbase.TestServerApp V/CouchbaseLite/DATABASE: {DB#2} commit transaction
2020-04-15 11:29:35.488 2612-2648/com.couchbase.TestServerApp V/CouchbaseLite/DATABASE: {DB#2} Next expiration time is 0
2020-04-15 11:29:35.488 2612-2648/com.couchbase.TestServerApp V/CouchbaseLite/DATABASE: No pending doc expirations
2020-04-15 11:29:35.488 2612-2648/com.couchbase.TestServerApp W/CouchbaseLite/DATABASE: Database.log.getFile().getConfig() is now null: logging is disabled. Log files required for product support are not being generated.
2020-04-15 11:29:35.491 2612-2648/com.couchbase.TestServerApp I/SERVER: Request URI: /database_getName
2020-04-15 11:29:35.494 2612-2648/com.couchbase.TestServerApp I/SERVER: Request URI: /database_getPath
2020-04-15 11:29:56.112 2612-2650/com.couchbase.TestServerApp I/SERVER: Request URI: /database_saveDocuments
2020-04-15 11:29:56.123 2612-2650/com.couchbase.TestServerApp V/CouchbaseLite/DATABASE: {DB#2} begin transaction
2020-04-15 11:29:56.126 2612-2650/com.couchbase.TestServerApp D/###: data is: {channels=[ABC], dict_with_list={list=[false, true]}, dict={name=aLZaibCwzE}, list=[4004010776050337795, 4174879098734140335], date_time_added=2020-04-15 11:55:22.303405, list_of_dicts=[{friend_one=yMCBGSXhkZ}, {friend_two=YjMODXDpym}], _id=cbl_2, updates=0}
2020-04-15 11:29:56.127 2612-2650/com.couchbase.TestServerApp V/CouchbaseLite/DATABASE: {DB#2} Saved 'cbl_2' rev #1-e184157a62145841b5486619ef62cb058cefb41a as seq 1
2020-04-15 11:29:56.127 2612-2650/com.couchbase.TestServerApp D/###: data is: {channels=[ABC], dict_with_list={list=[true, false]}, dict={name=zFakpGdcYp}, list=[2115284486470778685, 1745721136811925734], date_time_added=2020-04-15 11:55:22.303358, list_of_dicts=[{friend_one=QYLGYazGqd}, {friend_two=VQYPpYGBJe}], _id=cbl_1, updates=0}
2020-04-15 11:29:56.128 2612-2650/com.couchbase.TestServerApp V/CouchbaseLite/DATABASE: {DB#2} Saved 'cbl_1' rev #1-54921bf34dc803f73870e0b7538957f49668fc7a as seq 2
2020-04-15 11:29:56.129 2612-2650/com.couchbase.TestServerApp D/###: data is: {channels=[ABC], dict_with_list={list=[true, true]}, dict={name=gJDUhevsgD}, list=[8390416491788582148, 5356310793720006326], date_time_added=2020-04-15 11:55:22.303496, list_of_dicts=[{friend_one=YmsHHpkfqE}, {friend_two=hRtxyhRPOO}], _id=cbl_4, updates=0}
2020-04-15 11:29:56.129 2612-2650/com.couchbase.TestServerApp V/CouchbaseLite/DATABASE: {DB#2} Saved 'cbl_4' rev #1-0ab25f587b2f519624ea3fc4f5ecbe287d5d312e as seq 3
2020-04-15 11:29:56.130 2612-2650/com.couchbase.TestServerApp D/###: data is: {channels=[ABC], dict_with_list={list=[true, true]}, dict={name=odAKTJiDnM}, list=[2794647124820084752, 8998132625680301482], date_time_added=2020-04-15 11:55:22.303451, list_of_dicts=[{friend_one=lnKFvCwqXj}, {friend_two=XdqgqcggdU}], _id=cbl_3, updates=0}
2020-04-15 11:29:56.130 2612-2650/com.couchbase.TestServerApp V/CouchbaseLite/DATABASE: {DB#2} Saved 'cbl_3' rev #1-71a8f5401727f0f12fe27b4f9119a5b9163abb81 as seq 4
2020-04-15 11:29:56.131 2612-2650/com.couchbase.TestServerApp D/###: data is: {channels=[ABC], dict_with_list={list=[true, false]}, dict={name=PZpUsCSrQt}, list=[6574879587702904393, 2723825135466453494], date_time_added=2020-04-15 11:55:22.303233, list_of_dicts=[{friend_one=rvAGFfrfMu}, {friend_two=hitSsNpOmw}], _id=cbl_0, updates=0}
2020-04-15 11:29:56.131 2612-2650/com.couchbase.TestServerApp V/CouchbaseLite/DATABASE: {DB#2} Saved 'cbl_0' rev #1-3ef0eaaf8f3e3f27cbe44a6137440bb9fc913ba7 as seq 5
2020-04-15 11:29:56.131 2612-2650/com.couchbase.TestServerApp V/CouchbaseLite/DATABASE: {DB#2} KeyStore(info) set SharedKeys
2020-04-15 11:29:56.131 2612-2650/com.couchbase.TestServerApp V/CouchbaseLite/DATABASE: {DB#2} commit transaction
2020-04-15 11:29:56.135 2612-2650/com.couchbase.TestServerApp I/SERVER: Request URI: /database_getDocIds
2020-04-15 11:29:56.136 2612-2650/com.couchbase.TestServerApp V/CouchbaseLite/QUERY: Query encoded as {"WHAT":[["._id"]],"OFFSET":0,"LIMIT":1000}
2020-04-15 11:29:56.137 2612-2650/com.couchbase.TestServerApp I/CouchbaseLite/QUERY: {Query#3}==> N8litecore11SQLiteQueryE 0xdb44f878 @0xdb44f878
2020-04-15 11:29:56.137 2612-2650/com.couchbase.TestServerApp I/CouchbaseLite/QUERY: {Query#3} Compiling JSON query: {"WHAT":[["._id"]],"OFFSET":0,"LIMIT":1000}
2020-04-15 11:29:56.137 2612-2650/com.couchbase.TestServerApp I/CouchbaseLite/QUERY: {Query#3} Compiled as SELECT fl_result(_doc.key) FROM kv_default AS _doc WHERE (_doc.flags & 1 = 0) LIMIT MAX(0, 1000) OFFSET MAX(0, 0)
2020-04-15 11:29:56.137 2612-2650/com.couchbase.TestServerApp I/CouchbaseLite/QUERY: {QueryEnum#4}==> N8litecore21SQLiteQueryEnumeratorE 0xd690b1cc @0xd690b1cc
2020-04-15 11:29:56.137 2612-2650/com.couchbase.TestServerApp I/CouchbaseLite/QUERY: {QueryEnum#4} Created on {Query#3} with 5 rows (74 bytes) in 0.025ms
2020-04-15 11:29:56.138 2612-2650/com.couchbase.TestServerApp V/CouchbaseLite/QUERY: {QueryEnum#4} --> ["cbl_2"]
2020-04-15 11:29:56.138 2612-2650/com.couchbase.TestServerApp V/CouchbaseLite/QUERY: {QueryEnum#4} --> ["cbl_1"]
2020-04-15 11:29:56.138 2612-2650/com.couchbase.TestServerApp V/CouchbaseLite/QUERY: {QueryEnum#4} --> ["cbl_4"]
2020-04-15 11:29:56.139 2612-2650/com.couchbase.TestServerApp V/CouchbaseLite/QUERY: {QueryEnum#4} --> ["cbl_3"]
2020-04-15 11:29:56.139 2612-2650/com.couchbase.TestServerApp V/CouchbaseLite/QUERY: {QueryEnum#4} --> ["cbl_0"]
2020-04-15 11:29:56.139 2612-2650/com.couchbase.TestServerApp V/CouchbaseLite/QUERY: {QueryEnum#4} END
2020-04-15 11:29:56.139 2612-2650/com.couchbase.TestServerApp I/CouchbaseLite/QUERY: End of query enumeration
2020-04-15 11:29:56.323 2612-2651/com.couchbase.TestServerApp I/SERVER: Request URI: /basicAuthenticator_create
2020-04-15 11:29:56.328 2612-2652/com.couchbase.TestServerApp I/SERVER: Request URI: /replicatorConfiguration_configure
2020-04-15 11:29:56.329 2612-2652/com.couchbase.TestServerApp D/REPLCONFIGHANDLER: Args: com.couchbase.mobiletestkit.javacommon.Args@477105e
2020-04-15 11:29:56.333 2612-2652/com.couchbase.TestServerApp I/SERVER: Request URI: /replicator_create
2020-04-15 11:29:56.337 2612-2652/com.couchbase.TestServerApp I/SERVER: Request URI: /replicator_start
2020-04-15 11:29:56.337 2612-2652/com.couchbase.TestServerApp I/CouchbaseLite/REPLICATOR: Replicator is starting .....
2020-04-15 11:29:56.338 2612-2652/com.couchbase.TestServerApp I/CouchbaseLite/REPLICATOR: Replicator{@d1dc255,<-,Database{@9d2c4e3, name='cbl-test1586976878.764931'},URLEndpoint{url=wss://192.168.33.11:4984/db}]: Starting
2020-04-15 11:29:56.338 2612-2652/com.couchbase.TestServerApp D/CouchbaseLite/DATABASE: {N8litecore8DataFile6SharedE#1} adding DataFile 0xda12bbc0
2020-04-15 11:29:56.338 2612-2652/com.couchbase.TestServerApp I/CouchbaseLite/DATABASE: {DB#5}==> N8litecore14SQLiteDataFileE /data/user/0/com.couchbase.TestServerApp/files/cbl-test1586976878.764931.cblite2/db.sqlite3 @0xda12bbc0
2020-04-15 11:29:56.338 2612-2652/com.couchbase.TestServerApp I/CouchbaseLite/DATABASE: {DB#5} Opening database
2020-04-15 11:29:56.339 2612-2652/com.couchbase.TestServerApp I/CouchbaseLite/NETWORK: {N8litecore4blip10ConnectionE#6}==> N8litecore4blip10ConnectionE ->wss://192.168.33.11:4984/db/_blipsync @0xca0a8218
2020-04-15 11:29:56.339 2612-2652/com.couchbase.TestServerApp I/CouchbaseLite/NETWORK: {N8litecore4blip10ConnectionE#6} Opening connection...
2020-04-15 11:29:56.339 2612-2652/com.couchbase.TestServerApp I/CouchbaseLite/DATABASE: Starting Scheduler<0xcabd5f80> with 2 threads
2020-04-15 11:29:56.340 2612-2652/com.couchbase.TestServerApp I/CouchbaseLite/REPLICATOR: {Repl#7}==> N8litecore4repl10ReplicatorE /data/user/0/com.couchbase.TestServerApp/files/cbl-test1586976878.764931.cblite2/ ->wss://192.168.33.11:4984/db/_blipsync @0xca0b5340
2020-04-15 11:29:56.340 2612-2652/com.couchbase.TestServerApp I/CouchbaseLite/REPLICATOR: {Repl#7} Pull=one-shot, Options={{auth:{password:"********", type:"Basic", username:"autotest"}, channels:["ABC"], headers:{User-Agent:"CouchbaseLite/2.7.1-6 (Java; Android 7.0; Google Nexus 9) EE/release, Commit/6ea6620+ Core/2.7.1 (6)"}, pinnedCert:"MIIDVzCCAj+gAwIBAgIJAOr81ZjnhCFSMA0GCSqGSIb3DQEBCwUAMEIxCzAJBgNVBAYTAlhYMRUwEwYDVQQHDAxEZWZhdWx0IENpdHkxHDAaBgNVBAoME0RlZmF1bHQgQ29tcGFueSBMdGQwHhcNMTgwMzAxMDAzMzMyWhcNMjEwMjI4MDAzMzMyWjBCMQswCQYDVQQGEwJYWDEVMBMGA1UEBwwMRGVmYXVsdCBDaXR5MRwwGgYDVQQKDBNEZWZhdWx0IENvbXBhbnkgTHRkMIIBIjANBgkqhkiG9w0BAQEFAAOCAQ8AMIIBCgKCAQEAtf/YiOfusEdV8/zbJNY2F+rtMBGyFQi2BUJe/3rff6upZi/0FYgqB8qX+c8yRKqdSaLmhqw1nKljANSGC5Skq35D44/MLP/Ke8SQlDWLtHahCZ8/XzmtWcwmIoG7e64K5INgSRDEdJvvNBPJlI8/bRwYfsFjH/hajm514dctdTJr0yICeeL8RnHkSmjW0ql12EmHb+tfeOukI/JAWVH+k2+xju16YpH8eXdWdK7ppDpmqoAHG+aZPL7zE+QpfbhjRxmVulO7RSlfF8Fr6Njl6kI2Q3Mx72cc034vB5YiLF6wsBIBGgJ4TmkJDJrwF0yz3lWa9JB3sT+xQgjvkLB71wIDAQABo1AwTjAdBgNVHQ4EFgQUOPULsAyQd68U2MUD6EaiWq12P0UwHwYDVR0jBBgwFoAUOPULsAyQd68U2MUD6EaiWq12P0UwDAYDVR0TBAUwAwEB/zANBgkqhkiG9w0BAQsFAAOCAQEAEXzSnPu78AcubiPODrQ0MdM0rtuyskPhcsZ4C68YV7buDMJSPdfRwUQZl+1HCqXXaTbGJkd6Z/Z4+4GQxiAykHOjV66iamVYrzFvSDZVWOBP1z+YLZACU7Um67ic8gQy6qAjzIvQSRgjTK29F4DQYWvCpbUPhliUwwZfsBYJYjf0amsvyFnixM74DUfKPHB2rJD7PGCAEICNDQg5yzXN+qY2JrCeYM4PAZHrs6qDktT9alcO1hzW6Xh/pHdRuxnKTHJT4cVjpzSMZdeVGEgi0s8aCD2RlEuZVKiAN3fgUn0b5evlX4AQl6gu69tbwGkwXXkV6SD5d4vhhmUsWmzFxw==", progress:0}}
2020-04-15 11:29:56.340 2612-2652/com.couchbase.TestServerApp I/CouchbaseLite/REPLICATOR: Replicator{@d1dc255,<-,Database{@9d2c4e3, name='cbl-test1586976878.764931'},URLEndpoint{url=wss://192.168.33.11:4984/db}] is connecting, progress 0/0, error: null
2020-04-15 11:29:56.340 2612-2652/com.couchbase.TestServerApp I/CouchbaseLite/REPLICATOR: C4ReplicatorListener.statusChanged, context: Replicator{@d1dc255,<-,Database{@9d2c4e3, name='cbl-test1586976878.764931'},URLEndpoint{url=wss://192.168.33.11:4984/db}], status: C4ReplicatorStatus{level=2, completed=0, total=0, #docs=0, domain=0, code=0, info=0}
2020-04-15 11:29:56.342 2612-2654/com.couchbase.TestServerApp I/CouchbaseLite/NETWORK: {N8litecore4repl12C4SocketImplE#8}==> N8litecore4repl12C4SocketImplE wss://192.168.33.11:4984/db/_blipsync @0xe355c618
2020-04-15 11:29:56.342 2612-2655/com.couchbase.TestServerApp I/CouchbaseLite/REPLICATOR: Replicator{@d1dc255,<-,Database{@9d2c4e3, name='cbl-test1586976878.764931'},URLEndpoint{url=wss://192.168.33.11:4984/db}]: status changed: (0, 0) @C4ReplicatorStatus{level=2, completed=0, total=0, #docs=0, domain=0, code=0, info=0}
2020-04-15 11:29:56.342 2612-2654/com.couchbase.TestServerApp I/CouchbaseLite/NETWORK: {N8litecore4repl12C4SocketImplE#8} Connecting...
2020-04-15 11:29:56.342 2612-2654/com.couchbase.TestServerApp D/CouchbaseLite/NETWORK: C4Socket.open @3814049448: null, com.couchbase.lite.internal.SocketFactory@fc1ed5b
2020-04-15 11:29:56.343 2612-2655/com.couchbase.TestServerApp W/CouchbaseLite/REPLICATOR: Replicator{@d1dc255,<-,Database{@9d2c4e3, name='cbl-test1586976878.764931'},URLEndpoint{url=wss://192.168.33.11:4984/db}]: received unrecognized activity level:
2020-04-15 11:29:56.343 2612-2655/com.couchbase.TestServerApp I/CouchbaseLite/REPLICATOR: Replicator{@d1dc255,<-,Database{@9d2c4e3, name='cbl-test1586976878.764931'},URLEndpoint{url=wss://192.168.33.11:4984/db}] is connecting, progress 0/0, error: null
2020-04-15 11:29:56.346 2612-2652/com.couchbase.TestServerApp I/SERVER: Request URI: /replicator_getActivityLevel
2020-04-15 11:29:56.348 2612-2654/com.couchbase.TestServerApp D/NetworkSecurityConfig: Using Network Security Config from resource network_security_config debugBuild: true
2020-04-15 11:29:56.350 2612-2654/com.couchbase.TestServerApp V/CouchbaseLite/NETWORK: Creating a CBLWebSocket ...
2020-04-15 11:29:56.350 2612-2654/com.couchbase.TestServerApp D/CouchbaseLite/NETWORK: C4Socket.bind @3814049448: 1
2020-04-15 11:29:56.351 2612-2654/com.couchbase.TestServerApp V/CouchbaseLite/NETWORK: CBLWebSocket is connecting to wss://192.168.33.11:4984/db/_blipsync ...
2020-04-15 11:29:56.353 2612-2654/com.couchbase.TestServerApp V/CouchbaseLite/QUERY: RecordEnumerator 0xca0a8580: (default, 110 0)
2020-04-15 11:29:56.353 2612-2654/com.couchbase.TestServerApp D/CouchbaseLite/QUERY: SELECT sequence, flags, key, version, length(body), 0 FROM kv_default WHERE (flags & 2) != 0 3|0|0| SCAN TABLE kv_default USING INDEX kv_default_conflicts
2020-04-15 11:29:56.354 2612-2654/com.couchbase.TestServerApp I/CouchbaseLite/REPLICATOR: {Repl#7} Scanning for pre-existing conflicts...
2020-04-15 11:29:56.354 2612-2654/com.couchbase.TestServerApp I/CouchbaseLite/REPLICATOR: {Repl#7} Found 0 conflicted docs in 0.001 sec
2020-04-15 11:29:56.354 2612-2654/com.couchbase.TestServerApp V/CouchbaseLite/DATABASE: {DB#5} begin transaction
2020-04-15 11:29:56.354 2612-2654/com.couchbase.TestServerApp V/CouchbaseLite/DATABASE: {DB#5} KeyStore(info) set remotes
2020-04-15 11:29:56.354 2612-2654/com.couchbase.TestServerApp V/CouchbaseLite/DATABASE: {DB#5} commit transaction
2020-04-15 11:29:56.355 2612-2654/com.couchbase.TestServerApp V/CouchbaseLite/REPLICATOR: {Repl#7} Remote-DB ID 1 found for target
2020-04-15 11:29:56.355 2612-2654/com.couchbase.TestServerApp I/CouchbaseLite/REPLICATOR: {Repl#7} No local checkpoint 'cp-Vug9TVFgM86C1lD4quGKDIXu9O0='
2020-04-15 11:29:56.356 2612-2654/com.couchbase.TestServerApp I/CouchbaseLite/REPLICATOR: {Repl#7} activityLevel=connecting: connectionState=1
2020-04-15 11:29:56.376 2612-2657/com.couchbase.TestServerApp V/CouchbaseLite/NETWORK: CBLWebSocket authenticated for response Response{protocol=http/1.1, code=401, message=Unauthorized, url=https://192.168.33.11:4984/db/_blipsync}
2020-04-15 11:29:56.376 2612-2657/com.couchbase.TestServerApp V/CouchbaseLite/NETWORK: CBLWebSocket received challenges [Basic authParams={realm=Couchbase Sync Gateway}]
2020-04-15 11:29:56.447 2612-2657/com.couchbase.TestServerApp V/CouchbaseLite/NETWORK: WebSocketListener opened with response Response{protocol=http/1.1, code=101, message=Switching Protocols, url=https://192.168.33.11:4984/db/_blipsync}
2020-04-15 11:29:56.447 2612-2657/com.couchbase.TestServerApp V/CouchbaseLite/NETWORK: CBLWebSocket received HTTP response with status 101
2020-04-15 11:29:56.447 2612-2657/com.couchbase.TestServerApp D/CouchbaseLite/NETWORK: C4Socket.gotHTTPResponse @3814049448: 101
2020-04-15 11:29:56.447 2612-2657/com.couchbase.TestServerApp I/CouchbaseLite/NETWORK: {N8litecore4repl12C4SocketImplE#8} Got HTTP response (status 101)
2020-04-15 11:29:56.447 2612-2657/com.couchbase.TestServerApp I/CouchbaseLite/NETWORK: WebSocket CONNECTED!
2020-04-15 11:29:56.447 2612-2657/com.couchbase.TestServerApp D/CouchbaseLite/NETWORK: C4Socket.opened @3814049448
2020-04-15 11:29:56.448 2612-2657/com.couchbase.TestServerApp I/CouchbaseLite/NETWORK: {N8litecore4repl12C4SocketImplE#8} Connected!
2020-04-15 11:29:56.448 2612-2657/com.couchbase.TestServerApp I/CouchbaseLite/NETWORK: {N8litecore4blip10ConnectionE#6} Connected!
2020-04-15 11:29:56.448 2612-2654/com.couchbase.TestServerApp V/CouchbaseLite/NETWORK: {N8litecore4blip6BLIPIOE#9}==> N8litecore4blip6BLIPIOE ->wss://192.168.33.11:4984/db/_blipsync @0xc9ef1840
2020-04-15 11:29:56.448 2612-2654/com.couchbase.TestServerApp V/CouchbaseLite/NETWORK: {N8litecore4blip6BLIPIOE#9} WebSocket is hungry!
2020-04-15 11:29:56.448 2612-2654/com.couchbase.TestServerApp V/CouchbaseLite/NETWORK: {N8litecore4blip6BLIPIOE#9} ...Wrote 0 bytes to WebSocket (writeable=1)
2020-04-15 11:29:56.448 2612-2653/com.couchbase.TestServerApp I/CouchbaseLite/REPLICATOR: {Repl#7} activityLevel=connecting: connectionState=1
2020-04-15 11:29:56.448 2612-2653/com.couchbase.TestServerApp I/CouchbaseLite/REPLICATOR: {Repl#7} Connected!
2020-04-15 11:29:56.449 2612-2653/com.couchbase.TestServerApp V/CouchbaseLite/REPLICATOR: {Repl#7} Requesting remote checkpoint 'cp-Vug9TVFgM86C1lD4quGKDIXu9O0='
2020-04-15 11:29:56.449 2612-2653/com.couchbase.TestServerApp I/CouchbaseLite/REPLICATOR: {Repl#7} activityLevel=busy: connectionState=2
2020-04-15 11:29:56.449 2612-2653/com.couchbase.TestServerApp I/CouchbaseLite/REPLICATOR: {Repl#7} now busy
2020-04-15 11:29:56.449 2612-2653/com.couchbase.TestServerApp D/CouchbaseLite/REPLICATOR: statusChangedCallback() handle: 3658662400, status: C4ReplicatorStatus{level=4, completed=0, total=0, #docs=0, domain=0, code=0, info=0}
2020-04-15 11:29:56.449 2612-2654/com.couchbase.TestServerApp V/CouchbaseLite/NETWORK: {N8litecore4blip6BLIPIOE#9} Sending 'getCheckpoint' REQ #1
2020-04-15 11:29:56.449 2612-2653/com.couchbase.TestServerApp I/CouchbaseLite/REPLICATOR: C4ReplicatorListener.statusChanged, context: Replicator{@d1dc255,<-,Database{@9d2c4e3, name='cbl-test1586976878.764931'},URLEndpoint{url=wss://192.168.33.11:4984/db}], status: C4ReplicatorStatus{level=4, completed=0, total=0, #docs=0, domain=0, code=0, info=0}
2020-04-15 11:29:56.449 2612-2654/com.couchbase.TestServerApp V/CouchbaseLite/NETWORK: {N8litecore4blip6BLIPIOE#9} Sending frame: REQ #1 ----, bytes 0--65
2020-04-15 11:29:56.449 2612-2654/com.couchbase.TestServerApp V/CouchbaseLite/NETWORK: {N8litecore4repl12C4SocketImplE#8} Sending 68-byte message
2020-04-15 11:29:56.450 2612-2654/com.couchbase.TestServerApp D/CouchbaseLite/NETWORK: C4Socket.write @3814049448: com.couchbase.lite.internal.replicator.CBLWebSocket@68e2c1a
2020-04-15 11:29:56.450 2612-2654/com.couchbase.TestServerApp D/CouchbaseLite/NETWORK: C4Socket.completedWrite @3814049448: 68
2020-04-15 11:29:56.450 2612-2653/com.couchbase.TestServerApp I/CouchbaseLite/REPLICATOR: {N8litecore4repl6PullerE#10}==> N8litecore4repl6PullerE ->wss://192.168.33.11:4984/db/_blipsync @0xe35372c0
2020-04-15 11:29:56.451 2612-2653/com.couchbase.TestServerApp I/CouchbaseLite/REPLICATOR: {N8litecore4repl6PullerE#10} Starting pull from remote seq
2020-04-15 11:29:56.452 2612-2653/com.couchbase.TestServerApp I/CouchbaseLite/REPLICATOR: {N8litecore4repl6PullerE#10} activityLevel=busy: pendingResponseCount=1, _caughtUp=0, _pendingRevMessages=0, _activeIncomingRevs=0
2020-04-15 11:29:56.452 2612-2659/com.couchbase.TestServerApp I/CouchbaseLite/REPLICATOR: Replicator{@d1dc255,<-,Database{@9d2c4e3, name='cbl-test1586976878.764931'},URLEndpoint{url=wss://192.168.33.11:4984/db}]: status changed: (0, 0) @C4ReplicatorStatus{level=4, completed=0, total=0, #docs=0, domain=0, code=0, info=0}
2020-04-15 11:29:56.452 2612-2653/com.couchbase.TestServerApp V/CouchbaseLite/REPLICATOR: {N8litecore4repl6PullerE#10} now busy
2020-04-15 11:29:56.452 2612-2653/com.couchbase.TestServerApp I/CouchbaseLite/REPLICATOR: {Repl#7} activityLevel=busy: connectionState=2
2020-04-15 11:29:56.452 2612-2653/com.couchbase.TestServerApp I/CouchbaseLite/REPLICATOR: {Repl#7} pushStatus=stopped, pullStatus=busy, progress=0/0
2020-04-15 11:29:56.452 2612-2653/com.couchbase.TestServerApp I/CouchbaseLite/REPLICATOR: {Repl#7} activityLevel=busy: connectionState=2
2020-04-15 11:29:56.452 2612-2654/com.couchbase.TestServerApp V/CouchbaseLite/NETWORK: {N8litecore4blip6BLIPIOE#9} Finished sending REQ #1
2020-04-15 11:29:56.453 2612-2654/com.couchbase.TestServerApp V/CouchbaseLite/NETWORK: {N8litecore4blip6BLIPIOE#9} ...Wrote 68 bytes to WebSocket (writeable=1)
2020-04-15 11:29:56.453 2612-2654/com.couchbase.TestServerApp V/CouchbaseLite/NETWORK: {N8litecore4blip6BLIPIOE#9} Sending 'subChanges' REQ #2
2020-04-15 11:29:56.453 2612-2654/com.couchbase.TestServerApp V/CouchbaseLite/NETWORK: {N8litecore4blip6BLIPIOE#9} Sending frame: REQ #2 ----, bytes 0--76
2020-04-15 11:29:56.454 2612-2654/com.couchbase.TestServerApp V/CouchbaseLite/NETWORK: {N8litecore4repl12C4SocketImplE#8} Sending 79-byte message
2020-04-15 11:29:56.454 2612-2654/com.couchbase.TestServerApp D/CouchbaseLite/NETWORK: C4Socket.write @3814049448: com.couchbase.lite.internal.replicator.CBLWebSocket@68e2c1a
2020-04-15 11:29:56.454 2612-2653/com.couchbase.TestServerApp I/CouchbaseLite/REPLICATOR: {N8litecore4repl6PullerE#10} activityLevel=busy: pendingResponseCount=1, _caughtUp=0, _pendingRevMessages=0, _activeIncomingRevs=0
2020-04-15 11:29:56.454 2612-2654/com.couchbase.TestServerApp D/CouchbaseLite/NETWORK: C4Socket.completedWrite @3814049448: 79
2020-04-15 11:29:56.454 2612-2654/com.couchbase.TestServerApp V/CouchbaseLite/NETWORK: {N8litecore4blip6BLIPIOE#9} Finished sending REQ #2
2020-04-15 11:29:56.454 2612-2654/com.couchbase.TestServerApp V/CouchbaseLite/NETWORK: {N8litecore4blip6BLIPIOE#9} ...Wrote 79 bytes to WebSocket (writeable=1)
2020-04-15 11:29:56.454 2612-2659/com.couchbase.TestServerApp I/CouchbaseLite/REPLICATOR: Replicator{@d1dc255,<-,Database{@9d2c4e3, name='cbl-test1586976878.764931'},URLEndpoint{url=wss://192.168.33.11:4984/db}] is busy, progress 0/0, error: null
2020-04-15 11:29:56.455 2612-2657/com.couchbase.TestServerApp V/CouchbaseLite/NETWORK: WebSocketListener received data of 47 bytes
2020-04-15 11:29:56.455 2612-2657/com.couchbase.TestServerApp D/CouchbaseLite/NETWORK: C4Socket.received @3814049448: 47
2020-04-15 11:29:56.455 2612-2657/com.couchbase.TestServerApp V/CouchbaseLite/NETWORK: {N8litecore4repl12C4SocketImplE#8} Received 47-byte message
2020-04-15 11:29:56.455 2612-2657/com.couchbase.TestServerApp V/CouchbaseLite/NETWORK: WebSocketListener received data of 7 bytes
2020-04-15 11:29:56.455 2612-2653/com.couchbase.TestServerApp V/CouchbaseLite/NETWORK: {N8litecore4blip6BLIPIOE#9} Received frame: ERR #1 ----, length 45
2020-04-15 11:29:56.455 2612-2653/com.couchbase.TestServerApp V/CouchbaseLite/NETWORK: {N8litecore4blip10ConnectionE#6} Receiving ERR #1
2020-04-15 11:29:56.455 2612-2653/com.couchbase.TestServerApp V/CouchbaseLite/NETWORK: {N8litecore4blip10ConnectionE#6} Finished receiving ERR #1
2020-04-15 11:29:56.455 2612-2657/com.couchbase.TestServerApp D/CouchbaseLite/NETWORK: C4Socket.received @3814049448: 7
2020-04-15 11:29:56.455 2612-2653/com.couchbase.TestServerApp D/CouchbaseLite/NETWORK: C4Socket.completedReceive @3814049448: com.couchbase.lite.internal.replicator.CBLWebSocket@68e2c1a
2020-04-15 11:29:56.455 2612-2657/com.couchbase.TestServerApp V/CouchbaseLite/NETWORK: {N8litecore4repl12C4SocketImplE#8} Received 7-byte message
2020-04-15 11:29:56.456 2612-2653/com.couchbase.TestServerApp I/CouchbaseLite/REPLICATOR: {Repl#7} No remote checkpoint 'cp-Vug9TVFgM86C1lD4quGKDIXu9O0='
2020-04-15 11:29:56.456 2612-2653/com.couchbase.TestServerApp I/CouchbaseLite/REPLICATOR: {Repl#7} activityLevel=busy: connectionState=2
2020-04-15 11:29:56.456 2612-2654/com.couchbase.TestServerApp V/CouchbaseLite/NETWORK: {N8litecore4blip6BLIPIOE#9} Received frame: RES #2 ----, length 5
2020-04-15 11:29:56.456 2612-2654/com.couchbase.TestServerApp V/CouchbaseLite/NETWORK: {N8litecore4blip10ConnectionE#6} Receiving RES #2
2020-04-15 11:29:56.456 2612-2654/com.couchbase.TestServerApp V/CouchbaseLite/NETWORK: {N8litecore4blip10ConnectionE#6} Finished receiving RES #2
2020-04-15 11:29:56.457 2612-2654/com.couchbase.TestServerApp D/CouchbaseLite/NETWORK: C4Socket.completedReceive @3814049448: com.couchbase.lite.internal.replicator.CBLWebSocket@68e2c1a
2020-04-15 11:29:56.460 2612-2653/com.couchbase.TestServerApp I/CouchbaseLite/REPLICATOR: {N8litecore4repl6PullerE#10} activityLevel=busy: pendingResponseCount=0, _caughtUp=0, _pendingRevMessages=0, _activeIncomingRevs=0
2020-04-15 11:29:56.461 2612-2621/com.couchbase.TestServerApp I/CouchbaseLite/QUERY: {QueryEnum#4} Deleted
2020-04-15 11:29:56.483 2612-2657/com.couchbase.TestServerApp V/CouchbaseLite/NETWORK: WebSocketListener received data of 327 bytes
2020-04-15 11:29:56.483 2612-2657/com.couchbase.TestServerApp D/CouchbaseLite/NETWORK: C4Socket.received @3814049448: 327
2020-04-15 11:29:56.483 2612-2657/com.couchbase.TestServerApp V/CouchbaseLite/NETWORK: {N8litecore4repl12C4SocketImplE#8} Received 327-byte message
2020-04-15 11:29:56.484 2612-2654/com.couchbase.TestServerApp V/CouchbaseLite/NETWORK: {N8litecore4blip6BLIPIOE#9} Received frame: REQ #1 ---C, length 325
2020-04-15 11:29:56.484 2612-2654/com.couchbase.TestServerApp V/CouchbaseLite/NETWORK: {N8litecore4blip10ConnectionE#6} Receiving 'changes' REQ #1 Z
2020-04-15 11:29:56.484 2612-2654/com.couchbase.TestServerApp V/CouchbaseLite/NETWORK: {N8litecore4blip10ConnectionE#6} Finished receiving 'changes' REQ #1 Z
2020-04-15 11:29:56.485 2612-2654/com.couchbase.TestServerApp D/CouchbaseLite/NETWORK: C4Socket.completedReceive @3814049448: com.couchbase.lite.internal.replicator.CBLWebSocket@68e2c1a
2020-04-15 11:29:56.485 2612-2653/com.couchbase.TestServerApp V/CouchbaseLite/REPLICATOR: {N8litecore4repl6PullerE#10} Received 'changes' REQ#1 (0 queued; 0 revs pending, 0 active, 0 unfinished)
2020-04-15 11:29:56.485 2612-2653/com.couchbase.TestServerApp V/CouchbaseLite/REPLICATOR: {N8litecore4repl6PullerE#10} Handling 'changes' REQ#1
2020-04-15 11:29:56.485 2612-2653/com.couchbase.TestServerApp I/CouchbaseLite/REPLICATOR: {N8litecore4repl6PullerE#10} activityLevel=busy: pendingResponseCount=0, _caughtUp=0, _pendingRevMessages=0, _activeIncomingRevs=0
2020-04-15 11:29:56.486 2612-2654/com.couchbase.TestServerApp I/CouchbaseLite/REPLICATOR: {N8litecore4repl9RevFinderE#11}==> N8litecore4repl9RevFinderE ->wss://192.168.33.11:4984/db/_blipsync @0xe355c8e0
2020-04-15 11:29:56.486 2612-2654/com.couchbase.TestServerApp I/CouchbaseLite/REPLICATOR: {N8litecore4repl9RevFinderE#11} Received 10 changes (seq '2'..'11')
2020-04-15 11:29:56.487 2612-2654/com.couchbase.TestServerApp I/CouchbaseLite/REPLICATOR: {N8litecore4repl9RevFinderE#11} Responded to 'changes' REQ#1 w/request for 10 revs
2020-04-15 11:29:56.488 2612-2654/com.couchbase.TestServerApp V/CouchbaseLite/REPLICATOR: {N8litecore4repl9RevFinderE#11} now idle
2020-04-15 11:29:56.488 2612-2654/com.couchbase.TestServerApp V/CouchbaseLite/NETWORK: {N8litecore4blip6BLIPIOE#9} Sending RES #1 Z
2020-04-15 11:29:56.489 2612-2654/com.couchbase.TestServerApp V/CouchbaseLite/NETWORK: {N8litecore4blip6BLIPIOE#9} Sending frame: RES #1 ---C, bytes 0--45
2020-04-15 11:29:56.489 2612-2654/com.couchbase.TestServerApp V/CouchbaseLite/NETWORK: {N8litecore4repl12C4SocketImplE#8} Sending 48-byte message
2020-04-15 11:29:56.490 2612-2654/com.couchbase.TestServerApp D/CouchbaseLite/NETWORK: C4Socket.write @3814049448: com.couchbase.lite.internal.replicator.CBLWebSocket@68e2c1a
2020-04-15 11:29:56.490 2612-2653/com.couchbase.TestServerApp V/CouchbaseLite/REPLICATOR: {N8litecore4repl6PullerE#10} Now waiting for 10 'rev' messages; 10 known sequences pending
2020-04-15 11:29:56.490 2612-2654/com.couchbase.TestServerApp D/CouchbaseLite/NETWORK: C4Socket.completedWrite @3814049448: 48
2020-04-15 11:29:56.490 2612-2653/com.couchbase.TestServerApp V/CouchbaseLite/REPLICATOR: {N8litecore4repl6PullerE#10} progress +0/+10, 0 docs -- now 0 / 10, 0 docs
2020-04-15 11:29:56.491 2612-2653/com.couchbase.TestServerApp I/CouchbaseLite/REPLICATOR: {N8litecore4repl6PullerE#10} activityLevel=busy: pendingResponseCount=0, _caughtUp=0, _pendingRevMessages=10, _activeIncomingRevs=0
2020-04-15 11:29:56.491 2612-2653/com.couchbase.TestServerApp I/CouchbaseLite/REPLICATOR: {Repl#7} pushStatus=stopped, pullStatus=busy, progress=0/0
2020-04-15 11:29:56.491 2612-2657/com.couchbase.TestServerApp V/CouchbaseLite/NETWORK: WebSocketListener received data of 15 bytes
2020-04-15 11:29:56.491 2612-2653/com.couchbase.TestServerApp I/CouchbaseLite/REPLICATOR: {Repl#7} activityLevel=busy: connectionState=2
2020-04-15 11:29:56.491 2612-2653/com.couchbase.TestServerApp I/CouchbaseLite/REPLICATOR: {Repl#7} pushStatus=stopped, pullStatus=busy, progress=0/10
2020-04-15 11:29:56.492 2612-2657/com.couchbase.TestServerApp D/CouchbaseLite/NETWORK: C4Socket.received @3814049448: 15
2020-04-15 11:29:56.492 2612-2653/com.couchbase.TestServerApp V/CouchbaseLite/REPLICATOR: {Repl#7} progress +0/+10, 0 docs -- now 0 / 10, 0 docs
2020-04-15 11:29:56.492 2612-2653/com.couchbase.TestServerApp I/CouchbaseLite/REPLICATOR: {Repl#7} activityLevel=busy: connectionState=2
2020-04-15 11:29:56.493 2612-2654/com.couchbase.TestServerApp V/CouchbaseLite/NETWORK: {N8litecore4blip6BLIPIOE#9} Finished sending RES #1 Z
2020-04-15 11:29:56.493 2612-2657/com.couchbase.TestServerApp V/CouchbaseLite/NETWORK: {N8litecore4repl12C4SocketImplE#8} Received 15-byte message
2020-04-15 11:29:56.493 2612-2657/com.couchbase.TestServerApp V/CouchbaseLite/NETWORK: WebSocketListener received data of 244 bytes
2020-04-15 11:29:56.493 2612-2657/com.couchbase.TestServerApp D/CouchbaseLite/NETWORK: C4Socket.received @3814049448: 244
2020-04-15 11:29:56.493 2612-2657/com.couchbase.TestServerApp V/CouchbaseLite/NETWORK: {N8litecore4repl12C4SocketImplE#8} Received 244-byte message
2020-04-15 11:29:56.493 2612-2657/com.couchbase.TestServerApp V/CouchbaseLite/NETWORK: WebSocketListener received data of 112 bytes
2020-04-15 11:29:56.493 2612-2657/com.couchbase.TestServerApp D/CouchbaseLite/NETWORK: C4Socket.received @3814049448: 112
2020-04-15 11:29:56.493 2612-2657/com.couchbase.TestServerApp V/CouchbaseLite/NETWORK: {N8litecore4repl12C4SocketImplE#8} Received 112-byte message
2020-04-15 11:29:56.493 2612-2657/com.couchbase.TestServerApp V/CouchbaseLite/NETWORK: WebSocketListener received data of 114 bytes
2020-04-15 11:29:56.493 2612-2657/com.couchbase.TestServerApp D/CouchbaseLite/NETWORK: C4Socket.received @3814049448: 114
2020-04-15 11:29:56.493 2612-2657/com.couchbase.TestServerApp V/CouchbaseLite/NETWORK: {N8litecore4repl12C4SocketImplE#8} Received 114-byte message
2020-04-15 11:29:56.493 2612-2657/com.couchbase.TestServerApp V/CouchbaseLite/NETWORK: WebSocketListener received data of 107 bytes
2020-04-15 11:29:56.493 2612-2657/com.couchbase.TestServerApp D/CouchbaseLite/NETWORK: C4Socket.received @3814049448: 107
2020-04-15 11:29:56.493 2612-2657/com.couchbase.TestServerApp V/CouchbaseLite/NETWORK: {N8litecore4repl12C4SocketImplE#8} Received 107-byte message
2020-04-15 11:29:56.493 2612-2657/com.couchbase.TestServerApp V/CouchbaseLite/NETWORK: WebSocketListener received data of 114 bytes
2020-04-15 11:29:56.493 2612-2657/com.couchbase.TestServerApp D/CouchbaseLite/NETWORK: C4Socket.received @3814049448: 114
2020-04-15 11:29:56.494 2612-2657/com.couchbase.TestServerApp V/CouchbaseLite/NETWORK: {N8litecore4repl12C4SocketImplE#8} Received 114-byte message
2020-04-15 11:29:56.494 2612-2657/com.couchbase.TestServerApp V/CouchbaseLite/NETWORK: WebSocketListener received data of 110 bytes
2020-04-15 11:29:56.494 2612-2657/com.couchbase.TestServerApp D/CouchbaseLite/NETWORK: C4Socket.received @3814049448: 110
2020-04-15 11:29:56.494 2612-2657/com.couchbase.TestServerApp V/CouchbaseLite/NETWORK: {N8litecore4repl12C4SocketImplE#8} Received 110-byte message
2020-04-15 11:29:56.494 2612-2657/com.couchbase.TestServerApp V/CouchbaseLite/NETWORK: WebSocketListener received data of 108 bytes
2020-04-15 11:29:56.494 2612-2657/com.couchbase.TestServerApp D/CouchbaseLite/NETWORK: C4Socket.received @3814049448: 108
2020-04-15 11:29:56.494 2612-2657/com.couchbase.TestServerApp V/CouchbaseLite/NETWORK: {N8litecore4repl12C4SocketImplE#8} Received 108-byte message
2020-04-15 11:29:56.494 2612-2657/com.couchbase.TestServerApp V/CouchbaseLite/NETWORK: WebSocketListener received data of 105 bytes
2020-04-15 11:29:56.494 2612-2657/com.couchbase.TestServerApp D/CouchbaseLite/NETWORK: C4Socket.received @3814049448: 105
2020-04-15 11:29:56.494 2612-2657/com.couchbase.TestServerApp V/CouchbaseLite/NETWORK: {N8litecore4repl12C4SocketImplE#8} Received 105-byte message
2020-04-15 11:29:56.494 2612-2657/com.couchbase.TestServerApp V/CouchbaseLite/NETWORK: WebSocketListener received data of 115 bytes
2020-04-15 11:29:56.494 2612-2657/com.couchbase.TestServerApp D/CouchbaseLite/NETWORK: C4Socket.received @3814049448: 115
2020-04-15 11:29:56.494 2612-2657/com.couchbase.TestServerApp V/CouchbaseLite/NETWORK: {N8litecore4repl12C4SocketImplE#8} Received 115-byte message
2020-04-15 11:29:56.494 2612-2657/com.couchbase.TestServerApp V/CouchbaseLite/NETWORK: WebSocketListener received data of 107 bytes
2020-04-15 11:29:56.494 2612-2657/com.couchbase.TestServerApp D/CouchbaseLite/NETWORK: C4Socket.received @3814049448: 107
2020-04-15 11:29:56.494 2612-2657/com.couchbase.TestServerApp V/CouchbaseLite/NETWORK: {N8litecore4repl12C4SocketImplE#8} Received 107-byte message
2020-04-15 11:29:56.494 2612-2654/com.couchbase.TestServerApp V/CouchbaseLite/NETWORK: {N8litecore4blip6BLIPIOE#9} ...Wrote 48 bytes to WebSocket (writeable=1)
2020-04-15 11:29:56.495 2612-2654/com.couchbase.TestServerApp V/CouchbaseLite/NETWORK: {N8litecore4blip6BLIPIOE#9} Received frame: REQ #2 --NC, length 13
2020-04-15 11:29:56.495 2612-2654/com.couchbase.TestServerApp V/CouchbaseLite/NETWORK: {N8litecore4blip10ConnectionE#6} Receiving 'changes' REQ #2 NZ
2020-04-15 11:29:56.495 2612-2654/com.couchbase.TestServerApp V/CouchbaseLite/NETWORK: {N8litecore4blip10ConnectionE#6} Finished receiving 'changes' REQ #2 NZ
2020-04-15 11:29:56.495 2612-2654/com.couchbase.TestServerApp D/CouchbaseLite/NETWORK: C4Socket.completedReceive @3814049448: com.couchbase.lite.internal.replicator.CBLWebSocket@68e2c1a
2020-04-15 11:29:56.495 2612-2653/com.couchbase.TestServerApp V/CouchbaseLite/REPLICATOR: {N8litecore4repl6PullerE#10} Received 'changes' REQ#2 (0 queued; 10 revs pending, 0 active, 0 unfinished)
2020-04-15 11:29:56.496 2612-2653/com.couchbase.TestServerApp V/CouchbaseLite/REPLICATOR: {N8litecore4repl6PullerE#10} Handling 'changes' REQ#2
2020-04-15 11:29:56.496 2612-2653/com.couchbase.TestServerApp I/CouchbaseLite/REPLICATOR: {N8litecore4repl6PullerE#10} Caught up with remote changes
2020-04-15 11:29:56.497 2612-2654/com.couchbase.TestServerApp V/CouchbaseLite/NETWORK: {N8litecore4blip6BLIPIOE#9} Received frame: REQ #3 --NC, length 242
2020-04-15 11:29:56.497 2612-2654/com.couchbase.TestServerApp V/CouchbaseLite/NETWORK: {N8litecore4blip10ConnectionE#6} Receiving 'rev' REQ #3 NZ
2020-04-15 11:29:56.497 2612-2654/com.couchbase.TestServerApp V/CouchbaseLite/NETWORK: {N8litecore4blip10ConnectionE#6} Finished receiving 'rev' REQ #3 NZ
2020-04-15 11:29:56.497 2612-2653/com.couchbase.TestServerApp I/CouchbaseLite/REPLICATOR: {N8litecore4repl6PullerE#10} activityLevel=busy: pendingResponseCount=0, _caughtUp=1, _pendingRevMessages=10, _activeIncomingRevs=0
2020-04-15 11:29:56.498 2612-2654/com.couchbase.TestServerApp D/CouchbaseLite/NETWORK: C4Socket.completedReceive @3814049448: com.couchbase.lite.internal.replicator.CBLWebSocket@68e2c1a
