2020-04-15 11:29:56.498 2612-2653/com.couchbase.TestServerApp I/CouchbaseLite/REPLICATOR: {N8litecore4repl6PullerE#10} activityLevel=busy: pendingResponseCount=0, _caughtUp=1, _pendingRevMessages=9, _activeIncomingRevs=1
2020-04-15 11:29:56.499 2612-2653/com.couchbase.TestServerApp V/CouchbaseLite/REPLICATOR: {N8litecore4repl11IncomingRevE#12}==> N8litecore4repl11IncomingRevE ->wss://192.168.33.11:4984/db/_blipsync @0xdca60a40
2020-04-15 11:29:56.499 2612-2653/com.couchbase.TestServerApp V/CouchbaseLite/REPLICATOR: {N8litecore4repl11IncomingRevE#12} Received revision 'sg_doc_0' #1-de3b2a24992942b16c00d73b1f575aa7 (seq '2')
2020-04-15 11:29:56.500 2612-2654/com.couchbase.TestServerApp V/CouchbaseLite/NETWORK: {N8litecore4blip6BLIPIOE#9} Received frame: REQ #4 --NC, length 110
2020-04-15 11:29:56.500 2612-2654/com.couchbase.TestServerApp V/CouchbaseLite/NETWORK: {N8litecore4blip10ConnectionE#6} Receiving 'rev' REQ #4 NZ
2020-04-15 11:29:56.500 2612-2654/com.couchbase.TestServerApp V/CouchbaseLite/NETWORK: {N8litecore4blip10ConnectionE#6} Finished receiving 'rev' REQ #4 NZ
2020-04-15 11:29:56.500 2612-2653/com.couchbase.TestServerApp I/CouchbaseLite/REPLICATOR: {N8litecore4repl6PullerE#10} activityLevel=busy: pendingResponseCount=0, _caughtUp=1, _pendingRevMessages=9, _activeIncomingRevs=1
2020-04-15 11:29:56.501 2612-2654/com.couchbase.TestServerApp D/CouchbaseLite/NETWORK: C4Socket.completedReceive @3814049448: com.couchbase.lite.internal.replicator.CBLWebSocket@68e2c1a
2020-04-15 11:29:56.501 2612-2653/com.couchbase.TestServerApp I/CouchbaseLite/REPLICATOR: {N8litecore4repl6PullerE#10} activityLevel=busy: pendingResponseCount=0, _caughtUp=1, _pendingRevMessages=8, _activeIncomingRevs=2
2020-04-15 11:29:56.501 2612-2653/com.couchbase.TestServerApp V/CouchbaseLite/REPLICATOR: {N8litecore4repl11IncomingRevE#13}==> N8litecore4repl11IncomingRevE ->wss://192.168.33.11:4984/db/_blipsync @0xc9ed3500
2020-04-15 11:29:56.502 2612-2653/com.couchbase.TestServerApp V/CouchbaseLite/REPLICATOR: {N8litecore4repl11IncomingRevE#13} Received revision 'sg_doc_1' #1-14f03c34e417de7991262843e2a3ea0e (seq '3')
2020-04-15 11:29:56.502 2612-2654/com.couchbase.TestServerApp V/CouchbaseLite/NETWORK: {N8litecore4blip6BLIPIOE#9} Received frame: REQ #5 --NC, length 112
2020-04-15 11:29:56.502 2612-2654/com.couchbase.TestServerApp V/CouchbaseLite/NETWORK: {N8litecore4blip10ConnectionE#6} Receiving 'rev' REQ #5 NZ
2020-04-15 11:29:56.502 2612-2654/com.couchbase.TestServerApp V/CouchbaseLite/NETWORK: {N8litecore4blip10ConnectionE#6} Finished receiving 'rev' REQ #5 NZ
2020-04-15 11:29:56.503 2612-2654/com.couchbase.TestServerApp D/CouchbaseLite/NETWORK: C4Socket.completedReceive @3814049448: com.couchbase.lite.internal.replicator.CBLWebSocket@68e2c1a
2020-04-15 11:29:56.503 2612-2653/com.couchbase.TestServerApp I/CouchbaseLite/REPLICATOR: {N8litecore4repl6PullerE#10} activityLevel=busy: pendingResponseCount=0, _caughtUp=1, _pendingRevMessages=8, _activeIncomingRevs=2
2020-04-15 11:29:56.503 2612-2653/com.couchbase.TestServerApp I/CouchbaseLite/REPLICATOR: {N8litecore4repl6PullerE#10} activityLevel=busy: pendingResponseCount=0, _caughtUp=1, _pendingRevMessages=7, _activeIncomingRevs=3
2020-04-15 11:29:56.503 2612-2653/com.couchbase.TestServerApp V/CouchbaseLite/REPLICATOR: {N8litecore4repl11IncomingRevE#14}==> N8litecore4repl11IncomingRevE ->wss://192.168.33.11:4984/db/_blipsync @0xc9ecf040
2020-04-15 11:29:56.504 2612-2653/com.couchbase.TestServerApp V/CouchbaseLite/REPLICATOR: {N8litecore4repl11IncomingRevE#14} Received revision 'sg_doc_2' #1-62df93edb6edc784750382b2014dc6c6 (seq '4')
2020-04-15 11:29:56.504 2612-2654/com.couchbase.TestServerApp V/CouchbaseLite/NETWORK: {N8litecore4blip6BLIPIOE#9} Received frame: REQ #6 --NC, length 105
2020-04-15 11:29:56.504 2612-2654/com.couchbase.TestServerApp V/CouchbaseLite/NETWORK: {N8litecore4blip10ConnectionE#6} Receiving 'rev' REQ #6 NZ
2020-04-15 11:29:56.504 2612-2654/com.couchbase.TestServerApp V/CouchbaseLite/NETWORK: {N8litecore4blip10ConnectionE#6} Finished receiving 'rev' REQ #6 NZ
2020-04-15 11:29:56.505 2612-2654/com.couchbase.TestServerApp D/CouchbaseLite/NETWORK: C4Socket.completedReceive @3814049448: com.couchbase.lite.internal.replicator.CBLWebSocket@68e2c1a
2020-04-15 11:29:56.505 2612-2653/com.couchbase.TestServerApp I/CouchbaseLite/REPLICATOR: {N8litecore4repl6PullerE#10} activityLevel=busy: pendingResponseCount=0, _caughtUp=1, _pendingRevMessages=7, _activeIncomingRevs=3
2020-04-15 11:29:56.505 2612-2653/com.couchbase.TestServerApp I/CouchbaseLite/REPLICATOR: {N8litecore4repl6PullerE#10} activityLevel=busy: pendingResponseCount=0, _caughtUp=1, _pendingRevMessages=6, _activeIncomingRevs=4
2020-04-15 11:29:56.505 2612-2654/com.couchbase.TestServerApp V/CouchbaseLite/NETWORK: {N8litecore4blip6BLIPIOE#9} Received frame: REQ #7 --NC, length 112
2020-04-15 11:29:56.505 2612-2654/com.couchbase.TestServerApp V/CouchbaseLite/NETWORK: {N8litecore4blip10ConnectionE#6} Receiving 'rev' REQ #7 NZ
2020-04-15 11:29:56.506 2612-2654/com.couchbase.TestServerApp V/CouchbaseLite/NETWORK: {N8litecore4blip10ConnectionE#6} Finished receiving 'rev' REQ #7 NZ
2020-04-15 11:29:56.506 2612-2654/com.couchbase.TestServerApp D/CouchbaseLite/NETWORK: C4Socket.completedReceive @3814049448: com.couchbase.lite.internal.replicator.CBLWebSocket@68e2c1a
2020-04-15 11:29:56.506 2612-2653/com.couchbase.TestServerApp V/CouchbaseLite/REPLICATOR: {N8litecore4repl11IncomingRevE#15}==> N8litecore4repl11IncomingRevE ->wss://192.168.33.11:4984/db/_blipsync @0xc9ecf180
2020-04-15 11:29:56.507 2612-2653/com.couchbase.TestServerApp V/CouchbaseLite/REPLICATOR: {N8litecore4repl11IncomingRevE#15} Received revision 'sg_doc_3' #1-0742168feee363d7e8cff0f56f4e99a9 (seq '5')
2020-04-15 11:29:56.507 2612-2654/com.couchbase.TestServerApp V/CouchbaseLite/NETWORK: {N8litecore4blip6BLIPIOE#9} Received frame: REQ #8 --NC, length 108
2020-04-15 11:29:56.507 2612-2654/com.couchbase.TestServerApp V/CouchbaseLite/NETWORK: {N8litecore4blip10ConnectionE#6} Receiving 'rev' REQ #8 NZ
2020-04-15 11:29:56.508 2612-2654/com.couchbase.TestServerApp V/CouchbaseLite/NETWORK: {N8litecore4blip10ConnectionE#6} Finished receiving 'rev' REQ #8 NZ
2020-04-15 11:29:56.508 2612-2654/com.couchbase.TestServerApp D/CouchbaseLite/NETWORK: C4Socket.completedReceive @3814049448: com.couchbase.lite.internal.replicator.CBLWebSocket@68e2c1a
2020-04-15 11:29:56.508 2612-2653/com.couchbase.TestServerApp I/CouchbaseLite/REPLICATOR: {N8litecore4repl6PullerE#10} activityLevel=busy: pendingResponseCount=0, _caughtUp=1, _pendingRevMessages=5, _activeIncomingRevs=5
2020-04-15 11:29:56.508 2612-2653/com.couchbase.TestServerApp V/CouchbaseLite/REPLICATOR: {N8litecore4repl11IncomingRevE#16}==> N8litecore4repl11IncomingRevE ->wss://192.168.33.11:4984/db/_blipsync @0xc9ecf2c0
2020-04-15 11:29:56.508 2612-2653/com.couchbase.TestServerApp V/CouchbaseLite/REPLICATOR: {N8litecore4repl11IncomingRevE#16} Received revision 'sg_doc_4' #1-9c7b9e106e014729a54794582482a252 (seq '6')
2020-04-15 11:29:56.509 2612-2654/com.couchbase.TestServerApp V/CouchbaseLite/NETWORK: {N8litecore4blip6BLIPIOE#9} Received frame: REQ #9 --NC, length 106
2020-04-15 11:29:56.509 2612-2654/com.couchbase.TestServerApp V/CouchbaseLite/NETWORK: {N8litecore4blip10ConnectionE#6} Receiving 'rev' REQ #9 NZ
2020-04-15 11:29:56.509 2612-2654/com.couchbase.TestServerApp V/CouchbaseLite/NETWORK: {N8litecore4blip10ConnectionE#6} Finished receiving 'rev' REQ #9 NZ
2020-04-15 11:29:56.509 2612-2654/com.couchbase.TestServerApp D/CouchbaseLite/NETWORK: C4Socket.completedReceive @3814049448: com.couchbase.lite.internal.replicator.CBLWebSocket@68e2c1a
2020-04-15 11:29:56.510 2612-2653/com.couchbase.TestServerApp I/CouchbaseLite/REPLICATOR: {N8litecore4repl6PullerE#10} activityLevel=busy: pendingResponseCount=0, _caughtUp=1, _pendingRevMessages=5, _activeIncomingRevs=5
2020-04-15 11:29:56.510 2612-2654/com.couchbase.TestServerApp V/CouchbaseLite/NETWORK: {N8litecore4blip6BLIPIOE#9} Received frame: REQ #10 --NC, length 103
2020-04-15 11:29:56.510 2612-2654/com.couchbase.TestServerApp V/CouchbaseLite/NETWORK: {N8litecore4blip10ConnectionE#6} Receiving 'rev' REQ #10 NZ
2020-04-15 11:29:56.511 2612-2653/com.couchbase.TestServerApp I/CouchbaseLite/REPLICATOR: {N8litecore4repl6PullerE#10} activityLevel=busy: pendingResponseCount=0, _caughtUp=1, _pendingRevMessages=4, _activeIncomingRevs=6
2020-04-15 11:29:56.511 2612-2653/com.couchbase.TestServerApp V/CouchbaseLite/REPLICATOR: {N8litecore4repl11IncomingRevE#17}==> N8litecore4repl11IncomingRevE ->wss://192.168.33.11:4984/db/_blipsync @0xc9ecf400
2020-04-15 11:29:56.511 2612-2653/com.couchbase.TestServerApp V/CouchbaseLite/REPLICATOR: {N8litecore4repl11IncomingRevE#17} Received revision 'sg_doc_5' #1-e8b576cd5524308a707401088d50c50e (seq '7')
2020-04-15 11:29:56.511 2612-2654/com.couchbase.TestServerApp V/CouchbaseLite/NETWORK: {N8litecore4blip10ConnectionE#6} Finished receiving 'rev' REQ #10 NZ
2020-04-15 11:29:56.512 2612-2654/com.couchbase.TestServerApp D/CouchbaseLite/NETWORK: C4Socket.completedReceive @3814049448: com.couchbase.lite.internal.replicator.CBLWebSocket@68e2c1a
2020-04-15 11:29:56.512 2612-2653/com.couchbase.TestServerApp I/CouchbaseLite/REPLICATOR: {N8litecore4repl6PullerE#10} activityLevel=busy: pendingResponseCount=0, _caughtUp=1, _pendingRevMessages=4, _activeIncomingRevs=6
2020-04-15 11:29:56.512 2612-2654/com.couchbase.TestServerApp V/CouchbaseLite/NETWORK: {N8litecore4blip6BLIPIOE#9} Received frame: REQ #11 --NC, length 113
2020-04-15 11:29:56.513 2612-2653/com.couchbase.TestServerApp I/CouchbaseLite/REPLICATOR: {N8litecore4repl6PullerE#10} activityLevel=busy: pendingResponseCount=0, _caughtUp=1, _pendingRevMessages=3, _activeIncomingRevs=7
2020-04-15 11:29:56.513 2612-2653/com.couchbase.TestServerApp V/CouchbaseLite/REPLICATOR: {N8litecore4repl11IncomingRevE#18}==> N8litecore4repl11IncomingRevE ->wss://192.168.33.11:4984/db/_blipsync @0xc9ecf540
2020-04-15 11:29:56.513 2612-2653/com.couchbase.TestServerApp V/CouchbaseLite/REPLICATOR: {N8litecore4repl11IncomingRevE#18} Received revision 'sg_doc_6' #1-37391397caa1610666198392f029463d (seq '8')
2020-04-15 11:29:56.513 2612-2654/com.couchbase.TestServerApp V/CouchbaseLite/NETWORK: {N8litecore4blip10ConnectionE#6} Receiving 'rev' REQ #11 NZ
2020-04-15 11:29:56.513 2612-2654/com.couchbase.TestServerApp V/CouchbaseLite/NETWORK: {N8litecore4blip10ConnectionE#6} Finished receiving 'rev' REQ #11 NZ
2020-04-15 11:29:56.513 2612-2654/com.couchbase.TestServerApp D/CouchbaseLite/NETWORK: C4Socket.completedReceive @3814049448: com.couchbase.lite.internal.replicator.CBLWebSocket@68e2c1a
2020-04-15 11:29:56.514 2612-2653/com.couchbase.TestServerApp I/CouchbaseLite/REPLICATOR: {N8litecore4repl6PullerE#10} activityLevel=busy: pendingResponseCount=0, _caughtUp=1, _pendingRevMessages=3, _activeIncomingRevs=7
2020-04-15 11:29:56.514 2612-2654/com.couchbase.TestServerApp V/CouchbaseLite/NETWORK: {N8litecore4blip6BLIPIOE#9} Received frame: REQ #12 --NC, length 105
2020-04-15 11:29:56.514 2612-2653/com.couchbase.TestServerApp I/CouchbaseLite/REPLICATOR: {N8litecore4repl6PullerE#10} activityLevel=busy: pendingResponseCount=0, _caughtUp=1, _pendingRevMessages=2, _activeIncomingRevs=8
2020-04-15 11:29:56.515 2612-2653/com.couchbase.TestServerApp V/CouchbaseLite/REPLICATOR: {N8litecore4repl11IncomingRevE#19}==> N8litecore4repl11IncomingRevE ->wss://192.168.33.11:4984/db/_blipsync @0xc9ecf680
2020-04-15 11:29:56.515 2612-2653/com.couchbase.TestServerApp V/CouchbaseLite/REPLICATOR: {N8litecore4repl11IncomingRevE#19} Received revision 'sg_doc_7' #1-dd71116910c0a257ed72f438b327eb9c (seq '9')
2020-04-15 11:29:56.515 2612-2654/com.couchbase.TestServerApp V/CouchbaseLite/NETWORK: {N8litecore4blip10ConnectionE#6} Receiving 'rev' REQ #12 NZ
2020-04-15 11:29:56.515 2612-2654/com.couchbase.TestServerApp V/CouchbaseLite/NETWORK: {N8litecore4blip10ConnectionE#6} Finished receiving 'rev' REQ #12 NZ
2020-04-15 11:29:56.515 2612-2654/com.couchbase.TestServerApp D/CouchbaseLite/NETWORK: C4Socket.completedReceive @3814049448: com.couchbase.lite.internal.replicator.CBLWebSocket@68e2c1a
2020-04-15 11:29:56.515 2612-2653/com.couchbase.TestServerApp I/CouchbaseLite/REPLICATOR: {N8litecore4repl6PullerE#10} activityLevel=busy: pendingResponseCount=0, _caughtUp=1, _pendingRevMessages=2, _activeIncomingRevs=8
2020-04-15 11:29:56.516 2612-2653/com.couchbase.TestServerApp I/CouchbaseLite/REPLICATOR: {N8litecore4repl6PullerE#10} activityLevel=busy: pendingResponseCount=0, _caughtUp=1, _pendingRevMessages=1, _activeIncomingRevs=9
2020-04-15 11:29:56.516 2612-2653/com.couchbase.TestServerApp I/CouchbaseLite/REPLICATOR: {N8litecore4repl6PullerE#10} activityLevel=busy: pendingResponseCount=0, _caughtUp=1, _pendingRevMessages=1, _activeIncomingRevs=9
2020-04-15 11:29:56.516 2612-2653/com.couchbase.TestServerApp I/CouchbaseLite/REPLICATOR: {N8litecore4repl6PullerE#10} activityLevel=busy: pendingResponseCount=0, _caughtUp=1, _pendingRevMessages=0, _activeIncomingRevs=10
2020-04-15 11:29:56.516 2612-2653/com.couchbase.TestServerApp V/CouchbaseLite/REPLICATOR: {N8litecore4repl11IncomingRevE#20}==> N8litecore4repl11IncomingRevE ->wss://192.168.33.11:4984/db/_blipsync @0xdca60b80
2020-04-15 11:29:56.516 2612-2653/com.couchbase.TestServerApp V/CouchbaseLite/REPLICATOR: {N8litecore4repl11IncomingRevE#20} Received revision 'sg_doc_9' #1-e48586f8c8d7530d14f6ff77acc69dca (seq '11')
2020-04-15 11:29:56.516 2612-2654/com.couchbase.TestServerApp V/CouchbaseLite/REPLICATOR: {N8litecore4repl11IncomingRevE#21}==> N8litecore4repl11IncomingRevE ->wss://192.168.33.11:4984/db/_blipsync @0xc9ecf7c0
2020-04-15 11:29:56.517 2612-2654/com.couchbase.TestServerApp V/CouchbaseLite/REPLICATOR: {N8litecore4repl11IncomingRevE#21} Received revision 'sg_doc_8' #1-38e9bcb5c27e823f62e1f5feba2106e8 (seq '10')
2020-04-15 11:29:56.517 2612-2653/com.couchbase.TestServerApp I/CouchbaseLite/REPLICATOR: {N8litecore4repl6PullerE#10} activityLevel=busy: pendingResponseCount=0, _caughtUp=1, _pendingRevMessages=0, _activeIncomingRevs=10
2020-04-15 11:29:56.517 2612-2653/com.couchbase.TestServerApp I/CouchbaseLite/REPLICATOR: {N8litecore4repl6PullerE#10} activityLevel=busy: pendingResponseCount=0, _caughtUp=1, _pendingRevMessages=0, _activeIncomingRevs=10
2020-04-15 11:29:56.520 2612-2654/com.couchbase.TestServerApp V/CouchbaseLite/REPLICATOR: {N8litecore4repl8InserterE#22}==> N8litecore4repl8InserterE ->wss://192.168.33.11:4984/db/_blipsync @0xc9ed1e80
2020-04-15 11:29:56.520 2612-2654/com.couchbase.TestServerApp V/CouchbaseLite/REPLICATOR: {N8litecore4repl8InserterE#22} Inserting 10 revs:
2020-04-15 11:29:56.520 2612-2654/com.couchbase.TestServerApp D/CouchbaseLite/DATABASE: {N8litecore8DataFile6SharedE#1} adding DataFile 0xda12cca0
2020-04-15 11:29:56.520 2612-2654/com.couchbase.TestServerApp I/CouchbaseLite/DATABASE: {DB#23}==> N8litecore14SQLiteDataFileE /data/user/0/com.couchbase.TestServerApp/files/cbl-test1586976878.764931.cblite2/db.sqlite3 @0xda12cca0
2020-04-15 11:29:56.520 2612-2654/com.couchbase.TestServerApp I/CouchbaseLite/DATABASE: {DB#23} Opening database
2020-04-15 11:29:56.521 2612-2654/com.couchbase.TestServerApp V/CouchbaseLite/DATABASE: {DB#23} begin transaction
2020-04-15 11:29:56.521 2612-2654/com.couchbase.TestServerApp V/CouchbaseLite/DATABASE: {DB#23} Saved 'sg_doc_0' rev #1-de3b2a24992942b16c00d73b1f575aa7 as seq 6
2020-04-15 11:29:56.521 2612-2654/com.couchbase.TestServerApp V/CouchbaseLite/REPLICATOR: {N8litecore4repl8InserterE#22} {'sg_doc_0' #1-de3b2a24992942b16c00d73b1f575aa7 <- } seq 6
2020-04-15 11:29:56.521 2612-2653/com.couchbase.TestServerApp I/CouchbaseLite/REPLICATOR: {N8litecore4repl6PullerE#10} activityLevel=busy: pendingResponseCount=0, _caughtUp=1, _pendingRevMessages=0, _activeIncomingRevs=9
2020-04-15 11:29:56.522 2612-2654/com.couchbase.TestServerApp V/CouchbaseLite/DATABASE: {DB#23} Saved 'sg_doc_1' rev #1-14f03c34e417de7991262843e2a3ea0e as seq 7
2020-04-15 11:29:56.522 2612-2654/com.couchbase.TestServerApp V/CouchbaseLite/REPLICATOR: {N8litecore4repl8InserterE#22} {'sg_doc_1' #1-14f03c34e417de7991262843e2a3ea0e <- } seq 7
2020-04-15 11:29:56.522 2612-2653/com.couchbase.TestServerApp I/CouchbaseLite/REPLICATOR: {N8litecore4repl6PullerE#10} activityLevel=busy: pendingResponseCount=0, _caughtUp=1, _pendingRevMessages=0, _activeIncomingRevs=8
2020-04-15 11:29:56.523 2612-2654/com.couchbase.TestServerApp V/CouchbaseLite/DATABASE: {DB#23} Saved 'sg_doc_2' rev #1-62df93edb6edc784750382b2014dc6c6 as seq 8
2020-04-15 11:29:56.523 2612-2654/com.couchbase.TestServerApp V/CouchbaseLite/REPLICATOR: {N8litecore4repl8InserterE#22} {'sg_doc_2' #1-62df93edb6edc784750382b2014dc6c6 <- } seq 8
2020-04-15 11:29:56.523 2612-2653/com.couchbase.TestServerApp I/CouchbaseLite/REPLICATOR: {N8litecore4repl6PullerE#10} activityLevel=busy: pendingResponseCount=0, _caughtUp=1, _pendingRevMessages=0, _activeIncomingRevs=7
2020-04-15 11:29:56.524 2612-2654/com.couchbase.TestServerApp V/CouchbaseLite/DATABASE: {DB#23} Saved 'sg_doc_3' rev #1-0742168feee363d7e8cff0f56f4e99a9 as seq 9
2020-04-15 11:29:56.524 2612-2654/com.couchbase.TestServerApp V/CouchbaseLite/REPLICATOR: {N8litecore4repl8InserterE#22} {'sg_doc_3' #1-0742168feee363d7e8cff0f56f4e99a9 <- } seq 9
2020-04-15 11:29:56.524 2612-2653/com.couchbase.TestServerApp I/CouchbaseLite/REPLICATOR: {N8litecore4repl6PullerE#10} activityLevel=busy: pendingResponseCount=0, _caughtUp=1, _pendingRevMessages=0, _activeIncomingRevs=6
2020-04-15 11:29:56.525 2612-2654/com.couchbase.TestServerApp V/CouchbaseLite/DATABASE: {DB#23} Saved 'sg_doc_4' rev #1-9c7b9e106e014729a54794582482a252 as seq 10
2020-04-15 11:29:56.525 2612-2654/com.couchbase.TestServerApp V/CouchbaseLite/REPLICATOR: {N8litecore4repl8InserterE#22} {'sg_doc_4' #1-9c7b9e106e014729a54794582482a252 <- } seq 10
2020-04-15 11:29:56.525 2612-2653/com.couchbase.TestServerApp I/CouchbaseLite/REPLICATOR: {N8litecore4repl6PullerE#10} activityLevel=busy: pendingResponseCount=0, _caughtUp=1, _pendingRevMessages=0, _activeIncomingRevs=5
2020-04-15 11:29:56.525 2612-2654/com.couchbase.TestServerApp V/CouchbaseLite/DATABASE: {DB#23} Saved 'sg_doc_5' rev #1-e8b576cd5524308a707401088d50c50e as seq 11
2020-04-15 11:29:56.525 2612-2654/com.couchbase.TestServerApp V/CouchbaseLite/REPLICATOR: {N8litecore4repl8InserterE#22} {'sg_doc_5' #1-e8b576cd5524308a707401088d50c50e <- } seq 11
2020-04-15 11:29:56.526 2612-2654/com.couchbase.TestServerApp V/CouchbaseLite/DATABASE: {DB#23} Saved 'sg_doc_6' rev #1-37391397caa1610666198392f029463d as seq 12
2020-04-15 11:29:56.526 2612-2654/com.couchbase.TestServerApp V/CouchbaseLite/REPLICATOR: {N8litecore4repl8InserterE#22} {'sg_doc_6' #1-37391397caa1610666198392f029463d <- } seq 12
2020-04-15 11:29:56.527 2612-2653/com.couchbase.TestServerApp I/CouchbaseLite/REPLICATOR: {N8litecore4repl6PullerE#10} activityLevel=busy: pendingResponseCount=0, _caughtUp=1, _pendingRevMessages=0, _activeIncomingRevs=4
2020-04-15 11:29:56.527 2612-2653/com.couchbase.TestServerApp I/CouchbaseLite/REPLICATOR: {N8litecore4repl6PullerE#10} activityLevel=busy: pendingResponseCount=0, _caughtUp=1, _pendingRevMessages=0, _activeIncomingRevs=3
2020-04-15 11:29:56.527 2612-2654/com.couchbase.TestServerApp V/CouchbaseLite/DATABASE: {DB#23} Saved 'sg_doc_7' rev #1-dd71116910c0a257ed72f438b327eb9c as seq 13
2020-04-15 11:29:56.528 2612-2654/com.couchbase.TestServerApp V/CouchbaseLite/REPLICATOR: {N8litecore4repl8InserterE#22} {'sg_doc_7' #1-dd71116910c0a257ed72f438b327eb9c <- } seq 13
2020-04-15 11:29:56.528 2612-2654/com.couchbase.TestServerApp V/CouchbaseLite/DATABASE: {DB#23} Saved 'sg_doc_9' rev #1-e48586f8c8d7530d14f6ff77acc69dca as seq 14
2020-04-15 11:29:56.528 2612-2654/com.couchbase.TestServerApp V/CouchbaseLite/REPLICATOR: {N8litecore4repl8InserterE#22} {'sg_doc_9' #1-e48586f8c8d7530d14f6ff77acc69dca <- } seq 14
2020-04-15 11:29:56.528 2612-2653/com.couchbase.TestServerApp I/CouchbaseLite/REPLICATOR: {N8litecore4repl6PullerE#10} activityLevel=busy: pendingResponseCount=0, _caughtUp=1, _pendingRevMessages=0, _activeIncomingRevs=2
2020-04-15 11:29:56.528 2612-2653/com.couchbase.TestServerApp I/CouchbaseLite/REPLICATOR: {N8litecore4repl6PullerE#10} activityLevel=busy: pendingResponseCount=0, _caughtUp=1, _pendingRevMessages=0, _activeIncomingRevs=1
2020-04-15 11:29:56.529 2612-2654/com.couchbase.TestServerApp V/CouchbaseLite/DATABASE: {DB#23} Saved 'sg_doc_8' rev #1-38e9bcb5c27e823f62e1f5feba2106e8 as seq 15
2020-04-15 11:29:56.529 2612-2654/com.couchbase.TestServerApp V/CouchbaseLite/REPLICATOR: {N8litecore4repl8InserterE#22} {'sg_doc_8' #1-38e9bcb5c27e823f62e1f5feba2106e8 <- } seq 15
2020-04-15 11:29:56.530 2612-2654/com.couchbase.TestServerApp V/CouchbaseLite/DATABASE: {DB#23} commit transaction
2020-04-15 11:29:56.530 2612-2653/com.couchbase.TestServerApp I/CouchbaseLite/REPLICATOR: {N8litecore4repl6PullerE#10} activityLevel=busy: pendingResponseCount=0, _caughtUp=1, _pendingRevMessages=0, _activeIncomingRevs=0
2020-04-15 11:29:56.530 2612-2653/com.couchbase.TestServerApp V/CouchbaseLite/REPLICATOR: {N8litecore4repl6PullerE#10} Checkpoint now at 2
2020-04-15 11:29:56.530 2612-2653/com.couchbase.TestServerApp V/CouchbaseLite/REPLICATOR: {N8litecore4repl6PullerE#10} progress +1/+0, 1 docs -- now 1 / 10, 1 docs
2020-04-15 11:29:56.530 2612-2653/com.couchbase.TestServerApp I/CouchbaseLite/REPLICATOR: {N8litecore4repl6PullerE#10} activityLevel=busy: pendingResponseCount=0, _caughtUp=1, _pendingRevMessages=0, _activeIncomingRevs=0
2020-04-15 11:29:56.531 2612-2653/com.couchbase.TestServerApp I/CouchbaseLite/REPLICATOR: {Repl#7} pushStatus=stopped, pullStatus=busy, progress=1/10
2020-04-15 11:29:56.531 2612-2653/com.couchbase.TestServerApp V/CouchbaseLite/REPLICATOR: {Repl#7} progress +1/+0, 1 docs -- now 1 / 10, 1 docs
2020-04-15 11:29:56.531 2612-2653/com.couchbase.TestServerApp I/CouchbaseLite/REPLICATOR: {Repl#7} activityLevel=busy: connectionState=2
2020-04-15 11:29:56.531 2612-2653/com.couchbase.TestServerApp I/CouchbaseLite/REPLICATOR: {N8litecore4repl6PullerE#10} activityLevel=busy: pendingResponseCount=0, _caughtUp=1, _pendingRevMessages=0, _activeIncomingRevs=0
2020-04-15 11:29:56.531 2612-2653/com.couchbase.TestServerApp V/CouchbaseLite/REPLICATOR: {N8litecore4repl6PullerE#10} Checkpoint now at 11
2020-04-15 11:29:56.531 2612-2653/com.couchbase.TestServerApp V/CouchbaseLite/REPLICATOR: {N8litecore4repl6PullerE#10} progress +9/+0, 9 docs -- now 10 / 10, 10 docs
2020-04-15 11:29:56.531 2612-2653/com.couchbase.TestServerApp I/CouchbaseLite/REPLICATOR: {N8litecore4repl6PullerE#10} activityLevel=busy: pendingResponseCount=0, _caughtUp=1, _pendingRevMessages=0, _activeIncomingRevs=0
2020-04-15 11:29:56.531 2612-2653/com.couchbase.TestServerApp I/CouchbaseLite/REPLICATOR: {Repl#7} pushStatus=stopped, pullStatus=busy, progress=10/10
2020-04-15 11:29:56.531 2612-2653/com.couchbase.TestServerApp V/CouchbaseLite/REPLICATOR: {Repl#7} progress +9/+0, 9 docs -- now 10 / 10, 10 docs
2020-04-15 11:29:56.532 2612-2653/com.couchbase.TestServerApp I/CouchbaseLite/REPLICATOR: {Repl#7} activityLevel=busy: connectionState=2
2020-04-15 11:29:56.532 2612-2653/com.couchbase.TestServerApp I/CouchbaseLite/REPLICATOR: {N8litecore4repl6PullerE#10} activityLevel=busy: pendingResponseCount=0, _caughtUp=1, _pendingRevMessages=0, _activeIncomingRevs=0
2020-04-15 11:29:56.532 2612-2653/com.couchbase.TestServerApp I/CouchbaseLite/REPLICATOR: {N8litecore4repl6PullerE#10} activityLevel=busy: pendingResponseCount=0, _caughtUp=1, _pendingRevMessages=0, _activeIncomingRevs=0
2020-04-15 11:29:56.532 2612-2653/com.couchbase.TestServerApp I/CouchbaseLite/REPLICATOR: {N8litecore4repl6PullerE#10} activityLevel=busy: pendingResponseCount=0, _caughtUp=1, _pendingRevMessages=0, _activeIncomingRevs=0
2020-04-15 11:29:56.532 2612-2653/com.couchbase.TestServerApp I/CouchbaseLite/REPLICATOR: {N8litecore4repl6PullerE#10} activityLevel=busy: pendingResponseCount=0, _caughtUp=1, _pendingRevMessages=0, _activeIncomingRevs=0
2020-04-15 11:29:56.532 2612-2653/com.couchbase.TestServerApp I/CouchbaseLite/REPLICATOR: {N8litecore4repl6PullerE#10} activityLevel=busy: pendingResponseCount=0, _caughtUp=1, _pendingRevMessages=0, _activeIncomingRevs=0
2020-04-15 11:29:56.532 2612-2653/com.couchbase.TestServerApp I/CouchbaseLite/REPLICATOR: {N8litecore4repl6PullerE#10} activityLevel=busy: pendingResponseCount=0, _caughtUp=1, _pendingRevMessages=0, _activeIncomingRevs=0
2020-04-15 11:29:56.532 2612-2653/com.couchbase.TestServerApp I/CouchbaseLite/REPLICATOR: {N8litecore4repl6PullerE#10} activityLevel=busy: pendingResponseCount=0, _caughtUp=1, _pendingRevMessages=0, _activeIncomingRevs=0
2020-04-15 11:29:56.532 2612-2653/com.couchbase.TestServerApp I/CouchbaseLite/REPLICATOR: {N8litecore4repl6PullerE#10} activityLevel=busy: pendingResponseCount=0, _caughtUp=1, _pendingRevMessages=0, _activeIncomingRevs=0
2020-04-15 11:29:56.533 2612-2653/com.couchbase.TestServerApp I/CouchbaseLite/REPLICATOR: {N8litecore4repl6PullerE#10} activityLevel=stopped: pendingResponseCount=0, _caughtUp=1, _pendingRevMessages=0, _activeIncomingRevs=0
2020-04-15 11:29:56.533 2612-2653/com.couchbase.TestServerApp V/CouchbaseLite/REPLICATOR: {N8litecore4repl6PullerE#10} now stopped
2020-04-15 11:29:56.533 2612-2653/com.couchbase.TestServerApp I/CouchbaseLite/REPLICATOR: {Repl#7} pushStatus=stopped, pullStatus=stopped, progress=10/10
2020-04-15 11:29:56.533 2612-2653/com.couchbase.TestServerApp I/CouchbaseLite/REPLICATOR: {Repl#7} activityLevel=busy: connectionState=2
2020-04-15 11:29:56.533 2612-2653/com.couchbase.TestServerApp V/CouchbaseLite/REPLICATOR: {Repl#7} Saving remote checkpoint 'cp-Vug9TVFgM86C1lD4quGKDIXu9O0=' with rev='': {"time":1586975396,"remote":11} ...
2020-04-15 11:29:56.533 2612-2653/com.couchbase.TestServerApp I/CouchbaseLite/REPLICATOR: {Repl#7} activityLevel=busy: connectionState=2
2020-04-15 11:29:56.533 2612-2653/com.couchbase.TestServerApp V/CouchbaseLite/NETWORK: {N8litecore4blip6BLIPIOE#9} Sending 'setCheckpoint' REQ #3
2020-04-15 11:29:56.533 2612-2653/com.couchbase.TestServerApp V/CouchbaseLite/NETWORK: {N8litecore4blip6BLIPIOE#9} Sending frame: REQ #3 ----, bytes 0--101
2020-04-15 11:29:56.533 2612-2653/com.couchbase.TestServerApp V/CouchbaseLite/NETWORK: {N8litecore4repl12C4SocketImplE#8} Sending 104-byte message
2020-04-15 11:29:56.534 2612-2654/com.couchbase.TestServerApp I/CouchbaseLite/REPLICATOR: {N8litecore4repl8InserterE#22} Inserted 10 revs in 10.15ms ( 985/sec) of which 98.7% was commit
2020-04-15 11:29:56.535 2612-2653/com.couchbase.TestServerApp D/CouchbaseLite/NETWORK: C4Socket.write @3814049448: com.couchbase.lite.internal.replicator.CBLWebSocket@68e2c1a
2020-04-15 11:29:56.535 2612-2654/com.couchbase.TestServerApp V/CouchbaseLite/REPLICATOR: {N8litecore4repl8InserterE#22} now idle
2020-04-15 11:29:56.536 2612-2653/com.couchbase.TestServerApp D/CouchbaseLite/NETWORK: C4Socket.completedWrite @3814049448: 104
2020-04-15 11:29:56.536 2612-2654/com.couchbase.TestServerApp I/CouchbaseLite/REPLICATOR: {Repl#7} activityLevel=busy: connectionState=2
2020-04-15 11:29:56.537 2612-2654/com.couchbase.TestServerApp I/CouchbaseLite/REPLICATOR: {Repl#7} pushStatus=stopped, pullStatus=stopped, progress=10/10
2020-04-15 11:29:56.537 2612-2657/com.couchbase.TestServerApp V/CouchbaseLite/NETWORK: WebSocketListener received data of 15 bytes
2020-04-15 11:29:56.538 2612-2654/com.couchbase.TestServerApp I/CouchbaseLite/REPLICATOR: {Repl#7} activityLevel=busy: connectionState=2
2020-04-15 11:29:56.538 2612-2657/com.couchbase.TestServerApp D/CouchbaseLite/NETWORK: C4Socket.received @3814049448: 15
2020-04-15 11:29:56.538 2612-2653/com.couchbase.TestServerApp V/CouchbaseLite/NETWORK: {N8litecore4blip6BLIPIOE#9} Finished sending REQ #3
2020-04-15 11:29:56.538 2612-2653/com.couchbase.TestServerApp V/CouchbaseLite/NETWORK: {N8litecore4blip6BLIPIOE#9} ...Wrote 104 bytes to WebSocket (writeable=1)
2020-04-15 11:29:56.538 2612-2657/com.couchbase.TestServerApp V/CouchbaseLite/NETWORK: {N8litecore4repl12C4SocketImplE#8} Received 15-byte message
2020-04-15 11:29:56.539 2612-2654/com.couchbase.TestServerApp V/CouchbaseLite/NETWORK: {N8litecore4blip6BLIPIOE#9} Received frame: RES #3 ----, length 13
2020-04-15 11:29:56.539 2612-2654/com.couchbase.TestServerApp V/CouchbaseLite/NETWORK: {N8litecore4blip10ConnectionE#6} Receiving RES #3
2020-04-15 11:29:56.540 2612-2654/com.couchbase.TestServerApp V/CouchbaseLite/NETWORK: {N8litecore4blip10ConnectionE#6} Finished receiving RES #3
2020-04-15 11:29:56.540 2612-2654/com.couchbase.TestServerApp D/CouchbaseLite/NETWORK: C4Socket.completedReceive @3814049448: com.couchbase.lite.internal.replicator.CBLWebSocket@68e2c1a
2020-04-15 11:29:56.540 2612-2653/com.couchbase.TestServerApp I/CouchbaseLite/REPLICATOR: {Repl#7} Saved remote checkpoint 'cp-Vug9TVFgM86C1lD4quGKDIXu9O0=' as rev='0-1'
2020-04-15 11:29:56.540 2612-2653/com.couchbase.TestServerApp V/CouchbaseLite/DATABASE: {DB#5} begin transaction
2020-04-15 11:29:56.541 2612-2653/com.couchbase.TestServerApp V/CouchbaseLite/DATABASE: {DB#5} KeyStore(checkpoints) set cp-Vug9TVFgM86C1lD4quGKDIXu9O0=
2020-04-15 11:29:56.541 2612-2653/com.couchbase.TestServerApp V/CouchbaseLite/DATABASE: {DB#5} commit transaction
2020-04-15 11:29:56.541 2612-2653/com.couchbase.TestServerApp I/CouchbaseLite/REPLICATOR: {Repl#7} Saved local checkpoint to db
2020-04-15 11:29:56.541 2612-2653/com.couchbase.TestServerApp I/CouchbaseLite/REPLICATOR: {Repl#7} activityLevel=busy: connectionState=2
2020-04-15 11:29:56.649 2612-2654/com.couchbase.TestServerApp D/CouchbaseLite/REPLICATOR: statusChangedCallback() handle: 3658662400, status: C4ReplicatorStatus{level=4, completed=10, total=10, #docs=10, domain=0, code=0, info=0}
2020-04-15 11:29:56.650 2612-2654/com.couchbase.TestServerApp I/CouchbaseLite/REPLICATOR: C4ReplicatorListener.statusChanged, context: Replicator{@d1dc255,<-,Database{@9d2c4e3, name='cbl-test1586976878.764931'},URLEndpoint{url=wss://192.168.33.11:4984/db}], status: C4ReplicatorStatus{level=4, completed=10, total=10, #docs=10, domain=0, code=0, info=0}
2020-04-15 11:29:56.650 2612-2654/com.couchbase.TestServerApp I/CouchbaseLite/REPLICATOR: {Repl#7} Replication complete! Closing connection
2020-04-15 11:29:56.650 2612-2655/com.couchbase.TestServerApp I/CouchbaseLite/REPLICATOR: Replicator{@d1dc255,<-,Database{@9d2c4e3, name='cbl-test1586976878.764931'},URLEndpoint{url=wss://192.168.33.11:4984/db}]: status changed: (0, 0) @C4ReplicatorStatus{level=4, completed=10, total=10, #docs=10, domain=0, code=0, info=0}
2020-04-15 11:29:56.650 2612-2654/com.couchbase.TestServerApp I/CouchbaseLite/REPLICATOR: {Repl#7} Told to stop!
2020-04-15 11:29:56.651 2612-2654/com.couchbase.TestServerApp I/CouchbaseLite/NETWORK: {N8litecore4blip10ConnectionE#6} Closing with code 1000, msg ''
2020-04-15 11:29:56.652 2612-2654/com.couchbase.TestServerApp I/CouchbaseLite/REPLICATOR: {Repl#7} activityLevel=busy: connectionState=3
2020-04-15 11:29:56.652 2612-2655/com.couchbase.TestServerApp I/CouchbaseLite/REPLICATOR: Replicator{@d1dc255,<-,Database{@9d2c4e3, name='cbl-test1586976878.764931'},URLEndpoint{url=wss://192.168.33.11:4984/db}] is busy, progress 10/10, error: null
2020-04-15 11:29:56.652 2612-2653/com.couchbase.TestServerApp I/CouchbaseLite/NETWORK: {N8litecore4repl12C4SocketImplE#8} Requesting close with status=1000, message=''
2020-04-15 11:29:56.652 2612-2653/com.couchbase.TestServerApp D/CouchbaseLite/NETWORK: C4Socket.requestClose @3814049448: com.couchbase.lite.internal.replicator.CBLWebSocket@68e2c1a
2020-04-15 11:29:56.654 2612-2657/com.couchbase.TestServerApp V/CouchbaseLite/NETWORK: WebSocketListener is closing with code 1000, reason
2020-04-15 11:29:56.654 2612-2657/com.couchbase.TestServerApp D/CouchbaseLite/NETWORK: C4Socket.closeRequested @3814049448: 1000
2020-04-15 11:29:56.654 2612-2657/com.couchbase.TestServerApp D/CouchbaseLite/NETWORK: C4Socket.requestClose @3814049448: com.couchbase.lite.internal.replicator.CBLWebSocket@68e2c1a
2020-04-15 11:29:56.654 2612-2657/com.couchbase.TestServerApp W/CouchbaseLite/NETWORK: CBLWebSocket failed to initiate a graceful shutdown of this web socket.
2020-04-15 11:29:56.654 2612-2657/com.couchbase.TestServerApp V/CouchbaseLite/NETWORK: WebSocketListener closed with code 1000, reason
2020-04-15 11:29:56.654 2612-2657/com.couchbase.TestServerApp D/CouchbaseLite/NETWORK: C4Socket.closed @3814049448: 0
2020-04-15 11:29:56.654 2612-2657/com.couchbase.TestServerApp I/CouchbaseLite/NETWORK: {N8litecore4repl12C4SocketImplE#8} sent 299 bytes, rcvd 1647, in 0.206 sec (1450/sec, 7989/sec)
2020-04-15 11:29:56.655 2612-2654/com.couchbase.TestServerApp D/CouchbaseLite/NETWORK: C4Socket.dispose @3814049448: com.couchbase.lite.internal.replicator.CBLWebSocket@68e2c1a
2020-04-15 11:29:56.655 2612-2654/com.couchbase.TestServerApp D/CouchbaseLite/NETWORK: C4Socket.release @3814049448: 0
2020-04-15 11:29:56.655 2612-2654/com.couchbase.TestServerApp I/CouchbaseLite/NETWORK: {N8litecore4blip10ConnectionE#6} Closed with WebSocket status 1000:
2020-04-15 11:29:56.655 2612-2653/com.couchbase.TestServerApp I/CouchbaseLite/REPLICATOR: {Repl#7} Connection closed with WebSocket status 1000: "" (state=3)
2020-04-15 11:29:56.655 2612-2653/com.couchbase.TestServerApp I/CouchbaseLite/REPLICATOR: {Repl#7} activityLevel=stopped: connectionState=0
2020-04-15 11:29:56.656 2612-2653/com.couchbase.TestServerApp I/CouchbaseLite/REPLICATOR: {Repl#7} now stopped
2020-04-15 11:29:56.656 2612-2653/com.couchbase.TestServerApp D/CouchbaseLite/REPLICATOR: statusChangedCallback() handle: 3658662400, status: C4ReplicatorStatus{level=0, completed=10, total=10, #docs=10, domain=0, code=0, info=0}
2020-04-15 11:29:56.656 2612-2654/com.couchbase.TestServerApp I/CouchbaseLite/REPLICATOR: {N8litecore4repl6PullerE#10} activityLevel=stopped: pendingResponseCount=0, _caughtUp=1, _pendingRevMessages=0, _activeIncomingRevs=0
2020-04-15 11:29:56.657 2612-2653/com.couchbase.TestServerApp I/CouchbaseLite/REPLICATOR: C4ReplicatorListener.statusChanged, context: Replicator{@d1dc255,<-,Database{@9d2c4e3, name='cbl-test1586976878.764931'},URLEndpoint{url=wss://192.168.33.11:4984/db}], status: C4ReplicatorStatus{level=0, completed=10, total=10, #docs=10, domain=0, code=0, info=0}
2020-04-15 11:29:56.657 2612-2659/com.couchbase.TestServerApp I/CouchbaseLite/REPLICATOR: Replicator{@d1dc255,<-,Database{@9d2c4e3, name='cbl-test1586976878.764931'},URLEndpoint{url=wss://192.168.33.11:4984/db}]: status changed: (0, 0) @C4ReplicatorStatus{level=0, completed=10, total=10, #docs=10, domain=0, code=0, info=0}
2020-04-15 11:29:56.657 2612-2659/com.couchbase.TestServerApp I/CouchbaseLite/REPLICATOR: Replicator{@d1dc255,<-,Database{@9d2c4e3, name='cbl-test1586976878.764931'},URLEndpoint{url=wss://192.168.33.11:4984/db}] is stopped, progress 10/10, error: null
2020-04-15 11:29:56.658 2612-2654/com.couchbase.TestServerApp I/CouchbaseLite/REPLICATOR: BLIP sent 4 msgs (299 bytes), rcvd 12 msgs (1647 bytes) in 0.210 sec. Max outbox depth was 1, avg 1.00
2020-04-15 11:29:56.659 2612-2654/com.couchbase.TestServerApp V/CouchbaseLite/DATABASE: {DB#5} Pre-close housekeeping: 0 of 9 pages free (0%)
2020-04-15 11:29:56.659 2612-2654/com.couchbase.TestServerApp V/CouchbaseLite/DATABASE: {DB#5} Closed SQLite database
2020-04-15 11:29:56.659 2612-2654/com.couchbase.TestServerApp I/CouchbaseLite/DATABASE: {DB#5} Closing database
2020-04-15 11:29:56.659 2612-2654/com.couchbase.TestServerApp V/CouchbaseLite/DATABASE: {DB#23} Pre-close housekeeping: 0 of 9 pages free (0%)
2020-04-15 11:29:56.660 2612-2654/com.couchbase.TestServerApp V/CouchbaseLite/DATABASE: {DB#23} Closed SQLite database
2020-04-15 11:29:56.660 2612-2654/com.couchbase.TestServerApp I/CouchbaseLite/DATABASE: {DB#23} Closing database
2020-04-15 11:29:57.458 2612-2652/com.couchbase.TestServerApp I/SERVER: Request URI: /replicator_getError
2020-04-15 11:29:57.462 2612-2652/com.couchbase.TestServerApp I/SERVER: Request URI: /replicator_getActivityLevel
2020-04-15 11:29:57.464 2612-2652/com.couchbase.TestServerApp I/SERVER: Request URI: /replicator_getTotal
2020-04-15 11:29:57.468 2612-2652/com.couchbase.TestServerApp I/SERVER: Request URI: /replicator_getCompleted
2020-04-15 11:29:57.470 2612-2652/com.couchbase.TestServerApp I/SERVER: Request URI: /replicator_stop
2020-04-15 11:29:57.471 2612-2652/com.couchbase.TestServerApp I/CouchbaseLite/REPLICATOR: Replicator{@d1dc255,<-,Database{@9d2c4e3, name='cbl-test1586976878.764931'},URLEndpoint{url=wss://192.168.33.11:4984/db}]: Replicator is stopping ...
2020-04-15 11:29:57.471 2612-2652/com.couchbase.TestServerApp I/CouchbaseLite/REPLICATOR: Replicator{@d1dc255,<-,Database{@9d2c4e3, name='cbl-test1586976878.764931'},URLEndpoint{url=wss://192.168.33.11:4984/db}]: Replicator already stopped or offline.
2020-04-15 11:29:57.475 2612-2652/com.couchbase.TestServerApp I/SERVER: Request URI: /replicator_getActivityLevel
2020-04-15 11:29:57.479 2612-2652/com.couchbase.TestServerApp I/SERVER: Request URI: /replicator_getActivityLevel
2020-04-15 11:29:57.501 2612-2650/com.couchbase.TestServerApp I/SERVER: Request URI: /database_getCount
2020-04-15 11:29:57.504 2612-2650/com.couchbase.TestServerApp I/SERVER: Request URI: /database_getDocIds
2020-04-15 11:29:57.505 2612-2650/com.couchbase.TestServerApp V/CouchbaseLite/QUERY: Query encoded as {"WHAT":[["._id"]],"OFFSET":0,"LIMIT":1000}
2020-04-15 11:29:57.505 2612-2650/com.couchbase.TestServerApp I/CouchbaseLite/QUERY: {Query#24}==> N8litecore11SQLiteQueryE 0xdca053d8 @0xdca053d8
2020-04-15 11:29:57.505 2612-2650/com.couchbase.TestServerApp I/CouchbaseLite/QUERY: {Query#24} Compiling JSON query: {"WHAT":[["._id"]],"OFFSET":0,"LIMIT":1000}
2020-04-15 11:29:57.505 2612-2650/com.couchbase.TestServerApp I/CouchbaseLite/QUERY: {Query#24} Compiled as SELECT fl_result(_doc.key) FROM kv_default AS _doc WHERE (_doc.flags & 1 = 0) LIMIT MAX(0, 1000) OFFSET MAX(0, 0)
2020-04-15 11:29:57.506 2612-2650/com.couchbase.TestServerApp I/CouchbaseLite/QUERY: {QueryEnum#25}==> N8litecore21SQLiteQueryEnumeratorE 0xc9877f0c @0xc9877f0c
2020-04-15 11:29:57.506 2612-2650/com.couchbase.TestServerApp I/CouchbaseLite/QUERY: {QueryEnum#25} Created on {Query#24} with 15 rows (254 bytes) in 0.035ms
2020-04-15 11:29:57.506 2612-2650/com.couchbase.TestServerApp V/CouchbaseLite/QUERY: {QueryEnum#25} --> ["cbl_2"]
2020-04-15 11:29:57.506 2612-2650/com.couchbase.TestServerApp V/CouchbaseLite/QUERY: {QueryEnum#25} --> ["cbl_1"]
2020-04-15 11:29:57.506 2612-2650/com.couchbase.TestServerApp V/CouchbaseLite/QUERY: {QueryEnum#25} --> ["cbl_4"]
2020-04-15 11:29:57.506 2612-2650/com.couchbase.TestServerApp V/CouchbaseLite/QUERY: {QueryEnum#25} --> ["cbl_3"]
2020-04-15 11:29:57.506 2612-2650/com.couchbase.TestServerApp V/CouchbaseLite/QUERY: {QueryEnum#25} --> ["cbl_0"]
2020-04-15 11:29:57.506 2612-2650/com.couchbase.TestServerApp V/CouchbaseLite/QUERY: {QueryEnum#25} --> ["sg_doc_0"]
2020-04-15 11:29:57.506 2612-2650/com.couchbase.TestServerApp V/CouchbaseLite/QUERY: {QueryEnum#25} --> ["sg_doc_1"]
2020-04-15 11:29:57.506 2612-2650/com.couchbase.TestServerApp V/CouchbaseLite/QUERY: {QueryEnum#25} --> ["sg_doc_2"]
2020-04-15 11:29:57.506 2612-2650/com.couchbase.TestServerApp V/CouchbaseLite/QUERY: {QueryEnum#25} --> ["sg_doc_3"]
2020-04-15 11:29:57.506 2612-2650/com.couchbase.TestServerApp V/CouchbaseLite/QUERY: {QueryEnum#25} --> ["sg_doc_4"]
2020-04-15 11:29:57.506 2612-2650/com.couchbase.TestServerApp V/CouchbaseLite/QUERY: {QueryEnum#25} --> ["sg_doc_5"]
2020-04-15 11:29:57.506 2612-2650/com.couchbase.TestServerApp V/CouchbaseLite/QUERY: {QueryEnum#25} --> ["sg_doc_6"]
2020-04-15 11:29:57.506 2612-2650/com.couchbase.TestServerApp V/CouchbaseLite/QUERY: {QueryEnum#25} --> ["sg_doc_7"]
2020-04-15 11:29:57.507 2612-2650/com.couchbase.TestServerApp V/CouchbaseLite/QUERY: {QueryEnum#25} --> ["sg_doc_9"]
2020-04-15 11:29:57.507 2612-2650/com.couchbase.TestServerApp V/CouchbaseLite/QUERY: {QueryEnum#25} --> ["sg_doc_8"]
2020-04-15 11:29:57.507 2612-2650/com.couchbase.TestServerApp V/CouchbaseLite/QUERY: {QueryEnum#25} END
2020-04-15 11:29:57.507 2612-2650/com.couchbase.TestServerApp I/CouchbaseLite/QUERY: End of query enumeration
2020-04-15 11:29:58.002 2612-2650/com.couchbase.TestServerApp I/SERVER: Request URI: /database_exists
2020-04-15 11:29:58.005 2612-2650/com.couchbase.TestServerApp I/SERVER: Request URI: /database_deleteDB
2020-04-15 11:29:58.006 2612-2650/com.couchbase.TestServerApp I/CouchbaseLite/DATABASE: Deleting Database{@9d2c4e3, name='cbl-test1586976878.764931'} at path /data/user/0/com.couchbase.TestServerApp/files/cbl-test1586976878.764931.cblite2/
2020-04-15 11:29:58.006 2612-2650/com.couchbase.TestServerApp V/CouchbaseLite/DATABASE: Preparing to delete DataFile /data/data/com.couchbase.TestServerApp/files/cbl-test1586976878.764931.cblite2/db.sqlite3
2020-04-15 11:29:58.006 2612-2650/com.couchbase.TestServerApp I/CouchbaseLite/QUERY: {Query#24} Closing query (db is closing)
2020-04-15 11:29:58.006 2612-2650/com.couchbase.TestServerApp V/CouchbaseLite/DATABASE: {DB#2} Pre-close housekeeping: 0 of 9 pages free (0%)
2020-04-15 11:29:58.010 2612-2650/com.couchbase.TestServerApp V/CouchbaseLite/DATABASE: {DB#2} Closed SQLite database
2020-04-15 11:29:58.010 2612-2650/com.couchbase.TestServerApp I/CouchbaseLite/DATABASE: {DB#2} Closing database
2020-04-15 11:29:58.010 2612-2650/com.couchbase.TestServerApp I/CouchbaseLite/DATABASE: Deleting database file /data/data/com.couchbase.TestServerApp/files/cbl-test1586976878.764931.cblite2/db.sqlite3 (with -wal and -shm)
2020-04-15 11:29:58.010 2612-2650/com.couchbase.TestServerApp D/CouchbaseLite/DATABASE: ...finished deleting database file /data/data/com.couchbase.TestServerApp/files/cbl-test1586976878.764931.cblite2/db.sqlite3 (with -wal and -shm)
2020-04-15 11:29:58.011 2612-2650/com.couchbase.TestServerApp I/DATABASE: database deleted
2020-04-15 11:29:58.015 2612-2661/com.couchbase.TestServerApp I/SERVER: Request URI: /flushMemory
2020-04-15 11:29:58.021 2612-2621/com.couchbase.TestServerApp I/CouchbaseLite/QUERY: {QueryEnum#25} Deleted
2020-04-15 12:07:51.051 2612-2619/? I/art: System.exit called, status: 1
2020-04-15 12:07:51.051 2612-2619/? I/AndroidRuntime: VM exiting with result code 1, cleanup skipped.