05-27 00:55:41.421 553 605 W WifiMode: WiredSSID, Invalid SupportedRates!!!
05-27 00:55:41.421 553 602 W WifiMode: WiredSSID, Invalid SupportedRates!!!
05-27 00:55:41.422 553 602 W WifiMode: WiredSSID, Invalid SupportedRates!!!
05-27 00:55:41.674 553 602 D WifiNative-HAL: Failing getSupportedFeatureset because HAL isn't started
05-27 00:55:41.674 553 570 E BluetoothAdapter: Bluetooth binder is null
05-27 00:55:41.674 553 570 E BatteryStatsService: no controller energy info supplied
05-27 00:55:41.677 553 570 E BatteryStatsService: power: Missing API
05-27 00:55:41.677 553 570 E BatteryStatsService: modem info is invalid: ModemActivityInfo{ mTimestamp=0 mSleepTimeMs=0 mIdleTimeMs=0 mTxTimeMs[]=[0, 0, 0, 0, 0] mRxTimeMs=0 mEnergyUsed=0}
05-27 00:56:47.055 553 607 D ConnectivityService: NetworkAgentInfo [WIFI () - 100] validation failed
05-27 00:56:47.055 553 602 D WifiStateMachine: NETWORK_STATUS_UNWANTED_VALIDATION_FAILED
05-27 00:56:47.056 553 1869 D WifiNetworkHistory: saving network history: "WiredSSID"NONE gw: 52:54:00:12:35:02 Network Selection-status: NETWORK_SELECTION_ENABLED ephemeral=false choice:null link:0 status:0 nid:0 hasEverConnected: true
05-27 00:56:47.056 553 1869 V WifiNetworkHistory: writeKnownNetworkHistory write config "WiredSSID"NONE
05-27 00:57:08.767 1809 1872 I SERVER : Request URI: /logging_configure
05-27 00:57:08.770 1809 1872 I LOGREQHANDLER: File logging configured at: /data/user/0/com.couchbase.TestServerApp/files/logs_1590555428
05-27 00:57:08.775 1809 1872 I SERVER : Request URI: /logging_getDirectory
05-27 00:57:08.780 1809 1873 I SERVER : Request URI: /databaseConfiguration_configure
05-27 00:57:08.780 1809 1873 I DATABASE_CONFIG: No directory is set, now point to /data/user/0/com.couchbase.TestServerApp/files
05-27 00:57:08.780 1809 1873 I DATABASE_CONFIG: DatabaseConfiguration_configure directory=/data/user/0/com.couchbase.TestServerApp/files
05-27 00:57:08.886 1809 1873 I SERVER : Request URI: /database_create
05-27 00:57:08.887 1809 1873 I DATABASE: database_create name=cbl-test1590555430.928758
05-27 00:57:08.887 1809 1873 I DATABASE: database_create directory=/data/data/com.couchbase.TestServerApp/files
05-27 00:57:08.887 1809 1873 W CouchbaseLite/DATABASE: Changing temp dir to after the previous dir has already been used
05-27 00:57:08.888 1809 1873 I CouchbaseLite/DATABASE: Opening Database{@0x7a94900, name='cbl-test1590555430.928758'} at path /data/data/com.couchbase.TestServerApp/files/cbl-test1590555430.928758.cblite2
05-27 00:57:08.900 1809 1873 V CouchbaseLite/DATABASE: No pending doc expirations
05-27 00:57:08.900 1809 1873 W CouchbaseLite/DATABASE: Database.log.getFile().getConfig() is now null: logging is disabled. Log files required for product support are not being generated.
05-27 00:57:08.903 1809 1873 I SERVER : Request URI: /database_getName
05-27 00:57:08.907 1809 1873 I SERVER : Request URI: /database_getPath
05-27 00:57:41.726 553 602 D WifiNative-HAL: Failing getSupportedFeatureset because HAL isn't started
05-27 00:57:41.726 553 570 E BluetoothAdapter: Bluetooth binder is null
05-27 00:57:41.727 553 570 E BatteryStatsService: no controller energy info supplied
05-27 00:57:41.728 553 570 E BatteryStatsService: power: Missing API
05-27 00:57:41.728 553 570 E BatteryStatsService: modem info is invalid: ModemActivityInfo{ mTimestamp=0 mSleepTimeMs=0 mIdleTimeMs=0 mTxTimeMs[]=[0, 0, 0, 0, 0] mRxTimeMs=0 mEnergyUsed=0}
05-27 00:57:53.933 1809 1876 I SERVER : Request URI: /database_saveDocuments
05-27 00:57:53.962 1809 1877 I SERVER : Request URI: /sessionAuthenticator_create
05-27 00:57:53.966 1809 1878 I SERVER : Request URI: /replicatorConfiguration_configure
05-27 00:57:53.967 1809 1878 D REPLCONFIGHANDLER: Args: com.couchbase.mobiletestkit.javacommon.Args@850c4df
05-27 00:57:53.971 1809 1878 I SERVER : Request URI: /replicator_create
05-27 00:57:53.976 1809 1878 I SERVER : Request URI: /replicator_start
05-27 00:57:53.976 1809 1878 I CouchbaseLite/REPLICATOR: Replicator is starting
05-27 00:57:53.977 1809 1878 D CouchbaseLite/REPLICATOR: Binding native replicator @0xd8dfd800 => @0x4a6cffb
05-27 00:57:53.977 1809 1878 D CouchbaseLite/REPLICATOR: Binding c4 replicator @0x4a6cffb => @0x9961d8a
05-27 00:57:53.978 1809 1878 I CouchbaseLite/REPLICATOR: Replicator{@0x@0x9961d8a(<*>),Database{@0x7a94900, name='cbl-test1590555430.928758'} => URLEndpoint{url=wss://192.168.33.11:4984/db}} is CONNECTING, progress 0/0, error: null
05-27 00:57:53.978 1809 1878 I CouchbaseLite/REPLICATOR: C4ReplicatorListener.statusChanged, context: Replicator{@0x@0x9961d8a(<*>),Database{@0x7a94900, name='cbl-test1590555430.928758'} => URLEndpoint{url=wss://192.168.33.11:4984/db}}, status: C4ReplicatorStatus{level=2,completed=0,total=0,#docs=0,domain=0,code=0,info=0}
05-27 00:57:53.979 1809 1879 D CouchbaseLite/NETWORK: C4Socket.open @4065186100: null, com.couchbase.lite.internal.SocketFactory@83a6271
05-27 00:57:53.981 1809 1882 I CouchbaseLite/REPLICATOR: Replicator{@0x@0x9961d8a(<*>),Database{@0x7a94900, name='cbl-test1590555430.928758'} => URLEndpoint{url=wss://192.168.33.11:4984/db}}: status changed: (0, 0) @C4ReplicatorStatus{level=2,completed=0,total=0,#docs=0,domain=0,code=0,info=0}
05-27 00:57:53.981 1809 1882 I CouchbaseLite/REPLICATOR: Replicator{@0x@0x9961d8a(<*>),Database{@0x7a94900, name='cbl-test1590555430.928758'} => URLEndpoint{url=wss://192.168.33.11:4984/db}} is CONNECTING, progress 0/0, error: null
05-27 00:57:53.983 1809 1878 I SERVER : Request URI: /replicator_getActivityLevel
05-27 00:57:53.983 1809 1879 D NetworkSecurityConfig: Using Network Security Config from resource network_security_config debugBuild: true
05-27 00:57:53.985 1809 1879 V CouchbaseLite/NETWORK: Creating a CBLWebSocket ...
05-27 00:57:53.985 1809 1879 D CouchbaseLite/NETWORK: C4Socket.bind @4065186100: 1
05-27 00:57:53.990 1809 1879 V CouchbaseLite/NETWORK: CBLWebSocket is connecting to wss://192.168.33.11:4984/db/_blipsync ...
05-27 00:57:54.015 1809 1883 V CouchbaseLite/NETWORK: WebSocketListener opened with response Response{protocol=http/1.1, code=101, message=Switching Protocols, url=https://192.168.33.11:4984/db/_blipsync}
05-27 00:57:54.015 1809 1883 V CouchbaseLite/NETWORK: CBLWebSocket received HTTP response with status 101
05-27 00:57:54.015 1809 1883 D CouchbaseLite/NETWORK: C4Socket.gotHTTPResponse @4065186100: 101
05-27 00:57:54.015 1809 1883 I CouchbaseLite/NETWORK: WebSocket CONNECTED!
05-27 00:57:54.015 1809 1883 D CouchbaseLite/NETWORK: C4Socket.opened @4065186100
05-27 00:57:54.016 1809 1879 D CouchbaseLite/REPLICATOR: C4Replicator.statusChangedCallback @d8dfd800, status: C4ReplicatorStatus{level=4,completed=0,total=0,#docs=0,domain=0,code=0,info=0}
05-27 00:57:54.016 1809 1879 I CouchbaseLite/REPLICATOR: C4ReplicatorListener.statusChanged, context: Replicator{@0x@0x9961d8a(<*>),Database{@0x7a94900, name='cbl-test1590555430.928758'} => URLEndpoint{url=wss://192.168.33.11:4984/db}}, status: C4ReplicatorStatus{level=4,completed=0,total=0,#docs=0,domain=0,code=0,info=0}
05-27 00:57:54.017 1809 1879 D CouchbaseLite/NETWORK: C4Socket.write @4065186100: 4065186100
05-27 00:57:54.017 1809 1879 D CouchbaseLite/NETWORK: C4Socket.completedWrite @4065186100: 68
05-27 00:57:54.018 1809 1885 I CouchbaseLite/REPLICATOR: Replicator{@0x@0x9961d8a(<*>),Database{@0x7a94900, name='cbl-test1590555430.928758'} => URLEndpoint{url=wss://192.168.33.11:4984/db}}: status changed: (0, 0) @C4ReplicatorStatus{level=4,completed=0,total=0,#docs=0,domain=0,code=0,info=0}
05-27 00:57:54.018 1809 1879 D CouchbaseLite/NETWORK: C4Socket.write @4065186100: 4065186100
05-27 00:57:54.018 1809 1879 D CouchbaseLite/NETWORK: C4Socket.completedWrite @4065186100: 95
05-27 00:57:54.018 1809 1885 I CouchbaseLite/REPLICATOR: Replicator{@0x@0x9961d8a(<*>),Database{@0x7a94900, name='cbl-test1590555430.928758'} => URLEndpoint{url=wss://192.168.33.11:4984/db}} is BUSY, progress 0/0, error: null
05-27 00:57:54.018 1809 1879 D CouchbaseLite/NETWORK: C4Socket.write @4065186100: 4065186100
05-27 00:57:54.018 1809 1879 D CouchbaseLite/NETWORK: C4Socket.completedWrite @4065186100: 360
05-27 00:57:54.020 1809 1883 V CouchbaseLite/NETWORK: WebSocketListener received data of 47 bytes
05-27 00:57:54.020 1809 1883 D CouchbaseLite/NETWORK: C4Socket.received @4065186100: 47
05-27 00:57:54.021 1809 1880 D CouchbaseLite/NETWORK: C4Socket.completedReceive @4065186100: 4065186100
05-27 00:57:54.021 1809 1883 V CouchbaseLite/NETWORK: WebSocketListener received data of 7 bytes
05-27 00:57:54.021 1809 1883 D CouchbaseLite/NETWORK: C4Socket.received @4065186100: 7
05-27 00:57:54.022 1809 1879 D CouchbaseLite/NETWORK: C4Socket.completedReceive @4065186100: 4065186100
05-27 00:57:54.041 1809 1883 V CouchbaseLite/NETWORK: WebSocketListener received data of 23 bytes
05-27 00:57:54.041 1809 1883 D CouchbaseLite/NETWORK: C4Socket.received @4065186100: 23
05-27 00:57:54.041 1809 1880 D CouchbaseLite/NETWORK: C4Socket.completedReceive @4065186100: 4065186100
05-27 00:57:54.042 1809 1880 D CouchbaseLite/NETWORK: C4Socket.write @4065186100: 4065186100
05-27 00:57:54.043 1809 1880 D CouchbaseLite/NETWORK: C4Socket.completedWrite @4065186100: 261
05-27 00:57:54.043 1809 1880 D CouchbaseLite/NETWORK: C4Socket.write @4065186100: 4065186100
05-27 00:57:54.043 1809 1880 D CouchbaseLite/NETWORK: C4Socket.completedWrite @4065186100: 117
05-27 00:57:54.044 1809 1880 D CouchbaseLite/NETWORK: C4Socket.write @4065186100: 4065186100
05-27 00:57:54.044 1809 1880 D CouchbaseLite/NETWORK: C4Socket.completedWrite @4065186100: 106
05-27 00:57:54.044 1809 1880 D CouchbaseLite/NETWORK: C4Socket.write @4065186100: 4065186100
05-27 00:57:54.044 1809 1880 D CouchbaseLite/NETWORK: C4Socket.completedWrite @4065186100: 112
05-27 00:57:54.044 1809 1880 D CouchbaseLite/NETWORK: C4Socket.write @4065186100: 4065186100
05-27 00:57:54.044 1809 1880 D CouchbaseLite/NETWORK: C4Socket.completedWrite @4065186100: 108
05-27 00:57:54.045 1809 1880 D CouchbaseLite/NETWORK: C4Socket.write @4065186100: 4065186100
05-27 00:57:54.045 1809 1880 D CouchbaseLite/NETWORK: C4Socket.completedWrite @4065186100: 110
05-27 00:57:54.045 1809 1880 D CouchbaseLite/NETWORK: C4Socket.write @4065186100: 4065186100
05-27 00:57:54.045 1809 1880 D CouchbaseLite/NETWORK: C4Socket.completedWrite @4065186100: 106
05-27 00:57:54.045 1809 1880 D CouchbaseLite/NETWORK: C4Socket.write @4065186100: 4065186100
05-27 00:57:54.045 1809 1880 D CouchbaseLite/NETWORK: C4Socket.completedWrite @4065186100: 108
05-27 00:57:54.046 1809 1880 D CouchbaseLite/NETWORK: C4Socket.write @4065186100: 4065186100
05-27 00:57:54.046 1809 1880 D CouchbaseLite/NETWORK: C4Socket.completedWrite @4065186100: 109
05-27 00:57:54.046 1809 1880 D CouchbaseLite/NETWORK: C4Socket.write @4065186100: 4065186100
05-27 00:57:54.046 1809 1880 D CouchbaseLite/NETWORK: C4Socket.completedWrite @4065186100: 107
05-27 00:57:54.046 1809 1883 V CouchbaseLite/NETWORK: WebSocketListener received data of 7 bytes
05-27 00:57:54.046 1809 1883 D CouchbaseLite/NETWORK: C4Socket.received @4065186100: 7
05-27 00:57:54.047 1809 1879 D CouchbaseLite/NETWORK: C4Socket.completedReceive @4065186100: 4065186100
05-27 00:57:54.051 1809 1883 V CouchbaseLite/NETWORK: WebSocketListener received data of 7 bytes
05-27 00:57:54.051 1809 1883 D CouchbaseLite/NETWORK: C4Socket.received @4065186100: 7
05-27 00:57:54.051 1809 1880 D CouchbaseLite/NETWORK: C4Socket.completedReceive @4065186100: 4065186100
05-27 00:57:54.052 1809 1883 V CouchbaseLite/NETWORK: WebSocketListener received data of 7 bytes
05-27 00:57:54.052 1809 1883 D CouchbaseLite/NETWORK: C4Socket.received @4065186100: 7
05-27 00:57:54.053 1809 1879 D CouchbaseLite/NETWORK: C4Socket.completedReceive @4065186100: 4065186100
05-27 00:57:54.053 1809 1883 V CouchbaseLite/NETWORK: WebSocketListener received data of 7 bytes
05-27 00:57:54.053 1809 1883 D CouchbaseLite/NETWORK: C4Socket.received @4065186100: 7
05-27 00:57:54.053 1809 1883 V CouchbaseLite/NETWORK: WebSocketListener received data of 7 bytes
05-27 00:57:54.053 1809 1883 D CouchbaseLite/NETWORK: C4Socket.received @4065186100: 7
05-27 00:57:54.054 1809 1883 V CouchbaseLite/NETWORK: WebSocketListener received data of 7 bytes
05-27 00:57:54.054 1809 1883 D CouchbaseLite/NETWORK: C4Socket.received @4065186100: 7
05-27 00:57:54.054 1809 1880 D CouchbaseLite/NETWORK: C4Socket.completedReceive @4065186100: 4065186100
05-27 00:57:54.054 1809 1883 V CouchbaseLite/NETWORK: WebSocketListener received data of 7 bytes
05-27 00:57:54.054 1809 1883 D CouchbaseLite/NETWORK: C4Socket.received @4065186100: 7
05-27 00:57:54.054 1809 1880 D CouchbaseLite/NETWORK: C4Socket.completedReceive @4065186100: 4065186100
05-27 00:57:54.055 1809 1883 V CouchbaseLite/NETWORK: WebSocketListener received data of 7 bytes
05-27 00:57:54.055 1809 1879 D CouchbaseLite/NETWORK: C4Socket.completedReceive @4065186100: 4065186100
05-27 00:57:54.055 1809 1879 D CouchbaseLite/NETWORK: C4Socket.completedReceive @4065186100: 4065186100
05-27 00:57:54.056 1809 1883 D CouchbaseLite/NETWORK: C4Socket.received @4065186100: 7
05-27 00:57:54.056 1809 1883 V CouchbaseLite/NETWORK: WebSocketListener received data of 7 bytes
05-27 00:57:54.056 1809 1883 D CouchbaseLite/NETWORK: C4Socket.received @4065186100: 7
05-27 00:57:54.057 1809 1883 V CouchbaseLite/NETWORK: WebSocketListener received data of 7 bytes
05-27 00:57:54.057 1809 1883 D CouchbaseLite/NETWORK: C4Socket.received @4065186100: 7
05-27 00:57:54.057 1809 1880 D CouchbaseLite/NETWORK: C4Socket.completedReceive @4065186100: 4065186100
05-27 00:57:54.059 1809 1880 D CouchbaseLite/NETWORK: C4Socket.completedReceive @4065186100: 4065186100
05-27 00:57:54.060 1809 1880 D CouchbaseLite/NETWORK: C4Socket.completedReceive @4065186100: 4065186100
05-27 00:57:54.061 1809 1880 D CouchbaseLite/NETWORK: C4Socket.write @4065186100: 4065186100
05-27 00:57:54.061 1809 1880 D CouchbaseLite/NETWORK: C4Socket.completedWrite @4065186100: 103
05-27 00:57:54.064 1809 1883 V CouchbaseLite/NETWORK: WebSocketListener received data of 15 bytes
05-27 00:57:54.064 1809 1883 D CouchbaseLite/NETWORK: C4Socket.received @4065186100: 15
05-27 00:57:54.064 1809 1879 D CouchbaseLite/NETWORK: C4Socket.completedReceive @4065186100: 4065186100
05-27 00:57:54.077 1809 1883 V CouchbaseLite/NETWORK: WebSocketListener received data of 59 bytes
05-27 00:57:54.077 1809 1883 D CouchbaseLite/NETWORK: C4Socket.received @4065186100: 59
05-27 00:57:54.078 1809 1879 D CouchbaseLite/NETWORK: C4Socket.completedReceive @4065186100: 4065186100
05-27 00:57:54.179 1809 1883 V CouchbaseLite/NETWORK: WebSocketListener received data of 340 bytes
05-27 00:57:54.179 1809 1883 D CouchbaseLite/NETWORK: C4Socket.received @4065186100: 340
05-27 00:57:54.179 1809 1880 D CouchbaseLite/NETWORK: C4Socket.completedReceive @4065186100: 4065186100
05-27 00:57:54.180 1809 1880 D CouchbaseLite/NETWORK: C4Socket.write @4065186100: 4065186100
05-27 00:57:54.181 1809 1880 D CouchbaseLite/NETWORK: C4Socket.completedWrite @4065186100: 40
05-27 00:57:54.181 1809 1880 D CouchbaseLite/NETWORK: C4Socket.write @4065186100: 4065186100
05-27 00:57:54.181 1809 1880 D CouchbaseLite/NETWORK: C4Socket.completedWrite @4065186100: 118
05-27 00:57:54.217 1809 1879 D CouchbaseLite/REPLICATOR: C4Replicator.statusChangedCallback @d8dfd800, status: C4ReplicatorStatus{level=4,completed=2300,total=2300,#docs=10,domain=0,code=0,info=0}
05-27 00:57:54.217 1809 1879 I CouchbaseLite/REPLICATOR: C4ReplicatorListener.statusChanged, context: Replicator{@0x@0x9961d8a(<*>),Database{@0x7a94900, name='cbl-test1590555430.928758'} => URLEndpoint{url=wss://192.168.33.11:4984/db}}, status: C4ReplicatorStatus{level=4,completed=2300,total=2300,#docs=10,domain=0,code=0,info=0}
05-27 00:57:54.217 1809 1882 I CouchbaseLite/REPLICATOR: Replicator{@0x@0x9961d8a(<*>),Database{@0x7a94900, name='cbl-test1590555430.928758'} => URLEndpoint{url=wss://192.168.33.11:4984/db}}: status changed: (0, 0) @C4ReplicatorStatus{level=4,completed=2300,total=2300,#docs=10,domain=0,code=0,info=0}
05-27 00:57:54.217 1809 1882 I CouchbaseLite/REPLICATOR: Replicator{@0x@0x9961d8a(<*>),Database{@0x7a94900, name='cbl-test1590555430.928758'} => URLEndpoint{url=wss://192.168.33.11:4984/db}} is BUSY, progress 2300/2300, error: null
05-27 00:57:54.226 1809 1883 V CouchbaseLite/NETWORK: WebSocketListener received data of 15 bytes
05-27 00:57:54.226 1809 1883 D CouchbaseLite/NETWORK: C4Socket.received @4065186100: 15
05-27 00:57:54.226 1809 1880 D CouchbaseLite/NETWORK: C4Socket.completedReceive @4065186100: 4065186100
05-27 00:57:54.227 1809 1879 D CouchbaseLite/REPLICATOR: C4Replicator.statusChangedCallback @d8dfd800, status: C4ReplicatorStatus{level=3,completed=2300,total=2300,#docs=10,domain=0,code=0,info=0}
05-27 00:57:54.227 1809 1879 I CouchbaseLite/REPLICATOR: C4ReplicatorListener.statusChanged, context: Replicator{@0x@0x9961d8a(<*>),Database{@0x7a94900, name='cbl-test1590555430.928758'} => URLEndpoint{url=wss://192.168.33.11:4984/db}}, status: C4ReplicatorStatus{level=3,completed=2300,total=2300,#docs=10,domain=0,code=0,info=0}
05-27 00:57:54.228 1809 1885 I CouchbaseLite/REPLICATOR: Replicator{@0x@0x9961d8a(<*>),Database{@0x7a94900, name='cbl-test1590555430.928758'} => URLEndpoint{url=wss://192.168.33.11:4984/db}}: status changed: (0, 0) @C4ReplicatorStatus{level=3,completed=2300,total=2300,#docs=10,domain=0,code=0,info=0}
05-27 00:57:54.228 1809 1885 I CouchbaseLite/REPLICATOR: Replicator{@0x@0x9961d8a(<*>),Database{@0x7a94900, name='cbl-test1590555430.928758'} => URLEndpoint{url=wss://192.168.33.11:4984/db}} is IDLE, progress 2300/2300, error: null
05-27 00:57:55.991 1809 1878 I SERVER : Request URI: /replicator_getError
05-27 00:57:55.994 1809 1878 I SERVER : Request URI: /replicator_getActivityLevel
05-27 00:57:55.997 1809 1878 I SERVER : Request URI: /replicator_getTotal
05-27 00:57:55.999 1809 1878 I SERVER : Request URI: /replicator_getCompleted
05-27 00:57:58.007 1809 1878 I SERVER : Request URI: /replicator_getCompleted
05-27 00:57:58.011 1809 1878 I SERVER : Request URI: /replicator_getTotal
05-27 00:58:00.018 1809 1878 I SERVER : Request URI: /replicator_resetCheckpoint
05-27 00:58:00.385 1809 1887 I SERVER : Request URI: /logging_getLogsInZip
05-27 00:58:00.389 1809 1887 D ### : adding as 'cbl_debug_1590555428770.cbllog': /data/user/0/com.couchbase.TestServerApp/files/logs_1590555428/cbl_debug_1590555428770.cbllog
05-27 00:58:00.394 1809 1887 D ### : adding as 'cbl_verbose_1590555428770.cbllog': /data/user/0/com.couchbase.TestServerApp/files/logs_1590555428/cbl_verbose_1590555428770.cbllog
05-27 00:58:00.400 1809 1887 D ### : adding as 'cbl_info_1590555428770.cbllog': /data/user/0/com.couchbase.TestServerApp/files/logs_1590555428/cbl_info_1590555428770.cbllog
05-27 00:58:00.405 1809 1887 D ### : adding as 'cbl_warning_1590555428770.cbllog': /data/user/0/com.couchbase.TestServerApp/files/logs_1590555428/cbl_warning_1590555428770.cbllog
05-27 00:58:00.410 1809 1887 D ### : adding as 'cbl_error_1590555428770.cbllog': /data/user/0/com.couchbase.TestServerApp/files/logs_1590555428/cbl_error_1590555428770.cbllog
05-27 00:58:01.448 1809 1888 I SERVER : Request URI: /database_exists
05-27 00:58:01.451 1809 1888 I SERVER : Request URI: /database_deleteDB
05-27 00:58:01.451 1809 1888 I CouchbaseLite/DATABASE: Deleting Database{@0x7a94900, name='cbl-test1590555430.928758'} at path /data/data/com.couchbase.TestServerApp/files/cbl-test1590555430.928758.cblite2/
05-27 00:58:01.451 1809 1888 I CouchbaseLite/REPLICATOR: Replicator{@0x@0x9961d8a(<*>),Database{@0x7a94900, name='cbl-test1590555430.928758'} => URLEndpoint{url=wss://192.168.33.11:4984/db}}: Replicator is stopping (3638548480)
05-27 00:58:01.451 1809 1880 D CouchbaseLite/REPLICATOR: C4Replicator.statusChangedCallback @d8dfd800, status: C4ReplicatorStatus{level=4,completed=2300,total=2300,#docs=10,domain=0,code=0,info=0}
05-27 00:58:01.451 1809 1880 I CouchbaseLite/REPLICATOR: C4ReplicatorListener.statusChanged, context: Replicator{@0x@0x9961d8a(<*>),Database{@0x7a94900, name='cbl-test1590555430.928758'} => URLEndpoint{url=wss://192.168.33.11:4984/db}}, status: C4ReplicatorStatus{level=4,completed=2300,total=2300,#docs=10,domain=0,code=0,info=0}
05-27 00:58:01.452 1809 1880 D CouchbaseLite/NETWORK: C4Socket.requestClose @4065186100: 4065186100
05-27 00:58:01.452 1809 1882 I CouchbaseLite/REPLICATOR: Replicator{@0x@0x9961d8a(<*>),Database{@0x7a94900, name='cbl-test1590555430.928758'} => URLEndpoint{url=wss://192.168.33.11:4984/db}}: status changed: (0, 0) @C4ReplicatorStatus{level=4,completed=2300,total=2300,#docs=10,domain=0,code=0,info=0}
05-27 00:58:01.452 1809 1882 I CouchbaseLite/REPLICATOR: Replicator{@0x@0x9961d8a(<*>),Database{@0x7a94900, name='cbl-test1590555430.928758'} => URLEndpoint{url=wss://192.168.33.11:4984/db}} is BUSY, progress 2300/2300, error: null
05-27 00:58:01.453 1809 1883 V CouchbaseLite/NETWORK: WebSocketListener is closing with code 1000, reason
05-27 00:58:01.453 1809 1883 D CouchbaseLite/NETWORK: C4Socket.closeRequested @4065186100: 1000
05-27 00:58:01.453 1809 1883 D CouchbaseLite/NETWORK: C4Socket.requestClose @4065186100: 4065186100
05-27 00:58:01.453 1809 1883 W CouchbaseLite/NETWORK: CBLWebSocket failed to initiate a graceful shutdown of this web socket.
05-27 00:58:01.453 1809 1883 V CouchbaseLite/NETWORK: WebSocketListener closed with code 1000, reason
05-27 00:58:01.453 1809 1883 D CouchbaseLite/NETWORK: C4Socket.closed @4065186100: 0
05-27 00:58:01.453 1809 1880 D CouchbaseLite/NETWORK: C4Socket.dispose @4065186100: 4065186100
05-27 00:58:01.454 1809 1880 D CouchbaseLite/NETWORK: C4Socket.release @4065186100: 0
05-27 00:58:01.454 1809 1880 D CouchbaseLite/REPLICATOR: C4Replicator.statusChangedCallback @d8dfd800, status: C4ReplicatorStatus{level=0,completed=2300,total=2300,#docs=10,domain=0,code=0,info=0}
05-27 00:58:01.454 1809 1880 I CouchbaseLite/REPLICATOR: C4ReplicatorListener.statusChanged, context: Replicator{@0x@0x9961d8a(<*>),Database{@0x7a94900, name='cbl-test1590555430.928758'} => URLEndpoint{url=wss://192.168.33.11:4984/db}}, status: C4ReplicatorStatus{level=0,completed=2300,total=2300,#docs=10,domain=0,code=0,info=0}
05-27 00:58:01.454 1809 1885 I CouchbaseLite/REPLICATOR: Replicator{@0x@0x9961d8a(<*>),Database{@0x7a94900, name='cbl-test1590555430.928758'} => URLEndpoint{url=wss://192.168.33.11:4984/db}}: status changed: (0, 0) @C4ReplicatorStatus{level=0,completed=2300,total=2300,#docs=10,domain=0,code=0,info=0}
05-27 00:58:01.454 1809 1885 I CouchbaseLite/REPLICATOR: Replicator{@0x@0x9961d8a(<*>),Database{@0x7a94900, name='cbl-test1590555430.928758'} => URLEndpoint{url=wss://192.168.33.11:4984/db}} is STOPPED, progress 2300/2300, error: null
05-27 00:58:01.559 1809 1888 I DATABASE: database deleted
05-27 00:58:01.563 1809 1889 I SERVER : Request URI: /flushMemory
05-27 00:58:41.675 553 602 D WifiNative-HAL: Failing getSupportedFeatureset because HAL isn't started
05-27 00:58:41.675 553 570 E BluetoothAdapter: Bluetooth binder is null
05-27 00:58:41.675 553 570 E BatteryStatsService: no controller energy info supplied
05-27 00:58:41.676 553 570 E BatteryStatsService: power: Missing API
05-27 00:58:41.677 553 570 E BatteryStatsService: modem info is invalid: ModemActivityInfo{ mTimestamp=0 mSleepTimeMs=0 mIdleTimeMs=0 mTxTimeMs[]=[0, 0, 0, 0, 0] mRxTimeMs=0 mEnergyUsed=0}
05-27 00:59:09.678 553 602 D WifiNative-HAL: Failing getSupportedFeatureset because HAL isn't started
05-27 00:59:09.679 553 570 E BluetoothAdapter: Bluetooth binder is null
05-27 00:59:09.679 553 570 E BatteryStatsService: no controller energy info supplied
05-27 00:59:09.680 553 570 E BatteryStatsService: modem info is invalid: ModemActivityInfo{ mTimestamp=0 mSleepTimeMs=0 mIdleTimeMs=0 mTxTimeMs[]=[0, 0, 0, 0, 0] mRxTimeMs=0 mEnergyUsed=0}